E/PackageManager( 1322): Package com.android.updater has no signatures that matc h those in shared user android.uid.updater; ignoring!
W/PackageManager( 1322): Signature mismatch for shared user : SharedUserSetting{ 416a22a8 android.uid.updater/9802}
D/PackageManager( 1322): scan package: /system/app/Updater.apk , end at: 68526ms . elapsed time = 68ms.
D/PackageManager( 1322): scan package: /system/app/UserDictionaryProvider.apk , start at: 68526ms.
I/PackageManager( 1322): Perform pre-dex opt for package: com.android.providers. userdictionary
D/dalvikvm( 1322): open_cached_dex_file : /system/app/UserDictionaryProvider.apk /data/dalvik-cache/system@app@UserDictionaryProvider.apk@classes.dex
I/dalvikvm( 1322): DexOpt: source file mod time mismatch (42ea55cc vs 38f8273d)
D/PackageManager( 1322): scan package: /system/app/UserDictionaryProvider.apk , end at: 68530ms. elapsed time = 4ms.
D/PackageManager( 1322): scan package: /system/app/VideoEditor.apk , start at: 6 8530ms.
I/PackageManager( 1322): Perform pre-dex opt for package: com.android.videoedito r
D/dalvikvm( 1322): open_cached_dex_file : /system/app/VideoEditor.apk /data/dalv ik-cache/system@app@VideoEditor.apk@classes.dex
D/BootAnimation( 502): [BootAnimation checkExit 714]exitnow=0
D/BootAnimation( 502): [BootAnimation movie 854]i=1,r=1203,j=0,lastFrame=685614 83929(68561 ms),file=ligo_00102.png
D/BootAnimation( 502): [BootAnimation movie 857]glBindTexture,i=1,r=1203,j=0,fr ame.tid=100271,name=ligo_00102.png
D/BootAnimation( 502): [BootAnimation movie 874]clearReg.isEmpty,i=1,r=1203,j=0 ,frame.tid=100271
D/BootAnimation( 502): [BootAnimation movie 892]0,delay=40
I/dalvikvm( 1322): DexOpt: mismatch dep signature for '/data/dalvik-cache/system

@framework@framework.jar@classes.dex'
D/dalvikvm( 1322): == DexOpt: numDeps = 15
D/dalvikvm( 1322): 0 : /data/dalvik-cache/system@framework@core.jar@classes.dex /data/dalvik-cache/system@framework@core.jar@classes.dex
D/dalvikvm( 1322): 1 : /data/dalvik-cache/system@framework@core-junit.jar@classe s.dex /data/dalvik-cache/system@framework@core-junit.jar@classes.dex
D/dalvikvm( 1322): 2 : /data/dalvik-cache/system@framework@bouncycastle.jar@clas ses.dex /data/dalvik-cache/system@framework@bouncycastle.jar@classes.dex
D/dalvikvm( 1322): 3 : /data/dalvik-cache/system@framework@ext.jar@classes.dex / data/dalvik-cache/system@framework@ext.jar@classes.dex
D/dalvikvm( 1322): 4 : /data/dalvik-cache/system@framework@framework.jar@classes .dex /data/dalvik-cache/system@framework@framework.jar@classes.dex
D/dalvikvm( 1322): 5 : NULL NULL
D/PackageManager( 1322): scan package: /system/app/VideoEditor.apk , end at: 685 77ms. elapsed time = 47ms.
D/PackageManager( 1322): scan package: /system/app/VideoFavorites.apk , start at : 68577ms.
I/PackageManager( 1322): Perform pre-dex opt for package: com.mediatek.videofavo rites
D/dalvikvm( 1322): open_cached_dex_file : /system/app/VideoFavorites.apk /data/d alvik-cache/system@app@VideoFavorites.apk@classes.dex
I/dalvikvm( 1322): DexOpt: source file mod time mismatch (42ea55ce vs 38902d19)
D/PackageManager( 1322): scan package: /system/app/VideoFavorites.apk , end at: 68582ms. elapsed time = 5ms.
D/PackageManager( 1322): scan package: /system/app/ViPER4Android_FX_A4.x.apk , s tart at: 68582ms.
D/BootAnimation( 502): [BootAnimation checkExit 714]exitnow=0
D/BootAnimation( 502): [BootAnimation movie 854]i=1,r=1204,j=0,lastFrame=686033 33621(68603 ms),file=ligo_00102.png
D/BootAnimation( 502): [BootAnimation movie 857]glBindTexture,i=1,r=1204,j=0,fr ame.tid=100271,name=ligo_00102.png
D/BootAnimation( 502): [BootAnimation movie 874]clearReg.isEmpty,i=1,r=1204,j=0 ,frame.tid=100271
D/BootAnimation( 502): [BootAnimation movie 892]1,delay=40
I/PackageManager( 1322): Perform pre-dex opt for package: com.vipercn.viper4andr oid
D/dalvikvm( 1322): open_cached_dex_file : /system/app/ViPER4Android_FX_A4.x.apk /data/dalvik-cache/system@app@ViPER4Android_FX_A4.x.apk@classes.dex
I/dalvikvm( 1322): DexOpt: mismatch dep signature for '/data/dalvik-cache/system @framework@framework.jar@classes.dex'
D/dalvikvm( 1322): == DexOpt: numDeps = 15
D/dalvikvm( 1322): 0 : /data/dalvik-cache/system@framework@core.jar@classes.dex /data/dalvik-cache/system@framework@core.jar@classes.dex
D/dalvikvm( 1322): 1 : /data/dalvik-cache/system@framework@core-junit.jar@classe s.dex /data/dalvik-cache/system@framework@core-junit.jar@classes.dex
D/dalvikvm( 1322): 2 : /data/dalvik-cache/system@framework@bouncycastle.jar@clas ses.dex /data/dalvik-cache/system@framework@bouncycastle.jar@classes.dex
D/dalvikvm( 1322): 3 : /data/dalvik-cache/system@framework@ext.jar@classes.dex / data/dalvik-cache/system@framework@ext.jar@classes.dex
D/dalvikvm( 1322): 4 : /data/dalvik-cache/system@framework@framework.jar@classes .dex /data/dalvik-cache/system@framework@framework.jar@classes.dex
D/dalvikvm( 1322): 5 : NULL NULL
D/PackageManager( 1322): scan package: /system/app/ViPER4Android_FX_A4.x.apk , e nd at: 68613ms. elapsed time = 31ms.
D/PackageManager( 1322): scan package: /system/app/VisualizationWallpapers.apk , start at: 68613ms.
I/PackageManager( 1322): Perform pre-dex opt for package: com.android.musicvis
D/dalvikvm( 1322): open_cached_dex_file : /system/app/VisualizationWallpapers.ap k /data/dalvik-cache/system@app@VisualizationWallpapers.apk@classes.dex
I/dalvikvm( 1322): DexOpt: source file mod time mismatch (42ea55d0 vs 38f8273d)

D/PackageManager( 1322): scan package: /system/app/VisualizationWallpapers.apk , end at: 68618ms. elapsed time = 5ms.
D/PackageManager( 1322): scan package: /system/app/VoiceCommand.apk , start at: 68618ms.
I/PackageManager( 1322): Perform pre-dex opt for package: com.mediatek.voicecomm and
D/dalvikvm( 1322): open_cached_dex_file : /system/app/VoiceCommand.apk /data/dal vik-cache/system@app@VoiceCommand.apk@classes.dex
I/dalvikvm( 1322): DexOpt: source file mod time mismatch (38903d19 vs 38902d19)
D/PackageManager( 1322): scan package: /system/app/VoiceCommand.apk , end at: 68 622ms. elapsed time = 4ms.
D/PackageManager( 1322): scan package: /system/app/VoiceUnlock.apk , start at: 6 8622ms.
I/PackageManager( 1322): Perform pre-dex opt for package: com.mediatek.voiceunlo ck
D/dalvikvm( 1322): open_cached_dex_file : /system/app/VoiceUnlock.apk /data/dalv ik-cache/system@app@VoiceUnlock.apk@classes.dex
I/dalvikvm( 1322): DexOpt: source file mod time mismatch (42ea55d1 vs 38902d19)
D/PackageManager( 1322): scan package: /system/app/VoiceUnlock.apk , end at: 686 27ms. elapsed time = 5ms.
D/PackageManager( 1322): scan package: /system/app/VpnDialogs.apk , start at: 68 627ms.
I/PackageManager( 1322): Perform pre-dex opt for package: com.android.vpndialogs
D/dalvikvm( 1322): open_cached_dex_file : /system/app/VpnDialogs.apk /data/dalvi k-cache/system@app@VpnDialogs.apk@classes.dex
I/dalvikvm( 1322): DexOpt: source file mod time mismatch (42ea55d2 vs 38902d19)
D/PackageManager( 1322): scan package: /system/app/VpnDialogs.apk , end at: 6863 0ms. elapsed time = 3ms.
D/PackageManager( 1322): scan package: /system/app/WallpaperChooser.apk , start at: 68630ms.
I/PackageManager( 1322): Perform pre-dex opt for package: com.android.wallpaperc hooser
D/dalvikvm( 1322): open_cached_dex_file : /system/app/WallpaperChooser.apk /data /dalvik-cache/system@app@WallpaperChooser.apk@classes.dex
I/dalvikvm( 1322): DexOpt: source file mod time mismatch (42ea55d3 vs 38f8273d)
D/PackageManager( 1322): scan package: /system/app/WallpaperChooser.apk , end at : 68634ms. elapsed time = 4ms.
D/PackageManager( 1322): scan package: /system/app/Weather.apk , start at: 68634 ms.
D/BootAnimation( 502): [BootAnimation checkExit 714]exitnow=0
D/BootAnimation( 502): [BootAnimation movie 854]i=1,r=1205,j=0,lastFrame=686451 87929(68645 ms),file=ligo_00102.png
D/BootAnimation( 502): [BootAnimation movie 857]glBindTexture,i=1,r=1205,j=0,fr ame.tid=100271,name=ligo_00102.png
D/BootAnimation( 502): [BootAnimation movie 874]clearReg.isEmpty,i=1,r=1205,j=0 ,frame.tid=100271
D/BootAnimation( 502): [BootAnimation movie 892]0,delay=40
I/PackageManager( 1322): Perform pre-dex opt for package: com.miui.weather2
D/dalvikvm( 1322): open_cached_dex_file : /system/app/Weather.apk /data/dalvik-c ache/system@app@Weather.apk@classes.dex
D/PackageManager( 1322): scan package: /system/app/Weather.apk , end at: 68674ms . elapsed time = 40ms.
D/PackageManager( 1322): scan package: /system/app/WeatherProvider.apk , start a t: 68674ms.
I/PackageManager( 1322): Perform pre-dex opt for package: com.miui.providers.wea ther
D/dalvikvm( 1322): open_cached_dex_file : /system/app/WeatherProvider.apk /data/ dalvik-cache/system@app@WeatherProvider.apk@classes.dex
D/PackageManager( 1322): scan package: /system/app/WeatherProvider.apk , end at: 68676ms. elapsed time = 2ms.

D/PackageManager( 1322): scan package: /system/app/XiaomiServiceFramework.apk , start at: 68676ms.
D/BootAnimation( 502): [BootAnimation checkExit 714]exitnow=0
D/BootAnimation( 502): [BootAnimation movie 854]i=1,r=1206,j=0,lastFrame=686870 34237(68687 ms),file=ligo_00102.png
D/BootAnimation( 502): [BootAnimation movie 857]glBindTexture,i=1,r=1206,j=0,fr ame.tid=100271,name=ligo_00102.png
D/BootAnimation( 502): [BootAnimation movie 874]clearReg.isEmpty,i=1,r=1206,j=0 ,frame.tid=100271
D/BootAnimation( 502): [BootAnimation movie 892]0,delay=40
I/PackageManager( 1322): Perform pre-dex opt for package: com.xiaomi.xmsf
D/dalvikvm( 1322): open_cached_dex_file : /system/app/XiaomiServiceFramework.apk /data/dalvik-cache/system@app@XiaomiServiceFramework.apk@classes.dex
D/PackageManager( 1322): scan package: /system/app/XiaomiServiceFramework.apk , end at: 68727ms. elapsed time = 51ms.
D/PackageManager( 1322): scan package: /system/app/YellowPage.apk , start at: 68 727ms.
D/BootAnimation( 502): [BootAnimation checkExit 714]exitnow=0
D/BootAnimation( 502): [BootAnimation movie 854]i=1,r=1207,j=0,lastFrame=687289 36621(68728 ms),file=ligo_00102.png
D/BootAnimation( 502): [BootAnimation movie 857]glBindTexture,i=1,r=1207,j=0,fr ame.tid=100271,name=ligo_00102.png
D/BootAnimation( 502): [BootAnimation movie 874]clearReg.isEmpty,i=1,r=1207,j=0 ,frame.tid=100271
D/BootAnimation( 502): [BootAnimation movie 892]0,delay=40
I/PackageManager( 1322): Perform pre-dex opt for package: com.miui.yellowpage
D/dalvikvm( 1322): open_cached_dex_file : /system/app/YellowPage.apk /data/dalvi k-cache/system@app@YellowPage.apk@classes.dex
D/PackageManager( 1322): scan package: /system/app/YellowPage.apk , end at: 6873 2ms. elapsed time = 5ms.
D/PackageManager( 1322): scan package: /system/app/YGPS.apk , start at: 68732ms.
I/PackageManager( 1322): Perform pre-dex opt for package: com.mediatek.ygps
D/dalvikvm( 1322): open_cached_dex_file : /system/app/YGPS.apk /data/dalvik-cach e/system@app@YGPS.apk@classes.dex
I/dalvikvm( 1322): DexOpt: source file mod time mismatch (42ea55d4 vs 38902d19)
D/PackageManager( 1322): scan package: /system/app/YGPS.apk , end at: 68736ms. e lapsed time = 4ms.
D/PackageManager( 1322): No files in app dir /vendor/app
D/PackageManager( 1322): No files in app dir /vendor/operator/app
D/BootAnimation( 502): [BootAnimation checkExit 714]exitnow=0
D/BootAnimation( 502): [BootAnimation movie 854]i=1,r=1208,j=0,lastFrame=687708 03160(68770 ms),file=ligo_00102.png
D/BootAnimation( 502): [BootAnimation movie 857]glBindTexture,i=1,r=1208,j=0,fr ame.tid=100271,name=ligo_00102.png
D/BootAnimation( 502): [BootAnimation movie 874]clearReg.isEmpty,i=1,r=1208,j=0 ,frame.tid=100271
D/BootAnimation( 502): [BootAnimation movie 892]1,delay=40
D/BootAnimation( 502): [BootAnimation checkExit 714]exitnow=0
D/BootAnimation( 502): [BootAnimation movie 854]i=1,r=1209,j=0,lastFrame=688126 60698(68812 ms),file=ligo_00102.png
D/BootAnimation( 502): [BootAnimation movie 857]glBindTexture,i=1,r=1209,j=0,fr ame.tid=100271,name=ligo_00102.png
D/BootAnimation( 502): [BootAnimation movie 874]clearReg.isEmpty,i=1,r=1209,j=0 ,frame.tid=100271
D/BootAnimation( 502): [BootAnimation movie 892]0,delay=40
D/BootAnimation( 502): [BootAnimation checkExit 714]exitnow=0
D/BootAnimation( 502): [BootAnimation movie 854]i=1,r=1210,j=0,lastFrame=688545 03006(68854 ms),file=ligo_00102.png
D/BootAnimation( 502): [BootAnimation movie 857]glBindTexture,i=1,r=1210,j=0,fr ame.tid=100271,name=ligo_00102.png

D/BootAnimation( 502): [BootAnimation movie 874]clearReg.isEmpty,i=1,r=1210,j=0 ,frame.tid=100271
D/BootAnimation( 502): [BootAnimation movie 892]0,delay=40
D/BootAnimation( 502): [BootAnimation checkExit 714]exitnow=0
D/BootAnimation( 502): [BootAnimation movie 854]i=1,r=1211,j=0,lastFrame=688963 59929(68896 ms),file=ligo_00102.png
D/BootAnimation( 502): [BootAnimation movie 857]glBindTexture,i=1,r=1211,j=0,fr ame.tid=100271,name=ligo_00102.png
D/BootAnimation( 502): [BootAnimation movie 874]clearReg.isEmpty,i=1,r=1211,j=0 ,frame.tid=100271
D/BootAnimation( 502): [BootAnimation movie 892]0,delay=40
D/BootAnimation( 502): [BootAnimation checkExit 714]exitnow=0
D/BootAnimation( 502): [BootAnimation movie 854]i=1,r=1212,j=0,lastFrame=689382 13544(68938 ms),file=ligo_00102.png
D/BootAnimation( 502): [BootAnimation movie 857]glBindTexture,i=1,r=1212,j=0,fr ame.tid=100271,name=ligo_00102.png
D/BootAnimation( 502): [BootAnimation movie 874]clearReg.isEmpty,i=1,r=1212,j=0 ,frame.tid=100271
D/BootAnimation( 502): [BootAnimation movie 892]0,delay=40
D/BootAnimation( 502): [BootAnimation checkExit 714]exitnow=0
D/BootAnimation( 502): [BootAnimation movie 854]i=1,r=1213,j=0,lastFrame=689800 41929(68980 ms),file=ligo_00102.png
D/BootAnimation( 502): [BootAnimation movie 857]glBindTexture,i=1,r=1213,j=0,fr ame.tid=100271,name=ligo_00102.png
D/BootAnimation( 502): [BootAnimation movie 874]clearReg.isEmpty,i=1,r=1213,j=0 ,frame.tid=100271
D/BootAnimation( 502): [BootAnimation movie 892]0,delay=40
D/BootAnimation( 502): [BootAnimation checkExit 714]exitnow=0
D/BootAnimation( 502): [BootAnimation movie 854]i=1,r=1214,j=0,lastFrame=690218 89852(69021 ms),file=ligo_00102.png
D/BootAnimation( 502): [BootAnimation movie 857]glBindTexture,i=1,r=1214,j=0,fr ame.tid=100271,name=ligo_00102.png
D/BootAnimation( 502): [BootAnimation movie 874]clearReg.isEmpty,i=1,r=1214,j=0 ,frame.tid=100271
D/BootAnimation( 502): [BootAnimation movie 892]0,delay=40
D/PackageManager( 1322): scan package: /data/app/AlipayMsp.apk , start at: 69025 ms.
I/PackageManager( 1322): Perform pre-dex opt for package: com.alipay.android.app
D/dalvikvm( 1322): open_cached_dex_file : /data/app/AlipayMsp.apk /data/dalvik-c ache/data@app@AlipayMsp.apk@classes.dex
D/PackageManager( 1322): scan package: /data/app/AlipayMsp.apk , end at: 69039ms . elapsed time = 14ms.
D/PackageManager( 1322): scan package: /data/app/AtciService.apk , start at: 690 39ms.
I/PackageManager( 1322): Perform pre-dex opt for package: com.mediatek.atci.serv ice
D/dalvikvm( 1322): open_cached_dex_file : /data/app/AtciService.apk /data/dalvik -cache/data@app@AtciService.apk@classes.dex
D/PackageManager( 1322): scan package: /data/app/AtciService.apk , end at: 69042 ms. elapsed time = 3ms.
D/PackageManager( 1322): scan package: /data/app/baidushurufa_52.apk , start at: 69043ms.
D/BootAnimation( 502): [BootAnimation checkExit 714]exitnow=0
D/BootAnimation( 502): [BootAnimation movie 854]i=1,r=1215,j=0,lastFrame=690637 41391(69063 ms),file=ligo_00102.png
D/BootAnimation( 502): [BootAnimation movie 857]glBindTexture,i=1,r=1215,j=0,fr ame.tid=100271,name=ligo_00102.png
D/BootAnimation( 502): [BootAnimation movie 874]clearReg.isEmpty,i=1,r=1215,j=0 ,frame.tid=100271
D/BootAnimation( 502): [BootAnimation movie 892]0,delay=40

D/BootAnimation( 502): [BootAnimation checkExit 714]exitnow=0
D/BootAnimation( 502): [BootAnimation movie 854]i=1,r=1216,j=0,lastFrame=691056 13698(69105 ms),file=ligo_00102.png
D/BootAnimation( 502): [BootAnimation movie 857]glBindTexture,i=1,r=1216,j=0,fr ame.tid=100271,name=ligo_00102.png
D/BootAnimation( 502): [BootAnimation movie 874]clearReg.isEmpty,i=1,r=1216,j=0 ,frame.tid=100271
I/SurfaceTextureClient( 502): [STC::queueBuffer] (this:0x41958680) fps:23.90, d ur:1004.20, max:42.40, min:41.34
I/BufferQueue( 134): [BootAnimation](this:0x4295e370,api:1) [queue] fps:23.90, dur:1004.10, max:42.50, min:41.21
D/BootAnimation( 502): [BootAnimation movie 892]1,delay=40
I/PackageManager( 1322): Perform pre-dex opt for package: com.baidu.input
D/dalvikvm( 1322): open_cached_dex_file : /data/app/baidushurufa_52.apk /data/da lvik-cache/data@app@baidushurufa_52.apk@classes.dex
D/PackageManager( 1322): scan package: /data/app/baidushurufa_52.apk , end at: 6 9140ms. elapsed time = 97ms.
D/PackageManager( 1322): scan package: /data/app/com.anddoes.launcher-1.apk , st art at: 69140ms.
D/BootAnimation( 502): [BootAnimation checkExit 714]exitnow=0
D/BootAnimation( 502): [BootAnimation movie 854]i=1,r=1217,j=0,lastFrame=691474 62852(69147 ms),file=ligo_00102.png
D/BootAnimation( 502): [BootAnimation movie 857]glBindTexture,i=1,r=1217,j=0,fr ame.tid=100271,name=ligo_00102.png
D/BootAnimation( 502): [BootAnimation movie 874]clearReg.isEmpty,i=1,r=1217,j=0 ,frame.tid=100271
D/BootAnimation( 502): [BootAnimation movie 892]0,delay=40
I/PackageManager( 1322): Perform pre-dex opt for package: com.anddoes.launcher
D/dalvikvm( 1322): open_cached_dex_file : /data/app/com.anddoes.launcher-1.apk / data/dalvik-cache/data@app@com.anddoes.launcher-1.apk@classes.dex
D/PackageManager( 1322): scan package: /data/app/com.anddoes.launcher-1.apk , en d at: 69185ms. elapsed time = 45ms.
D/PackageManager( 1322): scan package: /data/app/com.android.chrome-1.apk , star t at: 69185ms.
D/BootAnimation( 502): [BootAnimation checkExit 714]exitnow=0
D/BootAnimation( 502): [BootAnimation movie 854]i=1,r=1218,j=0,lastFrame=691893 27852(69189 ms),file=ligo_00102.png
D/BootAnimation( 502): [BootAnimation movie 857]glBindTexture,i=1,r=1218,j=0,fr ame.tid=100271,name=ligo_00102.png
D/BootAnimation( 502): [BootAnimation movie 874]clearReg.isEmpty,i=1,r=1218,j=0 ,frame.tid=100271
D/BootAnimation( 502): [BootAnimation movie 892]0,delay=40
D/BootAnimation( 502): [BootAnimation checkExit 714]exitnow=0
D/BootAnimation( 502): [BootAnimation movie 854]i=1,r=1219,j=0,lastFrame=692312 03160(69231 ms),file=ligo_00102.png
D/BootAnimation( 502): [BootAnimation movie 857]glBindTexture,i=1,r=1219,j=0,fr ame.tid=100271,name=ligo_00102.png
D/BootAnimation( 502): [BootAnimation movie 874]clearReg.isEmpty,i=1,r=1219,j=0 ,frame.tid=100271
D/BootAnimation( 502): [BootAnimation movie 892]0,delay=40
D/BootAnimation( 502): [BootAnimation checkExit 714]exitnow=0
D/BootAnimation( 502): [BootAnimation movie 854]i=1,r=1220,j=0,lastFrame=692730 79698(69273 ms),file=ligo_00102.png
D/BootAnimation( 502): [BootAnimation movie 857]glBindTexture,i=1,r=1220,j=0,fr ame.tid=100271,name=ligo_00102.png
D/BootAnimation( 502): [BootAnimation movie 874]clearReg.isEmpty,i=1,r=1220,j=0 ,frame.tid=100271
D/BootAnimation( 502): [BootAnimation movie 892]1,delay=40
D/BootAnimation( 502): [BootAnimation checkExit 714]exitnow=0
D/BootAnimation( 502): [BootAnimation movie 854]i=1,r=1221,j=0,lastFrame=693149

76391(69314 ms),file=ligo_00102.png
D/BootAnimation( 502): [BootAnimation movie 857]glBindTexture,i=1,r=1221,j=0,fr ame.tid=100271,name=ligo_00102.png
D/BootAnimation( 502): [BootAnimation movie 874]clearReg.isEmpty,i=1,r=1221,j=0 ,frame.tid=100271
D/BootAnimation( 502): [BootAnimation movie 892]1,delay=40
I/SurfaceFlinger( 134): [SurfaceFlinger] fps:24.066412,dur:1038.79,max:55.47,mi n:39.11
D/BootAnimation( 502): [BootAnimation checkExit 714]exitnow=0
D/BootAnimation( 502): [BootAnimation movie 854]i=1,r=1222,j=0,lastFrame=693568 69621(69356 ms),file=ligo_00102.png
D/BootAnimation( 502): [BootAnimation movie 857]glBindTexture,i=1,r=1222,j=0,fr ame.tid=100271,name=ligo_00102.png
D/BootAnimation( 502): [BootAnimation movie 874]clearReg.isEmpty,i=1,r=1222,j=0 ,frame.tid=100271
D/BootAnimation( 502): [BootAnimation movie 892]1,delay=40
D/BootAnimation( 502): [BootAnimation checkExit 714]exitnow=0
D/BootAnimation( 502): [BootAnimation movie 854]i=1,r=1223,j=0,lastFrame=693987 65468(69398 ms),file=ligo_00102.png
D/BootAnimation( 502): [BootAnimation movie 857]glBindTexture,i=1,r=1223,j=0,fr ame.tid=100271,name=ligo_00102.png
D/BootAnimation( 502): [BootAnimation movie 874]clearReg.isEmpty,i=1,r=1223,j=0 ,frame.tid=100271
D/BootAnimation( 502): [BootAnimation movie 892]1,delay=40
D/BootAnimation( 502): [BootAnimation checkExit 714]exitnow=0
D/BootAnimation( 502): [BootAnimation movie 854]i=1,r=1224,j=0,lastFrame=694406 44237(69440 ms),file=ligo_00102.png
D/BootAnimation( 502): [BootAnimation movie 857]glBindTexture,i=1,r=1224,j=0,fr ame.tid=100271,name=ligo_00102.png
D/BootAnimation( 502): [BootAnimation movie 874]clearReg.isEmpty,i=1,r=1224,j=0 ,frame.tid=100271
D/BootAnimation( 502): [BootAnimation movie 892]1,delay=40
I/BufferQueue( 134): [BootAnimation](this:0x4295e370,api:1) [release] fps:24.07 , dur:1038.79, max:58.83, min:39.13
D/BootAnimation( 502): [BootAnimation checkExit 714]exitnow=0
D/BootAnimation( 502): [BootAnimation movie 854]i=1,r=1225,j=0,lastFrame=694825 36621(69482 ms),file=ligo_00102.png
D/BootAnimation( 502): [BootAnimation movie 857]glBindTexture,i=1,r=1225,j=0,fr ame.tid=100271,name=ligo_00102.png
D/BootAnimation( 502): [BootAnimation movie 874]clearReg.isEmpty,i=1,r=1225,j=0 ,frame.tid=100271
D/BootAnimation( 502): [BootAnimation movie 892]1,delay=40
D/BootAnimation( 502): [BootAnimation checkExit 714]exitnow=0
D/BootAnimation( 502): [BootAnimation movie 854]i=1,r=1226,j=0,lastFrame=695244 16160(69524 ms),file=ligo_00102.png
D/BootAnimation( 502): [BootAnimation movie 857]glBindTexture,i=1,r=1226,j=0,fr ame.tid=100271,name=ligo_00102.png
D/BootAnimation( 502): [BootAnimation movie 874]clearReg.isEmpty,i=1,r=1226,j=0 ,frame.tid=100271
D/BootAnimation( 502): [BootAnimation movie 892]1,delay=40
D/BootAnimation( 502): [BootAnimation checkExit 714]exitnow=0
D/BootAnimation( 502): [BootAnimation movie 854]i=1,r=1227,j=0,lastFrame=695663 08160(69566 ms),file=ligo_00102.png
D/BootAnimation( 502): [BootAnimation movie 857]glBindTexture,i=1,r=1227,j=0,fr ame.tid=100271,name=ligo_00102.png
D/BootAnimation( 502): [BootAnimation movie 874]clearReg.isEmpty,i=1,r=1227,j=0 ,frame.tid=100271
D/BootAnimation( 502): [BootAnimation movie 892]1,delay=40
D/BootAnimation( 502): [BootAnimation checkExit 714]exitnow=0
D/BootAnimation( 502): [BootAnimation movie 854]i=1,r=1228,j=0,lastFrame=696082

06544(69608 ms),file=ligo_00102.png
D/BootAnimation( 502): [BootAnimation movie 857]glBindTexture,i=1,r=1228,j=0,fr ame.tid=100271,name=ligo_00102.png
D/BootAnimation( 502): [BootAnimation movie 874]clearReg.isEmpty,i=1,r=1228,j=0 ,frame.tid=100271
D/BootAnimation( 502): [BootAnimation movie 892]1,delay=40
D/BootAnimation( 502): [BootAnimation checkExit 714]exitnow=0
D/BootAnimation( 502): [BootAnimation movie 854]i=1,r=1229,j=0,lastFrame=696501 30698(69650 ms),file=ligo_00102.png
D/BootAnimation( 502): [BootAnimation movie 857]glBindTexture,i=1,r=1229,j=0,fr ame.tid=100271,name=ligo_00102.png
D/BootAnimation( 502): [BootAnimation movie 874]clearReg.isEmpty,i=1,r=1229,j=0 ,frame.tid=100271
D/BootAnimation( 502): [BootAnimation movie 892]1,delay=40
D/BootAnimation( 502): [BootAnimation checkExit 714]exitnow=0
D/BootAnimation( 502): [BootAnimation movie 854]i=1,r=1230,j=0,lastFrame=696920 18314(69692 ms),file=ligo_00102.png
D/BootAnimation( 502): [BootAnimation movie 857]glBindTexture,i=1,r=1230,j=0,fr ame.tid=100271,name=ligo_00102.png
D/BootAnimation( 502): [BootAnimation movie 874]clearReg.isEmpty,i=1,r=1230,j=0 ,frame.tid=100271
D/BootAnimation( 502): [BootAnimation movie 892]1,delay=40
D/BootAnimation( 502): [BootAnimation checkExit 714]exitnow=0
D/BootAnimation( 502): [BootAnimation movie 854]i=1,r=1231,j=0,lastFrame=697339 01852(69733 ms),file=ligo_00102.png
D/BootAnimation( 502): [BootAnimation movie 857]glBindTexture,i=1,r=1231,j=0,fr ame.tid=100271,name=ligo_00102.png
D/BootAnimation( 502): [BootAnimation movie 874]clearReg.isEmpty,i=1,r=1231,j=0 ,frame.tid=100271
D/BootAnimation( 502): [BootAnimation movie 892]1,delay=40
D/BootAnimation( 502): [BootAnimation checkExit 714]exitnow=0
D/BootAnimation( 502): [BootAnimation movie 854]i=1,r=1232,j=0,lastFrame=697757 97391(69775 ms),file=ligo_00102.png
D/BootAnimation( 502): [BootAnimation movie 857]glBindTexture,i=1,r=1232,j=0,fr ame.tid=100271,name=ligo_00102.png
D/BootAnimation( 502): [BootAnimation movie 874]clearReg.isEmpty,i=1,r=1232,j=0 ,frame.tid=100271
D/BootAnimation( 502): [BootAnimation movie 892]1,delay=40
D/BootAnimation( 502): [BootAnimation checkExit 714]exitnow=0
D/BootAnimation( 502): [BootAnimation movie 854]i=1,r=1233,j=0,lastFrame=698176 85544(69817 ms),file=ligo_00102.png
D/BootAnimation( 502): [BootAnimation movie 857]glBindTexture,i=1,r=1233,j=0,fr ame.tid=100271,name=ligo_00102.png
D/BootAnimation( 502): [BootAnimation movie 874]clearReg.isEmpty,i=1,r=1233,j=0 ,frame.tid=100271
D/BootAnimation( 502): [BootAnimation movie 892]1,delay=40
I/PackageManager( 1322): Perform pre-dex opt for package: com.android.chrome
D/dalvikvm( 1322): open_cached_dex_file : /data/app/com.android.chrome-1.apk /da ta/dalvik-cache/data@app@com.android.chrome-1.apk@classes.dex
I/PackageSettings( 1322): Stopping package com.android.chrome
I/PackageSettings( 1322): java.lang.RuntimeException: here
I/PackageSettings( 1322): at com.android.server.pm.Settings.setPackageStop pedStateLPw(Settings.java:2478)
I/PackageSettings( 1322): at com.android.server.pm.ExtraPackageManagerServ ices.blockAutoStartedAppInternal(ExtraPackageManagerServices.java:249)
I/PackageSettings( 1322): at com.android.server.pm.ExtraPackageManagerServ ices.blockAutoStartedApp(ExtraPackageManagerServices.java:255)
I/PackageSettings( 1322): at com.android.server.pm.PackageManagerService.s canPackageLI(PackageManagerService.java:4487)
I/PackageSettings( 1322): at com.android.server.pm.PackageManagerService.s

canPackageLI(PackageManagerService.java:3580)
I/PackageSettings( 1322): at com.android.server.pm.PackageManagerService.s canDirLI(PackageManagerService.java:3315)
I/PackageSettings( 1322): at com.android.server.pm.PackageManagerService.< init>(PackageManagerService.java:1345)
I/PackageSettings( 1322): at com.android.server.pm.PackageManagerService.m ain(PackageManagerService.java:956)
I/PackageSettings( 1322): at com.android.server.ServerThread.run(SystemSer ver.java:334)
D/PackageManager( 1322): scan package: /data/app/com.android.chrome-1.apk , end at: 69852ms. elapsed time = 667ms.
D/PackageManager( 1322): scan package: /data/app/com.android.chrome-2.apk , star t at: 69852ms.
D/BootAnimation( 502): [BootAnimation checkExit 714]exitnow=0
D/BootAnimation( 502): [BootAnimation movie 854]i=1,r=1234,j=0,lastFrame=698595 37160(69859 ms),file=ligo_00102.png
D/BootAnimation( 502): [BootAnimation movie 857]glBindTexture,i=1,r=1234,j=0,fr ame.tid=100271,name=ligo_00102.png
D/BootAnimation( 502): [BootAnimation movie 874]clearReg.isEmpty,i=1,r=1234,j=0 ,frame.tid=100271
D/BootAnimation( 502): [BootAnimation movie 892]1,delay=40
I/PackageManager( 1322): /data/app/com.android.chrome-2.apk changed; collecting certs
D/BootAnimation( 502): [BootAnimation checkExit 714]exitnow=0
D/BootAnimation( 502): [BootAnimation movie 854]i=1,r=1235,j=0,lastFrame=699014 44929(69901 ms),file=ligo_00102.png
D/BootAnimation( 502): [BootAnimation movie 857]glBindTexture,i=1,r=1235,j=0,fr ame.tid=100271,name=ligo_00102.png
D/BootAnimation( 502): [BootAnimation movie 874]clearReg.isEmpty,i=1,r=1235,j=0 ,frame.tid=100271
D/BootAnimation( 502): [BootAnimation movie 892]1,delay=40
D/dalvikvm( 1322): GC_CONCURRENT freed 2282K (37650), 25% free 7919K/10552K, pau sed 1ms+7ms, total 44ms
D/dalvikvm( 1322): WAIT_FOR_CONCURRENT_GC blocked 27ms
D/BootAnimation( 502): [BootAnimation checkExit 714]exitnow=0
D/BootAnimation( 502): [BootAnimation movie 854]i=1,r=1236,j=0,lastFrame=699433 35083(69943 ms),file=ligo_00102.png
D/BootAnimation( 502): [BootAnimation movie 857]glBindTexture,i=1,r=1236,j=0,fr ame.tid=100271,name=ligo_00102.png
D/BootAnimation( 502): [BootAnimation movie 874]clearReg.isEmpty,i=1,r=1236,j=0 ,frame.tid=100271
D/BootAnimation( 502): [BootAnimation movie 892]1,delay=40
D/dalvikvm( 1322): GC_FOR_ALLOC freed 1044K (18655), 31% free 7330K/10552K, paus ed 35ms, total 35ms
D/BootAnimation( 502): [BootAnimation checkExit 714]exitnow=0
D/BootAnimation( 502): [BootAnimation movie 854]i=1,r=1237,j=0,lastFrame=699853 61391(69985 ms),file=ligo_00102.png
D/BootAnimation( 502): [BootAnimation movie 857]glBindTexture,i=1,r=1237,j=0,fr ame.tid=100271,name=ligo_00102.png
D/BootAnimation( 502): [BootAnimation movie 874]clearReg.isEmpty,i=1,r=1237,j=0 ,frame.tid=100271
D/BootAnimation( 502): [BootAnimation movie 892]1,delay=40
D/dalvikvm( 1322): GC_FOR_ALLOC freed 62K (1), 30% free 7394K/10552K, paused 30m s, total 31ms
I/dalvikvm-heap( 1322): Grow heap (frag case) to 7.657MB for 99934-byte allocati on
D/BootAnimation( 502): [BootAnimation checkExit 714]exitnow=0
D/BootAnimation( 502): [BootAnimation movie 854]i=1,r=1238,j=0,lastFrame=700273 23698(70027 ms),file=ligo_00102.png
D/BootAnimation( 502): [BootAnimation movie 857]glBindTexture,i=1,r=1238,j=0,fr

ame.tid=100271,name=ligo_00102.png
D/BootAnimation( 502): [BootAnimation movie 874]clearReg.isEmpty,i=1,r=1238,j=0 ,frame.tid=100271
D/BootAnimation( 502): [BootAnimation movie 892]1,delay=40
D/dalvikvm( 1322): GC_FOR_ALLOC freed 127K (3), 31% free 7365K/10652K, paused 31 ms, total 31ms
D/BootAnimation( 502): [BootAnimation checkExit 714]exitnow=0
D/BootAnimation( 502): [BootAnimation movie 854]i=1,r=1239,j=0,lastFrame=700692 48237(70069 ms),file=ligo_00102.png
D/BootAnimation( 502): [BootAnimation movie 857]glBindTexture,i=1,r=1239,j=0,fr ame.tid=100271,name=ligo_00102.png
D/BootAnimation( 502): [BootAnimation movie 874]clearReg.isEmpty,i=1,r=1239,j=0 ,frame.tid=100271
D/BootAnimation( 502): [BootAnimation movie 892]1,delay=40
D/dalvikvm( 1322): GC_FOR_ALLOC freed 118K (25), 30% free 7493K/10652K, paused 3 1ms, total 31ms
I/dalvikvm-heap( 1322): Grow heap (frag case) to 7.753MB for 99881-byte allocati on
D/BootAnimation( 502): [BootAnimation checkExit 714]exitnow=0
D/BootAnimation( 502): [BootAnimation movie 854]i=1,r=1240,j=0,lastFrame=701111 50160(70111 ms),file=ligo_00102.png
D/BootAnimation( 502): [BootAnimation movie 857]glBindTexture,i=1,r=1240,j=0,fr ame.tid=100271,name=ligo_00102.png
D/BootAnimation( 502): [BootAnimation movie 874]clearReg.isEmpty,i=1,r=1240,j=0 ,frame.tid=100271
I/SurfaceTextureClient( 502): [STC::queueBuffer] (this:0x41958680) fps:23.86, d ur:1005.82, max:42.34, min:41.41
D/dalvikvm( 1322): GC_FOR_ALLOC freed 127K (6), 31% free 7464K/10752K, paused 30 ms, total 30ms
I/BufferQueue( 134): [BootAnimation](this:0x4295e370,api:1) [queue] fps:23.86, dur:1005.95, max:42.30, min:41.57
D/BootAnimation( 502): [BootAnimation movie 892]1,delay=39
D/dalvikvm( 1322): GC_FOR_ALLOC freed 114K (12), 30% free 7591K/10752K, paused 2 9ms, total 29ms
I/dalvikvm-heap( 1322): Grow heap (frag case) to 7.849MB for 99881-byte allocati on
D/BootAnimation( 502): [BootAnimation checkExit 714]exitnow=0
D/BootAnimation( 502): [BootAnimation movie 854]i=1,r=1241,j=0,lastFrame=701530 77621(70153 ms),file=ligo_00102.png
D/BootAnimation( 502): [BootAnimation movie 857]glBindTexture,i=1,r=1241,j=0,fr ame.tid=100271,name=ligo_00102.png
D/BootAnimation( 502): [BootAnimation movie 874]clearReg.isEmpty,i=1,r=1241,j=0 ,frame.tid=100271
D/BootAnimation( 502): [BootAnimation movie 892]1,delay=40
D/dalvikvm( 1322): GC_FOR_ALLOC freed 127K (5), 31% free 7562K/10852K, paused 30 ms, total 30ms
D/BootAnimation( 502): [BootAnimation checkExit 714]exitnow=0
D/BootAnimation( 502): [BootAnimation movie 854]i=1,r=1242,j=0,lastFrame=701949 38545(70194 ms),file=ligo_00102.png
D/BootAnimation( 502): [BootAnimation movie 857]glBindTexture,i=1,r=1242,j=0,fr ame.tid=100271,name=ligo_00102.png
D/BootAnimation( 502): [BootAnimation movie 874]clearReg.isEmpty,i=1,r=1242,j=0 ,frame.tid=100271
D/BootAnimation( 502): [BootAnimation movie 892]1,delay=40
D/BootAnimation( 502): [BootAnimation checkExit 714]exitnow=0
D/BootAnimation( 502): [BootAnimation movie 854]i=1,r=1243,j=0,lastFrame=702368 41621(70236 ms),file=ligo_00102.png
D/BootAnimation( 502): [BootAnimation movie 857]glBindTexture,i=1,r=1243,j=0,fr ame.tid=100271,name=ligo_00102.png
D/BootAnimation( 502): [BootAnimation movie 874]clearReg.isEmpty,i=1,r=1243,j=0

,frame.tid=100271
D/BootAnimation( 502): [BootAnimation movie 892]1,delay=40
D/BootAnimation( 502): [BootAnimation checkExit 714]exitnow=0
D/BootAnimation( 502): [BootAnimation movie 854]i=1,r=1244,j=0,lastFrame=702787 11775(70278 ms),file=ligo_00102.png
D/BootAnimation( 502): [BootAnimation movie 857]glBindTexture,i=1,r=1244,j=0,fr ame.tid=100271,name=ligo_00102.png
D/BootAnimation( 502): [BootAnimation movie 874]clearReg.isEmpty,i=1,r=1244,j=0 ,frame.tid=100271
D/BootAnimation( 502): [BootAnimation movie 892]1,delay=40
D/NativeCrypto( 1322): NativeCrypto_EVP_VerifyInit ctx=0x5cf39ae0
D/NativeCrypto( 1322): NativeCrypto_EVP_VerifyInit algorithmChars=RSA-SHA1
D/BootAnimation( 502): [BootAnimation checkExit 714]exitnow=0
D/BootAnimation( 502): [BootAnimation movie 854]i=1,r=1245,j=0,lastFrame=703206 02006(70320 ms),file=ligo_00102.png
D/BootAnimation( 502): [BootAnimation movie 857]glBindTexture,i=1,r=1245,j=0,fr ame.tid=100271,name=ligo_00102.png
D/BootAnimation( 502): [BootAnimation movie 874]clearReg.isEmpty,i=1,r=1245,j=0 ,frame.tid=100271
D/BootAnimation( 502): [BootAnimation movie 892]1,delay=40
I/SurfaceFlinger( 134): [SurfaceFlinger] fps:23.926441,dur:1003.07,max:54.30,mi n:39.09
D/BootAnimation( 502): [BootAnimation checkExit 714]exitnow=0
D/BootAnimation( 502): [BootAnimation movie 854]i=1,r=1246,j=0,lastFrame=703624 94083(70362 ms),file=ligo_00102.png
D/BootAnimation( 502): [BootAnimation movie 857]glBindTexture,i=1,r=1246,j=0,fr ame.tid=100271,name=ligo_00102.png
D/BootAnimation( 502): [BootAnimation movie 874]clearReg.isEmpty,i=1,r=1246,j=0 ,frame.tid=100271
D/BootAnimation( 502): [BootAnimation movie 892]1,delay=40
D/BootAnimation( 502): [BootAnimation checkExit 714]exitnow=0
D/BootAnimation( 502): [BootAnimation movie 854]i=1,r=1247,j=0,lastFrame=704043 56083(70404 ms),file=ligo_00102.png
D/BootAnimation( 502): [BootAnimation movie 857]glBindTexture,i=1,r=1247,j=0,fr ame.tid=100271,name=ligo_00102.png
D/BootAnimation( 502): [BootAnimation movie 874]clearReg.isEmpty,i=1,r=1247,j=0 ,frame.tid=100271
D/BootAnimation( 502): [BootAnimation movie 892]1,delay=40
D/BootAnimation( 502): [BootAnimation checkExit 714]exitnow=0
D/BootAnimation( 502): [BootAnimation movie 854]i=1,r=1248,j=0,lastFrame=704462 14006(70446 ms),file=ligo_00102.png
D/BootAnimation( 502): [BootAnimation movie 857]glBindTexture,i=1,r=1248,j=0,fr ame.tid=100271,name=ligo_00102.png
D/BootAnimation( 502): [BootAnimation movie 874]clearReg.isEmpty,i=1,r=1248,j=0 ,frame.tid=100271
D/BootAnimation( 502): [BootAnimation movie 892]1,delay=40
I/BufferQueue( 134): [BootAnimation](this:0x4295e370,api:1) [release] fps:23.55 , dur:1019.17, max:58.84, min:39.11
D/BootAnimation( 502): [BootAnimation checkExit 714]exitnow=0
D/BootAnimation( 502): [BootAnimation movie 854]i=1,r=1249,j=0,lastFrame=704880 77698(70488 ms),file=ligo_00102.png
D/BootAnimation( 502): [BootAnimation movie 857]glBindTexture,i=1,r=1249,j=0,fr ame.tid=100271,name=ligo_00102.png
D/BootAnimation( 502): [BootAnimation movie 874]clearReg.isEmpty,i=1,r=1249,j=0 ,frame.tid=100271
D/BootAnimation( 502): [BootAnimation movie 892]0,delay=40
D/BootAnimation( 502): [BootAnimation checkExit 714]exitnow=0
D/BootAnimation( 502): [BootAnimation movie 854]i=1,r=1250,j=0,lastFrame=705299 41083(70529 ms),file=ligo_00102.png
D/BootAnimation( 502): [BootAnimation movie 857]glBindTexture,i=1,r=1250,j=0,fr

ame.tid=100271,name=ligo_00102.png
D/BootAnimation( 502): [BootAnimation ,frame.tid=100271
D/BootAnimation( 502): [BootAnimation
D/BootAnimation( 502): [BootAnimation
D/BootAnimation( 502): [BootAnimation 11006(70571 ms),file=ligo_00102.png
D/BootAnimation( 502): [BootAnimation ame.tid=100271,name=ligo_00102.png
D/BootAnimation( 502): [BootAnimation ,frame.tid=100271
D/BootAnimation( 502): [BootAnimation
D/BootAnimation( 502): [BootAnimation
D/BootAnimation( 502): [BootAnimation 81083(70613 ms),file=ligo_00102.png
D/BootAnimation( 502): [BootAnimation ame.tid=100271,name=ligo_00102.png
D/BootAnimation( 502): [BootAnimation ,frame.tid=100271
D/BootAnimation( 502): [BootAnimation
D/BootAnimation( 502): [BootAnimation
D/BootAnimation( 502): [BootAnimation 94698(70655 ms),file=ligo_00102.png
D/BootAnimation( 502): [BootAnimation ame.tid=100271,name=ligo_00102.png
D/BootAnimation( 502): [BootAnimation ,frame.tid=100271
D/BootAnimation( 502): [BootAnimation
D/dalvikvm( 1322): GC_CONCURRENT freed ed 1ms+2ms, total 43ms
D/BootAnimation( 502): [BootAnimation
D/BootAnimation( 502): [BootAnimation 56083(70697 ms),file=ligo_00102.png
D/BootAnimation( 502): [BootAnimation ame.tid=100271,name=ligo_00102.png
D/BootAnimation( 502): [BootAnimation ,frame.tid=100271
D/BootAnimation( 502): [BootAnimation
D/BootAnimation( 502): [BootAnimation
D/BootAnimation( 502): [BootAnimation 60775(70739 ms),file=ligo_00102.png
D/BootAnimation( 502): [BootAnimation ame.tid=100271,name=ligo_00102.png
D/BootAnimation( 502): [BootAnimation ,frame.tid=100271
D/BootAnimation( 502): [BootAnimation
D/BootAnimation( 502): [BootAnimation
D/BootAnimation( 502): [BootAnimation 22698(70781 ms),file=ligo_00102.png
D/BootAnimation( 502): [BootAnimation ame.tid=100271,name=ligo_00102.png
D/BootAnimation( 502): [BootAnimation ,frame.tid=100271
D/BootAnimation( 502): [BootAnimation
D/BootAnimation( 502): [BootAnimation
D/BootAnimation( 502): [BootAnimation 80237(70823 ms),file=ligo_00102.png
D/BootAnimation( 502): [BootAnimation ame.tid=100271,name=ligo_00102.png
D/BootAnimation( 502): [BootAnimation

movie 874]clearReg.isEmpty,i=1,r=1250,j=0 movie 892]1,delay=40 checkExit 714]exitnow=0 movie 854]i=1,r=1251,j=0,lastFrame=705718 movie 857]glBindTexture,i=1,r=1251,j=0,fr movie 874]clearReg.isEmpty,i=1,r=1251,j=0 movie 892]1,delay=40 checkExit 714]exitnow=0 movie 854]i=1,r=1252,j=0,lastFrame=706136 movie 857]glBindTexture,i=1,r=1252,j=0,fr movie 874]clearReg.isEmpty,i=1,r=1252,j=0 movie 892]1,delay=40 checkExit 714]exitnow=0 movie 854]i=1,r=1253,j=0,lastFrame=706555 movie 857]glBindTexture,i=1,r=1253,j=0,fr movie 874]clearReg.isEmpty,i=1,r=1253,j=0 movie 892]1,delay=40 979K (14112), 22% free 8514K/10852K, paus checkExit 714]exitnow=0 movie 854]i=1,r=1254,j=0,lastFrame=706974 movie 857]glBindTexture,i=1,r=1254,j=0,fr movie 874]clearReg.isEmpty,i=1,r=1254,j=0 movie 892]1,delay=40 checkExit 714]exitnow=0 movie 854]i=1,r=1255,j=0,lastFrame=707393 movie 857]glBindTexture,i=1,r=1255,j=0,fr movie 874]clearReg.isEmpty,i=1,r=1255,j=0 movie 892]1,delay=40 checkExit 714]exitnow=0 movie 854]i=1,r=1256,j=0,lastFrame=707812 movie 857]glBindTexture,i=1,r=1256,j=0,fr movie 874]clearReg.isEmpty,i=1,r=1256,j=0 movie 892]1,delay=40 checkExit 714]exitnow=0 movie 854]i=1,r=1257,j=0,lastFrame=708230 movie 857]glBindTexture,i=1,r=1257,j=0,fr movie 874]clearReg.isEmpty,i=1,r=1257,j=0

,frame.tid=100271
D/BootAnimation( 502): [BootAnimation movie 892]1,delay=40
D/BootAnimation( 502): [BootAnimation checkExit 714]exitnow=0
D/BootAnimation( 502): [BootAnimation movie 854]i=1,r=1258,j=0,lastFrame=708649 50160(70864 ms),file=ligo_00102.png
D/BootAnimation( 502): [BootAnimation movie 857]glBindTexture,i=1,r=1258,j=0,fr ame.tid=100271,name=ligo_00102.png
D/BootAnimation( 502): [BootAnimation movie 874]clearReg.isEmpty,i=1,r=1258,j=0 ,frame.tid=100271
D/BootAnimation( 502): [BootAnimation movie 892]1,delay=40
D/BootAnimation( 502): [BootAnimation checkExit 714]exitnow=0
D/BootAnimation( 502): [BootAnimation movie 854]i=1,r=1259,j=0,lastFrame=709068 73083(70906 ms),file=ligo_00102.png
D/BootAnimation( 502): [BootAnimation movie 857]glBindTexture,i=1,r=1259,j=0,fr ame.tid=100271,name=ligo_00102.png
D/BootAnimation( 502): [BootAnimation movie 874]clearReg.isEmpty,i=1,r=1259,j=0 ,frame.tid=100271
D/BootAnimation( 502): [BootAnimation movie 892]1,delay=40
D/BootAnimation( 502): [BootAnimation checkExit 714]exitnow=0
D/BootAnimation( 502): [BootAnimation movie 854]i=1,r=1260,j=0,lastFrame=709487 37468(70948 ms),file=ligo_00102.png
D/BootAnimation( 502): [BootAnimation movie 857]glBindTexture,i=1,r=1260,j=0,fr ame.tid=100271,name=ligo_00102.png
D/BootAnimation( 502): [BootAnimation movie 874]clearReg.isEmpty,i=1,r=1260,j=0 ,frame.tid=100271
D/BootAnimation( 502): [BootAnimation movie 892]1,delay=40
D/BootAnimation( 502): [BootAnimation checkExit 714]exitnow=0
D/BootAnimation( 502): [BootAnimation movie 854]i=1,r=1261,j=0,lastFrame=709906 03545(70990 ms),file=ligo_00102.png
D/BootAnimation( 502): [BootAnimation movie 857]glBindTexture,i=1,r=1261,j=0,fr ame.tid=100271,name=ligo_00102.png
D/BootAnimation( 502): [BootAnimation movie 874]clearReg.isEmpty,i=1,r=1261,j=0 ,frame.tid=100271
D/BootAnimation( 502): [BootAnimation movie 892]0,delay=40
I/busybox ( 117): Sqlite Vacuum finished at 09-01-2013 15:31:39
I/busybox ( 117): Complete
D/BootAnimation( 502): [BootAnimation checkExit 714]exitnow=0
D/BootAnimation( 502): [BootAnimation movie 854]i=1,r=1262,j=0,lastFrame=710324 69775(71032 ms),file=ligo_00102.png
D/BootAnimation( 502): [BootAnimation movie 857]glBindTexture,i=1,r=1262,j=0,fr ame.tid=100271,name=ligo_00102.png
D/BootAnimation( 502): [BootAnimation movie 874]clearReg.isEmpty,i=1,r=1262,j=0 ,frame.tid=100271
D/BootAnimation( 502): [BootAnimation movie 892]1,delay=40
D/BootAnimation( 502): [BootAnimation checkExit 714]exitnow=0
D/BootAnimation( 502): [BootAnimation movie 854]i=1,r=1263,j=0,lastFrame=710743 36006(71074 ms),file=ligo_00102.png
D/BootAnimation( 502): [BootAnimation movie 857]glBindTexture,i=1,r=1263,j=0,fr ame.tid=100271,name=ligo_00102.png
D/BootAnimation( 502): [BootAnimation movie 874]clearReg.isEmpty,i=1,r=1263,j=0 ,frame.tid=100271
D/BootAnimation( 502): [BootAnimation movie 892]1,delay=40
D/BootAnimation( 502): [BootAnimation checkExit 714]exitnow=0
D/BootAnimation( 502): [BootAnimation movie 854]i=1,r=1264,j=0,lastFrame=711162 82237(71116 ms),file=ligo_00102.png
D/BootAnimation( 502): [BootAnimation movie 857]glBindTexture,i=1,r=1264,j=0,fr ame.tid=100271,name=ligo_00102.png
D/BootAnimation( 502): [BootAnimation movie 874]clearReg.isEmpty,i=1,r=1264,j=0 ,frame.tid=100271
I/SurfaceTextureClient( 502): [STC::queueBuffer] (this:0x41958680) fps:23.87, d

ur:1005.41, max:42.36, min:41.29
I/BufferQueue( 134): [BootAnimation](this:0x4295e370,api:1) [queue] fps:23.86, dur:1005.73, max:42.91, min:41.36
D/BootAnimation( 502): [BootAnimation movie 892]2,delay=39
D/BootAnimation( 502): [BootAnimation checkExit 714]exitnow=0
D/BootAnimation( 502): [BootAnimation movie 854]i=1,r=1265,j=0,lastFrame=711582 20391(71158 ms),file=ligo_00102.png
D/BootAnimation( 502): [BootAnimation movie 857]glBindTexture,i=1,r=1265,j=0,fr ame.tid=100271,name=ligo_00102.png
D/BootAnimation( 502): [BootAnimation movie 874]clearReg.isEmpty,i=1,r=1265,j=0 ,frame.tid=100271
D/BootAnimation( 502): [BootAnimation movie 892]1,delay=40
D/BootAnimation( 502): [BootAnimation checkExit 714]exitnow=0
D/BootAnimation( 502): [BootAnimation movie 854]i=1,r=1266,j=0,lastFrame=712001 89852(71200 ms),file=ligo_00102.png
D/BootAnimation( 502): [BootAnimation movie 857]glBindTexture,i=1,r=1266,j=0,fr ame.tid=100271,name=ligo_00102.png
D/BootAnimation( 502): [BootAnimation movie 874]clearReg.isEmpty,i=1,r=1266,j=0 ,frame.tid=100271
D/BootAnimation( 502): [BootAnimation movie 892]1,delay=40
D/BootAnimation( 502): [BootAnimation checkExit 714]exitnow=0
D/BootAnimation( 502): [BootAnimation movie 854]i=1,r=1267,j=0,lastFrame=712420 39314(71242 ms),file=ligo_00102.png
D/BootAnimation( 502): [BootAnimation movie 857]glBindTexture,i=1,r=1267,j=0,fr ame.tid=100271,name=ligo_00102.png
D/BootAnimation( 502): [BootAnimation movie 874]clearReg.isEmpty,i=1,r=1267,j=0 ,frame.tid=100271
D/BootAnimation( 502): [BootAnimation movie 892]1,delay=40
D/BootAnimation( 502): [BootAnimation checkExit 714]exitnow=0
D/BootAnimation( 502): [BootAnimation movie 854]i=1,r=1268,j=0,lastFrame=712839 01160(71283 ms),file=ligo_00102.png
D/BootAnimation( 502): [BootAnimation movie 857]glBindTexture,i=1,r=1268,j=0,fr ame.tid=100271,name=ligo_00102.png
D/BootAnimation( 502): [BootAnimation movie 874]clearReg.isEmpty,i=1,r=1268,j=0 ,frame.tid=100271
D/BootAnimation( 502): [BootAnimation movie 892]1,delay=40
D/BootAnimation( 502): [BootAnimation checkExit 714]exitnow=0
D/BootAnimation( 502): [BootAnimation movie 854]i=1,r=1269,j=0,lastFrame=713258 14929(71325 ms),file=ligo_00102.png
D/BootAnimation( 502): [BootAnimation movie 857]glBindTexture,i=1,r=1269,j=0,fr ame.tid=100271,name=ligo_00102.png
D/BootAnimation( 502): [BootAnimation movie 874]clearReg.isEmpty,i=1,r=1269,j=0 ,frame.tid=100271
D/BootAnimation( 502): [BootAnimation movie 892]1,delay=40
I/SurfaceFlinger( 134): [SurfaceFlinger] fps:23.630341,dur:1015.64,max:55.45,mi n:39.12
D/BootAnimation( 502): [BootAnimation checkExit 714]exitnow=0
D/BootAnimation( 502): [BootAnimation movie 854]i=1,r=1270,j=0,lastFrame=713677 11621(71367 ms),file=ligo_00102.png
D/BootAnimation( 502): [BootAnimation movie 857]glBindTexture,i=1,r=1270,j=0,fr ame.tid=100271,name=ligo_00102.png
D/BootAnimation( 502): [BootAnimation movie 874]clearReg.isEmpty,i=1,r=1270,j=0 ,frame.tid=100271
D/BootAnimation( 502): [BootAnimation movie 892]1,delay=40
D/BootAnimation( 502): [BootAnimation checkExit 714]exitnow=0
D/BootAnimation( 502): [BootAnimation movie 854]i=1,r=1271,j=0,lastFrame=714095 82006(71409 ms),file=ligo_00102.png
D/BootAnimation( 502): [BootAnimation movie 857]glBindTexture,i=1,r=1271,j=0,fr ame.tid=100271,name=ligo_00102.png
D/BootAnimation( 502): [BootAnimation movie 874]clearReg.isEmpty,i=1,r=1271,j=0

,frame.tid=100271
D/BootAnimation( 502): [BootAnimation movie 892]1,delay=40
D/BootAnimation( 502): [BootAnimation checkExit 714]exitnow=0
D/BootAnimation( 502): [BootAnimation movie 854]i=1,r=1272,j=0,lastFrame=714514 47314(71451 ms),file=ligo_00102.png
D/BootAnimation( 502): [BootAnimation movie 857]glBindTexture,i=1,r=1272,j=0,fr ame.tid=100271,name=ligo_00102.png
D/BootAnimation( 502): [BootAnimation movie 874]clearReg.isEmpty,i=1,r=1272,j=0 ,frame.tid=100271
D/BootAnimation( 502): [BootAnimation movie 892]1,delay=40
D/BootAnimation( 502): [BootAnimation checkExit 714]exitnow=0
D/BootAnimation( 502): [BootAnimation movie 854]i=1,r=1273,j=0,lastFrame=714933 53468(71493 ms),file=ligo_00102.png
D/BootAnimation( 502): [BootAnimation movie 857]glBindTexture,i=1,r=1273,j=0,fr ame.tid=100271,name=ligo_00102.png
D/BootAnimation( 502): [BootAnimation movie 874]clearReg.isEmpty,i=1,r=1273,j=0 ,frame.tid=100271
D/BootAnimation( 502): [BootAnimation movie 892]1,delay=40
I/BufferQueue( 134): [BootAnimation](this:0x4295e370,api:1) [release] fps:24.07 , dur:1038.80, max:58.84, min:39.13
D/BootAnimation( 502): [BootAnimation checkExit 714]exitnow=0
D/BootAnimation( 502): [BootAnimation movie 854]i=1,r=1274,j=0,lastFrame=715352 69852(71535 ms),file=ligo_00102.png
D/BootAnimation( 502): [BootAnimation movie 857]glBindTexture,i=1,r=1274,j=0,fr ame.tid=100271,name=ligo_00102.png
D/BootAnimation( 502): [BootAnimation movie 874]clearReg.isEmpty,i=1,r=1274,j=0 ,frame.tid=100271
D/BootAnimation( 502): [BootAnimation movie 892]1,delay=40
I/busybox ( 117): mount: mounting /emmc@usrdata on /data failed: Invalid argume nt
I/busybox ( 117): mount: mounting /emmc@cache on /cache failed: Invalid argumen t
D/BootAnimation( 502): [BootAnimation checkExit 714]exitnow=0
D/BootAnimation( 502): [BootAnimation movie 854]i=1,r=1275,j=0,lastFrame=715771 45006(71577 ms),file=ligo_00102.png
D/BootAnimation( 502): [BootAnimation movie 857]glBindTexture,i=1,r=1275,j=0,fr ame.tid=100271,name=ligo_00102.png
D/BootAnimation( 502): [BootAnimation movie 874]clearReg.isEmpty,i=1,r=1275,j=0 ,frame.tid=100271
D/BootAnimation( 502): [BootAnimation movie 892]2,delay=39
I/busybox ( 117): /system/etc/init.d/17speedy_modified[35]: can't create /sys/b lock/mmcblk0/queue/iosched/fifo_batch: No such file or directory
I/busybox ( 117): /system/etc/init.d/17speedy_modified[35]: can't create /sys/b lock/mmcblk0boot0/queue/iosched/fifo_batch: No such file or directory
I/busybox ( 117): /system/etc/init.d/17speedy_modified[35]: can't create /sys/b lock/mmcblk0boot1/queue/iosched/fifo_batch: No such file or directory
I/busybox ( 117): /system/etc/init.d/17speedy_modified[35]: can't create /sys/b lock/mmcblk1/queue/iosched/fifo_batch: No such file or directory
I/busybox ( 117): /system/etc/init.d/97gofast[8]: syntax error: 'if' unmatched
I/busybox ( 117): run-parts: /system/etc/init.d/97gofast exited with code 1
I/busybox ( 117): Android Overclock is installed, IGNORING Screen State Scaling script
I/busybox ( 117): run-parts: can't execute '/system/etc/init.d/98TweakKernel': No such file or directory
I/busybox ( 117): run-parts: can't execute '/system/etc/init.d/99SuperCharger': No such file or directory
I/busybox ( 117): run-parts: can't execute '/system/etc/init.d/memery': No such file or directory
D/BootAnimation( 502): [BootAnimation checkExit 714]exitnow=0
D/BootAnimation( 502): [BootAnimation movie 854]i=1,r=1276,j=0,lastFrame=716191

00852(71619 ms),file=ligo_00102.png
D/BootAnimation( 502): [BootAnimation ame.tid=100271,name=ligo_00102.png
D/BootAnimation( 502): [BootAnimation ,frame.tid=100271
D/BootAnimation( 502): [BootAnimation
D/BootAnimation( 502): [BootAnimation
D/BootAnimation( 502): [BootAnimation 56852(71660 ms),file=ligo_00102.png
D/BootAnimation( 502): [BootAnimation ame.tid=100271,name=ligo_00102.png
D/BootAnimation( 502): [BootAnimation ,frame.tid=100271
D/BootAnimation( 502): [BootAnimation
D/BootAnimation( 502): [BootAnimation
D/BootAnimation( 502): [BootAnimation 28698(71702 ms),file=ligo_00102.png
D/BootAnimation( 502): [BootAnimation ame.tid=100271,name=ligo_00102.png
