D/dalvikvm( 664): open_cached_dex_file : /system/app/AdupsFotaReboot.apk /data/ dalvik-cache/system@app@AdupsFotaReboot.apk@classes.dex
I/dalvikvm( 664): DexOpt: source file mod time mismatch (38903d19 vs 38902d19)
D/PackageManager( 664): scan package: /system/app/AdupsFotaReboot.apk , end at: 26492ms. elapsed time = 5ms.
D/PackageManager( 664): scan package: /system/app/AicBootFix.apk , start at: 26 492ms.
I/PackageManager( 664): Perform pre-dex opt for package: de.dawitz.aicbootfix
D/dalvikvm( 664): open_cached_dex_file : /system/app/AicBootFix.apk /data/dalvi k-cache/system@app@AicBootFix.apk@classes.dex
I/dalvikvm( 664): DexOpt: mismatch dep signature for '/data/dalvik-cache/system @framework@framework.jar@classes.dex'

D/dalvikvm( 664): == DexOpt: numDeps = 15
D/dalvikvm( 664): 0 : /data/dalvik-cache/system@framework@core.jar@classes.dex /data/dalvik-cache/system@framework@core.jar@classes.dex
D/dalvikvm( 664): 1 : /data/dalvik-cache/system@framework@core-junit.jar@classe s.dex /data/dalvik-cache/system@framework@core-junit.jar@classes.dex
D/dalvikvm( 664): 2 : /data/dalvik-cache/system@framework@bouncycastle.jar@clas ses.dex /data/dalvik-cache/system@framework@bouncycastle.jar@classes.dex
D/dalvikvm( 664): 3 : /data/dalvik-cache/system@framework@ext.jar@classes.dex / data/dalvik-cache/system@framework@ext.jar@classes.dex
D/dalvikvm( 664): 4 : /data/dalvik-cache/system@framework@framework.jar@classes .dex /data/dalvik-cache/system@framework@framework.jar@classes.dex
D/dalvikvm( 664): 5 : NULL NULL
D/PackageManager( 664): scan package: /system/app/AicBootFix.apk , end at: 2649 6ms. elapsed time = 4ms.
D/PackageManager( 664): scan package: /system/app/AirkanPhoneService.apk , star t at: 26497ms.
I/PackageManager( 664): /system/app/AirkanPhoneService.apk changed; collecting certs
D/NativeCrypto( 664): NativeCrypto_EVP_VerifyInit ctx=0x5cf40b88
D/NativeCrypto( 664): NativeCrypto_EVP_VerifyInit algorithmChars=RSA-SHA1
D/BootAnimation( 502): [BootAnimation checkExit 714]exitnow=0
D/BootAnimation( 502): [BootAnimation movie 854]i=1,r=270,j=0,lastFrame=2651269 0543(26512 ms),file=ligo_00102.png
D/BootAnimation( 502): [BootAnimation movie 857]glBindTexture,i=1,r=270,j=0,fra me.tid=100271,name=ligo_00102.png
D/BootAnimation( 502): [BootAnimation movie 874]clearReg.isEmpty,i=1,r=270,j=0, frame.tid=100271
D/BootAnimation( 502): [BootAnimation movie 892]1,delay=40
I/PackageManager( 664): Perform pre-dex opt for package: com.duokan.airkan.phon e
D/dalvikvm( 664): open_cached_dex_file : /system/app/AirkanPhoneService.apk /da ta/dalvik-cache/system@app@AirkanPhoneService.apk@classes.dex
D/PackageManager( 664): scan package: /system/app/AirkanPhoneService.apk , end at: 26520ms. elapsed time = 23ms.
D/PackageManager( 664): scan package: /system/app/AntiSpam.apk , start at: 2652 0ms.
I/PackageManager( 664): /system/app/AntiSpam.apk changed; collecting certs
D/NativeCrypto( 664): NativeCrypto_EVP_VerifyInit ctx=0x5cf40b88
D/NativeCrypto( 664): NativeCrypto_EVP_VerifyInit algorithmChars=RSA-SHA1
I/PackageManager( 664): Perform pre-dex opt for package: com.miui.antispam
D/dalvikvm( 664): open_cached_dex_file : /system/app/AntiSpam.apk /data/dalvikcache/system@app@AntiSpam.apk@classes.dex
D/PackageManager( 664): scan package: /system/app/AntiSpam.apk , end at: 26553m s. elapsed time = 33ms.
D/PackageManager( 664): scan package: /system/app/ApplicationsProvider.apk , st art at: 26553ms.
D/BootAnimation( 502): [BootAnimation checkExit 714]exitnow=0
D/BootAnimation( 502): [BootAnimation movie 854]i=1,r=271,j=0,lastFrame=2655455 7082(26554 ms),file=ligo_00102.png
D/BootAnimation( 502): [BootAnimation movie 857]glBindTexture,i=1,r=271,j=0,fra me.tid=100271,name=ligo_00102.png
D/BootAnimation( 502): [BootAnimation movie 874]clearReg.isEmpty,i=1,r=271,j=0, frame.tid=100271
D/BootAnimation( 502): [BootAnimation movie 892]1,delay=40
I/PackageManager( 664): Perform pre-dex opt for package: com.android.providers. applications
D/dalvikvm( 664): open_cached_dex_file : /system/app/ApplicationsProvider.apk / data/dalvik-cache/system@app@ApplicationsProvider.apk@classes.dex
I/dalvikvm( 664): DexOpt: source file mod time mismatch (42ea5527 vs 38f8273d)
D/PackageManager( 664): scan package: /system/app/ApplicationsProvider.apk , en

d at: 26561ms. elapsed time = 8ms.
D/PackageManager( 664): scan package: /system/app/Backup.apk , start at: 26561m s.
I/PackageManager( 664): /system/app/Backup.apk changed; collecting certs
D/NativeCrypto( 664): NativeCrypto_EVP_VerifyInit ctx=0x5cf40b88
D/NativeCrypto( 664): NativeCrypto_EVP_VerifyInit algorithmChars=RSA-SHA1
D/BootAnimation( 502): [BootAnimation checkExit 714]exitnow=0
D/BootAnimation( 502): [BootAnimation movie 854]i=1,r=272,j=0,lastFrame=2659648 2620(26596 ms),file=ligo_00102.png
D/BootAnimation( 502): [BootAnimation movie 857]glBindTexture,i=1,r=272,j=0,fra me.tid=100271,name=ligo_00102.png
D/BootAnimation( 502): [BootAnimation movie 874]clearReg.isEmpty,i=1,r=272,j=0, frame.tid=100271
E/PackageManager( 664): Package com.miui.backup has no signatures that match th ose in shared user android.uid.backup; ignoring!
W/PackageManager( 664): Signature mismatch for shared user : SharedUserSetting{ 42643ad0 android.uid.backup/9800}
D/PackageManager( 664): scan package: /system/app/Backup.apk , end at: 26599ms. elapsed time = 38ms.
D/PackageManager( 664): scan package: /system/app/BackupRestoreConfirmation.apk , start at: 26599ms.
D/BootAnimation( 502): [BootAnimation movie 892]4,delay=37
I/PackageManager( 664): Perform pre-dex opt for package: com.android.backupconf irm
D/dalvikvm( 664): open_cached_dex_file : /system/app/BackupRestoreConfirmation. apk /data/dalvik-cache/system@app@BackupRestoreConfirmation.apk@classes.dex
I/dalvikvm( 664): DexOpt: source file mod time mismatch (42ea5529 vs 38902d19)
D/PackageManager( 664): scan package: /system/app/BackupRestoreConfirmation.apk , end at: 26607ms. elapsed time = 8ms.
D/PackageManager( 664): scan package: /system/app/BaiduNetworkLocation.apk , st art at: 26607ms.
I/PackageManager( 664): /system/app/BaiduNetworkLocation.apk changed; collectin g certs
D/NativeCrypto( 664): NativeCrypto_EVP_VerifyInit ctx=0x5cf40b88
D/NativeCrypto( 664): NativeCrypto_EVP_VerifyInit algorithmChars=RSA-SHA1
I/PackageManager( 664): Perform pre-dex opt for package: com.baidu.map.location
D/dalvikvm( 664): open_cached_dex_file : /system/app/BaiduNetworkLocation.apk / data/dalvik-cache/system@app@BaiduNetworkLocation.apk@classes.dex
D/PackageManager( 664): scan package: /system/app/BaiduNetworkLocation.apk , en d at: 26626ms. elapsed time = 19ms.
D/PackageManager( 664): scan package: /system/app/BatteryWarning.apk , start at : 26626ms.
I/PackageManager( 664): Perform pre-dex opt for package: com.mediatek.batterywa rning
D/dalvikvm( 664): open_cached_dex_file : /system/app/BatteryWarning.apk /data/d alvik-cache/system@app@BatteryWarning.apk@classes.dex
I/dalvikvm( 664): DexOpt: source file mod time mismatch (42ea5529 vs 38902d19)
D/PackageManager( 664): scan package: /system/app/BatteryWarning.apk , end at: 26635ms. elapsed time = 9ms.
D/PackageManager( 664): scan package: /system/app/Browser.apk , start at: 26635 ms.
D/BootAnimation( 502): [BootAnimation checkExit 714]exitnow=0
D/BootAnimation( 502): [BootAnimation movie 854]i=1,r=273,j=0,lastFrame=2663839 0312(26638 ms),file=ligo_00102.png
D/BootAnimation( 502): [BootAnimation movie 857]glBindTexture,i=1,r=273,j=0,fra me.tid=100271,name=ligo_00102.png
D/BootAnimation( 502): [BootAnimation movie 874]clearReg.isEmpty,i=1,r=273,j=0, frame.tid=100271
D/BootAnimation( 502): [BootAnimation movie 892]1,delay=40
D/BootAnimation( 502): [BootAnimation checkExit 714]exitnow=0

D/BootAnimation( 502): [BootAnimation movie 854]i=1,r=274,j=0,lastFrame=2668024 7466(26680 ms),file=ligo_00102.png
D/BootAnimation( 502): [BootAnimation movie 857]glBindTexture,i=1,r=274,j=0,fra me.tid=100271,name=ligo_00102.png
D/BootAnimation( 502): [BootAnimation movie 874]clearReg.isEmpty,i=1,r=274,j=0, frame.tid=100271
D/BootAnimation( 502): [BootAnimation movie 892]0,delay=40
W/PackageParser( 664): No actions in intent filter at /system/app/Browser.apk B inary XML file line #343
W/PackageParser( 664): No actions in intent filter at /system/app/Browser.apk B inary XML file line #353
W/PackageParser( 664): No actions in intent filter at /system/app/Browser.apk B inary XML file line #363
W/PackageParser( 664): No actions in intent filter at /system/app/Browser.apk B inary XML file line #373
W/PackageManager( 664): Package com.android.browser desires unavailable shared library com.android.qualcomm.modemwarmup; ignoring!
I/PackageManager( 664): Perform pre-dex opt for package: com.android.browser
D/dalvikvm( 664): open_cached_dex_file : /system/app/Browser.apk /data/dalvik-c ache/system@app@Browser.apk@classes.dex
I/dalvikvm( 664): DexOpt: source file mod time mismatch (42ea552f vs 385d3c37)
D/PackageManager( 664): scan package: /system/app/Browser.apk , end at: 26696ms . elapsed time = 61ms.
D/PackageManager( 664): scan package: /system/app/BugReport.apk , start at: 266 96ms.
I/PackageManager( 664): /system/app/BugReport.apk changed; collecting certs
D/NativeCrypto( 664): NativeCrypto_EVP_VerifyInit ctx=0x5cf40b88
D/NativeCrypto( 664): NativeCrypto_EVP_VerifyInit algorithmChars=RSA-SHA1
I/PackageManager( 664): Perform pre-dex opt for package: com.miui.bugreport
D/dalvikvm( 664): open_cached_dex_file : /system/app/BugReport.apk /data/dalvik -cache/system@app@BugReport.apk@classes.dex
D/PackageManager( 664): scan package: /system/app/BugReport.apk , end at: 26719 ms. elapsed time = 23ms.
D/PackageManager( 664): scan package: /system/app/Calculator.apk , start at: 26 719ms.
D/BootAnimation( 502): [BootAnimation checkExit 714]exitnow=0
D/BootAnimation( 502): [BootAnimation movie 854]i=1,r=275,j=0,lastFrame=2672210 0697(26722 ms),file=ligo_00102.png
D/BootAnimation( 502): [BootAnimation movie 857]glBindTexture,i=1,r=275,j=0,fra me.tid=100271,name=ligo_00102.png
D/BootAnimation( 502): [BootAnimation movie 874]clearReg.isEmpty,i=1,r=275,j=0, frame.tid=100271
D/BootAnimation( 502): [BootAnimation movie 892]1,delay=40
I/PackageManager( 664): Perform pre-dex opt for package: com.android.calculator 2
D/dalvikvm( 664): open_cached_dex_file : /system/app/Calculator.apk /data/dalvi k-cache/system@app@Calculator.apk@classes.dex
I/dalvikvm( 664): DexOpt: source file mod time mismatch (42ea5534 vs 385d3c37)
D/PackageManager( 664): scan package: /system/app/Calculator.apk , end at: 2672 6ms. elapsed time = 7ms.
D/PackageManager( 664): scan package: /system/app/Calendar.apk , start at: 2672 6ms.
I/PackageManager( 664): Perform pre-dex opt for package: com.android.calendar
D/BootAnimation( 502): [BootAnimation checkExit 714]exitnow=0
D/BootAnimation( 502): [BootAnimation movie 854]i=1,r=276,j=0,lastFrame=2676395 2851(26763 ms),file=ligo_00102.png
D/BootAnimation( 502): [BootAnimation movie 857]glBindTexture,i=1,r=276,j=0,fra me.tid=100271,name=ligo_00102.png
D/BootAnimation( 502): [BootAnimation movie 874]clearReg.isEmpty,i=1,r=276,j=0, frame.tid=100271

D/dalvikvm( 664): open_cached_dex_file : /system/app/Calendar.apk /data/dalvikcache/system@app@Calendar.apk@classes.dex
D/BootAnimation( 502): [BootAnimation movie 892]1,delay=40
I/dalvikvm( 664): DexOpt: source file mod time mismatch (42ea5538 vs 385d3c37)
D/PackageManager( 664): scan package: /system/app/Calendar.apk , end at: 26766m s. elapsed time = 40ms.
D/PackageManager( 664): scan package: /system/app/CalendarImporter.apk , start at: 26766ms.
W/PackageParser( 664): No actions in intent filter at /system/app/CalendarImpor ter.apk Binary XML file line #72
W/PackageParser( 664): No actions in intent filter at /system/app/CalendarImpor ter.apk Binary XML file line #82
I/PackageManager( 664): Perform pre-dex opt for package: com.mediatek.calendari mporter
D/dalvikvm( 664): open_cached_dex_file : /system/app/CalendarImporter.apk /data /dalvik-cache/system@app@CalendarImporter.apk@classes.dex
I/dalvikvm( 664): DexOpt: mismatch dep signature for '/data/dalvik-cache/system @framework@framework.jar@classes.dex'
D/dalvikvm( 664): == DexOpt: numDeps = 15
D/dalvikvm( 664): 0 : /data/dalvik-cache/system@framework@core.jar@classes.dex /data/dalvik-cache/system@framework@core.jar@classes.dex
D/dalvikvm( 664): 1 : /data/dalvik-cache/system@framework@core-junit.jar@classe s.dex /data/dalvik-cache/system@framework@core-junit.jar@classes.dex
D/dalvikvm( 664): 2 : /data/dalvik-cache/system@framework@bouncycastle.jar@clas ses.dex /data/dalvik-cache/system@framework@bouncycastle.jar@classes.dex
D/dalvikvm( 664): 3 : /data/dalvik-cache/system@framework@ext.jar@classes.dex / data/dalvik-cache/system@framework@ext.jar@classes.dex
D/dalvikvm( 664): 4 : /data/dalvik-cache/system@framework@framework.jar@classes .dex /data/dalvik-cache/system@framework@framework.jar@classes.dex
D/dalvikvm( 664): 5 : NULL NULL
D/PackageManager( 664): scan package: /system/app/CalendarImporter.apk , end at : 26774ms. elapsed time = 8ms.
D/PackageManager( 664): scan package: /system/app/CalendarProvider.apk , start at: 26774ms.
I/PackageManager( 664): Perform pre-dex opt for package: com.android.providers. calendar
D/dalvikvm( 664): open_cached_dex_file : /system/app/CalendarProvider.apk /data /dalvik-cache/system@app@CalendarProvider.apk@classes.dex
I/dalvikvm( 664): DexOpt: source file mod time mismatch (42ea553d vs 385d3c37)
D/PackageManager( 664): scan package: /system/app/CalendarProvider.apk , end at : 26783ms. elapsed time = 9ms.
D/PackageManager( 664): scan package: /system/app/CDS_INFO.apk , start at: 2678 3ms.
I/PackageManager( 664): Perform pre-dex opt for package: com.mediatek.connectiv ity
D/dalvikvm( 664): open_cached_dex_file : /system/app/CDS_INFO.apk /data/dalvikcache/system@app@CDS_INFO.apk@classes.dex
I/dalvikvm( 664): DexOpt: source file mod time mismatch (42ea5541 vs 38902d19)
D/PackageManager( 664): scan package: /system/app/CDS_INFO.apk , end at: 26790m s. elapsed time = 7ms.
D/PackageManager( 664): scan package: /system/app/CellConnService.apk , start a t: 26790ms.
I/PackageManager( 664): Perform pre-dex opt for package: com.mediatek.CellConnS ervice
D/dalvikvm( 664): open_cached_dex_file : /system/app/CellConnService.apk /data/ dalvik-cache/system@app@CellConnService.apk@classes.dex
I/dalvikvm( 664): DexOpt: source file mod time mismatch (42ea5543 vs 38902d19)
D/PackageManager( 664): scan package: /system/app/CellConnService.apk , end at: 26796ms. elapsed time = 6ms.
D/PackageManager( 664): scan package: /system/app/CertInstaller.apk , start at:

26796ms.
I/PackageManager( 664): Perform pre-dex opt for package: com.android.certinstal ler
D/dalvikvm( 664): open_cached_dex_file : /system/app/CertInstaller.apk /data/da lvik-cache/system@app@CertInstaller.apk@classes.dex
I/dalvikvm( 664): DexOpt: source file mod time mismatch (42ea5543 vs 38902d19)
D/PackageManager( 664): scan package: /system/app/CertInstaller.apk , end at: 2 6803ms. elapsed time = 7ms.
D/PackageManager( 664): scan package: /system/app/CloudService.apk , start at: 26803ms.
D/BootAnimation( 502): [BootAnimation checkExit 714]exitnow=0
D/BootAnimation( 502): [BootAnimation movie 854]i=1,r=277,j=0,lastFrame=2680588 0774(26805 ms),file=ligo_00102.png
D/BootAnimation( 502): [BootAnimation movie 857]glBindTexture,i=1,r=277,j=0,fra me.tid=100271,name=ligo_00102.png
D/BootAnimation( 502): [BootAnimation movie 874]clearReg.isEmpty,i=1,r=277,j=0, frame.tid=100271
D/BootAnimation( 502): [BootAnimation movie 892]1,delay=40
I/PackageManager( 664): /system/app/CloudService.apk changed; collecting certs
D/NativeCrypto( 664): NativeCrypto_EVP_VerifyInit ctx=0x5cf40b88
D/NativeCrypto( 664): NativeCrypto_EVP_VerifyInit algorithmChars=RSA-SHA1
I/PackageManager( 664): Perform pre-dex opt for package: com.miui.cloudservice
D/dalvikvm( 664): open_cached_dex_file : /system/app/CloudService.apk /data/dal vik-cache/system@app@CloudService.apk@classes.dex
D/PackageManager( 664): scan package: /system/app/CloudService.apk , end at: 26 825ms. elapsed time = 22ms.
D/PackageManager( 664): scan package: /system/app/com.android.vending-1.apk , s tart at: 26825ms.
D/BootAnimation( 502): [BootAnimation checkExit 714]exitnow=0
D/BootAnimation( 502): [BootAnimation movie 854]i=1,r=278,j=0,lastFrame=2684773 8158(26847 ms),file=ligo_00102.png
D/BootAnimation( 502): [BootAnimation movie 857]glBindTexture,i=1,r=278,j=0,fra me.tid=100271,name=ligo_00102.png
D/BootAnimation( 502): [BootAnimation movie 874]clearReg.isEmpty,i=1,r=278,j=0, frame.tid=100271
D/BootAnimation( 502): [BootAnimation movie 892]0,delay=40
D/BootAnimation( 502): [BootAnimation checkExit 714]exitnow=0
D/BootAnimation( 502): [BootAnimation movie 854]i=1,r=279,j=0,lastFrame=2688964 9312(26889 ms),file=ligo_00102.png
D/BootAnimation( 502): [BootAnimation movie 857]glBindTexture,i=1,r=279,j=0,fra me.tid=100271,name=ligo_00102.png
D/BootAnimation( 502): [BootAnimation movie 874]clearReg.isEmpty,i=1,r=279,j=0, frame.tid=100271
D/BootAnimation( 502): [BootAnimation movie 892]1,delay=40
I/PackageManager( 664): Package com.android.vending at /system/app/com.android. vending-1.apk ignored: updated version 80230011 better than this 80210006
D/PackageManager( 664): scan package: /system/app/com.android.vending-1.apk , e nd at: 26899ms. elapsed time = 74ms.
D/PackageManager( 664): scan package: /system/app/com.google.android.googlequic ksearchbox-1.apk , start at: 26899ms.
D/dalvikvm( 664): GC_CONCURRENT freed 1668K (18148), 18% free 9483K/11504K, pau sed 2ms+21ms, total 48ms
D/BootAnimation( 502): [BootAnimation checkExit 714]exitnow=0
D/BootAnimation( 502): [BootAnimation movie 854]i=1,r=280,j=0,lastFrame=2693190 9928(26931 ms),file=ligo_00102.png
D/BootAnimation( 502): [BootAnimation movie 857]glBindTexture,i=1,r=280,j=0,fra me.tid=100271,name=ligo_00102.png
D/BootAnimation( 502): [BootAnimation movie 874]clearReg.isEmpty,i=1,r=280,j=0, frame.tid=100271
D/BootAnimation( 502): [BootAnimation movie 892]1,delay=40

D/BootAnimation( 502): [BootAnimation checkExit 714]exitnow=0
D/BootAnimation( 502): [BootAnimation movie 854]i=1,r=281,j=0,lastFrame=2697376 1082(26973 ms),file=ligo_00102.png
D/BootAnimation( 502): [BootAnimation movie 857]glBindTexture,i=1,r=281,j=0,fra me.tid=100271,name=ligo_00102.png
D/BootAnimation( 502): [BootAnimation movie 874]clearReg.isEmpty,i=1,r=281,j=0, frame.tid=100271
D/BootAnimation( 502): [BootAnimation movie 892]0,delay=40
D/BootAnimation( 502): [BootAnimation checkExit 714]exitnow=0
D/BootAnimation( 502): [BootAnimation movie 854]i=1,r=282,j=0,lastFrame=2701561 8389(27015 ms),file=ligo_00102.png
D/BootAnimation( 502): [BootAnimation movie 857]glBindTexture,i=1,r=282,j=0,fra me.tid=100271,name=ligo_00102.png
D/BootAnimation( 502): [BootAnimation movie 874]clearReg.isEmpty,i=1,r=282,j=0, frame.tid=100271
D/BootAnimation( 502): [BootAnimation movie 892]0,delay=40
D/BootAnimation( 502): [BootAnimation checkExit 714]exitnow=0
D/BootAnimation( 502): [BootAnimation movie 854]i=1,r=283,j=0,lastFrame=2705745 8927(27057 ms),file=ligo_00102.png
D/BootAnimation( 502): [BootAnimation movie 857]glBindTexture,i=1,r=283,j=0,fra me.tid=100271,name=ligo_00102.png
D/BootAnimation( 502): [BootAnimation movie 874]clearReg.isEmpty,i=1,r=283,j=0, frame.tid=100271
D/BootAnimation( 502): [BootAnimation movie 892]0,delay=40
I/BufferQueue( 134): [BootAnimation](this:0x4295e370,api:1) [release] fps:24.07 , dur:1038.72, max:58.80, min:39.10
D/BootAnimation( 502): [BootAnimation checkExit 714]exitnow=0
D/BootAnimation( 502): [BootAnimation movie 854]i=1,r=284,j=0,lastFrame=2709929 7389(27099 ms),file=ligo_00102.png
D/BootAnimation( 502): [BootAnimation movie 857]glBindTexture,i=1,r=284,j=0,fra me.tid=100271,name=ligo_00102.png
D/BootAnimation( 502): [BootAnimation movie 874]clearReg.isEmpty,i=1,r=284,j=0, frame.tid=100271
D/BootAnimation( 502): [BootAnimation movie 892]0,delay=40
D/BootAnimation( 502): [BootAnimation checkExit 714]exitnow=0
D/BootAnimation( 502): [BootAnimation movie 854]i=1,r=285,j=0,lastFrame=2714113 2851(27141 ms),file=ligo_00102.png
D/BootAnimation( 502): [BootAnimation movie 857]glBindTexture,i=1,r=285,j=0,fra me.tid=100271,name=ligo_00102.png
D/BootAnimation( 502): [BootAnimation movie 874]clearReg.isEmpty,i=1,r=285,j=0, frame.tid=100271
D/BootAnimation( 502): [BootAnimation movie 892]0,delay=40
I/PackageManager( 664): Package com.google.android.googlequicksearchbox at /sys tem/app/com.google.android.googlequicksearchbox-1.apk ignored: updated version 3 00207090 better than this 300206070
D/PackageManager( 664): scan package: /system/app/com.google.android.googlequic ksearchbox-1.apk , end at: 27154ms. elapsed time = 255ms.
D/PackageManager( 664): scan package: /system/app/Contacts.apk , start at: 2715 4ms.
D/BootAnimation( 502): [BootAnimation checkExit 714]exitnow=0
D/BootAnimation( 502): [BootAnimation movie 854]i=1,r=286,j=0,lastFrame=2718298 8005(27182 ms),file=ligo_00102.png
D/BootAnimation( 502): [BootAnimation movie 857]glBindTexture,i=1,r=286,j=0,fra me.tid=100271,name=ligo_00102.png
D/BootAnimation( 502): [BootAnimation movie 874]clearReg.isEmpty,i=1,r=286,j=0, frame.tid=100271
D/BootAnimation( 502): [BootAnimation movie 892]1,delay=40
W/PackageParser( 664): No actions in intent filter at /system/app/Contacts.apk Binary XML file line #581
I/PackageManager( 664): Perform pre-dex opt for package: com.android.contacts

D/dalvikvm( 664): open_cached_dex_file : /system/app/Contacts.apk /data/dalvikcache/system@app@Contacts.apk@classes.dex
I/dalvikvm( 664): DexOpt: source file mod time mismatch (42ee6eb9 vs 38f8273d)
D/PackageManager( 664): scan package: /system/app/Contacts.apk , end at: 27218m s. elapsed time = 64ms.
D/PackageManager( 664): scan package: /system/app/ContactsProvider.apk , start at: 27218ms.
D/BootAnimation( 502): [BootAnimation checkExit 714]exitnow=0
D/BootAnimation( 502): [BootAnimation movie 854]i=1,r=287,j=0,lastFrame=2722484 2543(27224 ms),file=ligo_00102.png
D/BootAnimation( 502): [BootAnimation movie 857]glBindTexture,i=1,r=287,j=0,fra me.tid=100271,name=ligo_00102.png
D/BootAnimation( 502): [BootAnimation movie 874]clearReg.isEmpty,i=1,r=287,j=0, frame.tid=100271
I/PackageManager( 664): Perform pre-dex opt for package: com.android.providers. contacts
D/dalvikvm( 664): open_cached_dex_file : /system/app/ContactsProvider.apk /data /dalvik-cache/system@app@ContactsProvider.apk@classes.dex
D/BootAnimation( 502): [BootAnimation movie 892]1,delay=39
I/dalvikvm( 664): DexOpt: source file mod time mismatch (42ea5552 vs 38f8273d)
D/PackageManager( 664): scan package: /system/app/ContactsProvider.apk , end at : 27227ms. elapsed time = 9ms.
D/PackageManager( 664): scan package: /system/app/DataHubProvider.apk , start a t: 27227ms.
I/PackageManager( 664): /system/app/DataHubProvider.apk changed; collecting cer ts
D/NativeCrypto( 664): NativeCrypto_EVP_VerifyInit ctx=0x5cf40b88
D/NativeCrypto( 664): NativeCrypto_EVP_VerifyInit algorithmChars=RSA-SHA1
I/PackageManager( 664): Perform pre-dex opt for package: com.miui.providers.dat ahub
D/dalvikvm( 664): open_cached_dex_file : /system/app/DataHubProvider.apk /data/ dalvik-cache/system@app@DataHubProvider.apk@classes.dex
D/PackageManager( 664): scan package: /system/app/DataHubProvider.apk , end at: 27240ms. elapsed time = 13ms.
D/PackageManager( 664): scan package: /system/app/DataUsageLockScreenClient.apk , start at: 27240ms.
I/PackageManager( 664): Perform pre-dex opt for package: com.mediatek.DataUsage LockScreenClient
D/dalvikvm( 664): open_cached_dex_file : /system/app/DataUsageLockScreenClient. apk /data/dalvik-cache/system@app@DataUsageLockScreenClient.apk@classes.dex
I/dalvikvm( 664): DexOpt: mismatch dep signature for '/data/dalvik-cache/system @framework@framework.jar@classes.dex'
D/dalvikvm( 664): == DexOpt: numDeps = 15
D/dalvikvm( 664): 0 : /data/dalvik-cache/system@framework@core.jar@classes.dex /data/dalvik-cache/system@framework@core.jar@classes.dex
D/dalvikvm( 664): 1 : /data/dalvik-cache/system@framework@core-junit.jar@classe s.dex /data/dalvik-cache/system@framework@core-junit.jar@classes.dex
D/dalvikvm( 664): 2 : /data/dalvik-cache/system@framework@bouncycastle.jar@clas ses.dex /data/dalvik-cache/system@framework@bouncycastle.jar@classes.dex
D/dalvikvm( 664): 3 : /data/dalvik-cache/system@framework@ext.jar@classes.dex / data/dalvik-cache/system@framework@ext.jar@classes.dex
D/dalvikvm( 664): 4 : /data/dalvik-cache/system@framework@framework.jar@classes .dex /data/dalvik-cache/system@framework@framework.jar@classes.dex
D/dalvikvm( 664): 5 : NULL NULL
D/PackageManager( 664): scan package: /system/app/DataUsageLockScreenClient.apk , end at: 27247ms. elapsed time = 7ms.
D/PackageManager( 664): scan package: /system/app/DefaultContainerService.apk , start at: 27248ms.
I/PackageManager( 664): Perform pre-dex opt for package: com.android.defcontain er

D/dalvikvm( 664): open_cached_dex_file : /system/app/DefaultContainerService.ap k /data/dalvik-cache/system@app@DefaultContainerService.apk@classes.dex
I/dalvikvm( 664): DexOpt: source file mod time mismatch (42ea5558 vs 38902d19)
D/PackageManager( 664): scan package: /system/app/DefaultContainerService.apk , end at: 27252ms. elapsed time = 4ms.
D/PackageManager( 664): scan package: /system/app/DeskClock.apk , start at: 272 52ms.
D/BootAnimation( 502): [BootAnimation checkExit 714]exitnow=0
D/BootAnimation( 502): [BootAnimation movie 854]i=1,r=288,j=0,lastFrame=2726669 4620(27266 ms),file=ligo_00102.png
D/BootAnimation( 502): [BootAnimation movie 857]glBindTexture,i=1,r=288,j=0,fra me.tid=100271,name=ligo_00102.png
D/BootAnimation( 502): [BootAnimation movie 874]clearReg.isEmpty,i=1,r=288,j=0, frame.tid=100271
D/BootAnimation( 502): [BootAnimation movie 892]0,delay=40
I/PackageManager( 664): Perform pre-dex opt for package: com.android.deskclock
D/dalvikvm( 664): open_cached_dex_file : /system/app/DeskClock.apk /data/dalvik -cache/system@app@DeskClock.apk@classes.dex
I/dalvikvm( 664): DexOpt: source file mod time mismatch (42ea555b vs 38902d19)
D/PackageManager( 664): scan package: /system/app/DeskClock.apk , end at: 27288 ms. elapsed time = 36ms.
D/PackageManager( 664): scan package: /system/app/DownloadProvider.apk , start at: 27288ms.
I/PackageManager( 664): Perform pre-dex opt for package: com.android.providers. downloads
D/dalvikvm( 664): open_cached_dex_file : /system/app/DownloadProvider.apk /data /dalvik-cache/system@app@DownloadProvider.apk@classes.dex
I/dalvikvm( 664): DexOpt: source file mod time mismatch (42ea5560 vs 3890351c)
D/PackageManager( 664): scan package: /system/app/DownloadProvider.apk , end at : 27295ms. elapsed time = 7ms.
D/PackageManager( 664): scan package: /system/app/DownloadProviderUi.apk , star t at: 27295ms.
I/PackageManager( 664): Perform pre-dex opt for package: com.android.providers. downloads.ui
D/dalvikvm( 664): open_cached_dex_file : /system/app/DownloadProviderUi.apk /da ta/dalvik-cache/system@app@DownloadProviderUi.apk@classes.dex
I/dalvikvm( 664): DexOpt: source file mod time mismatch (42ea5562 vs 3890351c)
D/PackageManager( 664): scan package: /system/app/DownloadProviderUi.apk , end at: 27302ms. elapsed time = 7ms.
D/PackageManager( 664): scan package: /system/app/DrmProvider.apk , start at: 2 7302ms.
I/PackageManager( 664): Perform pre-dex opt for package: com.android.providers. drm
D/dalvikvm( 664): open_cached_dex_file : /system/app/DrmProvider.apk /data/dalv ik-cache/system@app@DrmProvider.apk@classes.dex
I/dalvikvm( 664): DexOpt: source file mod time mismatch (42ea5562 vs 3890351c)
D/PackageManager( 664): scan package: /system/app/DrmProvider.apk , end at: 273 07ms. elapsed time = 5ms.
D/PackageManager( 664): scan package: /system/app/Email.apk , start at: 27308ms .
D/BootAnimation( 502): [BootAnimation checkExit 714]exitnow=0
D/BootAnimation( 502): [BootAnimation movie 854]i=1,r=289,j=0,lastFrame=2730856 1543(27308 ms),file=ligo_00102.png
D/BootAnimation( 502): [BootAnimation movie 857]glBindTexture,i=1,r=289,j=0,fra me.tid=100271,name=ligo_00102.png
D/BootAnimation( 502): [BootAnimation movie 874]clearReg.isEmpty,i=1,r=289,j=0, frame.tid=100271
I/SurfaceTextureClient( 502): [STC::queueBuffer] (this:0x41958680) fps:23.87, d ur:1005.34, max:42.33, min:41.38
I/BufferQueue( 134): [BootAnimation](this:0x4295e370,api:1) [queue] fps:23.87,

dur:1005.24, max:45.00, min:38.52
D/BootAnimation( 502): [BootAnimation movie 892]1,delay=40
D/BootAnimation( 502): [BootAnimation checkExit 714]exitnow=0
D/BootAnimation( 502): [BootAnimation movie 854]i=1,r=290,j=0,lastFrame=2735040 8466(27350 ms),file=ligo_00102.png
D/BootAnimation( 502): [BootAnimation movie 857]glBindTexture,i=1,r=290,j=0,fra me.tid=100271,name=ligo_00102.png
D/BootAnimation( 502): [BootAnimation movie 874]clearReg.isEmpty,i=1,r=290,j=0, frame.tid=100271
D/BootAnimation( 502): [BootAnimation movie 892]0,delay=40
I/PackageManager( 664): Perform pre-dex opt for package: com.android.email
D/dalvikvm( 664): open_cached_dex_file : /system/app/Email.apk /data/dalvik-cac he/system@app@Email.apk@classes.dex
I/SurfaceFlinger( 134): [SurfaceFlinger] fps:24.065836,dur:1038.82,max:55.70,mi n:39.08
I/dalvikvm( 664): DexOpt: source file mod time mismatch (42ea5569 vs 385d3c37)
D/PackageManager( 664): scan package: /system/app/Email.apk , end at: 27364ms. elapsed time = 56ms.
D/PackageManager( 664): scan package: /system/app/EngineerMode.apk , start at: 27364ms.
D/BootAnimation( 502): [BootAnimation checkExit 714]exitnow=0
D/BootAnimation( 502): [BootAnimation movie 854]i=1,r=291,j=0,lastFrame=2739227 0697(27392 ms),file=ligo_00102.png
D/BootAnimation( 502): [BootAnimation movie 857]glBindTexture,i=1,r=291,j=0,fra me.tid=100271,name=ligo_00102.png
D/BootAnimation( 502): [BootAnimation movie 874]clearReg.isEmpty,i=1,r=291,j=0, frame.tid=100271
D/BootAnimation( 502): [BootAnimation movie 892]1,delay=40
I/PackageManager( 664): Perform pre-dex opt for package: com.mediatek.engineerm ode
D/dalvikvm( 664): open_cached_dex_file : /system/app/EngineerMode.apk /data/dal vik-cache/system@app@EngineerMode.apk@classes.dex
I/dalvikvm( 664): DexOpt: source file mod time mismatch (42ea556d vs 38902d19)
D/PackageManager( 664): scan package: /system/app/EngineerMode.apk , end at: 27 403ms. elapsed time = 39ms.
D/PackageManager( 664): scan package: /system/app/EngineerModeSim.apk , start a t: 27403ms.
I/PackageManager( 664): Perform pre-dex opt for package: com.android.simmelock
D/dalvikvm( 664): open_cached_dex_file : /system/app/EngineerModeSim.apk /data/ dalvik-cache/system@app@EngineerModeSim.apk@classes.dex
I/dalvikvm( 664): DexOpt: source file mod time mismatch (42ea556e vs 38902d19)
D/PackageManager( 664): scan package: /system/app/EngineerModeSim.apk , end at: 27412ms. elapsed time = 9ms.
D/PackageManager( 664): scan package: /system/app/Exchange2.apk , start at: 274 12ms.
I/PackageManager( 664): Perform pre-dex opt for package: com.android.exchange
D/dalvikvm( 664): open_cached_dex_file : /system/app/Exchange2.apk /data/dalvik -cache/system@app@Exchange2.apk@classes.dex
I/dalvikvm( 664): DexOpt: source file mod time mismatch (42ea5574 vs 385d3c37)
D/PackageManager( 664): scan package: /system/app/Exchange2.apk , end at: 27419 ms. elapsed time = 7ms.
D/PackageManager( 664): scan package: /system/app/FaceLock.apk , start at: 2741 9ms.
I/PackageManager( 664): Perform pre-dex opt for package: com.android.facelock
D/dalvikvm( 664): open_cached_dex_file : /system/app/FaceLock.apk /data/dalvikcache/system@app@FaceLock.apk@classes.dex
I/dalvikvm( 664): DexOpt: mismatch dep signature for '/data/dalvik-cache/system @framework@framework.jar@classes.dex'
D/dalvikvm( 664): == DexOpt: numDeps = 15
D/dalvikvm( 664): 0 : /data/dalvik-cache/system@framework@core.jar@classes.dex

/data/dalvik-cache/system@framework@core.jar@classes.dex
D/dalvikvm( 664): 1 : /data/dalvik-cache/system@framework@core-junit.jar@classe s.dex /data/dalvik-cache/system@framework@core-junit.jar@classes.dex
D/dalvikvm( 664): 2 : /data/dalvik-cache/system@framework@bouncycastle.jar@clas ses.dex /data/dalvik-cache/system@framework@bouncycastle.jar@classes.dex
D/dalvikvm( 664): 3 : /data/dalvik-cache/system@framework@ext.jar@classes.dex / data/dalvik-cache/system@framework@ext.jar@classes.dex
D/dalvikvm( 664): 4 : /data/dalvik-cache/system@framework@framework.jar@classes .dex /data/dalvik-cache/system@framework@framework.jar@classes.dex
D/dalvikvm( 664): 5 : NULL NULL
D/PackageManager( 664): scan package: /system/app/FaceLock.apk , end at: 27431m s. elapsed time = 12ms.
D/PackageManager( 664): scan package: /system/app/FactoryMode.apk , start at: 2 7431ms.
D/BootAnimation( 502): [BootAnimation checkExit 714]exitnow=0
D/BootAnimation( 502): [BootAnimation movie 854]i=1,r=292,j=0,lastFrame=2743412 1466(27434 ms),file=ligo_00102.png
D/BootAnimation( 502): [BootAnimation movie 857]glBindTexture,i=1,r=292,j=0,fra me.tid=100271,name=ligo_00102.png
D/BootAnimation( 502): [BootAnimation movie 874]clearReg.isEmpty,i=1,r=292,j=0, frame.tid=100271
D/BootAnimation( 502): [BootAnimation movie 892]0,delay=40
I/PackageManager( 664): Perform pre-dex opt for package: com.mediatek.factorymo de
D/dalvikvm( 664): open_cached_dex_file : /system/app/FactoryMode.apk /data/dalv ik-cache/system@app@FactoryMode.apk@classes.dex
I/dalvikvm( 664): DexOpt: source file mod time mismatch (42ea5576 vs 38902d19)
D/PackageManager( 664): scan package: /system/app/FactoryMode.apk , end at: 274 41ms. elapsed time = 10ms.
D/PackageManager( 664): scan package: /system/app/FileExplorer.apk , start at: 27441ms.
D/BootAnimation( 502): [BootAnimation checkExit 714]exitnow=0
D/BootAnimation( 502): [BootAnimation movie 854]i=1,r=293,j=0,lastFrame=2747597 1235(27475 ms),file=ligo_00102.png
D/BootAnimation( 502): [BootAnimation movie 857]glBindTexture,i=1,r=293,j=0,fra me.tid=100271,name=ligo_00102.png
D/BootAnimation( 502): [BootAnimation movie 874]clearReg.isEmpty,i=1,r=293,j=0, frame.tid=100271
D/BootAnimation( 502): [BootAnimation movie 892]0,delay=40
I/PackageManager( 664): /system/app/FileExplorer.apk changed; collecting certs
D/BootAnimation( 502): [BootAnimation checkExit 714]exitnow=0
D/BootAnimation( 502): [BootAnimation movie 854]i=1,r=294,j=0,lastFrame=2751784 6620(27517 ms),file=ligo_00102.png
D/BootAnimation( 502): [BootAnimation movie 857]glBindTexture,i=1,r=294,j=0,fra me.tid=100271,name=ligo_00102.png
D/BootAnimation( 502): [BootAnimation movie 874]clearReg.isEmpty,i=1,r=294,j=0, frame.tid=100271
D/BootAnimation( 502): [BootAnimation movie 892]1,delay=40
D/NativeCrypto( 664): NativeCrypto_EVP_VerifyInit ctx=0x5cf40b88
D/NativeCrypto( 664): NativeCrypto_EVP_VerifyInit algorithmChars=RSA-SHA1
D/BootAnimation( 502): [BootAnimation checkExit 714]exitnow=0
D/BootAnimation( 502): [BootAnimation movie 854]i=1,r=295,j=0,lastFrame=2755970 4927(27559 ms),file=ligo_00102.png
D/BootAnimation( 502): [BootAnimation movie 857]glBindTexture,i=1,r=295,j=0,fra me.tid=100271,name=ligo_00102.png
D/BootAnimation( 502): [BootAnimation movie 874]clearReg.isEmpty,i=1,r=295,j=0, frame.tid=100271
D/BootAnimation( 502): [BootAnimation movie 892]0,delay=40
I/PackageManager( 664): Perform pre-dex opt for package: com.android.fileexplor er

D/dalvikvm( 664): open_cached_dex_file : /system/app/FileExplorer.apk /data/dal vik-cache/system@app@FileExplorer.apk@classes.dex
D/PackageManager( 664): scan package: /system/app/FileExplorer.apk , end at: 27 570ms. elapsed time = 129ms.
D/PackageManager( 664): scan package: /system/app/FMRadio.apk , start at: 27570 ms.
I/PackageManager( 664): Perform pre-dex opt for package: com.mediatek.FMRadio
D/dalvikvm( 664): open_cached_dex_file : /system/app/FMRadio.apk /data/dalvik-c ache/system@app@FMRadio.apk@classes.dex
I/dalvikvm( 664): DexOpt: source file mod time mismatch (42e6ad42 vs 38902d19)
D/PackageManager( 664): scan package: /system/app/FMRadio.apk , end at: 27579ms . elapsed time = 9ms.
D/PackageManager( 664): scan package: /system/app/FusedLocation.apk , start at: 27579ms.
I/PackageManager( 664): Perform pre-dex opt for package: com.android.location.f used
D/dalvikvm( 664): open_cached_dex_file : /system/app/FusedLocation.apk /data/da lvik-cache/system@app@FusedLocation.apk@classes.dex
I/dalvikvm( 664): DexOpt: source file mod time mismatch (42ea5579 vs 38902d19)
D/PackageManager( 664): scan package: /system/app/FusedLocation.apk , end at: 2 7584ms. elapsed time = 5ms.
D/PackageManager( 664): scan package: /system/app/Galaxy4.apk , start at: 27584 ms.
I/PackageManager( 664): Perform pre-dex opt for package: com.android.galaxy4
D/dalvikvm( 664): open_cached_dex_file : /system/app/Galaxy4.apk /data/dalvik-c ache/system@app@Galaxy4.apk@classes.dex
I/dalvikvm( 664): DexOpt: source file mod time mismatch (42ea557a vs 38f8273d)
D/PackageManager( 664): scan package: /system/app/Galaxy4.apk , end at: 27590ms . elapsed time = 6ms.
D/PackageManager( 664): scan package: /system/app/Gallery2.apk , start at: 2759 0ms.
D/BootAnimation( 502): [BootAnimation checkExit 714]exitnow=0
D/BootAnimation( 502): [BootAnimation movie 854]i=1,r=296,j=0,lastFrame=2760155 3697(27601 ms),file=ligo_00102.png
D/BootAnimation( 502): [BootAnimation movie 857]glBindTexture,i=1,r=296,j=0,fra me.tid=100271,name=ligo_00102.png
D/BootAnimation( 502): [BootAnimation movie 874]clearReg.isEmpty,i=1,r=296,j=0, frame.tid=100271
D/BootAnimation( 502): [BootAnimation movie 892]1,delay=40
D/BootAnimation( 502): [BootAnimation checkExit 714]exitnow=0
D/BootAnimation( 502): [BootAnimation movie 854]i=1,r=297,j=0,lastFrame=2764340 5774(27643 ms),file=ligo_00102.png
D/BootAnimation( 502): [BootAnimation movie 857]glBindTexture,i=1,r=297,j=0,fra me.tid=100271,name=ligo_00102.png
D/BootAnimation( 502): [BootAnimation movie 874]clearReg.isEmpty,i=1,r=297,j=0, frame.tid=100271
D/BootAnimation( 502): [BootAnimation movie 892]1,delay=40
W/PackageParser( 664): Unknown element under <application>: permission at /syst em/app/Gallery2.apk Binary XML file line #237
W/PackageParser( 664): Unknown element under <application>: permission at /syst em/app/Gallery2.apk Binary XML file line #240
I/PackageManager( 664): Perform pre-dex opt for package: com.android.gallery3d
D/dalvikvm( 664): open_cached_dex_file : /system/app/Gallery2.apk /data/dalvikcache/system@app@Gallery2.apk@classes.dex
I/dalvikvm( 664): DexOpt: source file mod time mismatch (42ea5582 vs 38902d19)
D/PackageManager( 664): scan package: /system/app/Gallery2.apk , end at: 27656m s. elapsed time = 66ms.
D/PackageManager( 664): scan package: /system/app/GoogleBackupTransport.apk , s tart at: 27656ms.
I/PackageManager( 664): Perform pre-dex opt for package: com.google.android.bac

kup
D/dalvikvm( 664): open_cached_dex_file : /system/app/GoogleBackupTransport.apk /data/dalvik-cache/system@app@GoogleBackupTransport.apk@classes.dex
I/dalvikvm( 664): DexOpt: source file mod time mismatch (38900d19 vs 38902d19)
D/PackageManager( 664): scan package: /system/app/GoogleBackupTransport.apk , e nd at: 27663ms. elapsed time = 7ms.
D/PackageManager( 664): scan package: /system/app/GoogleCalendarSyncAdapter.apk , start at: 27663ms.
I/PackageManager( 664): Perform pre-dex opt for package: com.google.android.syn cadapters.calendar
D/dalvikvm( 664): open_cached_dex_file : /system/app/GoogleCalendarSyncAdapter. apk /data/dalvik-cache/system@app@GoogleCalendarSyncAdapter.apk@classes.dex
I/dalvikvm( 664): DexOpt: mismatch dep signature for '/data/dalvik-cache/system @framework@framework.jar@classes.dex'
D/dalvikvm( 664): == DexOpt: numDeps = 15
D/dalvikvm( 664): 0 : /data/dalvik-cache/system@framework@core.jar@classes.dex /data/dalvik-cache/system@framework@core.jar@classes.dex
D/dalvikvm( 664): 1 : /data/dalvik-cache/system@framework@core-junit.jar@classe s.dex /data/dalvik-cache/system@framework@core-junit.jar@classes.dex
D/dalvikvm( 664): 2 : /data/dalvik-cache/system@framework@bouncycastle.jar@clas ses.dex /data/dalvik-cache/system@framework@bouncycastle.jar@classes.dex
D/dalvikvm( 664): 3 : /data/dalvik-cache/system@framework@ext.jar@classes.dex / data/dalvik-cache/system@framework@ext.jar@classes.dex
D/dalvikvm( 664): 4 : /data/dalvik-cache/system@framework@framework.jar@classes .dex /data/dalvik-cache/system@framework@framework.jar@classes.dex
D/dalvikvm( 664): 5 : NULL NULL
D/PackageManager( 664): scan package: /system/app/GoogleCalendarSyncAdapter.apk , end at: 27669ms. elapsed time = 6ms.
D/PackageManager( 664): scan package: /system/app/GoogleContactsSyncAdapter.apk , start at: 27669ms.
I/PackageManager( 664): Perform pre-dex opt for package: com.google.android.syn cadapters.contacts
D/dalvikvm( 664): open_cached_dex_file : /system/app/GoogleContactsSyncAdapter. apk /data/dalvik-cache/system@app@GoogleContactsSyncAdapter.apk@classes.dex
I/dalvikvm( 664): DexOpt: mismatch dep signature for '/data/dalvik-cache/system @framework@framework.jar@classes.dex'
D/dalvikvm( 664): == DexOpt: numDeps = 15
D/dalvikvm( 664): 0 : /data/dalvik-cache/system@framework@core.jar@classes.dex /data/dalvik-cache/system@framework@core.jar@classes.dex
D/dalvikvm( 664): 1 : /data/dalvik-cache/system@framework@core-junit.jar@classe s.dex /data/dalvik-cache/system@framework@core-junit.jar@classes.dex
D/dalvikvm( 664): 2 : /data/dalvik-cache/system@framework@bouncycastle.jar@clas ses.dex /data/dalvik-cache/system@framework@bouncycastle.jar@classes.dex
D/dalvikvm( 664): 3 : /data/dalvik-cache/system@framework@ext.jar@classes.dex / data/dalvik-cache/system@framework@ext.jar@classes.dex
D/dalvikvm( 664): 4 : /data/dalvik-cache/system@framework@framework.jar@classes .dex /data/dalvik-cache/system@framework@framework.jar@classes.dex
D/dalvikvm( 664): 5 : NULL NULL
D/PackageManager( 664): scan package: /system/app/GoogleContactsSyncAdapter.apk , end at: 27676ms. elapsed time = 7ms.
D/PackageManager( 664): scan package: /system/app/GoogleFeedback.apk , start at : 27676ms.
I/PackageManager( 664): Perform pre-dex opt for package: com.google.android.fee dback
D/dalvikvm( 664): open_cached_dex_file : /system/app/GoogleFeedback.apk /data/d alvik-cache/system@app@GoogleFeedback.apk@classes.dex
I/dalvikvm( 664): DexOpt: mismatch dep signature for '/data/dalvik-cache/system @framework@framework.jar@classes.dex'
D/dalvikvm( 664): == DexOpt: numDeps = 15
D/dalvikvm( 664): 0 : /data/dalvik-cache/system@framework@core.jar@classes.dex

/data/dalvik-cache/system@framework@core.jar@classes.dex
D/dalvikvm( 664): 1 : /data/dalvik-cache/system@framework@core-junit.jar@classe s.dex /data/dalvik-cache/system@framework@core-junit.jar@classes.dex
D/dalvikvm( 664): 2 : /data/dalvik-cache/system@framework@bouncycastle.jar@clas ses.dex /data/dalvik-cache/system@framework@bouncycastle.jar@classes.dex
D/dalvikvm( 664): 3 : /data/dalvik-cache/system@framework@ext.jar@classes.dex / data/dalvik-cache/system@framework@ext.jar@classes.dex
D/dalvikvm( 664): 4 : /data/dalvik-cache/system@framework@framework.jar@classes .dex /data/dalvik-cache/system@framework@framework.jar@classes.dex
D/dalvikvm( 664): 5 : NULL NULL
D/BootAnimation( 502): [BootAnimation checkExit 714]exitnow=0
D/BootAnimation( 502): [BootAnimation movie 854]i=1,r=298,j=0,lastFrame=2768525 3466(27685 ms),file=ligo_00102.png
D/BootAnimation( 502): [BootAnimation movie 857]glBindTexture,i=1,r=298,j=0,fra me.tid=100271,name=ligo_00102.png
D/PackageManager( 664): scan package: /system/app/GoogleFeedback.apk , end at: 27685ms. elapsed time = 9ms.
D/BootAnimation( 502): [BootAnimation movie 874]clearReg.isEmpty,i=1,r=298,j=0, frame.tid=100271
D/PackageManager( 664): scan package: /system/app/GoogleLoginService.apk , star t at: 27685ms.
D/BootAnimation( 502): [BootAnimation movie 892]1,delay=40
I/PackageManager( 664): Perform pre-dex opt for package: com.google.android.gsf .login
D/dalvikvm( 664): open_cached_dex_file : /system/app/GoogleLoginService.apk /da ta/dalvik-cache/system@app@GoogleLoginService.apk@classes.dex
I/dalvikvm( 664): DexOpt: mismatch dep signature for '/data/dalvik-cache/system @framework@framework.jar@classes.dex'
D/dalvikvm( 664): == DexOpt: numDeps = 15
D/dalvikvm( 664): 0 : /data/dalvik-cache/system@framework@core.jar@classes.dex /data/dalvik-cache/system@framework@core.jar@classes.dex
D/dalvikvm( 664): 1 : /data/dalvik-cache/system@framework@core-junit.jar@classe s.dex /data/dalvik-cache/system@framework@core-junit.jar@classes.dex
D/dalvikvm( 664): 2 : /data/dalvik-cache/system@framework@bouncycastle.jar@clas ses.dex /data/dalvik-cache/system@framework@bouncycastle.jar@classes.dex
D/dalvikvm( 664): 3 : /data/dalvik-cache/system@framework@ext.jar@classes.dex / data/dalvik-cache/system@framework@ext.jar@classes.dex
D/dalvikvm( 664): 4 : /data/dalvik-cache/system@framework@framework.jar@classes .dex /data/dalvik-cache/system@framework@framework.jar@classes.dex
D/dalvikvm( 664): 5 : NULL NULL
D/PackageManager( 664): scan package: /system/app/GoogleLoginService.apk , end at: 27719ms. elapsed time = 34ms.
D/PackageManager( 664): scan package: /system/app/GoogleServicesFramework.apk , start at: 27719ms.
D/BootAnimation( 502): [BootAnimation checkExit 714]exitnow=0
D/BootAnimation( 502): [BootAnimation movie 854]i=1,r=299,j=0,lastFrame=2772712 7466(27727 ms),file=ligo_00102.png
D/BootAnimation( 502): [BootAnimation movie 857]glBindTexture,i=1,r=299,j=0,fra me.tid=100271,name=ligo_00102.png
D/BootAnimation( 502): [BootAnimation movie 874]clearReg.isEmpty,i=1,r=299,j=0, frame.tid=100271
D/BootAnimation( 502): [BootAnimation movie 892]1,delay=40
D/dalvikvm( 664): GC_CONCURRENT freed 4661K (83421), 43% free 6766K/11780K, pau sed 2ms+6ms, total 49ms
D/BootAnimation( 502): [BootAnimation checkExit 714]exitnow=0
D/BootAnimation( 502): [BootAnimation movie 854]i=1,r=300,j=0,lastFrame=2776902 3158(27769 ms),file=ligo_00102.png
D/BootAnimation( 502): [BootAnimation movie 857]glBindTexture,i=1,r=300,j=0,fra me.tid=100271,name=ligo_00102.png
D/BootAnimation( 502): [BootAnimation movie 874]clearReg.isEmpty,i=1,r=300,j=0,

frame.tid=100271
D/BootAnimation( 502): [BootAnimation movie 892]1,delay=40
I/PackageManager( 664): Perform pre-dex opt for package: com.google.android.gsf
D/dalvikvm( 664): open_cached_dex_file : /system/app/GoogleServicesFramework.ap k /data/dalvik-cache/system@app@GoogleServicesFramework.apk@classes.dex
I/dalvikvm( 664): DexOpt: mismatch dep signature for '/data/dalvik-cache/system @framework@framework.jar@classes.dex'
D/dalvikvm( 664): == DexOpt: numDeps = 15
D/dalvikvm( 664): 0 : /data/dalvik-cache/system@framework@core.jar@classes.dex /data/dalvik-cache/system@framework@core.jar@classes.dex
D/dalvikvm( 664): 1 : /data/dalvik-cache/system@framework@core-junit.jar@classe s.dex /data/dalvik-cache/system@framework@core-junit.jar@classes.dex
D/dalvikvm( 664): 2 : /data/dalvik-cache/system@framework@bouncycastle.jar@clas ses.dex /data/dalvik-cache/system@framework@bouncycastle.jar@classes.dex
D/dalvikvm( 664): 3 : /data/dalvik-cache/system@framework@ext.jar@classes.dex / data/dalvik-cache/system@framework@ext.jar@classes.dex
D/dalvikvm( 664): 4 : /data/dalvik-cache/system@framework@framework.jar@classes .dex /data/dalvik-cache/system@framework@framework.jar@classes.dex
D/dalvikvm( 664): 5 : NULL NULL
D/PackageManager( 664): scan package: /system/app/GoogleServicesFramework.apk , end at: 27780ms. elapsed time = 61ms.
D/PackageManager( 664): scan package: /system/app/GuardProvider.apk , start at: 27780ms.
I/PackageManager( 664): /system/app/GuardProvider.apk changed; collecting certs
D/NativeCrypto( 664): NativeCrypto_EVP_VerifyInit ctx=0x5cf24468
D/NativeCrypto( 664): NativeCrypto_EVP_VerifyInit algorithmChars=RSA-SHA1
I/PackageManager( 664): Perform pre-dex opt for package: com.tencent.tmsprovide r
D/dalvikvm( 664): open_cached_dex_file : /system/app/GuardProvider.apk /data/da lvik-cache/system@app@GuardProvider.apk@classes.dex
D/PackageManager( 664): scan package: /system/app/GuardProvider.apk , end at: 2 7799ms. elapsed time = 19ms.
D/PackageManager( 664): scan package: /system/app/HoloSpiralWallpaper.apk , sta rt at: 27799ms.
I/PackageManager( 664): Perform pre-dex opt for package: com.android.wallpaper. holospiral
D/dalvikvm( 664): open_cached_dex_file : /system/app/HoloSpiralWallpaper.apk /d ata/dalvik-cache/system@app@HoloSpiralWallpaper.apk@classes.dex
I/dalvikvm( 664): DexOpt: source file mod time mismatch (42ea5583 vs 38f8273d)
D/PackageManager( 664): scan package: /system/app/HoloSpiralWallpaper.apk , end at: 27805ms. elapsed time = 6ms.
D/PackageManager( 664): scan package: /system/app/HTMLViewer.apk , start at: 27 805ms.
I/PackageManager( 664): Perform pre-dex opt for package: com.android.htmlviewer
D/dalvikvm( 664): open_cached_dex_file : /system/app/HTMLViewer.apk /data/dalvi k-cache/system@app@HTMLViewer.apk@classes.dex
I/dalvikvm( 664): DexOpt: mismatch dep signature for '/data/dalvik-cache/system @framework@framework.jar@classes.dex'
D/dalvikvm( 664): == DexOpt: numDeps = 15
D/dalvikvm( 664): 0 : /data/dalvik-cache/system@framework@core.jar@classes.dex /data/dalvik-cache/system@framework@core.jar@classes.dex
D/dalvikvm( 664): 1 : /data/dalvik-cache/system@framework@core-junit.jar@classe s.dex /data/dalvik-cache/system@framework@core-junit.jar@classes.dex
D/dalvikvm( 664): 2 : /data/dalvik-cache/system@framework@bouncycastle.jar@clas ses.dex /data/dalvik-cache/system@framework@bouncycastle.jar@classes.dex
D/dalvikvm( 664): 3 : /data/dalvik-cache/system@framework@ext.jar@classes.dex / data/dalvik-cache/system@framework@ext.jar@classes.dex
D/dalvikvm( 664): 4 : /data/dalvik-cache/system@framework@framework.jar@classes .dex /data/dalvik-cache/system@framework@framework.jar@classes.dex
D/dalvikvm( 664): 5 : NULL NULL

D/PackageManager( 664): scan package: /system/app/HTMLViewer.apk , end at: 2780 9ms. elapsed time = 4ms.
D/PackageManager( 664): scan package: /system/app/KeyChain.apk , start at: 2780 9ms.
D/BootAnimation( 502): [BootAnimation checkExit 714]exitnow=0
D/BootAnimation( 502): [BootAnimation movie 854]i=1,r=301,j=0,lastFrame=2781087 8620(27810 ms),file=ligo_00102.png
