D/BootAnimation( 502): [BootAnimation movie 874]clearReg.isEmpty,i=1,r=948,j=0, frame.tid=100271
D/BootAnimation( 502): [BootAnimation movie 892]1,delay=40
D/BootAnimation( 502): [BootAnimation checkExit 714]exitnow=0
D/BootAnimation( 502): [BootAnimation movie 854]i=1,r=949,j=0,lastFrame=5767630 1083(57676 ms),file=ligo_00102.png
D/BootAnimation( 502): [BootAnimation movie 857]glBindTexture,i=1,r=949,j=0,fra me.tid=100271,name=ligo_00102.png
D/BootAnimation( 502): [BootAnimation movie 874]clearReg.isEmpty,i=1,r=949,j=0, frame.tid=100271
D/BootAnimation( 502): [BootAnimation movie 892]1,delay=39
D/AEE/AED ( 1038): Got data:Java (JE)
I/AEE/AED ( 1038): Java (JE)
V/AEE/AED ( 1038): Write: Req.AE_REQ_TYPE, seq:1
D/AEE/LIBAEE( 664): shell: got the request (cmd:Req,AE_REQ_TYPE)
V/AEE/AED ( 1038): Read: Rsp.AE_REQ_TYPE, seq:1, 0, 12
I/IspDrv ( 1037): {IspDrv} [IspDrvImp] getpid[0x0000040d],gettid[0x0000040d]

D/AndroidRuntime( 1037):
D/AndroidRuntime( 1037): >>>>>> AndroidRuntime START com.android.internal.os.Run timeInit (tool) <<<<<<
D/AndroidRuntime( 1037): CheckJNI is OFF
D/AndroidRuntime( 1037): language=-Duser.language=ru region=-Duser.region=RU
D/dalvikvm( 1037): boot class :
D/dalvikvm( 1037): (0) core.jar
D/dalvikvm( 1037): (1) core-junit.jar
D/dalvikvm( 1037): (2) bouncycastle.jar
D/dalvikvm( 1037): (3) ext.jar
D/dalvikvm( 1037): (4) framework.jar
D/dalvikvm( 1037): (5) telephony-common.jar
D/dalvikvm( 1037): (6) mms-common.jar
D/dalvikvm( 1037): (7) android.policy.jar
D/dalvikvm( 1037): (8) services.jar
D/dalvikvm( 1037): (9) apache-xml.jar
D/dalvikvm( 1037): (10) mediatek-common.jar
D/dalvikvm( 1037): (11) mediatek-framework.jar
D/dalvikvm( 1037): (12) mediatek-op.jar
D/dalvikvm( 1037): (13) secondary-framework.jar
D/dalvikvm( 1037): (14) CustomProperties.jar
D/dalvikvm( 1037): (15) am.jar
D/dalvikvm( 1037): threadid=1: interp stack at 0x41a5c000
D/dalvikvm( 1037): open_cached_dex_file : /system/framework/core.jar /data/dalvi k-cache/system@framework@core.jar@classes.dex
D/dalvikvm( 1037): open_cached_dex_file : /system/framework/core-junit.jar /data /dalvik-cache/system@framework@core-junit.jar@classes.dex
D/dalvikvm( 1037): open_cached_dex_file : /system/framework/bouncycastle.jar /da ta/dalvik-cache/system@framework@bouncycastle.jar@classes.dex
D/dalvikvm( 1037): open_cached_dex_file : /system/framework/ext.jar /data/dalvik -cache/system@framework@ext.jar@classes.dex
D/dalvikvm( 1037): open_cached_dex_file : /system/framework/framework.jar /data/ dalvik-cache/system@framework@framework.jar@classes.dex
D/dalvikvm( 1037): open_cached_dex_file : /system/framework/telephony-common.jar /data/dalvik-cache/system@framework@telephony-common.jar@classes.dex
D/dalvikvm( 1037): open_cached_dex_file : /system/framework/mms-common.jar /data /dalvik-cache/system@framework@mms-common.jar@classes.dex
D/dalvikvm( 1037): open_cached_dex_file : /system/framework/android.policy.jar / data/dalvik-cache/system@framework@android.policy.jar@classes.dex
D/dalvikvm( 1037): open_cached_dex_file : /system/framework/services.jar /data/d alvik-cache/system@framework@services.jar@classes.dex
D/dalvikvm( 1037): open_cached_dex_file : /system/framework/apache-xml.jar /data /dalvik-cache/system@framework@apache-xml.jar@classes.dex
D/dalvikvm( 1037): open_cached_dex_file : /system/framework/mediatek-common.jar /data/dalvik-cache/system@framework@mediatek-common.jar@classes.dex
D/dalvikvm( 1037): open_cached_dex_file : /system/framework/mediatek-framework.j ar /data/dalvik-cache/system@framework@mediatek-framework.jar@classes.dex
D/dalvikvm( 1037): open_cached_dex_file : /system/framework/mediatek-op.jar /dat a/dalvik-cache/system@framework@mediatek-op.jar@classes.dex
D/dalvikvm( 1037): open_cached_dex_file : /system/framework/secondary-framework. jar /data/dalvik-cache/system@framework@secondary-framework.jar@classes.dex
D/dalvikvm( 1037): open_cached_dex_file : /system/framework/CustomProperties.jar /data/dalvik-cache/system@framework@CustomProperties.jar@classes.dex
D/dalvikvm( 1037): Trying to load lib libjavacore.so 0x0
D/BootAnimation( 502): [BootAnimation checkExit 714]exitnow=0
D/BootAnimation( 502): [BootAnimation movie 854]i=1,r=950,j=0,lastFrame=5772830 7006(57728 ms),file=ligo_00102.png
D/BootAnimation( 502): [BootAnimation movie 857]glBindTexture,i=1,r=950,j=0,fra me.tid=100271,name=ligo_00102.png
D/BootAnimation( 502): [BootAnimation movie 874]clearReg.isEmpty,i=1,r=950,j=0,

frame.tid=100271
D/BootAnimation( 502): [BootAnimation movie 892]1,delay=40
D/dalvikvm( 1037): Added shared lib libjavacore.so 0x0
D/dalvikvm( 1037): Trying to load lib libnativehelper.so 0x0
D/dalvikvm( 1037): Added shared lib libnativehelper.so 0x0
D/dalvikvm( 1037): +++ finishing prep on main VM thread
D/dalvikvm( 1037): open_cached_dex_file : /system/framework/am.jar /data/dalvikcache/system@framework@am.jar@classes.dex
D/dalvikvm( 1037): create interp thread : stack size=32KB
D/dalvikvm( 1037): create new thread
D/dalvikvm( 1037): new thread created
D/dalvikvm( 1037): update thread list
D/dalvikvm( 1037): threadid=2: interp stack at 0x5a744000
D/dalvikvm( 1037): threadid=2: created from interp
D/dalvikvm( 1037): start new thread
D/dalvikvm( 1037): create interp thread : stack size=32KB
D/dalvikvm( 1037): create new thread
D/dalvikvm( 1037): new thread created
D/dalvikvm( 1037): update thread list
D/dalvikvm( 1037): threadid=2: notify debugger
D/dalvikvm( 1037): threadid=2 (ReferenceQueueDaemon): calling run()
D/dalvikvm( 1037): threadid=3: interp stack at 0x5a84c000
D/dalvikvm( 1037): threadid=3: created from interp
D/dalvikvm( 1037): start new thread
D/dalvikvm( 1037): create interp thread : stack size=32KB
D/dalvikvm( 1037): create new thread
D/dalvikvm( 1037): new thread created
D/dalvikvm( 1037): update thread list
D/dalvikvm( 1037): threadid=3: notify debugger
D/dalvikvm( 1037): threadid=3 (FinalizerDaemon): calling run()
D/dalvikvm( 1037): threadid=4: interp stack at 0x5a954000
D/dalvikvm( 1037): threadid=4: created from interp
D/dalvikvm( 1037): start new thread
D/dalvikvm( 1037): threadid=4: notify debugger
D/dalvikvm( 1037): threadid=4 (FinalizerWatchdogDaemon): calling run()
D/dalvikvm( 1037): threadid=5: interp stack at 0x5ab5c000
D/dalvikvm( 1037): threadid=6: interp stack at 0x5ac64000
D/dalvikvm( 1037): Elevating priority from 0 to -8
D/jdwp ( 1037): prepping for JDWP over ADB
D/jdwp ( 1037): ADB transport startup
D/dalvikvm( 1037): threadid=7: interp stack at 0x5ad6c000
D/jdwp ( 1037): JDWP: thread running
D/jdwp ( 1037): acceptConnection
D/jdwp ( 1037): trying to receive file descriptor from ADB
D/dalvikvm( 1037): threadid=8: interp stack at 0x5ae74000
D/dalvikvm( 1037): Note: class Landroid/app/ActivityManagerNative; has 159 unimp lemented (abstract) methods
I/IspDrv ( 1016): {IspDrv} [~IspDrvImp]
D/AEE/AED ( 1038): Type:system_server_wtf
I/AEE/AED ( 1038): system_server_wtf
V/AEE/AED ( 1038): Write: Req.AE_REQ_PROCESS, seq:2
E/AEE/DUMPSTATE( 998): copy_file: Copy /proc/slabinfo to SYS_SLAB_INFO failed(2 ), No such file or directory
E/AEE/DUMPSTATE( 998): copy_file: Copy /sys/kernel/debug/wakeup_sources to SYS_ KERNEL_WAKELOCKS failed(2), No such file or directory
D/AEE/LIBAEE( 664): shell: got the request (cmd:Req,AE_REQ_PROCESS)
V/AEE/AED ( 1038): Read: Rsp.AE_REQ_PROCESS, seq:2, 0, e
D/BootAnimation( 502): [BootAnimation checkExit 714]exitnow=0
D/BootAnimation( 502): [BootAnimation movie 854]i=1,r=951,j=0,lastFrame=5789105 9083(57891 ms),file=ligo_00102.png

D/BootAnimation( 502): [BootAnimation movie 857]glBindTexture,i=1,r=951,j=0,fra me.tid=100271,name=ligo_00102.png
D/BootAnimation( 502): [BootAnimation movie 874]clearReg.isEmpty,i=1,r=951,j=0, frame.tid=100271
D/BootAnimation( 502): [BootAnimation movie 892]1,delay=40
D/AndroidRuntime( 1037): Calling main entry com.android.commands.am.Am
D/dalvikvm( 1037): threadid=9: interp stack at 0x5b2ac000
E/ActivityManager( 664): Attempt to launch receivers of broadcast intent Intent { act=com.mediatek.log2server.EXCEPTION_HAPPEND (has extras) } before boot comp letion
E/ActivityManager( 664): Activity Manager Crash
E/ActivityManager( 664): java.lang.IllegalStateException: Cannot broadcast befo re boot completed
E/ActivityManager( 664): at com.android.server.am.ActivityManagerService. verifyBroadcastLocked(ActivityManagerService.java:4043)
E/ActivityManager( 664): at com.android.server.am.ActivityManagerService. broadcastIntent(ActivityManagerService.java:12650)
E/ActivityManager( 664): at android.app.ActivityManagerNative.onTransact( ActivityManagerNative.java:347)
E/ActivityManager( 664): at com.android.server.am.ActivityManagerService. onTransact(ActivityManagerService.java)
E/ActivityManager( 664): at android.os.Binder.execTransact(Binder.java:35 1)
E/ActivityManager( 664): at dalvik.system.NativeStart.run(Native Method)
W/System.err( 664): java.lang.IllegalStateException: Cannot broadcast before bo ot completed
W/System.err( 664): at com.android.server.am.ActivityManagerService.verifyBr oadcastLocked(ActivityManagerService.java:4043)
W/System.err( 664): at com.android.server.am.ActivityManagerService.broadcas tIntent(ActivityManagerService.java:12650)
W/System.err( 664): at android.app.ActivityManagerNative.onTransact(Activity ManagerNative.java:347)
W/System.err( 664): at com.android.server.am.ActivityManagerService.onTransa ct(ActivityManagerService.java)
W/System.err( 664): at android.os.Binder.execTransact(Binder.java:351)
W/System.err( 664): at dalvik.system.NativeStart.run(Native Method)
D/dalvikvm( 1037): create interp thread : stack size=32KB
D/dalvikvm( 1037): create new thread
D/dalvikvm( 1037): new thread created
D/dalvikvm( 1037): update thread list
D/dalvikvm( 1037): threadid=10: interp stack at 0x5b3b4000
D/dalvikvm( 1037): threadid=10: created from interp
D/dalvikvm( 1037): start new thread
D/dalvikvm( 1037): threadid=10: notify debugger
D/dalvikvm( 1037): threadid=10 (Thread-9): calling run()
D/dalvikvm( 1037): threadid=10: exiting
D/dalvikvm( 1037): threadid=10: bye!
I/AndroidRuntime( 1037): VM exiting with result code 1.
I/IspDrv ( 1037): {IspDrv} [~IspDrvImp]
D/AEE/AED ( 996): all finished dumping /data/aee_exp/db.01.
D/AEE/AED ( 125): $===AEE===AEE===AEE===$
D/AEE/AED ( 125): p 0 poll events 1 revents 0
D/AEE/AED ( 125): not know revents:0
D/AEE/AED ( 125): p 1 poll events 1 revents 0
D/AEE/AED ( 125): not know revents:0
D/AEE/AED ( 125): p 2 poll events 1 revents 0
D/AEE/AED ( 125): not know revents:0
D/AEE/AED ( 125): p 3 poll events 1 revents 0
D/AEE/AED ( 125): not know revents:0
D/AEE/AED ( 125): p 4 poll events 1 revents 0

D/AEE/AED ( 125): not know revents:0
E/AEE/DUMPSTATE( 1052): copy_process: execv /system/xbin/librank failed(2), No s uch file or directory
D/BootAnimation( 502): [BootAnimation checkExit 714]exitnow=0
D/BootAnimation( 502): [BootAnimation movie 854]i=1,r=952,j=0,lastFrame=5793295 7775(57932 ms),file=ligo_00102.png
D/BootAnimation( 502): [BootAnimation movie 857]glBindTexture,i=1,r=952,j=0,fra me.tid=100271,name=ligo_00102.png
D/BootAnimation( 502): [BootAnimation movie 874]clearReg.isEmpty,i=1,r=952,j=0, frame.tid=100271
D/BootAnimation( 502): [BootAnimation movie 892]1,delay=40
E/AEE/DUMPSTATE( 1056): copy_process: execv /system/xbin/proc_mem failed(2), No such file or directory
I/AEE/DUMPSTATE( 998): done
D/AEE/AED ( 995): aed_report_archive: pack files in /data/aee_exp/temp/db.Rmo99 5
D/AEE/LIBAEE( 664): shell: got the request (cmd:Ind,AE_IND_LOG_CLOSE)
D/AEE/LIBAEE( 664): shell: Got session close ind from AED
I/Process ( 664): Sending signal. PID: 664 SIG: 9
D/AEE/AED ( 995): put_in_archive: Archive file /data/aee_exp/temp/db.Rmo995/__e xp_main.txt, size 9033
D/AEE/AED ( 995): put_in_archive: Archive file /data/aee_exp/temp/db.Rmo995/_ex p_detail.txt, size 7804
D/AEE/AED ( 995): put_in_archive: Archive file /data/aee_exp/temp/db.Rmo995/PRO CESS_FILE_STATE, size 10878
D/AEE/AED ( 995): put_in_archive: Archive file /data/aee_exp/temp/db.Rmo995/PRO CESS_STATE, size 814
D/AEE/AED ( 995): put_in_archive: Archive file /data/aee_exp/temp/db.Rmo995/PRO CESS_OOM_SCORE, size 2
D/AEE/AED ( 995): put_in_archive: Archive file /data/aee_exp/temp/db.Rmo995/PRO CESS_OOM_ADJ, size 4
D/AEE/AED ( 995): put_in_archive: Archive file /data/aee_exp/temp/db.Rmo995/PRO CESS_CMDLINE, size 76
D/AEE/AED ( 995): put_in_archive: Archive file /data/aee_exp/temp/db.Rmo995/PRO CESS_ENVIRONMENT, size 925
D/AEE/AED ( 995): put_in_archive: Archive file /data/aee_exp/temp/db.Rmo995/PRO CESS_SCHED, size 2375
D/AEE/AED ( 995): put_in_archive: Archive file /data/aee_exp/temp/db.Rmo995/PRO CESS_SHOWMAP, size 0
D/AEE/AED ( 995): put_in_archive: Archive file /data/aee_exp/temp/db.Rmo995/PRO CESS_MAPS, size 71270
D/BootAnimation( 502): [BootAnimation checkExit 714]exitnow=0
D/BootAnimation( 502): [BootAnimation movie 854]i=1,r=953,j=0,lastFrame=5797498 1544(57974 ms),file=ligo_00102.png
D/BootAnimation( 502): [BootAnimation movie 857]glBindTexture,i=1,r=953,j=0,fra me.tid=100271,name=ligo_00102.png
D/BootAnimation( 502): [BootAnimation movie 874]clearReg.isEmpty,i=1,r=953,j=0, frame.tid=100271
D/BootAnimation( 502): [BootAnimation movie 892]2,delay=39
I/SurfaceFlinger( 134): EventThread Client Pid (664) disconnected by (134)
I/SurfaceFlinger( 134): EventThread Client Pid (664) disconnected by (134)
I/ServiceManager( 118): service 'content' died
I/ServiceManager( 118): service 'battery' died
I/ServiceManager( 118): service 'gfxinfo' died
I/ServiceManager( 118): service 'sensorservice' died
I/ServiceManager( 118): service 'cpuinfo' died
I/ServiceManager( 118): service 'user' died
I/ServiceManager( 118): service 'dbinfo' died
I/ServiceManager( 118): service 'alarm' died
I/ServiceManager( 118): service 'vibrator' died

I/ServiceManager( 118): service 'package' died
I/ServiceManager( 118): service 'entropy' died
I/ServiceManager( 118): service 'power' died
I/ServiceManager( 118): service 'scheduling_policy' died
I/ServiceManager( 118): service 'account' died
I/ServiceManager( 118): service 'telephony.registry2' died
I/ServiceManager( 118): service 'permission' died
I/ServiceManager( 118): service 'display' died
I/ServiceManager( 118): service 'batteryinfo' died
I/ServiceManager( 118): service 'activity' died
I/ServiceManager( 118): service 'meminfo' died
I/ServiceManager( 118): service 'anrmanager' died
I/ServiceManager( 118): service 'hardware' died
I/ServiceManager( 118): service 'usagestats' died
I/ServiceManager( 118): service 'telephony.registry' died
I/ServiceManager( 118): service 'window' died
I/ServiceManager( 118): service 'input' died
I/ServiceManager( 118): service 'bluetooth' died
I/ServiceManager( 118): service 'bluetooth_a2dp' died
I/ServiceManager( 118): service 'bluetooth_socket' died
I/ServiceManager( 118): service 'bluetooth_profile_manager' died
I/ServiceManager( 118): service 'input_method' died
I/ServiceManager( 118): service 'accessibility' died
D/AEE/AED ( 1038): Process:system_server
I/AEE/AED ( 1038): system_server
V/AEE/AED ( 1038): Write: Req.AE_REQ_MODULE, seq:3
D/AEE/AED ( 995): put_in_archive: Archive file /data/aee_exp/temp/db.Rmo995/SYS _ANDROID_LOG, size 379007
D/AEE/AED ( 995): put_in_archive: Archive file /data/aee_exp/temp/db.Rmo995/SYS _ANDROID_EVENT_LOG, size 1038
D/AEE/AED ( 995): put_in_archive: Archive file /data/aee_exp/temp/db.Rmo995/SYS _ANDROID_RADIO_LOG, size 141346
D/AEE/AED ( 995): put_in_archive: Archive file /data/aee_exp/temp/db.Rmo995/SYS _EVENT_LOG_TAGS, size 13978
D/AEE/AED ( 995): put_in_archive: Archive file /data/aee_exp/temp/db.Rmo995/SYS _MEMORY_INFO, size 1036
D/AEE/AED ( 995): put_in_archive: Archive file /data/aee_exp/temp/db.Rmo995/SYS _PROC_SCHED_DEBUG, size 12540
D/AEE/AED ( 995): put_in_archive: Archive file /data/aee_exp/temp/db.Rmo995/SYS _CPU_INFO, size 2386
D/AEE/AED ( 995): put_in_archive: Archive file /data/aee_exp/temp/db.Rmo995/SYS _PROCRANK, size 0
D/AEE/AED ( 995): put_in_archive: Archive file /data/aee_exp/temp/db.Rmo995/SCR EEN.png, size 19359
D/AEE/AED ( 995): put_in_archive: Archive file /data/aee_exp/temp/db.Rmo995/SYS _VIRTUAL_MEMORY_STATS, size 1529
D/AEE/AED ( 995): put_in_archive: Archive file /data/aee_exp/temp/db.Rmo995/SYS _VMALLOC_INFO, size 12787
D/AEE/AED ( 995): put_in_archive: Archive file /data/aee_exp/temp/db.Rmo995/SYS _ZONEINFO, size 2315
D/AEE/AED ( 995): put_in_archive: Archive file /data/aee_exp/temp/db.Rmo995/SYS _BUDDY_INFO, size 200
D/AEE/AED ( 995): put_in_archive: Archive file /data/aee_exp/temp/db.Rmo995/SYS _NETWORK_STATE, size 843
D/AEE/AED ( 995): put_in_archive: Archive file /data/aee_exp/temp/db.Rmo995/SYS _PROPERTIES, size 8247
D/AEE/AED ( 995): put_in_archive: Archive file /data/aee_exp/temp/db.Rmo995/SYS _KERNEL_LOG, size 131072
D/BootAnimation( 502): [BootAnimation checkExit 714]exitnow=0
D/AEE/AED ( 995): put_in_archive: Archive file /data/aee_exp/temp/db.Rmo995/SYS

_KERNEL_CPUFREQ, size 44
D/BootAnimation( 502): [BootAnimation movie 854]i=1,r=954,j=0,lastFrame=5801705 3544(58017 ms),file=ligo_00102.png
D/BootAnimation( 502): [BootAnimation movie 857]glBindTexture,i=1,r=954,j=0,fra me.tid=100271,name=ligo_00102.png
D/BootAnimation( 502): [BootAnimation movie 874]clearReg.isEmpty,i=1,r=954,j=0, frame.tid=100271
I/SurfaceTextureClient( 502): [STC::queueBuffer] (this:0x41958680) fps:9.76, du r:1024.34, max:354.10, min:41.85
I/BufferQueue( 134): [BootAnimation](this:0x4295e370,api:1) [queue] fps:9.76, d ur:1024.40, max:354.01, min:41.88
D/BootAnimation( 502): [BootAnimation movie 892]1,delay=40
D/AEE/AED ( 995): put_in_archive: Archive file /data/aee_exp/temp/db.Rmo995/SYS _PROCESSES_AND_THREADS, size 24417
D/AEE/AED ( 995): put_in_archive: Archive file /data/aee_exp/temp/db.Rmo995/SYS _LIBRANK, size 0
D/AEE/AED ( 995): put_in_archive: Archive file /data/aee_exp/temp/db.Rmo995/SYS _FILE_SYSTEMS, size 542
D/AEE/AED ( 995): put_in_archive: Archive file /data/aee_exp/temp/db.Rmo995/SYS _PACKAGE_SETTINGS, size 186631
I/BufferQueue( 134): [BootAnimation](this:0x4295e370,api:1) [release] fps:10.79 , dur:1019.16, max:313.89, min:19.57
D/AEE/AED ( 995): put_in_archive: Archive file /data/aee_exp/temp/db.Rmo995/SYS _PACKAGE_UID_ERRORS, size 74094
D/AEE/AED ( 995): put_in_archive: Archive file /data/aee_exp/temp/db.Rmo995/SYS _BACKLIGHTS, size 90
D/AEE/AED ( 995): put_in_archive: Archive file /data/aee_exp/temp/db.Rmo995/SYS _VERSION_INFO, size 4293
D/AEE/AED ( 995): put_in_archive: Archive file /data/aee_exp/temp/db.Rmo995/DUM PSYS_ACTIVITY, size 1713
D/AEE/AED ( 995): put_in_archive: Archive file /data/aee_exp/temp/db.Rmo995/DUM PSYS_WINDOW, size 2178
D/AEE/AED ( 995): put_in_archive: Archive file /data/aee_exp/temp/db.Rmo995/SYS _LOW_MEMORY_KILLER, size 48
D/AEE/AED ( 995): put_in_archive: Archive file /data/aee_exp/temp/db.Rmo995/SYS _PROC_MEM, size 0
D/AEE/AED ( 995): put_in_archive: Archive file /data/aee_exp/temp/db.Rmo995/ZZ_ INTERNAL, size 108
I/AEE/AED ( 995): aed_report_archive: pack /data/aee_exp/temp/db.Rmo995/CURRENT .dbg completed
I/AEE/AED ( 995): *** INDEX: '/data/aee_exp/db.02' from /data/aee_exp/temp/db.R mo995 ***
I/AEE/AED ( 995): aed_report_complete: OK find db slot /data/aee_exp/db.02
D/AEE/AED ( 1057): notify_ok: am broadcast calling for /data/aee_exp/db.02
D/BootAnimation( 502): [BootAnimation checkExit 714]exitnow=0
D/BootAnimation( 502): [BootAnimation movie 854]i=1,r=955,j=0,lastFrame=5806021 0160(58060 ms),file=ligo_00102.png
D/BootAnimation( 502): [BootAnimation movie 857]glBindTexture,i=1,r=955,j=0,fra me.tid=100271,name=ligo_00102.png
D/BootAnimation( 502): [BootAnimation movie 874]clearReg.isEmpty,i=1,r=955,j=0, frame.tid=100271
D/BootAnimation( 502): [BootAnimation movie 892]0,delay=40
I/SurfaceFlinger( 134): [SurfaceFlinger] fps:11.551005,dur:1038.87,max:317.94,m in:13.37
D/BootAnimation( 502): [BootAnimation checkExit 714]exitnow=0
D/BootAnimation( 502): [BootAnimation movie 854]i=1,r=956,j=0,lastFrame=5810212 6852(58102 ms),file=ligo_00102.png
D/BootAnimation( 502): [BootAnimation movie 857]glBindTexture,i=1,r=956,j=0,fra me.tid=100271,name=ligo_00102.png
D/BootAnimation( 502): [BootAnimation movie 874]clearReg.isEmpty,i=1,r=956,j=0,

frame.tid=100271
D/BootAnimation( 502): [BootAnimation movie 892]1,delay=40
D/BootAnimation( 502): [BootAnimation checkExit 714]exitnow=0
D/BootAnimation( 502): [BootAnimation movie 854]i=1,r=957,j=0,lastFrame=5814889 2236(58148 ms),file=ligo_00102.png
D/BootAnimation( 502): [BootAnimation movie 857]glBindTexture,i=1,r=957,j=0,fra me.tid=100271,name=ligo_00102.png
D/BootAnimation( 502): [BootAnimation movie 874]clearReg.isEmpty,i=1,r=957,j=0, frame.tid=100271
D/BootAnimation( 502): [BootAnimation movie 892]1,delay=40
I/IspDrv ( 1059): {IspDrv} [IspDrvImp] getpid[0x00000423],gettid[0x00000423]
D/AndroidRuntime( 1059):
D/AndroidRuntime( 1059): >>>>>> AndroidRuntime START com.android.internal.os.Run timeInit (tool) <<<<<<
D/AndroidRuntime( 1059): CheckJNI is OFF
D/AndroidRuntime( 1059): language=-Duser.language=ru region=-Duser.region=RU
D/dalvikvm( 1059): boot class :
D/dalvikvm( 1059): (0) core.jar
D/dalvikvm( 1059): (1) core-junit.jar
D/dalvikvm( 1059): (2) bouncycastle.jar
D/dalvikvm( 1059): (3) ext.jar
D/dalvikvm( 1059): (4) framework.jar
D/dalvikvm( 1059): (5) telephony-common.jar
D/dalvikvm( 1059): (6) mms-common.jar
D/dalvikvm( 1059): (7) android.policy.jar
D/dalvikvm( 1059): (8) services.jar
D/dalvikvm( 1059): (9) apache-xml.jar
D/dalvikvm( 1059): (10) mediatek-common.jar
D/dalvikvm( 1059): (11) mediatek-framework.jar
D/dalvikvm( 1059): (12) mediatek-op.jar
D/dalvikvm( 1059): (13) secondary-framework.jar
D/dalvikvm( 1059): (14) CustomProperties.jar
D/dalvikvm( 1059): (15) am.jar
D/dalvikvm( 1059): threadid=1: interp stack at 0x418be000
D/dalvikvm( 1059): open_cached_dex_file : /system/framework/core.jar /data/dalvi k-cache/system@framework@core.jar@classes.dex
D/dalvikvm( 1059): open_cached_dex_file : /system/framework/core-junit.jar /data /dalvik-cache/system@framework@core-junit.jar@classes.dex
D/dalvikvm( 1059): open_cached_dex_file : /system/framework/bouncycastle.jar /da ta/dalvik-cache/system@framework@bouncycastle.jar@classes.dex
D/dalvikvm( 1059): open_cached_dex_file : /system/framework/ext.jar /data/dalvik -cache/system@framework@ext.jar@classes.dex
D/dalvikvm( 1059): open_cached_dex_file : /system/framework/framework.jar /data/ dalvik-cache/system@framework@framework.jar@classes.dex
D/dalvikvm( 1059): open_cached_dex_file : /system/framework/telephony-common.jar /data/dalvik-cache/system@framework@telephony-common.jar@classes.dex
D/dalvikvm( 1059): open_cached_dex_file : /system/framework/mms-common.jar /data /dalvik-cache/system@framework@mms-common.jar@classes.dex
D/dalvikvm( 1059): open_cached_dex_file : /system/framework/android.policy.jar / data/dalvik-cache/system@framework@android.policy.jar@classes.dex
D/dalvikvm( 1059): open_cached_dex_file : /system/framework/services.jar /data/d alvik-cache/system@framework@services.jar@classes.dex
D/dalvikvm( 1059): open_cached_dex_file : /system/framework/apache-xml.jar /data /dalvik-cache/system@framework@apache-xml.jar@classes.dex
D/dalvikvm( 1059): open_cached_dex_file : /system/framework/mediatek-common.jar /data/dalvik-cache/system@framework@mediatek-common.jar@classes.dex
D/dalvikvm( 1059): open_cached_dex_file : /system/framework/mediatek-framework.j ar /data/dalvik-cache/system@framework@mediatek-framework.jar@classes.dex
D/dalvikvm( 1059): open_cached_dex_file : /system/framework/mediatek-op.jar /dat a/dalvik-cache/system@framework@mediatek-op.jar@classes.dex

D/dalvikvm( 1059): open_cached_dex_file : /system/framework/secondary-framework. jar /data/dalvik-cache/system@framework@secondary-framework.jar@classes.dex
D/dalvikvm( 1059): open_cached_dex_file : /system/framework/CustomProperties.jar /data/dalvik-cache/system@framework@CustomProperties.jar@classes.dex
D/dalvikvm( 1059): Trying to load lib libjavacore.so 0x0
D/dalvikvm( 1059): Added shared lib libjavacore.so 0x0
D/dalvikvm( 1059): Trying to load lib libnativehelper.so 0x0
D/dalvikvm( 1059): Added shared lib libnativehelper.so 0x0
E/installd( 143): eof
E/installd( 143): failed to read size
I/installd( 143): closing connection
D/dalvikvm( 1059): +++ finishing prep on main VM thread
D/dalvikvm( 1059): open_cached_dex_file : /system/framework/am.jar /data/dalvikcache/system@framework@am.jar@classes.dex
D/dalvikvm( 1059): create interp thread : stack size=32KB
D/dalvikvm( 1059): create new thread
D/dalvikvm( 1059): new thread created
D/dalvikvm( 1059): update thread list
D/dalvikvm( 1059): threadid=2: interp stack at 0x5a7a7000
D/dalvikvm( 1059): threadid=2: created from interp
D/dalvikvm( 1059): start new thread
D/dalvikvm( 1059): create interp thread : stack size=32KB
D/dalvikvm( 1059): create new thread
D/dalvikvm( 1059): new thread created
D/dalvikvm( 1059): update thread list
D/dalvikvm( 1059): threadid=2: notify debugger
D/dalvikvm( 1059): threadid=2 (ReferenceQueueDaemon): calling run()
D/dalvikvm( 1059): threadid=3: interp stack at 0x5a8af000
D/dalvikvm( 1059): threadid=3: created from interp
D/dalvikvm( 1059): start new thread
D/dalvikvm( 1059): create interp thread : stack size=32KB
D/dalvikvm( 1059): create new thread
D/dalvikvm( 1059): new thread created
D/dalvikvm( 1059): update thread list
D/dalvikvm( 1059): threadid=3: notify debugger
D/dalvikvm( 1059): threadid=3 (FinalizerDaemon): calling run()
D/dalvikvm( 1059): threadid=4: interp stack at 0x5a9b7000
D/dalvikvm( 1059): threadid=4: created from interp
D/dalvikvm( 1059): start new thread
D/dalvikvm( 1059): threadid=4: notify debugger
D/dalvikvm( 1059): threadid=4 (FinalizerWatchdogDaemon): calling run()
D/dalvikvm( 1059): threadid=5: interp stack at 0x5abbf000
D/dalvikvm( 1059): threadid=6: interp stack at 0x5acc7000
D/dalvikvm( 1059): Elevating priority from 0 to -8
D/jdwp ( 1059): prepping for JDWP over ADB
D/jdwp ( 1059): ADB transport startup
D/dalvikvm( 1059): threadid=7: interp stack at 0x5adcf000
D/jdwp ( 1059): JDWP: thread running
D/jdwp ( 1059): acceptConnection
D/jdwp ( 1059): trying to receive file descriptor from ADB
D/dalvikvm( 1059): threadid=8: interp stack at 0x5aed7000
D/BootAnimation( 502): [BootAnimation checkExit 714]exitnow=0
D/BootAnimation( 502): [BootAnimation movie 854]i=1,r=958,j=0,lastFrame=5819096 2391(58190 ms),file=ligo_00102.png
D/BootAnimation( 502): [BootAnimation movie 857]glBindTexture,i=1,r=958,j=0,fra me.tid=100271,name=ligo_00102.png
D/BootAnimation( 502): [BootAnimation movie 874]clearReg.isEmpty,i=1,r=958,j=0, frame.tid=100271
D/BootAnimation( 502): [BootAnimation movie 892]2,delay=39
D/dalvikvm( 1059): Note: class Landroid/app/ActivityManagerNative; has 159 unimp

lemented (abstract) methods
D/BootAnimation( 502): [BootAnimation checkExit 714]exitnow=0
D/BootAnimation( 502): [BootAnimation movie 854]i=1,r=959,j=0,lastFrame=5823285 7467(58232 ms),file=ligo_00102.png
D/BootAnimation( 502): [BootAnimation movie 857]glBindTexture,i=1,r=959,j=0,fra me.tid=100271,name=ligo_00102.png
D/BootAnimation( 502): [BootAnimation movie 874]clearReg.isEmpty,i=1,r=959,j=0, frame.tid=100271
D/BootAnimation( 502): [BootAnimation movie 892]1,delay=40
D/BootAnimation( 502): [BootAnimation checkExit 714]exitnow=0
D/BootAnimation( 502): [BootAnimation movie 854]i=1,r=960,j=0,lastFrame=5827703 6083(58277 ms),file=ligo_00102.png
D/BootAnimation( 502): [BootAnimation movie 857]glBindTexture,i=1,r=960,j=0,fra me.tid=100271,name=ligo_00102.png
D/BootAnimation( 502): [BootAnimation movie 874]clearReg.isEmpty,i=1,r=960,j=0, frame.tid=100271
D/BootAnimation( 502): [BootAnimation movie 892]1,delay=40
E/AEE/AED ( 1038): aed_report_dump_cmd: read command response 4 failed(104), Con nection reset by peer
I/AEE/AED ( 1038): N/A
I/AEE/AED ( 1038):
E/AEE/LIBAEE( 1038): write failure(Broken pipe)
I/AEE/AED ( 1038): Backtrace:
I/AEE/AED ( 1038): N/A
E/AEE/LIBAEE( 1038): write failure(Broken pipe)
I/AEE/AED ( 1038): Exception Detail Info:
I/AEE/AED ( 1038): N/A
I/AEE/AED ( 1038):
I/AEE/AED ( 1038): $** *** *** *** *** *** *** *** Fatal *** *** *** *** *** *** *** **$
D/AEE/AED ( 1038): aed_report_dumpstate: filepath /data/aee_exp/temp/db.bb1038, pid 664, tid -1361051648, exp_class 2, db_opt 0
I/AEE/DUMPSTATE( 1068): begin
I/AEE/DUMPSTATE( 1068): aee_opt=0xc60
E/AEE/DUMPSTATE( 1070): copy_process: execv /system/xbin/showmap failed(2), No s uch file or directory
D/AndroidRuntime( 1059): Calling main entry com.android.commands.am.Am
D/dalvikvm( 1059): threadid=9: interp stack at 0x5b30f000
D/dalvikvm( 1059): threadid=10: interp stack at 0x5b417000
D/dalvikvm( 1059): create interp thread : stack size=32KB
D/dalvikvm( 1059): create new thread
D/dalvikvm( 1059): new thread created
D/dalvikvm( 1059): update thread list
D/dalvikvm( 1059): threadid=11: interp stack at 0x5b41f000
D/dalvikvm( 1059): threadid=11: created from interp
D/dalvikvm( 1059): start new thread
D/dalvikvm( 1059): threadid=11: notify debugger
D/dalvikvm( 1059): threadid=11 (Thread-9): calling run()
D/dalvikvm( 1059): threadid=11: exiting
D/dalvikvm( 1059): threadid=11: bye!
I/AndroidRuntime( 1059): VM exiting with result code 1.
I/IspDrv ( 1059): {IspDrv} [~IspDrvImp]
D/AEE/AED ( 995): all finished dumping /data/aee_exp/db.02.
D/AEE/AED ( 125): $===AEE===AEE===AEE===$
D/AEE/AED ( 125): p 0 poll events 1 revents 0
D/AEE/AED ( 125): not know revents:0
D/AEE/AED ( 125): p 1 poll events 1 revents 0
D/AEE/AED ( 125): not know revents:0
D/AEE/AED ( 125): p 2 poll events 1 revents 0
D/AEE/AED ( 125): not know revents:0

D/AEE/AED ( 125): p 3 poll events 1 revents 0
D/AEE/AED ( 125): not know revents:0
D/AEE/AED ( 125): p 4 poll events 1 revents 0
D/AEE/AED ( 125): not know revents:0
D/BootAnimation( 502): [BootAnimation checkExit 714]exitnow=0
D/BootAnimation( 502): [BootAnimation movie 854]i=1,r=961,j=0,lastFrame=5834467 8852(58344 ms),file=ligo_00102.png
D/BootAnimation( 502): [BootAnimation movie 857]glBindTexture,i=1,r=961,j=0,fra me.tid=100271,name=ligo_00102.png
D/BootAnimation( 502): [BootAnimation movie 874]clearReg.isEmpty,i=1,r=961,j=0, frame.tid=100271
D/BootAnimation( 502): [BootAnimation movie 892]1,delay=40
D/BootAnimation( 502): [BootAnimation checkExit 714]exitnow=0
D/BootAnimation( 502): [BootAnimation movie 854]i=1,r=962,j=0,lastFrame=5839003 6160(58390 ms),file=ligo_00102.png
D/BootAnimation( 502): [BootAnimation movie 857]glBindTexture,i=1,r=962,j=0,fra me.tid=100271,name=ligo_00102.png
D/BootAnimation( 502): [BootAnimation movie 874]clearReg.isEmpty,i=1,r=962,j=0, frame.tid=100271
D/BootAnimation( 502): [BootAnimation movie 892]1,delay=40
D/BootAnimation( 502): [BootAnimation checkExit 714]exitnow=0
D/BootAnimation( 502): [BootAnimation movie 854]i=1,r=963,j=0,lastFrame=5843186 9467(58431 ms),file=ligo_00102.png
D/BootAnimation( 502): [BootAnimation movie 857]glBindTexture,i=1,r=963,j=0,fra me.tid=100271,name=ligo_00102.png
D/BootAnimation( 502): [BootAnimation movie 874]clearReg.isEmpty,i=1,r=963,j=0, frame.tid=100271
D/BootAnimation( 502): [BootAnimation movie 892]1,delay=40
D/BootAnimation( 502): [BootAnimation checkExit 714]exitnow=0
D/BootAnimation( 502): [BootAnimation movie 854]i=1,r=964,j=0,lastFrame=5847375 8852(58473 ms),file=ligo_00102.png
D/BootAnimation( 502): [BootAnimation movie 857]glBindTexture,i=1,r=964,j=0,fra me.tid=100271,name=ligo_00102.png
D/BootAnimation( 502): [BootAnimation movie 874]clearReg.isEmpty,i=1,r=964,j=0, frame.tid=100271
D/BootAnimation( 502): [BootAnimation movie 892]0,delay=40
D/BootAnimation( 502): [BootAnimation checkExit 714]exitnow=0
D/BootAnimation( 502): [BootAnimation movie 854]i=1,r=965,j=0,lastFrame=5852004 1929(58520 ms),file=ligo_00102.png
D/BootAnimation( 502): [BootAnimation movie 857]glBindTexture,i=1,r=965,j=0,fra me.tid=100271,name=ligo_00102.png
D/BootAnimation( 502): [BootAnimation movie 874]clearReg.isEmpty,i=1,r=965,j=0, frame.tid=100271
D/BootAnimation( 502): [BootAnimation movie 892]1,delay=39
E/AEE/DUMPSTATE( 1068): copy_file: Copy /proc/gpulog to SYS_GPU_INFO failed(2), No such file or directory
D/BootAnimation( 502): [BootAnimation checkExit 714]exitnow=0
D/BootAnimation( 502): [BootAnimation movie 854]i=1,r=966,j=0,lastFrame=5856265 7698(58562 ms),file=ligo_00102.png
D/BootAnimation( 502): [BootAnimation movie 857]glBindTexture,i=1,r=966,j=0,fra me.tid=100271,name=ligo_00102.png
D/BootAnimation( 502): [BootAnimation movie 874]clearReg.isEmpty,i=1,r=966,j=0, frame.tid=100271
D/BootAnimation( 502): [BootAnimation movie 892]0,delay=40
D/BootAnimation( 502): [BootAnimation checkExit 714]exitnow=0
D/BootAnimation( 502): [BootAnimation movie 854]i=1,r=967,j=0,lastFrame=5861037 8006(58610 ms),file=ligo_00102.png
D/BootAnimation( 502): [BootAnimation movie 857]glBindTexture,i=1,r=967,j=0,fra me.tid=100271,name=ligo_00102.png
D/BootAnimation( 502): [BootAnimation movie 874]clearReg.isEmpty,i=1,r=967,j=0,

frame.tid=100271
D/BootAnimation( 502): [BootAnimation
D/BootAnimation( 502): [BootAnimation
D/BootAnimation( 502): [BootAnimation 1391(58652 ms),file=ligo_00102.png
D/BootAnimation( 502): [BootAnimation me.tid=100271,name=ligo_00102.png
D/BootAnimation( 502): [BootAnimation frame.tid=100271
D/BootAnimation( 502): [BootAnimation
D/BootAnimation( 502): [BootAnimation
D/BootAnimation( 502): [BootAnimation 6698(58694 ms),file=ligo_00102.png
D/BootAnimation( 502): [BootAnimation me.tid=100271,name=ligo_00102.png
D/BootAnimation( 502): [BootAnimation frame.tid=100271
D/BootAnimation( 502): [BootAnimation
D/BootAnimation( 502): [BootAnimation
D/BootAnimation( 502): [BootAnimation 3083(58736 ms),file=ligo_00102.png
D/BootAnimation( 502): [BootAnimation me.tid=100271,name=ligo_00102.png
D/BootAnimation( 502): [BootAnimation frame.tid=100271
D/BootAnimation( 502): [BootAnimation
D/BootAnimation( 502): [BootAnimation
D/BootAnimation( 502): [BootAnimation 7698(58778 ms),file=ligo_00102.png
D/BootAnimation( 502): [BootAnimation me.tid=100271,name=ligo_00102.png
D/BootAnimation( 502): [BootAnimation frame.tid=100271
D/BootAnimation( 502): [BootAnimation
D/BootAnimation( 502): [BootAnimation
D/BootAnimation( 502): [BootAnimation 3006(58819 ms),file=ligo_00102.png
D/BootAnimation( 502): [BootAnimation me.tid=100271,name=ligo_00102.png
D/BootAnimation( 502): [BootAnimation frame.tid=100271
D/BootAnimation( 502): [BootAnimation
D/BootAnimation( 502): [BootAnimation
D/BootAnimation( 502): [BootAnimation 0083(58861 ms),file=ligo_00102.png
D/BootAnimation( 502): [BootAnimation me.tid=100271,name=ligo_00102.png
D/BootAnimation( 502): [BootAnimation frame.tid=100271
D/BootAnimation( 502): [BootAnimation
D/BootAnimation( 502): [BootAnimation
D/BootAnimation( 502): [BootAnimation 5852(58903 ms),file=ligo_00102.png
D/BootAnimation( 502): [BootAnimation me.tid=100271,name=ligo_00102.png
D/BootAnimation( 502): [BootAnimation frame.tid=100271
D/BootAnimation( 502): [BootAnimation
D/BootAnimation( 502): [BootAnimation
D/BootAnimation( 502): [BootAnimation

movie 892]1,delay=40 checkExit 714]exitnow=0 movie 854]i=1,r=968,j=0,lastFrame=5865230 movie 857]glBindTexture,i=1,r=968,j=0,fra movie 874]clearReg.isEmpty,i=1,r=968,j=0, movie 892]1,delay=39 checkExit 714]exitnow=0 movie 854]i=1,r=969,j=0,lastFrame=5869420 movie 857]glBindTexture,i=1,r=969,j=0,fra movie 874]clearReg.isEmpty,i=1,r=969,j=0, movie 892]1,delay=40 checkExit 714]exitnow=0 movie 854]i=1,r=970,j=0,lastFrame=5873610 movie 857]glBindTexture,i=1,r=970,j=0,fra movie 874]clearReg.isEmpty,i=1,r=970,j=0, movie 892]1,delay=40 checkExit 714]exitnow=0 movie 854]i=1,r=971,j=0,lastFrame=5877800 movie 857]glBindTexture,i=1,r=971,j=0,fra movie 874]clearReg.isEmpty,i=1,r=971,j=0, movie 892]1,delay=40 checkExit 714]exitnow=0 movie 854]i=1,r=972,j=0,lastFrame=5881992 movie 857]glBindTexture,i=1,r=972,j=0,fra movie 874]clearReg.isEmpty,i=1,r=972,j=0, movie 892]1,delay=40 checkExit 714]exitnow=0 movie 854]i=1,r=973,j=0,lastFrame=5886181 movie 857]glBindTexture,i=1,r=973,j=0,fra movie 874]clearReg.isEmpty,i=1,r=973,j=0, movie 892]1,delay=40 checkExit 714]exitnow=0 movie 854]i=1,r=974,j=0,lastFrame=5890370 movie 857]glBindTexture,i=1,r=974,j=0,fra movie 874]clearReg.isEmpty,i=1,r=974,j=0, movie 892]1,delay=40 checkExit 714]exitnow=0 movie 854]i=1,r=975,j=0,lastFrame=5894560

4775(58945 ms),file=ligo_00102.png
D/BootAnimation( 502): [BootAnimation movie 857]glBindTexture,i=1,r=975,j=0,fra me.tid=100271,name=ligo_00102.png
D/BootAnimation( 502): [BootAnimation movie 874]clearReg.isEmpty,i=1,r=975,j=0, frame.tid=100271
D/BootAnimation( 502): [BootAnimation movie 892]1,delay=40
I/Zygote ( 135): Exit zygote because system server (664) has terminated
D/BootAnimation( 502): [BootAnimation checkExit 714]exitnow=0
D/BootAnimation( 502): [BootAnimation movie 854]i=1,r=976,j=0,lastFrame=5898838 1929(58988 ms),file=ligo_00102.png
D/BootAnimation( 502): [BootAnimation movie 857]glBindTexture,i=1,r=976,j=0,fra me.tid=100271,name=ligo_00102.png
D/BootAnimation( 502): [BootAnimation movie 874]clearReg.isEmpty,i=1,r=976,j=0, frame.tid=100271
D/BootAnimation( 502): [BootAnimation movie 892]2,delay=39
I/ServiceManager( 118): service 'media.audio_flinger' died
I/ServiceManager( 118): service 'media.player' died
I/ServiceManager( 118): service 'memory.dumper' died
I/ServiceManager( 118): service 'media.camera' died
I/ServiceManager( 118): service 'media.audio_policy' died
I/Netd ( 1079): Netd 1.0 starting
W/InterfaceController( 1079): Warning (Cannot load library: load_library(linker. cpp:745): library "/system/lib/libnetcmdiface.so" not found) while opening the n et interface command library
D/BootAnimation( 502): [BootAnimation checkExit 714]exitnow=0
D/BootAnimation( 502): [BootAnimation movie 854]i=1,r=977,j=0,lastFrame=5903025 8775(59030 ms),file=ligo_00102.png
D/BootAnimation( 502): [BootAnimation movie 857]glBindTexture,i=1,r=977,j=0,fra me.tid=100271,name=ligo_00102.png
D/BootAnimation( 502): [BootAnimation movie 874]clearReg.isEmpty,i=1,r=977,j=0, frame.tid=100271
I/SurfaceTextureClient( 502): [STC::queueBuffer] (this:0x41958680) fps:22.70, d ur:1013.09, max:67.59, min:41.43
I/BufferQueue( 134): [BootAnimation](this:0x4295e370,api:1) [queue] fps:22.71, dur:1012.98, max:67.60, min:41.00
D/BootAnimation( 502): [BootAnimation movie 892]1,delay=40
D/BootAnimation( 502): [BootAnimation checkExit 714]exitnow=0
D/BootAnimation( 502): [BootAnimation movie 854]i=1,r=978,j=0,lastFrame=5907215 1083(59072 ms),file=ligo_00102.png
D/BootAnimation( 502): [BootAnimation movie 857]glBindTexture,i=1,r=978,j=0,fra me.tid=100271,name=ligo_00102.png
D/BootAnimation( 502): [BootAnimation movie 874]clearReg.isEmpty,i=1,r=978,j=0, frame.tid=100271
D/BootAnimation( 502): [BootAnimation movie 892]1,delay=39
I/BufferQueue( 134): [BootAnimation](this:0x4295e370,api:1) [release] fps:23.10 , dur:1038.78, max:58.79, min:39.06
I/SurfaceFlinger( 134): [SurfaceFlinger] fps:22.902136,dur:1004.27,max:61.24,mi n:39.12
D/BootAnimation( 502): [BootAnimation checkExit 714]exitnow=0
D/BootAnimation( 502): [BootAnimation movie 854]i=1,r=979,j=0,lastFrame=5911403 0698(59114 ms),file=ligo_00102.png
D/BootAnimation( 502): [BootAnimation movie 857]glBindTexture,i=1,r=979,j=0,fra me.tid=100271,name=ligo_00102.png
D/BootAnimation( 502): [BootAnimation movie 874]clearReg.isEmpty,i=1,r=979,j=0, frame.tid=100271
D/BootAnimation( 502): [BootAnimation movie 892]4,delay=37
I/IspDrv ( 1080): {IspDrv} [IspDrvImp] getpid[0x00000438],gettid[0x00000438]
D/BootAnimation( 502): [BootAnimation checkExit 714]exitnow=0
D/BootAnimation( 502): [BootAnimation movie 854]i=1,r=980,j=0,lastFrame=5915784 6467(59157 ms),file=ligo_00102.png

D/BootAnimation( 502): [BootAnimation movie 857]glBindTexture,i=1,r=980,j=0,fra me.tid=100271,name=ligo_00102.png
D/BootAnimation( 502): [BootAnimation movie 874]clearReg.isEmpty,i=1,r=980,j=0, frame.tid=100271
D/BootAnimation( 502): [BootAnimation movie 892]1,delay=40
D/AndroidRuntime( 1080):
D/AndroidRuntime( 1080): >>>>>> AndroidRuntime START com.android.internal.os.Zyg oteInit (start-system-server) <<<<<<
D/AndroidRuntime( 1080): CheckJNI is OFF
D/AndroidRuntime( 1080): language=-Duser.language=ru region=-Duser.region=RU
D/dalvikvm( 1080): boot class :
D/dalvikvm( 1080): (0) core.jar
D/dalvikvm( 1080): (1) core-junit.jar
D/dalvikvm( 1080): (2) bouncycastle.jar
D/dalvikvm( 1080): (3) ext.jar
D/dalvikvm( 1080): (4) framework.jar
D/dalvikvm( 1080): (5) telephony-common.jar
D/dalvikvm( 1080): (6) mms-common.jar
D/dalvikvm( 1080): (7) android.policy.jar
D/dalvikvm( 1080): (8) services.jar
D/dalvikvm( 1080): (9) apache-xml.jar
D/dalvikvm( 1080): (10) mediatek-common.jar
D/dalvikvm( 1080): (11) mediatek-framework.jar
D/dalvikvm( 1080): (12) mediatek-op.jar
D/dalvikvm( 1080): (13) secondary-framework.jar
D/dalvikvm( 1080): (14) CustomProperties.jar
D/dalvikvm( 1080): (15) am.jar
D/dalvikvm( 1080): threadid=1: interp stack at 0x5700b000
D/dalvikvm( 1080): open_cached_dex_file : /system/framework/core.jar /data/dalvi k-cache/system@framework@core.jar@classes.dex
D/dalvikvm( 1080): open_cached_dex_file : /system/framework/core-junit.jar /data /dalvik-cache/system@framework@core-junit.jar@classes.dex
D/dalvikvm( 1080): open_cached_dex_file : /system/framework/bouncycastle.jar /da ta/dalvik-cache/system@framework@bouncycastle.jar@classes.dex
D/dalvikvm( 1080): open_cached_dex_file : /system/framework/ext.jar /data/dalvik -cache/system@framework@ext.jar@classes.dex
D/dalvikvm( 1080): open_cached_dex_file : /system/framework/framework.jar /data/ dalvik-cache/system@framework@framework.jar@classes.dex
D/dalvikvm( 1080): open_cached_dex_file : /system/framework/telephony-common.jar /data/dalvik-cache/system@framework@telephony-common.jar@classes.dex
D/dalvikvm( 1080): open_cached_dex_file : /system/framework/mms-common.jar /data /dalvik-cache/system@framework@mms-common.jar@classes.dex
D/dalvikvm( 1080): open_cached_dex_file : /system/framework/android.policy.jar / data/dalvik-cache/system@framework@android.policy.jar@classes.dex
D/dalvikvm( 1080): open_cached_dex_file : /system/framework/services.jar /data/d alvik-cache/system@framework@services.jar@classes.dex
D/dalvikvm( 1080): open_cached_dex_file : /system/framework/apache-xml.jar /data /dalvik-cache/system@framework@apache-xml.jar@classes.dex
D/dalvikvm( 1080): open_cached_dex_file : /system/framework/mediatek-common.jar /data/dalvik-cache/system@framework@mediatek-common.jar@classes.dex
D/dalvikvm( 1080): open_cached_dex_file : /system/framework/mediatek-framework.j ar /data/dalvik-cache/system@framework@mediatek-framework.jar@classes.dex
D/dalvikvm( 1080): open_cached_dex_file : /system/framework/mediatek-op.jar /dat a/dalvik-cache/system@framework@mediatek-op.jar@classes.dex
D/dalvikvm( 1080): open_cached_dex_file : /system/framework/secondary-framework. jar /data/dalvik-cache/system@framework@secondary-framework.jar@classes.dex
D/dalvikvm( 1080): open_cached_dex_file : /system/framework/CustomProperties.jar /data/dalvik-cache/system@framework@CustomProperties.jar@classes.dex
D/dalvikvm( 1080): Trying to load lib libjavacore.so 0x0
D/dalvikvm( 1080): Added shared lib libjavacore.so 0x0

D/BootAnimation( 502): [BootAnimation checkExit 714]exitnow=0
D/BootAnimation( 502): [BootAnimation movie 854]i=1,r=981,j=0,lastFrame=5920073 5698(59200 ms),file=ligo_00102.png
D/BootAnimation( 502): [BootAnimation movie 857]glBindTexture,i=1,r=981,j=0,fra me.tid=100271,name=ligo_00102.png
D/BootAnimation( 502): [BootAnimation movie 874]clearReg.isEmpty,i=1,r=981,j=0, frame.tid=100271
D/dalvikvm( 1080): Trying to load lib libnativehelper.so 0x0
D/dalvikvm( 1080): Added shared lib libnativehelper.so 0x0
D/BootAnimation( 502): [BootAnimation movie 892]7,delay=34
D/dalvikvm( 1080): +++ finishing prep on main VM thread
D/dalvikvm( 1080): create interp thread : stack size=32KB
D/dalvikvm( 1080): create new thread
D/dalvikvm( 1080): new thread created
D/dalvikvm( 1080): update thread list
D/dalvikvm( 1080): threadid=2: interp stack at 0x5a789000
D/dalvikvm( 1080): threadid=2: created from interp
D/dalvikvm( 1080): start new thread
D/dalvikvm( 1080): create interp thread : stack size=32KB
D/dalvikvm( 1080): create new thread
D/dalvikvm( 1080): threadid=2: notify debugger
D/dalvikvm( 1080): threadid=2 (ReferenceQueueDaemon): calling run()
D/dalvikvm( 1080): threadid=3: interp stack at 0x5a891000
D/dalvikvm( 1080): threadid=3: created from interp
D/dalvikvm( 1080): new thread created
D/dalvikvm( 1080): update thread list
D/dalvikvm( 1080): start new thread
D/dalvikvm( 1080): threadid=3: notify debugger
D/dalvikvm( 1080): threadid=3 (FinalizerDaemon): calling run()
D/dalvikvm( 1080): create interp thread : stack size=32KB
D/dalvikvm( 1080): create new thread
D/dalvikvm( 1080): new thread created
D/dalvikvm( 1080): update thread list
D/dalvikvm( 1080): threadid=4: interp stack at 0x5a999000
D/dalvikvm( 1080): threadid=4: created from interp
D/dalvikvm( 1080): start new thread
I/dalvikvm( 1080): Doesn't invoke unshare() to create private mount namespace in initZygote()
D/dalvikvm( 1080): threadid=4: notify debugger
D/dalvikvm( 1080): threadid=4 (FinalizerWatchdogDaemon): calling run()
D/BootAnimation( 502): [BootAnimation checkExit 714]exitnow=0
D/BootAnimation( 502): [BootAnimation movie 854]i=1,r=982,j=0,lastFrame=5924279 4929(59242 ms),file=ligo_00102.png
D/BootAnimation( 502): [BootAnimation movie 857]glBindTexture,i=1,r=982,j=0,fra me.tid=100271,name=ligo_00102.png
D/BootAnimation( 502): [BootAnimation movie 874]clearReg.isEmpty,i=1,r=982,j=0, frame.tid=100271
D/BootAnimation( 502): [BootAnimation movie 892]1,delay=40
D/dalvikvm( 1080): Note: class Landroid/app/ActivityManagerNative; has 159 unimp lemented (abstract) methods
D/BootAnimation( 502): [BootAnimation checkExit 714]exitnow=0
D/BootAnimation( 502): [BootAnimation movie 854]i=1,r=983,j=0,lastFrame=5928469 4929(59284 ms),file=ligo_00102.png
D/BootAnimation( 502): [BootAnimation movie 857]glBindTexture,i=1,r=983,j=0,fra me.tid=100271,name=ligo_00102.png
D/BootAnimation( 502): [BootAnimation movie 874]clearReg.isEmpty,i=1,r=983,j=0, frame.tid=100271
D/BootAnimation( 502): [BootAnimation movie 892]1,delay=40
I/IspDrv ( 1078): {IspDrv} [IspDrvImp] getpid[0x00000436],gettid[0x00000436]
I/mediaserver( 1078): ServiceManager: 0x4121af90

I/AudioFlinger( 1078): Using default 3000 mSec as standby time.
D/MediaPlayerService( 1078): MediaPlayerService created
V/MemoryDumper( 1078): Instantiate memory dumper service...
V/MemoryDumper( 1078): MemoryDumper created, dump file=/sdcard/memstatus_1078
I/CameraService( 1078): CameraService started (pid=1078)
D/BootAnimation( 502): [BootAnimation checkExit 714]exitnow=0
D/BootAnimation( 502): [BootAnimation movie 854]i=1,r=984,j=0,lastFrame=5932657 1929(59326 ms),file=ligo_00102.png
D/BootAnimation( 502): [BootAnimation movie 857]glBindTexture,i=1,r=984,j=0,fra me.tid=100271,name=ligo_00102.png
D/BootAnimation( 502): [BootAnimation movie 874]clearReg.isEmpty,i=1,r=984,j=0, frame.tid=100271
D/BootAnimation( 502): [BootAnimation movie 892]1,delay=40
D/BootAnimation( 502): [BootAnimation checkExit 714]exitnow=0
D/BootAnimation( 502): [BootAnimation movie 854]i=1,r=985,j=0,lastFrame=5936846 0390(59368 ms),file=ligo_00102.png
D/BootAnimation( 502): [BootAnimation movie 857]glBindTexture,i=1,r=985,j=0,fra me.tid=100271,name=ligo_00102.png
D/BootAnimation( 502): [BootAnimation movie 874]clearReg.isEmpty,i=1,r=985,j=0, frame.tid=100271
D/BootAnimation( 502): [BootAnimation movie 892]1,delay=39
I/SamplingProfilerIntegration( 1080): Profiling disabled.
I/Zygote ( 1080): Preloading classes...
D/dalvikvm( 1080): GC_EXPLICIT freed 34K (543), 8% free 452K/488K, paused 0ms+1m s, total 2ms
D/ae_mgr ( 1078): [AeMgr]
D/MtkATV/State( 1078): (StatePreCapture)[StatePreCapture] +
D/MtkATV/State( 1078): (StateCapturePreview)[StateCapturePreview]
D/MtkCam/module( 1078): [instantiate_camera_module]
D/MtkCam/MtkCamUtils( 1078): [CamPropertyMap::clear] pid/tid=1078/1078
D/MtkCam/MtkCamUtils( 1078): [CamDevMetaInfoMap::clear] pid/tid=1078/1078
D/SensorHal( 1078): [getInstance][SensorHalImp] getInstance
D/SensorHal( 1078): [createImp][createImp]: 0
D/SeninfDrvImp( 1078): [getInstance][getInstance]
D/SeninfDrvImp( 1078): [SeninfDrvImp][SeninfDrvImp]
D/SeninfDrvImp( 1078): [init][init]: Entry count 0
I/IspDrv ( 1078): {IspDrv} [createInstance] fgIsGdmaMode: 0.
I/IspDrv ( 1078): {IspDrv} [init] - E. mInitCount(0). m_fgIsGdmaMode: 0.
I/IspDrv ( 1078): {IspDrv} [ProfilingPrint] [Event_IspDrv_Init] mpIspDrvRegMap malloc:(0-th) ===> [start-->now: 0.038000 ms]
I/IspDrv ( 1078): {IspDrv} [ProfilingPrint] [Event_IspDrv_Init] 1st open(ISP_DR V_DEV_NAME, O_RDWR):(1-th) ===> [start-->now: 0.159000 ms] [last-->now: 0.121000 ms]
I/IspDrv ( 1078): {IspDrv} [ProfilingPrint] [Event_IspDrv_Init] mpIspHwRegAddr mmap():(2-th) ===> [start-->now: 0.211000 ms] [last-->now: 0.052000 ms]
I/IspDrv ( 1078): {IspDrv} [ProfilingPrint] [Event_IspDrv_Init] m_pRTBufTbl mma p():(3-th) ===> [start-->now: 0.255000 ms] [last-->now: 0.044000 ms]
I/IspDrv ( 1078): {IspDrv} [reset] ISP SW RESET[0x0000000e]
I/IspDrv ( 1078): {IspDrv} [init] ISP Global Count: 1.
I/IspDrv ( 1078): {IspDrv} [ProfilingPrint] [Event_IspDrv_Init] kRefCntCtrl and ISP reset():(4-th) ===> [start-->now: 0.533000 ms] [last-->now: 0.278000 ms]
I/Drv/IMem( 1078): Drv/IMem[IMemDrvImp] getpid[0x00000436],gettid[0x00000436]
I/Drv/IMem( 1078): Drv/IMem[getInstance] singleton[0x40db0608],getpid[0x00000436 ],gettid[0x00000436]
I/IspDrv ( 1078): {IspDrv} [ProfilingPrint] [Event_IspDrv_Init] IMemDrv::create Instance():(5-th) ===> [start-->now: 0.626000 ms] [last-->now: 0.093000 ms]
I/Drv/IMem( 1078): Drv/IMem[init] open ion id(17).
I/IspDrv ( 1078): {IspDrv} [ProfilingPrint] [Event_IspDrv_Init] m_pIMemDrv->ini t():(6-th) ===> [start-->now: 0.994000 ms] [last-->now: 0.368000 ms]
I/IspDrv ( 1078): {IspDrv} [init] m_ispVirRegBufInfo.size: 794628.

D/BootAnimation( 502): [BootAnimation checkExit 714]exitnow=0
D/BootAnimation( 502): [BootAnimation movie 854]i=1,r=986,j=0,lastFrame=5941033 0391(59410 ms),file=ligo_00102.png
D/BootAnimation( 502): [BootAnimation movie 857]glBindTexture,i=1,r=986,j=0,fra me.tid=100271,name=ligo_00102.png
