D/BootAnimation( 502): [BootAnimation movie 857]glBindTexture,i=1,r=131,j=0,fra me.tid=100271,name=ligo_00102.png

D/BootAnimation( 502): [BootAnimation movie 874]clearReg.isEmpty,i=1,r=131,j=0, frame.tid=100271
D/BootAnimation( 502): [BootAnimation movie 892]1,delay=40
D/dalvikvm( 135): GC_EXPLICIT freed 17K (19), 23% free 3120K/4048K, paused 2ms+ 2ms, total 20ms
D/skia ( 135): Flag is not 10
D/dalvikvm( 135): GC_EXPLICIT freed 273K (17), 20% free 3736K/4664K, paused 2ms +2ms, total 18ms
D/BootAnimation( 502): [BootAnimation checkExit 714]exitnow=0
D/BootAnimation( 502): [BootAnimation movie 854]i=1,r=132,j=0,lastFrame=2072816 2003(20728 ms),file=ligo_00102.png
D/BootAnimation( 502): [BootAnimation movie 857]glBindTexture,i=1,r=132,j=0,fra me.tid=100271,name=ligo_00102.png
D/BootAnimation( 502): [BootAnimation movie 874]clearReg.isEmpty,i=1,r=132,j=0, frame.tid=100271
D/skia ( 135): Flag is not 10
W/Resources( 135): Preloaded drawable resource #0x1080096 (android:drawable/toa st_frame) that varies with configuration!!
D/BootAnimation( 502): [BootAnimation movie 892]1,delay=40
D/dalvikvm( 135): GC_EXPLICIT freed 56K (32), 20% free 3736K/4664K, paused 2ms+ 2ms, total 19ms
D/skia ( 135): Flag is not 10
D/skia ( 135): Flag is not 10
D/BootAnimation( 502): [BootAnimation checkExit 714]exitnow=0
D/BootAnimation( 502): [BootAnimation movie 854]i=1,r=133,j=0,lastFrame=2077014 0772(20770 ms),file=ligo_00102.png
D/BootAnimation( 502): [BootAnimation movie 857]glBindTexture,i=1,r=133,j=0,fra me.tid=100271,name=ligo_00102.png
D/BootAnimation( 502): [BootAnimation movie 874]clearReg.isEmpty,i=1,r=133,j=0, frame.tid=100271
D/BootAnimation( 502): [BootAnimation movie 892]1,delay=40
D/dalvikvm( 135): GC_EXPLICIT freed 31K (28), 19% free 3806K/4664K, paused 2ms+ 3ms, total 19ms
D/skia ( 135): Flag is not 10
D/dalvikvm( 135): GC_EXPLICIT freed 30K (16), 17% free 3874K/4664K, paused 1ms+ 2ms, total 18ms
D/skia ( 135): Flag is not 10
D/skia ( 135): Flag is not 10
D/skia ( 135): Flag is not 10
D/skia ( 135): Flag is not 10
D/skia ( 135): Flag is not 10
D/skia ( 135): Flag is not 10
D/skia ( 135): Flag is not 10
D/skia ( 135): Flag is not 10
D/BootAnimation( 502): [BootAnimation checkExit 714]exitnow=0
D/BootAnimation( 502): [BootAnimation movie 854]i=1,r=134,j=0,lastFrame=2081200 0542(20812 ms),file=ligo_00102.png
D/BootAnimation( 502): [BootAnimation movie 857]glBindTexture,i=1,r=134,j=0,fra me.tid=100271,name=ligo_00102.png
D/BootAnimation( 502): [BootAnimation movie 874]clearReg.isEmpty,i=1,r=134,j=0, frame.tid=100271
D/BootAnimation( 502): [BootAnimation movie 892]1,delay=40
D/dalvikvm( 135): GC_EXPLICIT freed 53K (276), 15% free 3983K/4664K, paused 1ms +2ms, total 20ms
D/skia ( 135): Flag is not 10
D/skia ( 135): Flag is not 10
D/skia ( 135): Flag is not 10
D/dalvikvm( 135): GC_EXPLICIT freed 22K (95), 14% free 4026K/4664K, paused 1ms+ 2ms, total 18ms
D/skia ( 135): Flag is not 10

D/BootAnimation( 502): [BootAnimation checkExit 714]exitnow=0
D/BootAnimation( 502): [BootAnimation movie 854]i=1,r=135,j=0,lastFrame=2085403 0311(20854 ms),file=ligo_00102.png
D/BootAnimation( 502): [BootAnimation movie 857]glBindTexture,i=1,r=135,j=0,fra me.tid=100271,name=ligo_00102.png
D/BootAnimation( 502): [BootAnimation movie 874]clearReg.isEmpty,i=1,r=135,j=0, frame.tid=100271
D/BootAnimation( 502): [BootAnimation movie 892]1,delay=40
D/skia ( 135): Flag is not 10
I/BufferQueue( 134): [BootAnimation](this:0x4295e370,api:1) [release] fps:23.62 , dur:1058.42, max:58.80, min:39.14
D/dalvikvm( 135): GC_EXPLICIT freed 21K (34), 13% free 4073K/4664K, paused 1ms+ 2ms, total 19ms
D/skia ( 135): Flag is not 10
D/BootAnimation( 502): [BootAnimation checkExit 714]exitnow=0
D/BootAnimation( 502): [BootAnimation movie 854]i=1,r=136,j=0,lastFrame=2089593 5157(20895 ms),file=ligo_00102.png
D/BootAnimation( 502): [BootAnimation movie 857]glBindTexture,i=1,r=136,j=0,fra me.tid=100271,name=ligo_00102.png
D/BootAnimation( 502): [BootAnimation movie 874]clearReg.isEmpty,i=1,r=136,j=0, frame.tid=100271
D/BootAnimation( 502): [BootAnimation movie 892]1,delay=40
D/dalvikvm( 135): GC_EXPLICIT freed 17K (41), 12% free 4112K/4664K, paused 2ms+ 2ms, total 19ms
D/skia ( 135): Flag is not 10
D/dalvikvm( 135): GC_EXPLICIT freed 17K (28), 12% free 4149K/4664K, paused 2ms+ 2ms, total 19ms
D/skia ( 135): Flag is not 10
D/BootAnimation( 502): [BootAnimation checkExit 714]exitnow=0
D/BootAnimation( 502): [BootAnimation movie 854]i=1,r=137,j=0,lastFrame=2093786 2388(20937 ms),file=ligo_00102.png
D/BootAnimation( 502): [BootAnimation movie 857]glBindTexture,i=1,r=137,j=0,fra me.tid=100271,name=ligo_00102.png
D/BootAnimation( 502): [BootAnimation movie 874]clearReg.isEmpty,i=1,r=137,j=0, frame.tid=100271
D/BootAnimation( 502): [BootAnimation movie 892]1,delay=40
D/dalvikvm( 135): GC_EXPLICIT freed 17K (15), 11% free 4187K/4664K, paused 1ms+ 2ms, total 20ms
D/skia ( 135): Flag is not 10
D/dalvikvm( 135): GC_EXPLICIT freed 17K (15), 10% free 4225K/4664K, paused 2ms+ 2ms, total 21ms
D/skia ( 135): Flag is not 10
D/BootAnimation( 502): [BootAnimation checkExit 714]exitnow=0
D/BootAnimation( 502): [BootAnimation movie 854]i=1,r=138,j=0,lastFrame=2097978 4080(20979 ms),file=ligo_00102.png
D/BootAnimation( 502): [BootAnimation movie 857]glBindTexture,i=1,r=138,j=0,fra me.tid=100271,name=ligo_00102.png
D/BootAnimation( 502): [BootAnimation movie 874]clearReg.isEmpty,i=1,r=138,j=0, frame.tid=100271
D/BootAnimation( 502): [BootAnimation movie 892]1,delay=39
D/dalvikvm( 135): GC_EXPLICIT freed 40K (15), 10% free 4316K/4756K, paused 2ms+ 2ms, total 23ms
D/skia ( 135): Flag is not 10
D/skia ( 135): Flag is not 10
D/BootAnimation( 502): [BootAnimation checkExit 714]exitnow=0
D/BootAnimation( 502): [BootAnimation movie 854]i=1,r=139,j=0,lastFrame=2102168 0080(21021 ms),file=ligo_00102.png
D/BootAnimation( 502): [BootAnimation movie 857]glBindTexture,i=1,r=139,j=0,fra me.tid=100271,name=ligo_00102.png
D/BootAnimation( 502): [BootAnimation movie 874]clearReg.isEmpty,i=1,r=139,j=0,

frame.tid=100271
D/dalvikvm( 135): GC_EXPLICIT freed 24K (23), 9% free 4370K/4756K, paused 2ms+2 ms, total 21ms
D/BootAnimation( 502): [BootAnimation movie 892]1,delay=40
I/Zygote ( 135): ...preloaded 89 resources in 1180ms.
D/skia ( 135): Flag is not 10
W/Resources( 135): Preloaded drawable resource #0x6020088 (miui:drawable/rounde d_corner_top_right) that varies with configuration!!
D/skia ( 135): Flag is not 10
W/Resources( 135): Preloaded drawable resource #0x6020087 (miui:drawable/rounde d_corner_top_left) that varies with configuration!!
D/skia ( 135): Flag is not 10
W/Resources( 135): Preloaded drawable resource #0x6020086 (miui:drawable/rounde d_corner_bottom_right) that varies with configuration!!
D/skia ( 135): Flag is not 10
W/Resources( 135): Preloaded drawable resource #0x6020085 (miui:drawable/rounde d_corner_bottom_left) that varies with configuration!!
D/skia ( 135): Flag is not 10
W/Resources( 135): Preloaded drawable resource #0x60200f6 (miui:drawable/v5_bot tom_bar_more_icon_normal_light) that varies with configuration!!
D/dalvikvm( 135): GC_EXPLICIT freed 71K (173), 8% free 4379K/4756K, paused 2ms+ 1ms, total 19ms
D/skia ( 135): Flag is not 10
W/Resources( 135): Preloaded drawable resource #0x6020250 (miui:drawable/v5_win dow_bg_light) that varies with configuration!!
D/skia ( 135): Flag is not 10
W/Resources( 135): Preloaded drawable resource #0x60201d4 (miui:drawable/v5_men u_primary_mask_bg_light) that varies with configuration!!
D/skia ( 135): Flag is not 10
W/Resources( 135): Preloaded drawable resource #0x602023c (miui:drawable/v5_tab _indicator_shadow_light) that varies with configuration!!
D/skia ( 135): Flag is not 10
W/Resources( 135): Preloaded drawable resource #0x60200f8 (miui:drawable/v5_bot tom_bar_more_icon_pressed_light) that varies with configuration!!
D/BootAnimation( 502): [BootAnimation checkExit 714]exitnow=0
D/BootAnimation( 502): [BootAnimation movie 854]i=1,r=140,j=0,lastFrame=2106358 0311(21063 ms),file=ligo_00102.png
D/BootAnimation( 502): [BootAnimation movie 857]glBindTexture,i=1,r=140,j=0,fra me.tid=100271,name=ligo_00102.png
D/BootAnimation( 502): [BootAnimation movie 874]clearReg.isEmpty,i=1,r=140,j=0, frame.tid=100271
D/BootAnimation( 502): [BootAnimation movie 892]1,delay=40
D/dalvikvm( 135): GC_EXPLICIT freed 65K (155), 8% free 4379K/4756K, paused 2ms+ 2ms, total 20ms
D/skia ( 135): Flag is not 10
W/Resources( 135): Preloaded drawable resource #0x6020246 (miui:drawable/v5_tit le_bar_back_button_pressed_light) that varies with configuration!!
D/skia ( 135): Flag is not 10
W/Resources( 135): Preloaded drawable resource #0x6020245 (miui:drawable/v5_tit le_bar_back_button_normal_light) that varies with configuration!!
W/Resources( 135): Preloaded drawable resource #0x6020245 (miui:drawable/v5_tit le_bar_back_button_normal_light) that varies with configuration!!
D/dalvikvm( 135): GC_EXPLICIT freed 108K (94), 10% free 4380K/4860K, paused 2ms +2ms, total 19ms
D/skia ( 135): Flag is not 10
W/Resources( 135): Preloaded drawable resource #0x6020246 (miui:drawable/v5_tit le_bar_back_button_pressed_light) that varies with configuration!!
D/BootAnimation( 502): [BootAnimation checkExit 714]exitnow=0
D/BootAnimation( 502): [BootAnimation movie 854]i=1,r=141,j=0,lastFrame=2110548 2618(21105 ms),file=ligo_00102.png

D/BootAnimation( 502): [BootAnimation movie 857]glBindTexture,i=1,r=141,j=0,fra me.tid=100271,name=ligo_00102.png
D/BootAnimation( 502): [BootAnimation movie 874]clearReg.isEmpty,i=1,r=141,j=0, frame.tid=100271
D/BootAnimation( 502): [BootAnimation movie 892]1,delay=40
D/dalvikvm( 135): GC_EXPLICIT freed 54K (53), 10% free 4380K/4860K, paused 2ms+ 1ms, total 21ms
D/skia ( 135): Flag is not 10
W/Resources( 135): Preloaded drawable resource #0x6020245 (miui:drawable/v5_tit le_bar_back_button_normal_light) that varies with configuration!!
D/dalvikvm( 135): GC_EXPLICIT freed 53K (34), 10% free 4380K/4860K, paused 1ms+ 2ms, total 18ms
D/skia ( 135): Flag is not 10
W/Resources( 135): Preloaded drawable resource #0x6020170 (miui:drawable/v5_edi t_mode_top_bar_bg_light) that varies with configuration!!
D/skia ( 135): Flag is not 10
W/Resources( 135): Preloaded drawable resource #0x60200f8 (miui:drawable/v5_bot tom_bar_more_icon_pressed_light) that varies with configuration!!
D/skia ( 135): Flag is not 10
W/Resources( 135): Preloaded drawable resource #0x60200f8 (miui:drawable/v5_bot tom_bar_more_icon_pressed_light) that varies with configuration!!
D/BootAnimation( 502): [BootAnimation checkExit 714]exitnow=0
D/BootAnimation( 502): [BootAnimation movie 854]i=1,r=142,j=0,lastFrame=2114733 9234(21147 ms),file=ligo_00102.png
D/BootAnimation( 502): [BootAnimation movie 857]glBindTexture,i=1,r=142,j=0,fra me.tid=100271,name=ligo_00102.png
D/BootAnimation( 502): [BootAnimation movie 874]clearReg.isEmpty,i=1,r=142,j=0, frame.tid=100271
D/skia ( 135): Flag is not 10
D/BootAnimation( 502): [BootAnimation movie 892]1,delay=40
W/Resources( 135): Preloaded drawable resource #0x60200f6 (miui:drawable/v5_bot tom_bar_more_icon_normal_light) that varies with configuration!!
W/Resources( 135): Preloaded drawable resource #0x60200f6 (miui:drawable/v5_bot tom_bar_more_icon_normal_light) that varies with configuration!!
D/dalvikvm( 135): GC_EXPLICIT freed 191K (136), 11% free 4382K/4912K, paused 2m s+1ms, total 20ms
D/skia ( 135): Flag is not 10
W/Resources( 135): Preloaded drawable resource #0x6020210 (miui:drawable/v5_scr ollbar_handle_vertical_light) that varies with configuration!!
D/skia ( 135): Flag is not 10
W/Resources( 135): Preloaded drawable resource #0x602020e (miui:drawable/v5_scr ollbar_handle_horizontal_light) that varies with configuration!!
D/skia ( 135): Flag is not 10
W/Resources( 135): Preloaded drawable resource #0x6020238 (miui:drawable/v5_tab _indicator_arrow_light) that varies with configuration!!
D/skia ( 135): Flag is not 10
W/Resources( 135): Preloaded drawable resource #0x6020104 (miui:drawable/v5_bot tom_bar_top_line_light) that varies with configuration!!
D/skia ( 135): Flag is not 10
W/Resources( 135): Preloaded drawable resource #0x6020109 (miui:drawable/v5_btn _bg_first_pressed_light) that varies with configuration!!
D/skia ( 135): Flag is not 10
W/Resources( 135): Preloaded drawable resource #0x6020109 (miui:drawable/v5_btn _bg_first_pressed_light) that varies with configuration!!
D/skia ( 135): Flag is not 10
W/Resources( 135): Preloaded drawable resource #0x6020108 (miui:drawable/v5_btn _bg_first_normal_light) that varies with configuration!!
D/skia ( 135): Flag is not 10
W/Resources( 135): Preloaded drawable resource #0x602010b (miui:drawable/v5_btn _bg_last_pressed_light) that varies with configuration!!

D/BootAnimation( 502): [BootAnimation checkExit 714]exitnow=0
D/BootAnimation( 502): [BootAnimation movie 854]i=1,r=143,j=0,lastFrame=2118930 1080(21189 ms),file=ligo_00102.png
D/BootAnimation( 502): [BootAnimation movie 857]glBindTexture,i=1,r=143,j=0,fra me.tid=100271,name=ligo_00102.png
D/BootAnimation( 502): [BootAnimation movie 874]clearReg.isEmpty,i=1,r=143,j=0, frame.tid=100271
D/skia ( 135): Flag is not 10
W/Resources( 135): Preloaded drawable resource #0x602010b (miui:drawable/v5_btn _bg_last_pressed_light) that varies with configuration!!
D/BootAnimation( 502): [BootAnimation movie 892]1,delay=40
D/skia ( 135): Flag is not 10
W/Resources( 135): Preloaded drawable resource #0x602010a (miui:drawable/v5_btn _bg_last_normal_light) that varies with configuration!!
D/skia ( 135): Flag is not 10
W/Resources( 135): Preloaded drawable resource #0x602011c (miui:drawable/v5_btn _bg_single_pressed_light) that varies with configuration!!
D/skia ( 135): Flag is not 10
W/Resources( 135): Preloaded drawable resource #0x602011c (miui:drawable/v5_btn _bg_single_pressed_light) that varies with configuration!!
D/skia ( 135): Flag is not 10
W/Resources( 135): Preloaded drawable resource #0x602011b (miui:drawable/v5_btn _bg_single_normal_light) that varies with configuration!!
I/SurfaceFlinger( 134): [SurfaceFlinger] fps:23.588003,dur:1017.47,max:55.64,mi n:39.13
D/skia ( 135): Flag is not 10
W/Resources( 135): Preloaded drawable resource #0x602011c (miui:drawable/v5_btn _bg_single_pressed_light) that varies with configuration!!
D/skia ( 135): Flag is not 10
W/Resources( 135): Preloaded drawable resource #0x602011c (miui:drawable/v5_btn _bg_single_pressed_light) that varies with configuration!!
D/skia ( 135): Flag is not 10
W/Resources( 135): Preloaded drawable resource #0x602011b (miui:drawable/v5_btn _bg_single_normal_light) that varies with configuration!!
W/Resources( 135): Preloaded drawable resource #0x602011b (miui:drawable/v5_btn _bg_single_normal_light) that varies with configuration!!
D/BootAnimation( 502): [BootAnimation checkExit 714]exitnow=0
D/BootAnimation( 502): [BootAnimation movie 854]i=1,r=144,j=0,lastFrame=2123123 3619(21231 ms),file=ligo_00102.png
D/BootAnimation( 502): [BootAnimation movie 857]glBindTexture,i=1,r=144,j=0,fra me.tid=100271,name=ligo_00102.png
D/BootAnimation( 502): [BootAnimation movie 874]clearReg.isEmpty,i=1,r=144,j=0, frame.tid=100271
D/BootAnimation( 502): [BootAnimation movie 892]1,delay=40
D/dalvikvm( 135): GC_EXPLICIT freed 771K (506), 20% free 4387K/5480K, paused 2m s+2ms, total 21ms
D/skia ( 135): Flag is not 10
W/Resources( 135): Preloaded drawable resource #0x602023b (miui:drawable/v5_tab _indicator_placeholder) that varies with configuration!!
D/skia ( 135): Flag is not 10
W/Resources( 135): Preloaded drawable resource #0x602011c (miui:drawable/v5_btn _bg_single_pressed_light) that varies with configuration!! D/ccci_fsd(1)( 121): O: [1210103F1214342D](0x20010400): (11 1)
D/dalvikvm( 135): GC_EXPLICIT freed 86K (141), 20% free 4384K/5480K, paused 2ms +2ms, total 20ms D/ccci_fsd(1)( 121): F: 1: 36 0
D/skia ( 135): Flag is not 10
W/Resources( 135): Preloaded drawable resource #0x602011b (miui:drawable/v5_btn _bg_single_normal_light) that varies with configuration!!
D/BootAnimation( 502): [BootAnimation checkExit 714]exitnow=0

D/BootAnimation( 502): [BootAnimation movie 854]i=1,r=145,j=0,lastFrame=2127324 7772(21273 ms),file=ligo_00102.png
D/BootAnimation( 502): [BootAnimation movie 857]glBindTexture,i=1,r=145,j=0,fra me.tid=100271,name=ligo_00102.png
D/BootAnimation( 502): [BootAnimation movie 874]clearReg.isEmpty,i=1,r=145,j=0, frame.tid=100271
I/SurfaceTextureClient( 502): [STC::queueBuffer] (this:0x41958680) fps:23.84, d ur:1006.51, max:42.39, min:41.57
I/BufferQueue( 134): [BootAnimation](this:0x4295e370,api:1) [queue] fps:23.84, dur:1006.91, max:42.39, min:41.54
D/BootAnimation( 502): [BootAnimation movie 892]2,delay=39 D/ccci_fsd(1)( 121): W: 1 16: 16 0 D/ccci_fsd(1)( 121): W: 1 2: 2 0 D/ccci_fsd(1)( 121): C: 1: 0
D/dalvikvm( 135): GC_EXPLICIT freed 81K (37), 20% free 4384K/5480K, paused 3ms+ 2ms, total 22ms
D/skia ( 135): Flag is not 10
W/Resources( 135): Preloaded drawable resource #0x602010b (miui:drawable/v5_btn _bg_last_pressed_light) that varies with configuration!!
D/skia ( 135): Flag is not 10
W/Resources( 135): Preloaded drawable resource #0x602010a (miui:drawable/v5_btn _bg_last_normal_light) that varies with configuration!!
D/BootAnimation( 502): [BootAnimation checkExit 714]exitnow=0
D/BootAnimation( 502): [BootAnimation movie 854]i=1,r=146,j=0,lastFrame=2131516 5080(21315 ms),file=ligo_00102.png
D/BootAnimation( 502): [BootAnimation movie 857]glBindTexture,i=1,r=146,j=0,fra me.tid=100271,name=ligo_00102.png
D/BootAnimation( 502): [BootAnimation movie 874]clearReg.isEmpty,i=1,r=146,j=0, frame.tid=100271
D/BootAnimation( 502): [BootAnimation movie 892]0,delay=40
D/dalvikvm( 135): GC_EXPLICIT freed 87K (59), 20% free 4384K/5480K, paused 2ms+ 3ms, total 23ms
D/skia ( 135): Flag is not 10
W/Resources( 135): Preloaded drawable resource #0x6020109 (miui:drawable/v5_btn _bg_first_pressed_light) that varies with configuration!!
D/skia ( 135): Flag is not 10
W/Resources( 135): Preloaded drawable resource #0x6020108 (miui:drawable/v5_btn _bg_first_normal_light) that varies with configuration!!
D/dalvikvm( 135): GC_EXPLICIT freed 87K (63), 20% free 4384K/5480K, paused 2ms+ 2ms, total 20ms
D/skia ( 135): Flag is not 10
W/Resources( 135): Preloaded drawable resource #0x60200fc (miui:drawable/v5_bot tom_bar_placeholder) that varies with configuration!!
D/skia ( 135): Flag is not 10
W/Resources( 135): Preloaded drawable resource #0x6020201 (miui:drawable/v5_pro gress_bar_bg_light) that varies with configuration!!
D/BootAnimation( 502): [BootAnimation checkExit 714]exitnow=0
D/BootAnimation( 502): [BootAnimation movie 854]i=1,r=147,j=0,lastFrame=2135706 9311(21357 ms),file=ligo_00102.png
D/BootAnimation( 502): [BootAnimation movie 857]glBindTexture,i=1,r=147,j=0,fra me.tid=100271,name=ligo_00102.png
D/BootAnimation( 502): [BootAnimation movie 874]clearReg.isEmpty,i=1,r=147,j=0, frame.tid=100271
D/BootAnimation( 502): [BootAnimation movie 892]3,delay=38
D/dalvikvm( 135): GC_EXPLICIT freed 67K (63), 20% free 4386K/5480K, paused 2ms+ 2ms, total 22ms
D/skia ( 135): Flag is not 10
W/Resources( 135): Preloaded drawable resource #0x60201c6 (miui:drawable/v5_lis t_view_single_item_bg_normal_light) that varies with configuration!!
D/skia ( 135): Flag is not 10

W/Resources( 135): Preloaded drawable resource #0x60201c4 (miui:drawable/v5_lis t_view_middle_item_bg_selected_light) that varies with configuration!!
D/skia ( 135): Flag is not 10
W/Resources( 135): Preloaded drawable resource #0x60201c2 (miui:drawable/v5_lis t_view_middle_item_bg_pressed_light) that varies with configuration!!
D/skia ( 135): Flag is not 10
W/Resources( 135): Preloaded drawable resource #0x60201c0 (miui:drawable/v5_lis t_view_middle_item_bg_normal_light) that varies with configuration!!
D/skia ( 135): Flag is not 10
W/Resources( 135): Preloaded drawable resource #0x60200f5 (miui:drawable/v5_bot tom_bar_more_icon_normal_dark) that varies with configuration!!
D/BootAnimation( 502): [BootAnimation checkExit 714]exitnow=0
D/BootAnimation( 502): [BootAnimation movie 854]i=1,r=148,j=0,lastFrame=2139898 7311(21398 ms),file=ligo_00102.png
D/BootAnimation( 502): [BootAnimation movie 857]glBindTexture,i=1,r=148,j=0,fra me.tid=100271,name=ligo_00102.png
D/BootAnimation( 502): [BootAnimation movie 874]clearReg.isEmpty,i=1,r=148,j=0, frame.tid=100271
D/BootAnimation( 502): [BootAnimation movie 892]1,delay=40
D/dalvikvm( 135): GC_EXPLICIT freed 57K (140), 20% free 4388K/5480K, paused 2ms +3ms, total 21ms
D/skia ( 135): Flag is not 10
W/Resources( 135): Preloaded drawable resource #0x6020204 (miui:drawable/v5_pro gress_bar_light) that varies with configuration!!
W/Resources( 135): Preloaded drawable resource #0x6020204 (miui:drawable/v5_pro gress_bar_light) that varies with configuration!!
D/dalvikvm( 135): GC_EXPLICIT freed 65K (69), 20% free 4389K/5480K, paused 2ms+ 2ms, total 21ms
D/skia ( 135): Flag is not 10
W/Resources( 135): Preloaded drawable resource #0x602018d (miui:drawable/v5_fas tscroll_track_pressed_light) that varies with configuration!!
D/skia ( 135): Flag is not 10
W/Resources( 135): Preloaded drawable resource #0x602018b (miui:drawable/v5_fas tscroll_track_normal_light) that varies with configuration!!
W/Resources( 135): Preloaded drawable resource #0x602018b (miui:drawable/v5_fas tscroll_track_normal_light) that varies with configuration!!
D/skia ( 135): Flag is not 10
W/Resources( 135): Preloaded drawable resource #0x6020187 (miui:drawable/v5_fas tscroll_thumb_pressed_light) that varies with configuration!!
D/skia ( 135): Flag is not 10
W/Resources( 135): Preloaded drawable resource #0x6020185 (miui:drawable/v5_fas tscroll_thumb_normal_light) that varies with configuration!!
W/Resources( 135): Preloaded drawable resource #0x6020185 (miui:drawable/v5_fas tscroll_thumb_normal_light) that varies with configuration!!
D/BootAnimation( 502): [BootAnimation checkExit 714]exitnow=0
D/BootAnimation( 502): [BootAnimation movie 854]i=1,r=149,j=0,lastFrame=2144085 1311(21440 ms),file=ligo_00102.png
D/BootAnimation( 502): [BootAnimation movie 857]glBindTexture,i=1,r=149,j=0,fra me.tid=100271,name=ligo_00102.png
D/BootAnimation( 502): [BootAnimation movie 874]clearReg.isEmpty,i=1,r=149,j=0, frame.tid=100271
D/BootAnimation( 502): [BootAnimation movie 892]1,delay=40
D/skia ( 135): Flag is not 10
W/Resources( 135): Preloaded drawable resource #0x6020239 (miui:drawable/v5_tab _indicator_bg_light) that varies with configuration!!
D/dalvikvm( 135): GC_EXPLICIT freed 554K (195), 20% free 4393K/5480K, paused 2m s+3ms, total 21ms
D/skia ( 135): Flag is not 10
W/Resources( 135): Preloaded drawable resource #0x6020228 (miui:drawable/v5_sli ding_btn_on_disable) that varies with configuration!!

D/BootAnimation( 502): [BootAnimation checkExit 714]exitnow=0
D/BootAnimation( 502): [BootAnimation movie 854]i=1,r=150,j=0,lastFrame=2148302 5619(21483 ms),file=ligo_00102.png
D/BootAnimation( 502): [BootAnimation movie 857]glBindTexture,i=1,r=150,j=0,fra me.tid=100271,name=ligo_00102.png
D/BootAnimation( 502): [BootAnimation movie 874]clearReg.isEmpty,i=1,r=150,j=0, frame.tid=100271
D/BootAnimation( 502): [BootAnimation movie 892]1,delay=40
D/dalvikvm( 135): GC_EXPLICIT freed 73K (78), 20% free 4391K/5480K, paused 2ms+ 2ms, total 20ms
D/skia ( 135): Flag is not 10
W/Resources( 135): Preloaded drawable resource #0x6020226 (miui:drawable/v5_sli ding_btn_off_disable) that varies with configuration!!
D/dalvikvm( 135): GC_EXPLICIT freed 71K (34), 20% free 4392K/5480K, paused 2ms+ 2ms, total 19ms
D/skia ( 135): Flag is not 10
W/Resources( 135): Preloaded drawable resource #0x6020204 (miui:drawable/v5_pro gress_bar_light) that varies with configuration!!
D/BootAnimation( 502): [BootAnimation checkExit 714]exitnow=0
D/BootAnimation( 502): [BootAnimation movie 854]i=1,r=151,j=0,lastFrame=2152507 0695(21525 ms),file=ligo_00102.png
D/BootAnimation( 502): [BootAnimation movie 857]glBindTexture,i=1,r=151,j=0,fra me.tid=100271,name=ligo_00102.png
D/BootAnimation( 502): [BootAnimation movie 874]clearReg.isEmpty,i=1,r=151,j=0, frame.tid=100271
D/BootAnimation( 502): [BootAnimation movie 892]1,delay=40
D/dalvikvm( 135): GC_EXPLICIT freed 63K (34), 20% free 4392K/5480K, paused 2ms+ 2ms, total 20ms
D/skia ( 135): Flag is not 10
W/Resources( 135): Preloaded drawable resource #0x60201ca (miui:drawable/v5_lis t_view_single_item_bg_selected_light) that varies with configuration!!
D/skia ( 135): Flag is not 10
W/Resources( 135): Preloaded drawable resource #0x60201c8 (miui:drawable/v5_lis t_view_single_item_bg_pressed_light) that varies with configuration!!
D/skia ( 135): Flag is not 10
W/Resources( 135): Preloaded drawable resource #0x60201be (miui:drawable/v5_lis t_view_last_item_bg_selected_light) that varies with configuration!!
D/skia ( 135): Flag is not 10
W/Resources( 135): Preloaded drawable resource #0x60201bc (miui:drawable/v5_lis t_view_last_item_bg_pressed_light) that varies with configuration!!
D/skia ( 135): Flag is not 10
W/Resources( 135): Preloaded drawable resource #0x60201ba (miui:drawable/v5_lis t_view_last_item_bg_normal_light) that varies with configuration!!
D/skia ( 135): Flag is not 10
W/Resources( 135): Preloaded drawable resource #0x60201b6 (miui:drawable/v5_lis t_view_first_item_bg_selected_light) that varies with configuration!!
D/skia ( 135): Flag is not 10
W/Resources( 135): Preloaded drawable resource #0x60201b4 (miui:drawable/v5_lis t_view_first_item_bg_pressed_light) that varies with configuration!!
D/skia ( 135): Flag is not 10
W/Resources( 135): Preloaded drawable resource #0x60201b2 (miui:drawable/v5_lis t_view_first_item_bg_normal_light) that varies with configuration!!
D/skia ( 135): Flag is not 10
W/Resources( 135): Preloaded drawable resource #0x602018d (miui:drawable/v5_fas tscroll_track_pressed_light) that varies with configuration!!
D/skia ( 135): Flag is not 10
W/Resources( 135): Preloaded drawable resource #0x602018b (miui:drawable/v5_fas tscroll_track_normal_light) that varies with configuration!!
D/skia ( 135): Flag is not 10
W/Resources( 135): Preloaded drawable resource #0x6020187 (miui:drawable/v5_fas

tscroll_thumb_pressed_light) that varies with configuration!!
D/skia ( 135): Flag is not 10
W/Resources( 135): Preloaded drawable resource #0x6020185 (miui:drawable/v5_fas tscroll_thumb_normal_light) that varies with configuration!!
D/BootAnimation( 502): [BootAnimation checkExit 714]exitnow=0
D/BootAnimation( 502): [BootAnimation movie 854]i=1,r=152,j=0,lastFrame=2156698 5388(21566 ms),file=ligo_00102.png
D/BootAnimation( 502): [BootAnimation movie 857]glBindTexture,i=1,r=152,j=0,fra me.tid=100271,name=ligo_00102.png
D/BootAnimation( 502): [BootAnimation movie 874]clearReg.isEmpty,i=1,r=152,j=0, frame.tid=100271
D/BootAnimation( 502): [BootAnimation movie 892]1,delay=40
D/dalvikvm( 135): GC_EXPLICIT freed 58K (309), 20% free 4397K/5480K, paused 2ms +2ms, total 19ms
D/skia ( 135): Flag is not 10
W/Resources( 135): Preloaded drawable resource #0x60201c8 (miui:drawable/v5_lis t_view_single_item_bg_pressed_light) that varies with configuration!!
D/skia ( 135): Flag is not 10
W/Resources( 135): Preloaded drawable resource #0x60201ca (miui:drawable/v5_lis t_view_single_item_bg_selected_light) that varies with configuration!!
D/skia ( 135): Flag is not 10
W/Resources( 135): Preloaded drawable resource #0x60201ca (miui:drawable/v5_lis t_view_single_item_bg_selected_light) that varies with configuration!!
D/skia ( 135): Flag is not 10
W/Resources( 135): Preloaded drawable resource #0x60201c6 (miui:drawable/v5_lis t_view_single_item_bg_normal_light) that varies with configuration!!
D/skia ( 135): Flag is not 10
W/Resources( 135): Preloaded drawable resource #0x60201b4 (miui:drawable/v5_lis t_view_first_item_bg_pressed_light) that varies with configuration!!
D/skia ( 135): Flag is not 10
W/Resources( 135): Preloaded drawable resource #0x60201b6 (miui:drawable/v5_lis t_view_first_item_bg_selected_light) that varies with configuration!!
D/skia ( 135): Flag is not 10
W/Resources( 135): Preloaded drawable resource #0x60201b6 (miui:drawable/v5_lis t_view_first_item_bg_selected_light) that varies with configuration!!
D/skia ( 135): Flag is not 10
W/Resources( 135): Preloaded drawable resource #0x60201b2 (miui:drawable/v5_lis t_view_first_item_bg_normal_light) that varies with configuration!!
D/skia ( 135): Flag is not 10
W/Resources( 135): Preloaded drawable resource #0x60201c2 (miui:drawable/v5_lis t_view_middle_item_bg_pressed_light) that varies with configuration!!
D/skia ( 135): Flag is not 10
W/Resources( 135): Preloaded drawable resource #0x60201c4 (miui:drawable/v5_lis t_view_middle_item_bg_selected_light) that varies with configuration!!
D/skia ( 135): Flag is not 10
W/Resources( 135): Preloaded drawable resource #0x60201c4 (miui:drawable/v5_lis t_view_middle_item_bg_selected_light) that varies with configuration!!
D/skia ( 135): Flag is not 10
W/Resources( 135): Preloaded drawable resource #0x60201c0 (miui:drawable/v5_lis t_view_middle_item_bg_normal_light) that varies with configuration!!
D/skia ( 135): Flag is not 10
W/Resources( 135): Preloaded drawable resource #0x60201bc (miui:drawable/v5_lis t_view_last_item_bg_pressed_light) that varies with configuration!!
D/skia ( 135): Flag is not 10
W/Resources( 135): Preloaded drawable resource #0x60201be (miui:drawable/v5_lis t_view_last_item_bg_selected_light) that varies with configuration!!
D/skia ( 135): Flag is not 10
W/Resources( 135): Preloaded drawable resource #0x60201be (miui:drawable/v5_lis t_view_last_item_bg_selected_light) that varies with configuration!!
D/skia ( 135): Flag is not 10

W/Resources( 135): Preloaded drawable resource #0x60201ba (miui:drawable/v5_lis t_view_last_item_bg_normal_light) that varies with configuration!!
D/skia ( 135): Flag is not 10
W/Resources( 135): Preloaded drawable resource #0x60201c8 (miui:drawable/v5_lis t_view_single_item_bg_pressed_light) that varies with configuration!!
D/skia ( 135): Flag is not 10
W/Resources( 135): Preloaded drawable resource #0x60201ca (miui:drawable/v5_lis t_view_single_item_bg_selected_light) that varies with configuration!!
D/skia ( 135): Flag is not 10
W/Resources( 135): Preloaded drawable resource #0x60201ca (miui:drawable/v5_lis t_view_single_item_bg_selected_light) that varies with configuration!!
D/skia ( 135): Flag is not 10
W/Resources( 135): Preloaded drawable resource #0x60201c6 (miui:drawable/v5_lis t_view_single_item_bg_normal_light) that varies with configuration!!
W/Resources( 135): Preloaded drawable resource #0x60201c6 (miui:drawable/v5_lis t_view_single_item_bg_normal_light) that varies with configuration!!
D/skia ( 135): Flag is not 10
W/Resources( 135): Preloaded drawable resource #0x602022a (miui:drawable/v5_sli ding_btn_slider_pressed) that varies with configuration!!
D/dalvikvm( 135): GC_EXPLICIT freed 80K (673), 20% free 4400K/5480K, paused 2ms +2ms, total 20ms
D/skia ( 135): Flag is not 10
W/Resources( 135): Preloaded drawable resource #0x6020229 (miui:drawable/v5_sli ding_btn_slider) that varies with configuration!!
D/skia ( 135): Flag is not 10
W/Resources( 135): Preloaded drawable resource #0x6020227 (miui:drawable/v5_sli ding_btn_on) that varies with configuration!!
D/BootAnimation( 502): [BootAnimation checkExit 714]exitnow=0
D/BootAnimation( 502): [BootAnimation movie 854]i=1,r=153,j=0,lastFrame=2160890 8465(21608 ms),file=ligo_00102.png
D/BootAnimation( 502): [BootAnimation movie 857]glBindTexture,i=1,r=153,j=0,fra me.tid=100271,name=ligo_00102.png
D/BootAnimation( 502): [BootAnimation movie 874]clearReg.isEmpty,i=1,r=153,j=0, frame.tid=100271
D/BootAnimation( 502): [BootAnimation movie 892]1,delay=40
D/dalvikvm( 135): GC_EXPLICIT freed 180K (148), 20% free 4398K/5480K, paused 2m s+2ms, total 21ms
D/skia ( 135): Flag is not 10
W/Resources( 135): Preloaded drawable resource #0x6020225 (miui:drawable/v5_sli ding_btn_off) that varies with configuration!!
D/dalvikvm( 135): GC_EXPLICIT freed 138K (40), 20% free 4398K/5480K, paused 2ms +2ms, total 19ms
D/skia ( 135): Flag is not 10
W/Resources( 135): Preloaded drawable resource #0x6020224 (miui:drawable/v5_sli ding_btn_mask) that varies with configuration!!
D/BootAnimation( 502): [BootAnimation checkExit 714]exitnow=0
D/BootAnimation( 502): [BootAnimation movie 854]i=1,r=154,j=0,lastFrame=2165085 8619(21650 ms),file=ligo_00102.png
D/BootAnimation( 502): [BootAnimation movie 857]glBindTexture,i=1,r=154,j=0,fra me.tid=100271,name=ligo_00102.png
D/BootAnimation( 502): [BootAnimation movie 874]clearReg.isEmpty,i=1,r=154,j=0, frame.tid=100271
D/BootAnimation( 502): [BootAnimation movie 892]1,delay=40
D/dalvikvm( 135): GC_EXPLICIT freed 71K (34), 20% free 4398K/5480K, paused 2ms+ 2ms, total 20ms
D/skia ( 135): Flag is not 10
W/Resources( 135): Preloaded drawable resource #0x6020223 (miui:drawable/v5_sli ding_btn_frame) that varies with configuration!!
D/dalvikvm( 135): GC_EXPLICIT freed 71K (34), 20% free 4398K/5480K, paused 2ms+ 1ms, total 19ms

D/BootAnimation( 502): [BootAnimation checkExit 714]exitnow=0
D/BootAnimation( 502): [BootAnimation movie 854]i=1,r=155,j=0,lastFrame=2169303 4157(21693 ms),file=ligo_00102.png
D/BootAnimation( 502): [BootAnimation movie 857]glBindTexture,i=1,r=155,j=0,fra me.tid=100271,name=ligo_00102.png
D/BootAnimation( 502): [BootAnimation movie 874]clearReg.isEmpty,i=1,r=155,j=0, frame.tid=100271
D/BootAnimation( 502): [BootAnimation movie 892]1,delay=40
D/skia ( 135): Flag is not 10
W/Resources( 135): Preloaded drawable resource #0x60201f9 (miui:drawable/v5_pre ference_middle_item_bg_normal) that varies with configuration!!
D/dalvikvm( 135): GC_EXPLICIT freed 84K (36), 20% free 4399K/5480K, paused 1ms+ 2ms, total 19ms
D/skia ( 135): Flag is not 10
W/Resources( 135): Preloaded drawable resource #0x60201f7 (miui:drawable/v5_pre ference_last_item_bg_normal) that varies with configuration!!
D/BootAnimation( 502): [BootAnimation checkExit 714]exitnow=0
D/BootAnimation( 502): [BootAnimation movie 854]i=1,r=156,j=0,lastFrame=2173500 2772(21735 ms),file=ligo_00102.png
D/BootAnimation( 502): [BootAnimation movie 857]glBindTexture,i=1,r=156,j=0,fra me.tid=100271,name=ligo_00102.png
D/BootAnimation( 502): [BootAnimation movie 874]clearReg.isEmpty,i=1,r=156,j=0, frame.tid=100271
D/BootAnimation( 502): [BootAnimation movie 892]1,delay=39
D/dalvikvm( 135): GC_EXPLICIT freed 84K (35), 20% free 4399K/5480K, paused 2ms+ 2ms, total 20ms
D/skia ( 135): Flag is not 10
W/Resources( 135): Preloaded drawable resource #0x60201f0 (miui:drawable/v5_pre ference_first_item_bg_normal) that varies with configuration!!
D/dalvikvm( 135): GC_EXPLICIT freed 84K (36), 20% free 4400K/5480K, paused 2ms+ 2ms, total 19ms
D/skia ( 135): Flag is not 10
W/Resources( 135): Preloaded drawable resource #0x60200f7 (miui:drawable/v5_bot tom_bar_more_icon_pressed_dark) that varies with configuration!!
D/BootAnimation( 502): [BootAnimation checkExit 714]exitnow=0
D/BootAnimation( 502): [BootAnimation movie 854]i=1,r=157,j=0,lastFrame=2177692 2311(21776 ms),file=ligo_00102.png
D/BootAnimation( 502): [BootAnimation movie 857]glBindTexture,i=1,r=157,j=0,fra me.tid=100271,name=ligo_00102.png
D/BootAnimation( 502): [BootAnimation movie 874]clearReg.isEmpty,i=1,r=157,j=0, frame.tid=100271
D/BootAnimation( 502): [BootAnimation movie 892]1,delay=40
D/dalvikvm( 135): GC_EXPLICIT freed 49K (32), 20% free 4400K/5480K, paused 1ms+ 2ms, total 21ms
D/skia ( 135): Flag is not 10
W/Resources( 135): Preloaded drawable resource #0x602024f (miui:drawable/v5_win dow_bg_dark) that varies with configuration!!
D/skia ( 135): Flag is not 10
W/Resources( 135): Preloaded drawable resource #0x602024a (miui:drawable/v5_tit le_bar_back_placeholder_normal) that varies with configuration!!
D/skia ( 135): Flag is not 10
W/Resources( 135): Preloaded drawable resource #0x60201fb (miui:drawable/v5_pre ference_single_item_bg_normal) that varies with configuration!!
D/dalvikvm( 135): GC_EXPLICIT freed 87K (83), 20% free 4402K/5480K, paused 2ms+ 2ms, total 19ms
D/skia ( 135): Flag is not 10
W/Resources( 135): Preloaded drawable resource #0x60201fa (miui:drawable/v5_pre ference_middle_item_bg_pressed) that varies with configuration!!
D/BootAnimation( 502): [BootAnimation checkExit 714]exitnow=0
D/BootAnimation( 502): [BootAnimation movie 854]i=1,r=158,j=0,lastFrame=2181892

2772(21818 ms),file=ligo_00102.png
D/BootAnimation( 502): [BootAnimation movie 857]glBindTexture,i=1,r=158,j=0,fra me.tid=100271,name=ligo_00102.png
D/BootAnimation( 502): [BootAnimation movie 874]clearReg.isEmpty,i=1,r=158,j=0, frame.tid=100271
D/BootAnimation( 502): [BootAnimation movie 892]1,delay=40
D/dalvikvm( 135): GC_EXPLICIT freed 84K (45), 20% free 4401K/5480K, paused 2ms+ 2ms, total 21ms
D/skia ( 135): Flag is not 10
W/Resources( 135): Preloaded drawable resource #0x60201f8 (miui:drawable/v5_pre ference_last_item_bg_pressed) that varies with configuration!!
D/dalvikvm( 135): GC_EXPLICIT freed 84K (34), 20% free 4402K/5480K, paused 1ms+ 2ms, total 19ms
D/BootAnimation( 502): [BootAnimation checkExit 714]exitnow=0
D/BootAnimation( 502): [BootAnimation movie 854]i=1,r=159,j=0,lastFrame=2186108 2849(21861 ms),file=ligo_00102.png
D/BootAnimation( 502): [BootAnimation movie 857]glBindTexture,i=1,r=159,j=0,fra me.tid=100271,name=ligo_00102.png
D/BootAnimation( 502): [BootAnimation movie 874]clearReg.isEmpty,i=1,r=159,j=0, frame.tid=100271
D/BootAnimation( 502): [BootAnimation movie 892]1,delay=40
D/skia ( 135): Flag is not 10
W/Resources( 135): Preloaded drawable resource #0x60201f1 (miui:drawable/v5_pre ference_first_item_bg_pressed) that varies with configuration!!
D/dalvikvm( 135): GC_EXPLICIT freed 84K (34), 20% free 4402K/5480K, paused 2ms+ 2ms, total 20ms
D/skia ( 135): Flag is not 10
W/Resources( 135): Preloaded drawable resource #0x6020179 (miui:drawable/v5_edi t_text_search_bg_light) that varies with configuration!!
I/Zygote ( 135): ...preloaded 70 miui resources in 863ms.
I/Zygote ( 135): ...preloaded 0 resources in 0ms.
D/BootAnimation( 502): [BootAnimation checkExit 714]exitnow=0
D/BootAnimation( 502): [BootAnimation movie 854]i=1,r=160,j=0,lastFrame=2190300 1157(21903 ms),file=ligo_00102.png
D/BootAnimation( 502): [BootAnimation movie 857]glBindTexture,i=1,r=160,j=0,fra me.tid=100271,name=ligo_00102.png
D/BootAnimation( 502): [BootAnimation movie 874]clearReg.isEmpty,i=1,r=160,j=0, frame.tid=100271
D/BootAnimation( 502): [BootAnimation movie 892]1,delay=40
D/dalvikvm( 135): GC_EXPLICIT freed 46K (58), 20% free 4402K/5480K, paused 2ms+ 2ms, total 20ms
I/BufferQueue( 134): [BootAnimation](this:0x4295e370,api:1) [release] fps:24.07 , dur:1038.77, max:58.85, min:39.11
D/dalvikvm( 135): GC_EXPLICIT freed 1K (42), 20% free 4401K/5480K, paused 2ms+2 ms, total 19ms
D/BootAnimation( 502): [BootAnimation checkExit 714]exitnow=0
D/BootAnimation( 502): [BootAnimation movie 854]i=1,r=161,j=0,lastFrame=2194491 6772(21944 ms),file=ligo_00102.png
D/BootAnimation( 502): [BootAnimation movie 857]glBindTexture,i=1,r=161,j=0,fra me.tid=100271,name=ligo_00102.png
D/BootAnimation( 502): [BootAnimation movie 874]clearReg.isEmpty,i=1,r=161,j=0, frame.tid=100271
D/dalvikvm( 135): GC_EXPLICIT freed <1K (5), 20% free 4401K/5480K, paused 2ms+2 ms, total 19ms
D/BootAnimation( 502): [BootAnimation movie 892]1,delay=40
D/dalvikvm( 135): threadid=2: exiting
D/dalvikvm( 135): threadid=2: bye!
D/dalvikvm( 135): threadid=3: exiting
D/dalvikvm( 135): threadid=3: bye!
D/dalvikvm( 135): threadid=4: exiting

D/dalvikvm( D/dalvikvm( D/dalvikvm( D/dalvikvm( I/dalvikvm( D/dalvikvm( D/dalvikvm( D/dalvikvm( D/dalvikvm( D/dalvikvm( D/dalvikvm( D/dalvikvm( D/dalvikvm( D/dalvikvm( D/dalvikvm( D/dalvikvm( D/dalvikvm( D/dalvikvm( D/dalvikvm( D/dalvikvm( D/dalvikvm( D/dalvikvm( D/dalvikvm( D/dalvikvm( D/dalvikvm( D/dalvikvm( D/dalvikvm( D/dalvikvm( D/dalvikvm( D/dalvikvm( D/dalvikvm( D/dalvikvm( D/dalvikvm( I/Zygote ( D/dalvikvm( D/dalvikvm( D/dalvikvm( D/dalvikvm( D/jdwp ( D/jdwp ( D/dalvikvm( D/jdwp ( D/jdwp ( D/jdwp ( D/dalvikvm( D/dalvikvm( D/dalvikvm( D/dalvikvm( D/dalvikvm( D/dalvikvm( D/dalvikvm( D/dalvikvm( D/dalvikvm( D/dalvikvm( D/dalvikvm( D/dalvikvm( D/dalvikvm( D/dalvikvm( D/dalvikvm( D/dalvikvm(

135): 135): 135): 135): 135): 664): 664): 135): 135): 135): 135): 135): 664): 135): 135): 135): 135): 135): 135): 135): 135): 135): 135): 135): 135): 135): 135): 135): 135): 135): 135): 135): 135): 135): 135): 135): 664): 664): 664): 664): 664): 664): 664): 664): 664): 664): 664): 664): 664): 664): 664): 664): 664): 664): 664): 664): 664): 664): 664): 664):

threadid=4: bye! pre gc Zygote::ForkAndSpecialize + Zygote::ForkAndSpecialize : 664 System server process 664 has been created Zygote::ForkAndSpecialize : 0 zygote get new systemTid : 664 create interp thread : stack size=32KB create new thread new thread created update thread list threadid=2: interp stack at 0x5a7d7000 threadid=2: interp stack at 0x5a8d7000 threadid=2: created from interp start new thread create interp thread : stack size=32KB create new thread threadid=2: notify debugger threadid=2 (ReferenceQueueDaemon): calling run() threadid=3: interp stack at 0x5a8df000 threadid=3: created from interp new thread created update thread list start new thread threadid=3: notify debugger threadid=3 (FinalizerDaemon): calling run() create interp thread : stack size=32KB create new thread new thread created update thread list threadid=4: interp stack at 0x5a9e7000 threadid=4: created from interp start new thread Accepting command socket connections threadid=4: notify debugger threadid=4 (FinalizerWatchdogDaemon): calling run() threadid=3: interp stack at 0x5a9df000 Elevating priority from 0 to -8 prepping for JDWP over ADB ADB transport startup threadid=4: interp stack at 0x5aae7000 JDWP: thread running acceptConnection trying to receive file descriptor from ADB threadid=5: interp stack at 0x5cf9a000 zygote get thread init done create interp thread : stack size=32KB create new thread new thread created update thread list threadid=6: interp stack at 0x5cfa2000 threadid=6: created from interp start new thread create interp thread : stack size=32KB create new thread threadid=6: notify debugger threadid=6 (ReferenceQueueDaemon): calling run() new thread created update thread list threadid=7: interp stack at 0x5cfaa000

D/dalvikvm( 664): threadid=7: created from interp
D/dalvikvm( 664): start new thread
D/dalvikvm( 664): threadid=7: notify debugger
D/dalvikvm( 664): threadid=7 (FinalizerDaemon): calling run()
D/dalvikvm( 664): create interp thread : stack size=32KB
D/dalvikvm( 664): create new thread
D/dalvikvm( 664): new thread created
D/dalvikvm( 664): update thread list
D/dalvikvm( 664): threadid=8: interp stack at 0x5cfb2000
D/dalvikvm( 664): threadid=8: created from interp
D/dalvikvm( 664): start new thread
D/dalvikvm( 664): threadid=8: notify debugger
D/dalvikvm( 664): threadid=8 (FinalizerWatchdogDaemon): calling run()
D/dalvikvm( 664): threadid=9: interp stack at 0x5cfba000
D/dalvikvm( 664): threadid=10: interp stack at 0x5cfc2000
D/BootAnimation( 502): [BootAnimation checkExit 714]exitnow=0
D/BootAnimation( 502): [BootAnimation movie 854]i=1,r=162,j=0,lastFrame=2198678 9003(21986 ms),file=ligo_00102.png
D/BootAnimation( 502): [BootAnimation movie 857]glBindTexture,i=1,r=162,j=0,fra me.tid=100271,name=ligo_00102.png
D/BootAnimation( 502): [BootAnimation movie 874]clearReg.isEmpty,i=1,r=162,j=0, frame.tid=100271
D/BootAnimation( 502): [BootAnimation movie 892]1,delay=40
E/BatteryService( 664): wirelessOnlinePath not found
I/sysproc ( 664): Entered system_init()
I/sysproc ( 664): ServiceManager: 0x5cf28d00
D/SensorService( 664): nuSensorService starting...
D/BootAnimation( 502): [BootAnimation checkExit 714]exitnow=0
D/Sensors ( 664): open_sensors: name: poll!
D/BootAnimation( 502): [BootAnimation movie 854]i=1,r=163,j=0,lastFrame=2202884 4695(22028 ms),file=ligo_00102.png
D/BootAnimation( 502): [BootAnimation movie 857]glBindTexture,i=1,r=163,j=0,fra me.tid=100271,name=ligo_00102.png
D/BootAnimation( 502): [BootAnimation movie 874]clearReg.isEmpty,i=1,r=163,j=0, frame.tid=100271
D/BootAnimation( 502): [BootAnimation movie 892]1,delay=40
D/BootAnimation( 502): [BootAnimation checkExit 714]exitnow=0
D/BootAnimation( 502): [BootAnimation movie 854]i=1,r=164,j=0,lastFrame=2207068 4388(22070 ms),file=ligo_00102.png
D/BootAnimation( 502): [BootAnimation movie 857]glBindTexture,i=1,r=164,j=0,fra me.tid=100271,name=ligo_00102.png
D/BootAnimation( 502): [BootAnimation movie 874]clearReg.isEmpty,i=1,r=164,j=0, frame.tid=100271
D/BootAnimation( 502): [BootAnimation movie 892]0,delay=40
D/BootAnimation( 502): [BootAnimation checkExit 714]exitnow=0
D/BootAnimation( 502): [BootAnimation movie 854]i=1,r=165,j=0,lastFrame=2211252 0772(22112 ms),file=ligo_00102.png
D/BootAnimation( 502): [BootAnimation movie 857]glBindTexture,i=1,r=165,j=0,fra me.tid=100271,name=ligo_00102.png
D/BootAnimation( 502): [BootAnimation movie 874]clearReg.isEmpty,i=1,r=165,j=0, frame.tid=100271
D/BootAnimation( 502): [BootAnimation movie 892]0,delay=40
D/BootAnimation( 502): [BootAnimation checkExit 714]exitnow=0
D/BootAnimation( 502): [BootAnimation movie 854]i=1,r=166,j=0,lastFrame=2215435 2234(22154 ms),file=ligo_00102.png
D/BootAnimation( 502): [BootAnimation movie 857]glBindTexture,i=1,r=166,j=0,fra me.tid=100271,name=ligo_00102.png
D/BootAnimation( 502): [BootAnimation movie 874]clearReg.isEmpty,i=1,r=166,j=0, frame.tid=100271
D/BootAnimation( 502): [BootAnimation movie 892]0,delay=40

D/BootAnimation( 502): [BootAnimation checkExit 714]exitnow=0
D/BootAnimation( 502): [BootAnimation movie 854]i=1,r=167,j=0,lastFrame=2219625 6542(22196 ms),file=ligo_00102.png
D/BootAnimation( 502): [BootAnimation movie 857]glBindTexture,i=1,r=167,j=0,fra me.tid=100271,name=ligo_00102.png
D/BootAnimation( 502): [BootAnimation movie 874]clearReg.isEmpty,i=1,r=167,j=0, frame.tid=100271
D/BootAnimation( 502): [BootAnimation movie 892]1,delay=40
D/BootAnimation( 502): [BootAnimation checkExit 714]exitnow=0
D/BootAnimation( 502): [BootAnimation movie 854]i=1,r=168,j=0,lastFrame=2223815 7772(22238 ms),file=ligo_00102.png
D/BootAnimation( 502): [BootAnimation movie 857]glBindTexture,i=1,r=168,j=0,fra me.tid=100271,name=ligo_00102.png
D/BootAnimation( 502): [BootAnimation movie 874]clearReg.isEmpty,i=1,r=168,j=0, frame.tid=100271
D/BootAnimation( 502): [BootAnimation movie 892]1,delay=40
I/SurfaceFlinger( 134): [SurfaceFlinger] fps:24.064367,dur:1038.88,max:53.95,mi n:37.46
D/BootAnimation( 502): [BootAnimation checkExit 714]exitnow=0
D/BootAnimation( 502): [BootAnimation movie 854]i=1,r=169,j=0,lastFrame=2228010 9080(22280 ms),file=ligo_00102.png
D/BootAnimation( 502): [BootAnimation movie 857]glBindTexture,i=1,r=169,j=0,fra me.tid=100271,name=ligo_00102.png
D/BootAnimation( 502): [BootAnimation movie 874]clearReg.isEmpty,i=1,r=169,j=0, frame.tid=100271
I/SurfaceTextureClient( 502): [STC::queueBuffer] (this:0x41958680) fps:23.83, d ur:1007.04, max:42.48, min:41.36
I/BufferQueue( 134): [BootAnimation](this:0x4295e370,api:1) [queue] fps:23.85, dur:1006.22, max:42.50, min:41.02
D/BootAnimation( 502): [BootAnimation movie 892]1,delay=39
D/BootAnimation( 502): [BootAnimation checkExit 714]exitnow=0
D/BootAnimation( 502): [BootAnimation movie 854]i=1,r=170,j=0,lastFrame=2232201 0695(22322 ms),file=ligo_00102.png
D/BootAnimation( 502): [BootAnimation movie 857]glBindTexture,i=1,r=170,j=0,fra me.tid=100271,name=ligo_00102.png
D/BootAnimation( 502): [BootAnimation movie 874]clearReg.isEmpty,i=1,r=170,j=0, frame.tid=100271
D/BootAnimation( 502): [BootAnimation movie 892]1,delay=40
D/BootAnimation( 502): [BootAnimation checkExit 714]exitnow=0
D/BootAnimation( 502): [BootAnimation movie 854]i=1,r=171,j=0,lastFrame=2236390 9234(22363 ms),file=ligo_00102.png
D/BootAnimation( 502): [BootAnimation movie 857]glBindTexture,i=1,r=171,j=0,fra me.tid=100271,name=ligo_00102.png
D/BootAnimation( 502): [BootAnimation movie 874]clearReg.isEmpty,i=1,r=171,j=0, frame.tid=100271
D/BootAnimation( 502): [BootAnimation movie 892]1,delay=40
D/BootAnimation( 502): [BootAnimation checkExit 714]exitnow=0
D/BootAnimation( 502): [BootAnimation movie 854]i=1,r=172,j=0,lastFrame=2240580 3618(22405 ms),file=ligo_00102.png
D/BootAnimation( 502): [BootAnimation movie 857]glBindTexture,i=1,r=172,j=0,fra me.tid=100271,name=ligo_00102.png
D/BootAnimation( 502): [BootAnimation movie 874]clearReg.isEmpty,i=1,r=172,j=0, frame.tid=100271
D/BootAnimation( 502): [BootAnimation movie 892]1,delay=40
D/BootAnimation( 502): [BootAnimation checkExit 714]exitnow=0
D/BootAnimation( 502): [BootAnimation movie 854]i=1,r=173,j=0,lastFrame=2244769 7772(22447 ms),file=ligo_00102.png
D/BootAnimation( 502): [BootAnimation movie 857]glBindTexture,i=1,r=173,j=0,fra me.tid=100271,name=ligo_00102.png
D/BootAnimation( 502): [BootAnimation movie 874]clearReg.isEmpty,i=1,r=173,j=0,

frame.tid=100271
D/BootAnimation( 502): [BootAnimation movie 892]1,delay=40
D/BootAnimation( 502): [BootAnimation checkExit 714]exitnow=0
D/BootAnimation( 502): [BootAnimation movie 854]i=1,r=174,j=0,lastFrame=2248959 8695(22489 ms),file=ligo_00102.png
D/BootAnimation( 502): [BootAnimation movie 857]glBindTexture,i=1,r=174,j=0,fra me.tid=100271,name=ligo_00102.png
D/BootAnimation( 502): [BootAnimation movie 874]clearReg.isEmpty,i=1,r=174,j=0, frame.tid=100271
D/BootAnimation( 502): [BootAnimation movie 892]1,delay=40
D/Sensors ( 664): open_sensors: device handle 44
D/Sensors ( 664): hwm__activate: handle 0, enable or disable 0!
D/Sensors ( 664): hwm__activate: handle 7, enable or disable 0!
D/Sensors ( 664): hwm__activate: handle 4, enable or disable 0!
D/Sensors ( 664): hwm__activate: handle 3, enable or disable 0!
D/Sensors ( 664): hwm__activate: handle 2, enable or disable 0!
D/Sensors ( 664): hwm__activate: handle 1, enable or disable 0!
I/SensorService( 664): BMA050 3-axis Accelerometer
I/SensorService( 664): cm36283 Proximity Sensor
I/SensorService( 664): cm36283 Light Sensor
I/SensorService( 664): MPU3050c gyroscope Sensor
I/SensorService( 664): BMM050 Orientation sensor
