I/dalvikvm( 135): DexOpt: source file mod time mismatch (42ea54dd vs 4321788f)
D/dalvikvm( 135): ODEX file is stale or bad; removing and retrying (/data/dalvi k-cache/system@framework@android.policy.jar@classes.dex)
D/dalvikvm( 135): DexOpt: --- BEGIN 'android.policy.jar' (bootstrap=1) --D/BootAnimation( 502): [BootAnimation movie 870]initTexture,i=0,r=0,j=61,frame. tid=1103625536,name=ligo_00061.png
D/BootAnimation( 502): [BootAnimation movie 874]clearReg.isEmpty,i=0,r=0,j=61,f rame.tid=1103625536
D/dalvikvm( 611): boot class :
D/dalvikvm( 611): (0) core.jar
D/dalvikvm( 611): (1) core-junit.jar
D/dalvikvm( 611): (2) bouncycastle.jar
D/dalvikvm( 611): (3) ext.jar
D/dalvikvm( 611): (4) framework.jar
D/dalvikvm( 611): (5) telephony-common.jar
D/dalvikvm( 611): (6) mms-common.jar
D/dalvikvm( 611): (7) android.policy.jar
D/dalvikvm( 611): (8) services.jar
D/dalvikvm( 611): (9) apache-xml.jar
D/dalvikvm( 611): (10) mediatek-common.jar
D/dalvikvm( 611): (11) mediatek-framework.jar
D/dalvikvm( 611): (12) mediatek-op.jar
D/dalvikvm( 611): (13) secondary-framework.jar
D/dalvikvm( 611): (14) CustomProperties.jar
D/dalvikvm( 611): (15) am.jar
D/BootAnimation( 502): [BootAnimation movie 892]85,delay=-44
D/BootAnimation( 502): [BootAnimation checkExit 714]exitnow=0
D/BootAnimation( 502): [BootAnimation movie 854]i=0,r=0,j=62,lastFrame=11630599 003(11630 ms),file=ligo_00062.png
D/BootAnimation( 502): [BootAnimation initTexture 220]start init and decode log o
D/dalvikvm( 611): threadid=1: interp stack at 0x40636000
D/dalvikvm( 611): open_cached_dex_file : /system/framework/core.jar /data/dalvi k-cache/system@framework@core.jar@classes.dex
D/dalvikvm( 611): open_cached_dex_file : /system/framework/core-junit.jar /data /dalvik-cache/system@framework@core-junit.jar@classes.dex
D/dalvikvm( 611): open_cached_dex_file : /system/framework/bouncycastle.jar /da ta/dalvik-cache/system@framework@bouncycastle.jar@classes.dex
D/dalvikvm( 611): open_cached_dex_file : /system/framework/ext.jar /data/dalvik -cache/system@framework@ext.jar@classes.dex
D/dalvikvm( 611): open_cached_dex_file : /system/framework/framework.jar /data/ dalvik-cache/system@framework@framework.jar@classes.dex
D/dalvikvm( 611): open_cached_dex_file : /system/framework/telephony-common.jar /data/dalvik-cache/system@framework@telephony-common.jar@classes.dex
D/dalvikvm( 611): open_cached_dex_file : /system/framework/mms-common.jar /data /dalvik-cache/system@framework@mms-common.jar@classes.dex
D/skia ( 502): Flag is not 10
D/BootAnimation( 502): [BootAnimation initTexture 231]decode finish
D/BootAnimation( 502): [BootAnimation initTexture 246]w=720,h=580,tw=1024,th=10 24
D/BootAnimation( 502): [BootAnimation movie 870]initTexture,i=0,r=0,j=62,frame. tid=1103625536,name=ligo_00062.png
D/BootAnimation( 502): [BootAnimation movie 874]clearReg.isEmpty,i=0,r=0,j=62,f rame.tid=1103625536
D/BootAnimation( 502): [BootAnimation movie 892]85,delay=-43
D/BootAnimation( 502): [BootAnimation checkExit 714]exitnow=0
D/BootAnimation( 502): [BootAnimation movie 854]i=0,r=0,j=63,lastFrame=11715752

234(11715 ms),file=ligo_00063.png
D/BootAnimation( 502): [BootAnimation initTexture 220]start init and decode log o D/ccci_fsd(1)( 121): O: [1010103F1513342D](0x20010400): (11 1) D/ccci_fsd(1)( 121): F: 1: 3 0
D/skia ( 502): Flag is not 10
D/BootAnimation( 502): [BootAnimation initTexture 231]decode finish
D/BootAnimation( 502): [BootAnimation initTexture 246]w=720,h=580,tw=1024,th=10 24
D/dalvikvm( 611): Note: class Lcom/android/internal/telephony/ITelephony$Stub; has 167 unimplemented (abstract) methods D/ccci_fsd(1)( 121): W: 1 1: 1 0 D/ccci_fsd(1)( 121): W: 1 2: 2 0 D/ccci_fsd(1)( 121): C: 1: 0
D/BootAnimation( 502): [BootAnimation movie 870]initTexture,i=0,r=0,j=63,frame. tid=1103625536,name=ligo_00063.png
D/BootAnimation( 502): [BootAnimation movie 874]clearReg.isEmpty,i=0,r=0,j=63,f rame.tid=1103625536
D/BootAnimation( 502): [BootAnimation movie 892]90,delay=-49
D/BootAnimation( 502): [BootAnimation checkExit 714]exitnow=0
D/BootAnimation( 502): [BootAnimation movie 854]i=0,r=0,j=64,lastFrame=11806551 926(11806 ms),file=ligo_00064.png
D/BootAnimation( 502): [BootAnimation initTexture 220]start init and decode log o
D/dalvikvm( 611): DexOpt: load 26ms, verify+opt 86ms, 977292 bytes
D/skia ( 502): Flag is not 10
D/BootAnimation( 502): [BootAnimation initTexture 231]decode finish
D/BootAnimation( 502): [BootAnimation initTexture 246]w=720,h=580,tw=1024,th=10 24
D/BootAnimation( 502): [BootAnimation movie 870]initTexture,i=0,r=0,j=64,frame. tid=1103625536,name=ligo_00064.png
D/BootAnimation( 502): [BootAnimation movie 874]clearReg.isEmpty,i=0,r=0,j=64,f rame.tid=1103625536
D/BootAnimation( 502): [BootAnimation movie 892]85,delay=-44
D/BootAnimation( 502): [BootAnimation checkExit 714]exitnow=0
D/BootAnimation( 502): [BootAnimation movie 854]i=0,r=0,j=65,lastFrame=11892375 618(11892 ms),file=ligo_00065.png
D/BootAnimation( 502): [BootAnimation initTexture 220]start init and decode log o
D/skia ( 502): Flag is not 10
D/BootAnimation( 502): [BootAnimation initTexture 231]decode finish
D/BootAnimation( 502): [BootAnimation initTexture 246]w=720,h=580,tw=1024,th=10 24
D/dalvikvm( 135): DexOpt: --- END 'android.policy.jar' (success) --D/dalvikvm( 135): DEX prep '/system/framework/android.policy.jar': unzip in 31m s, rewrite 338ms
D/dalvikvm( 135): open_cached_dex_file : /system/framework/services.jar /data/d alvik-cache/system@framework@services.jar@classes.dex
I/dalvikvm( 135): DexOpt: source file mod time mismatch (42ee7d69 vs 43217887)
D/dalvikvm( 135): ODEX file is stale or bad; removing and retrying (/data/dalvi k-cache/system@framework@services.jar@classes.dex)
D/BootAnimation( 502): [BootAnimation movie 870]initTexture,i=0,r=0,j=65,frame. tid=1103625536,name=ligo_00065.png
D/BootAnimation( 502): [BootAnimation movie 874]clearReg.isEmpty,i=0,r=0,j=65,f rame.tid=1103625536
D/BootAnimation( 502): [BootAnimation movie 892]85,delay=-43
D/BootAnimation( 502): [BootAnimation checkExit 714]exitnow=0
D/BootAnimation( 502): [BootAnimation movie 854]i=0,r=0,j=66,lastFrame=11978089 618(11978 ms),file=ligo_00066.png
D/BootAnimation( 502): [BootAnimation initTexture 220]start init and decode log

o
I/SurfaceFlinger( 134): [SurfaceFlinger] fps:11.175158,dur:1073.81,max:97.97,mi n:78.38
D/skia ( 502): Flag is not 10
D/BootAnimation( 502): [BootAnimation initTexture 231]decode finish
D/BootAnimation( 502): [BootAnimation initTexture 246]w=720,h=580,tw=1024,th=10 24
D/dalvikvm( 135): DexOpt: --- BEGIN 'services.jar' (bootstrap=1) --D/BootAnimation( 502): [BootAnimation movie 870]initTexture,i=0,r=0,j=66,frame. tid=1103625536,name=ligo_00066.png
D/BootAnimation( 502): [BootAnimation movie 874]clearReg.isEmpty,i=0,r=0,j=66,f rame.tid=1103625536
D/dalvikvm( 612): boot class :
D/dalvikvm( 612): (0) core.jar
D/dalvikvm( 612): (1) core-junit.jar
D/dalvikvm( 612): (2) bouncycastle.jar
D/dalvikvm( 612): (3) ext.jar
D/dalvikvm( 612): (4) framework.jar
D/dalvikvm( 612): (5) telephony-common.jar
D/dalvikvm( 612): (6) mms-common.jar
D/dalvikvm( 612): (7) android.policy.jar
D/dalvikvm( 612): (8) services.jar
D/dalvikvm( 612): (9) apache-xml.jar
D/dalvikvm( 612): (10) mediatek-common.jar
D/dalvikvm( 612): (11) mediatek-framework.jar
D/dalvikvm( 612): (12) mediatek-op.jar
D/dalvikvm( 612): (13) secondary-framework.jar
D/dalvikvm( 612): (14) CustomProperties.jar
D/dalvikvm( 612): (15) am.jar
D/dalvikvm( 612): threadid=1: interp stack at 0x4169e000
D/dalvikvm( 612): open_cached_dex_file : /system/framework/core.jar /data/dalvi k-cache/system@framework@core.jar@classes.dex
D/dalvikvm( 612): open_cached_dex_file : /system/framework/core-junit.jar /data /dalvik-cache/system@framework@core-junit.jar@classes.dex
D/dalvikvm( 612): open_cached_dex_file : /system/framework/bouncycastle.jar /da ta/dalvik-cache/system@framework@bouncycastle.jar@classes.dex
D/dalvikvm( 612): open_cached_dex_file : /system/framework/ext.jar /data/dalvik -cache/system@framework@ext.jar@classes.dex
D/dalvikvm( 612): open_cached_dex_file : /system/framework/framework.jar /data/ dalvik-cache/system@framework@framework.jar@classes.dex
D/dalvikvm( 612): open_cached_dex_file : /system/framework/telephony-common.jar /data/dalvik-cache/system@framework@telephony-common.jar@classes.dex
D/dalvikvm( 612): open_cached_dex_file : /system/framework/mms-common.jar /data /dalvik-cache/system@framework@mms-common.jar@classes.dex
D/BootAnimation( 502): [BootAnimation movie 892]86,delay=-45
D/BootAnimation( 502): [BootAnimation checkExit 714]exitnow=0
D/dalvikvm( 612): open_cached_dex_file : /system/framework/android.policy.jar / data/dalvik-cache/system@framework@android.policy.jar@classes.dex
D/BootAnimation( 502): [BootAnimation movie 854]i=0,r=0,j=67,lastFrame=12065074 311(12065 ms),file=ligo_00067.png
D/BootAnimation( 502): [BootAnimation initTexture 220]start init and decode log o
D/skia ( 502): Flag is not 10
D/BootAnimation( 502): [BootAnimation initTexture 231]decode finish
D/BootAnimation( 502): [BootAnimation initTexture 246]w=720,h=580,tw=1024,th=10 24
D/BootAnimation( 502): [BootAnimation movie 870]initTexture,i=0,r=0,j=67,frame. tid=1103625536,name=ligo_00067.png
D/BootAnimation( 502): [BootAnimation movie 874]clearReg.isEmpty,i=0,r=0,j=67,f rame.tid=1103625536

I/SurfaceTextureClient( 502): [STC::queueBuffer] (this:0x41958680) fps:11.43, d ur:1049.91, max:97.64, min:82.19
I/BufferQueue( 134): [BootAnimation](this:0x4295e370,api:1) [queue] fps:11.43, dur:1049.80, max:97.45, min:82.18
D/BootAnimation( 502): [BootAnimation movie 892]84,delay=-43
D/BootAnimation( 502): [BootAnimation checkExit 714]exitnow=0
D/BootAnimation( 502): [BootAnimation movie 854]i=0,r=0,j=68,lastFrame=12149825 618(12149 ms),file=ligo_00068.png
D/BootAnimation( 502): [BootAnimation initTexture 220]start init and decode log o
D/skia ( 502): Flag is not 10
D/BootAnimation( 502): [BootAnimation initTexture 231]decode finish
D/BootAnimation( 502): [BootAnimation initTexture 246]w=720,h=580,tw=1024,th=10 24 D/ccci_fsd(1)( 121): O: [1110103F1910302D](0x00000700): (11 1) D/ccci_fsd(1)( 121): F: 1: 66 0 D/ccci_fsd(1)( 121): S: 1 0 1: 0 D/ccci_fsd(1)( 121): R: 1 66: 66 0 D/ccci_fsd(1)( 121): C: 1: 0
D/BootAnimation( 502): [BootAnimation movie 870]initTexture,i=0,r=0,j=68,frame. tid=1103625536,name=ligo_00068.png
D/BootAnimation( 502): [BootAnimation movie 874]clearReg.isEmpty,i=0,r=0,j=68,f rame.tid=1103625536
D/BootAnimation( 502): [BootAnimation movie 892]86,delay=-44
D/BootAnimation( 502): [BootAnimation checkExit 714]exitnow=0
D/BootAnimation( 502): [BootAnimation movie 854]i=0,r=0,j=69,lastFrame=12236507 234(12236 ms),file=ligo_00069.png
D/BootAnimation( 502): [BootAnimation initTexture 220]start init and decode log o
D/skia ( 502): Flag is not 10
D/BootAnimation( 502): [BootAnimation initTexture 231]decode finish
D/BootAnimation( 502): [BootAnimation initTexture 246]w=720,h=580,tw=1024,th=10 24
D/BootAnimation( 502): [BootAnimation movie 870]initTexture,i=0,r=0,j=69,frame. tid=1103625536,name=ligo_00069.png
D/BootAnimation( 502): [BootAnimation movie 874]clearReg.isEmpty,i=0,r=0,j=69,f rame.tid=1103625536
D/BootAnimation( 502): [BootAnimation movie 892]85,delay=-43
D/BootAnimation( 502): [BootAnimation checkExit 714]exitnow=0
D/BootAnimation( 502): [BootAnimation movie 854]i=0,r=0,j=70,lastFrame=12322233 695(12322 ms),file=ligo_00070.png
D/BootAnimation( 502): [BootAnimation initTexture 220]start init and decode log o
D/skia ( 502): Flag is not 10
D/BootAnimation( 502): [BootAnimation initTexture 231]decode finish
D/BootAnimation( 502): [BootAnimation initTexture 246]w=720,h=580,tw=1024,th=10 24
D/BootAnimation( 502): [BootAnimation movie 870]initTexture,i=0,r=0,j=70,frame. tid=1103625536,name=ligo_00070.png
D/BootAnimation( 502): [BootAnimation movie 874]clearReg.isEmpty,i=0,r=0,j=70,f rame.tid=1103625536
D/BootAnimation( 502): [BootAnimation movie 892]84,delay=-43
D/BootAnimation( 502): [BootAnimation checkExit 714]exitnow=0
D/BootAnimation( 502): [BootAnimation movie 854]i=0,r=0,j=71,lastFrame=12407041 541(12407 ms),file=ligo_00071.png
D/BootAnimation( 502): [BootAnimation initTexture 220]start init and decode log o
D/skia ( 502): Flag is not 10
D/BootAnimation( 502): [BootAnimation initTexture 231]decode finish
D/BootAnimation( 502): [BootAnimation initTexture 246]w=720,h=580,tw=1024,th=10

24 D/ccci_fsd(1)( 121): O: [1010103F1513342D](0x20010400): (11 1) D/ccci_fsd(1)( 121): F: 1: 3 0
D/dalvikvm( 612): Note: class Lcom/android/internal/telephony/ITelephony$Stub; has 167 unimplemented (abstract) methods D/ccci_fsd(1)( 121): W: 1 1: 1 0 D/ccci_fsd(1)( 121): W: 1 2: 2 0 D/ccci_fsd(1)( 121): C: 1: 0
D/BootAnimation( 502): [BootAnimation movie 870]initTexture,i=0,r=0,j=71,frame. tid=1103625536,name=ligo_00071.png
D/BootAnimation( 502): [BootAnimation movie 874]clearReg.isEmpty,i=0,r=0,j=71,f rame.tid=1103625536
D/BootAnimation( 502): [BootAnimation movie 892]90,delay=-49
D/BootAnimation( 502): [BootAnimation checkExit 714]exitnow=0
D/BootAnimation( 502): [BootAnimation movie 854]i=0,r=0,j=72,lastFrame=12497979 080(12497 ms),file=ligo_00072.png
D/BootAnimation( 502): [BootAnimation initTexture 220]start init and decode log o
D/skia ( 502): Flag is not 10
D/BootAnimation( 502): [BootAnimation initTexture 231]decode finish
D/BootAnimation( 502): [BootAnimation initTexture 246]w=720,h=580,tw=1024,th=10 24
D/BootAnimation( 502): [BootAnimation movie 870]initTexture,i=0,r=0,j=72,frame. tid=1103625536,name=ligo_00072.png
D/BootAnimation( 502): [BootAnimation movie 874]clearReg.isEmpty,i=0,r=0,j=72,f rame.tid=1103625536
D/BootAnimation( 502): [BootAnimation movie 892]85,delay=-43
D/BootAnimation( 502): [BootAnimation checkExit 714]exitnow=0
D/BootAnimation( 502): [BootAnimation movie 854]i=0,r=0,j=73,lastFrame=12583244 695(12583 ms),file=ligo_00073.png
D/BootAnimation( 502): [BootAnimation initTexture 220]start init and decode log o
I/BufferQueue( 134): [BootAnimation](this:0x4295e370,api:1) [release] fps:11.55 , dur:1038.78, max:98.04, min:78.35
D/skia ( 502): Flag is not 10
D/BootAnimation( 502): [BootAnimation initTexture 231]decode finish
D/BootAnimation( 502): [BootAnimation initTexture 246]w=720,h=580,tw=1024,th=10 24
D/BootAnimation( 502): [BootAnimation movie 870]initTexture,i=0,r=0,j=73,frame. tid=1103625536,name=ligo_00073.png
D/BootAnimation( 502): [BootAnimation movie 874]clearReg.isEmpty,i=0,r=0,j=73,f rame.tid=1103625536
D/dalvikvm( 612): DexOpt: load 43ms, verify+opt 413ms, 1652140 bytes
D/BootAnimation( 502): [BootAnimation movie 892]84,delay=-43
D/BootAnimation( 502): [BootAnimation checkExit 714]exitnow=0
D/BootAnimation( 502): [BootAnimation movie 854]i=0,r=0,j=74,lastFrame=12667999 618(12667 ms),file=ligo_00074.png
D/BootAnimation( 502): [BootAnimation initTexture 220]start init and decode log o
D/skia ( 502): Flag is not 10
D/BootAnimation( 502): [BootAnimation initTexture 231]decode finish
D/BootAnimation( 502): [BootAnimation initTexture 246]w=720,h=580,tw=1024,th=10 24
D/BootAnimation( 502): [BootAnimation movie 870]initTexture,i=0,r=0,j=74,frame. tid=1103625536,name=ligo_00074.png
D/BootAnimation( 502): [BootAnimation movie 874]clearReg.isEmpty,i=0,r=0,j=74,f rame.tid=1103625536
D/BootAnimation( 502): [BootAnimation movie 892]81,delay=-40
D/BootAnimation( 502): [BootAnimation checkExit 714]exitnow=0
D/BootAnimation( 502): [BootAnimation movie 854]i=0,r=0,j=75,lastFrame=12749939

464(12749 ms),file=ligo_00075.png
D/BootAnimation( 502): [BootAnimation initTexture 220]start init and decode log o
D/skia ( 502): Flag is not 10
D/BootAnimation( 502): [BootAnimation initTexture 231]decode finish
D/BootAnimation( 502): [BootAnimation initTexture 246]w=720,h=580,tw=1024,th=10 24
D/BootAnimation( 502): [BootAnimation movie 870]initTexture,i=0,r=0,j=75,frame. tid=1103625536,name=ligo_00075.png
D/BootAnimation( 502): [BootAnimation movie 874]clearReg.isEmpty,i=0,r=0,j=75,f rame.tid=1103625536
D/BootAnimation( 502): [BootAnimation movie 892]82,delay=-40
D/BootAnimation( 502): [BootAnimation checkExit 714]exitnow=0
D/BootAnimation( 502): [BootAnimation movie 854]i=0,r=0,j=76,lastFrame=12832059 311(12832 ms),file=ligo_00076.png
D/BootAnimation( 502): [BootAnimation initTexture 220]start init and decode log o
D/skia ( 502): Flag is not 10
D/BootAnimation( 502): [BootAnimation initTexture 231]decode finish
D/BootAnimation( 502): [BootAnimation initTexture 246]w=720,h=580,tw=1024,th=10 24
D/BootAnimation( 502): [BootAnimation movie 870]initTexture,i=0,r=0,j=76,frame. tid=1103625536,name=ligo_00076.png
D/BootAnimation( 502): [BootAnimation movie 874]clearReg.isEmpty,i=0,r=0,j=76,f rame.tid=1103625536
D/BootAnimation( 502): [BootAnimation movie 892]82,delay=-41
D/BootAnimation( 502): [BootAnimation checkExit 714]exitnow=0
D/BootAnimation( 502): [BootAnimation movie 854]i=0,r=0,j=77,lastFrame=12914900 388(12914 ms),file=ligo_00077.png
D/BootAnimation( 502): [BootAnimation initTexture 220]start init and decode log o
D/skia ( 502): Flag is not 10
D/BootAnimation( 502): [BootAnimation initTexture 231]decode finish
D/BootAnimation( 502): [BootAnimation initTexture 246]w=720,h=580,tw=1024,th=10 24
D/BootAnimation( 502): [BootAnimation movie 870]initTexture,i=0,r=0,j=77,frame. tid=1103625536,name=ligo_00077.png
D/BootAnimation( 502): [BootAnimation movie 874]clearReg.isEmpty,i=0,r=0,j=77,f rame.tid=1103625536
D/BootAnimation( 502): [BootAnimation movie 892]82,delay=-40
D/BootAnimation( 502): [BootAnimation checkExit 714]exitnow=0
D/BootAnimation( 502): [BootAnimation movie 854]i=0,r=0,j=78,lastFrame=12997296 695(12997 ms),file=ligo_00078.png
D/BootAnimation( 502): [BootAnimation initTexture 220]start init and decode log o
I/SurfaceFlinger( 134): [SurfaceFlinger] fps:11.774320,dur:1019.17,max:95.15,mi n:78.35 D/ccci_fsd(1)( 121): O: [1410102113133433](0x00000700): (11 1) D/ccci_fsd(1)( 121): F: 1: 2060 0 D/ccci_fsd(1)( 121): S: 1 0 1: 0 D/ccci_fsd(1)( 121): R: 1 206: 206 0 D/ccci_fsd(1)( 121): C: 1: 0
D/skia ( 502): Flag is not 10
D/BootAnimation( 502): [BootAnimation initTexture 231]decode finish
D/BootAnimation( 502): [BootAnimation initTexture 246]w=720,h=580,tw=1024,th=10 24 D/ccci_fsd(1)( 121): O: [1410102213133433](0x00000700): (11 1) D/ccci_fsd(1)( 121): F: 1: 2060 0 D/ccci_fsd(1)( 121): S: 1 0 1: 0 D/ccci_fsd(1)( 121): R: 1 206: 206 0

D/ccci_fsd(1)( 121): C: 1: 0 D/ccci_fsd(1)( 121): O: [1310103F2716342D](0x00000700): (11 1) D/ccci_fsd(1)( 121): F: 1: 80 0 D/ccci_fsd(1)( 121): S: 1 0 1: 0 D/ccci_fsd(1)( 121): R: 1 40: 40 0 D/ccci_fsd(1)( 121): C: 1: 0 D/ccci_fsd(1)( 121): O: [1110103F2414342D](0x00000700): (11 1) D/ccci_fsd(1)( 121): F: 1: 20 0 D/ccci_fsd(1)( 121): S: 1 0 1: 0
D/dalvikvm( 135): DexOpt: --- END 'services.jar' (success) --D/ccci_fsd(1)( 121): R: 1 10: 10 0
D/dalvikvm( 135): DEX prep '/system/framework/services.jar': unzip in 84ms, rew rite 1010ms D/ccci_fsd(1)( 121): C: 1: 0 D/ccci_fsd(1)( 121): O: [1310103F2716342D](0x20010400): (11 1) D/ccci_fsd(1)( 121): F: 1: 80 0
D/dalvikvm( 135): open_cached_dex_file : /system/framework/apache-xml.jar /data /dalvik-cache/system@framework@apache-xml.jar@classes.dex D/ccci_fsd(1)( 121): W: 1 40: 40 0 D/ccci_fsd(1)( 121): C: 1: 0
I/dalvikvm( 135): DexOpt: mismatch dep signature for '/data/dalvik-cache/system @framework@framework.jar@classes.dex'
D/dalvikvm( 135): == DexOpt: numDeps = 9
D/dalvikvm( 135): 0 : /data/dalvik-cache/system@framework@core.jar@classes.dex /data/dalvik-cache/system@framework@core.jar@classes.dex
D/dalvikvm( 135): 1 : /data/dalvik-cache/system@framework@core-junit.jar@classe s.dex /data/dalvik-cache/system@framework@core-junit.jar@classes.dex
D/dalvikvm( 135): 2 : /data/dalvik-cache/system@framework@bouncycastle.jar@clas ses.dex /data/dalvik-cache/system@framework@bouncycastle.jar@classes.dex
D/dalvikvm( 135): 3 : /data/dalvik-cache/system@framework@ext.jar@classes.dex / data/dalvik-cache/system@framework@ext.jar@classes.dex
D/dalvikvm( 135): 4 : /data/dalvik-cache/system@framework@framework.jar@classes .dex /data/dalvik-cache/system@framework@framework.jar@classes.dex
D/dalvikvm( 135): 5 : NULL NULL
D/dalvikvm( 135): ODEX file is stale or bad; removing and retrying (/data/dalvi k-cache/system@framework@apache-xml.jar@classes.dex)
D/BootAnimation( 502): [BootAnimation movie 870]initTexture,i=0,r=0,j=78,frame. tid=1103625536,name=ligo_00078.png
D/BootAnimation( 502): [BootAnimation movie 874]clearReg.isEmpty,i=0,r=0,j=78,f rame.tid=1103625536
D/BootAnimation( 502): [BootAnimation movie 892]85,delay=-44
D/BootAnimation( 502): [BootAnimation checkExit 714]exitnow=0
D/BootAnimation( 502): [BootAnimation movie 854]i=0,r=0,j=79,lastFrame=13083319 003(13083 ms),file=ligo_00079.png
D/BootAnimation( 502): [BootAnimation initTexture 220]start init and decode log o
D/dalvikvm( 135): DexOpt: --- BEGIN 'apache-xml.jar' (bootstrap=1) --D/skia ( 502): Flag is not 10
D/BootAnimation( 502): [BootAnimation initTexture 231]decode finish
D/BootAnimation( 502): [BootAnimation initTexture 246]w=720,h=580,tw=1024,th=10 24
D/dalvikvm( 613): boot class :
D/dalvikvm( 613): (0) core.jar
D/dalvikvm( 613): (1) core-junit.jar
D/dalvikvm( 613): (2) bouncycastle.jar
D/dalvikvm( 613): (3) ext.jar
D/dalvikvm( 613): (4) framework.jar
D/dalvikvm( 613): (5) telephony-common.jar
D/dalvikvm( 613): (6) mms-common.jar
D/dalvikvm( 613): (7) android.policy.jar

D/dalvikvm( 613): (8) services.jar
D/dalvikvm( 613): (9) apache-xml.jar
D/dalvikvm( 613): (10) mediatek-common.jar
D/dalvikvm( 613): (11) mediatek-framework.jar
D/dalvikvm( 613): (12) mediatek-op.jar
D/dalvikvm( 613): (13) secondary-framework.jar
D/dalvikvm( 613): (14) CustomProperties.jar
D/dalvikvm( 613): (15) am.jar
D/dalvikvm( 613): threadid=1: interp stack at 0x4068a000
D/dalvikvm( 613): open_cached_dex_file : /system/framework/core.jar /data/dalvi k-cache/system@framework@core.jar@classes.dex
D/dalvikvm( 613): open_cached_dex_file : /system/framework/core-junit.jar /data /dalvik-cache/system@framework@core-junit.jar@classes.dex
D/dalvikvm( 613): open_cached_dex_file : /system/framework/bouncycastle.jar /da ta/dalvik-cache/system@framework@bouncycastle.jar@classes.dex
D/dalvikvm( 613): open_cached_dex_file : /system/framework/ext.jar /data/dalvik -cache/system@framework@ext.jar@classes.dex
D/dalvikvm( 613): open_cached_dex_file : /system/framework/framework.jar /data/ dalvik-cache/system@framework@framework.jar@classes.dex
D/dalvikvm( 613): open_cached_dex_file : /system/framework/telephony-common.jar /data/dalvik-cache/system@framework@telephony-common.jar@classes.dex
D/dalvikvm( 613): open_cached_dex_file : /system/framework/mms-common.jar /data /dalvik-cache/system@framework@mms-common.jar@classes.dex
D/dalvikvm( 613): open_cached_dex_file : /system/framework/android.policy.jar / data/dalvik-cache/system@framework@android.policy.jar@classes.dex
D/dalvikvm( 613): open_cached_dex_file : /system/framework/services.jar /data/d alvik-cache/system@framework@services.jar@classes.dex
D/BootAnimation( 502): [BootAnimation movie 870]initTexture,i=0,r=0,j=79,frame. tid=1103625536,name=ligo_00079.png
D/BootAnimation( 502): [BootAnimation movie 874]clearReg.isEmpty,i=0,r=0,j=79,f rame.tid=1103625536
I/SurfaceTextureClient( 502): [STC::queueBuffer] (this:0x41958680) fps:11.76, d ur:1020.09, max:90.98, min:81.90
I/BufferQueue( 134): [BootAnimation](this:0x4295e370,api:1) [queue] fps:11.76, dur:1020.10, max:90.97, min:81.97
D/BootAnimation( 502): [BootAnimation movie 892]86,delay=-44
D/BootAnimation( 502): [BootAnimation checkExit 714]exitnow=0
D/BootAnimation( 502): [BootAnimation movie 854]i=0,r=0,j=80,lastFrame=13169890 772(13169 ms),file=ligo_00080.png
D/BootAnimation( 502): [BootAnimation initTexture 220]start init and decode log o
D/skia ( 502): Flag is not 10
D/BootAnimation( 502): [BootAnimation initTexture 231]decode finish
D/BootAnimation( 502): [BootAnimation initTexture 246]w=720,h=580,tw=1024,th=10 24 D/ccci_fsd(1)( 121): O: [1410102113133433](0x00000700): (11 1) D/ccci_fsd(1)( 121): F: 1: 2060 0 D/ccci_fsd(1)( 121): S: 1 206 1: 206 D/ccci_fsd(1)( 121): R: 1 206: 206 0 D/ccci_fsd(1)( 121): C: 1: 0 D/ccci_fsd(1)( 121): O: [1410102213133433](0x00000700): (11 1) D/ccci_fsd(1)( 121): F: 1: 2060 0 D/ccci_fsd(1)( 121): S: 1 206 1: 206 D/ccci_fsd(1)( 121): R: 1 206: 206 0 D/ccci_fsd(1)( 121): C: 1: 0 D/ccci_fsd(1)( 121): O: [1310103F2716342D](0x00000700): (11 1) D/ccci_fsd(1)( 121): F: 1: 80 0 D/ccci_fsd(1)( 121): S: 1 40 1: 40 D/ccci_fsd(1)( 121): R: 1 40: 40 0 D/ccci_fsd(1)( 121): C: 1: 0

D/ccci_fsd(1)( 121): O: [1110103F2414342D](0x00000700): (11 1) D/ccci_fsd(1)( 121): F: 1: 20 0 D/ccci_fsd(1)( 121): S: 1 0 1: 0 D/ccci_fsd(1)( 121): R: 1 10: 10 0 D/ccci_fsd(1)( 121): C: 1: 0 D/ccci_fsd(1)( 121): O: [1310103F2716342D](0x20010400): (11 1) D/ccci_fsd(1)( 121): F: 1: 80 0 D/ccci_fsd(1)( 121): S: 1 40 1: 40
D/BootAnimation( 502): [BootAnimation movie 870]initTexture,i=0,r=0,j=80,frame. tid=1103625536,name=ligo_00080.png
D/BootAnimation( 502): [BootAnimation movie 874]clearReg.isEmpty,i=0,r=0,j=80,f rame.tid=1103625536 D/ccci_fsd(1)( 121): W: 1 40: 40 0 D/ccci_fsd(1)( 121): C: 1: 0
D/BootAnimation( 502): [BootAnimation movie 892]88,delay=-46
D/BootAnimation( 502): [BootAnimation checkExit 714]exitnow=0
D/BootAnimation( 502): [BootAnimation movie 854]i=0,r=0,j=81,lastFrame=13258201 772(13258 ms),file=ligo_00081.png
D/BootAnimation( 502): [BootAnimation initTexture 220]start init and decode log o
D/skia ( 502): Flag is not 10
D/BootAnimation( 502): [BootAnimation initTexture 231]decode finish
D/BootAnimation( 502): [BootAnimation initTexture 246]w=720,h=580,tw=1024,th=10 24
D/BootAnimation( 502): [BootAnimation movie 870]initTexture,i=0,r=0,j=81,frame. tid=1103625536,name=ligo_00081.png
D/BootAnimation( 502): [BootAnimation movie 874]clearReg.isEmpty,i=0,r=0,j=81,f rame.tid=1103625536
D/BootAnimation( 502): [BootAnimation movie 892]83,delay=-41
D/BootAnimation( 502): [BootAnimation checkExit 714]exitnow=0
D/BootAnimation( 502): [BootAnimation movie 854]i=0,r=0,j=82,lastFrame=13341691 541(13341 ms),file=ligo_00082.png
D/BootAnimation( 502): [BootAnimation initTexture 220]start init and decode log o
D/skia ( 502): Flag is not 10
D/BootAnimation( 502): [BootAnimation initTexture 231]decode finish
D/BootAnimation( 502): [BootAnimation initTexture 246]w=720,h=580,tw=1024,th=10 24
D/BootAnimation( 502): [BootAnimation movie 870]initTexture,i=0,r=0,j=82,frame. tid=1103625536,name=ligo_00082.png
D/BootAnimation( 502): [BootAnimation movie 874]clearReg.isEmpty,i=0,r=0,j=82,f rame.tid=1103625536
D/BootAnimation( 502): [BootAnimation movie 892]83,delay=-41
D/BootAnimation( 502): [BootAnimation checkExit 714]exitnow=0
D/BootAnimation( 502): [BootAnimation movie 854]i=0,r=0,j=83,lastFrame=13425264 926(13425 ms),file=ligo_00083.png
D/BootAnimation( 502): [BootAnimation initTexture 220]start init and decode log o
D/skia ( 502): Flag is not 10
D/BootAnimation( 502): [BootAnimation initTexture 231]decode finish
D/BootAnimation( 502): [BootAnimation initTexture 246]w=720,h=580,tw=1024,th=10 24
D/BootAnimation( 502): [BootAnimation movie 870]initTexture,i=0,r=0,j=83,frame. tid=1103625536,name=ligo_00083.png
D/BootAnimation( 502): [BootAnimation movie 874]clearReg.isEmpty,i=0,r=0,j=83,f rame.tid=1103625536
D/BootAnimation( 502): [BootAnimation movie 892]84,delay=-42
D/BootAnimation( 502): [BootAnimation checkExit 714]exitnow=0
D/BootAnimation( 502): [BootAnimation movie 854]i=0,r=0,j=84,lastFrame=13509546 926(13509 ms),file=ligo_00084.png

D/BootAnimation( 502): [BootAnimation initTexture 220]start init and decode log o D/ccci_fsd(1)( 121): O: [1310103F2716342D](0x20010400): (11 1) D/ccci_fsd(1)( 121): F: 1: 80 0 D/ccci_fsd(1)( 121): W: 1 40: 40 0 D/ccci_fsd(1)( 121): C: 1: 0 D/ccci_fsd(1)( 121): O: [1210103F2314342D](0x00000700): (11 1) D/ccci_fsd(1)( 121): F: 1: 8 0 D/ccci_fsd(1)( 121): S: 1 0 1: 0 D/ccci_fsd(1)( 121): R: 1 4: 4 0 D/ccci_fsd(1)( 121): C: 1: 0
D/skia ( 502): Flag is not 10
D/BootAnimation( 502): [BootAnimation initTexture 231]decode finish
D/BootAnimation( 502): [BootAnimation initTexture 246]w=720,h=580,tw=1024,th=10 24
D/BootAnimation( 502): [BootAnimation movie 870]initTexture,i=0,r=0,j=84,frame. tid=1103625536,name=ligo_00084.png
D/BootAnimation( 502): [BootAnimation movie 874]clearReg.isEmpty,i=0,r=0,j=84,f rame.tid=1103625536
D/dalvikvm( 613): DexOpt: load 37ms, verify+opt 368ms, 836996 bytes
D/BootAnimation( 502): [BootAnimation movie 892]87,delay=-45
D/BootAnimation( 502): [BootAnimation checkExit 714]exitnow=0
D/BootAnimation( 502): [BootAnimation movie 854]i=0,r=0,j=85,lastFrame=13597063 464(13597 ms),file=ligo_00085.png
D/BootAnimation( 502): [BootAnimation initTexture 220]start init and decode log o
I/BufferQueue( 134): [BootAnimation](this:0x4295e370,api:1) [release] fps:11.77 , dur:1019.23, max:98.02, min:78.36
D/skia ( 502): Flag is not 10
D/BootAnimation( 502): [BootAnimation initTexture 231]decode finish
D/BootAnimation( 502): [BootAnimation initTexture 246]w=720,h=580,tw=1024,th=10 24 D/ccci_fsd(1)( 121): O: [1010103F1513342D](0x00000700): (11 1) D/ccci_fsd(1)( 121): F: 1: 3 0 D/ccci_fsd(1)( 121): S: 1 0 1: 0 D/ccci_fsd(1)( 121): R: 1 3: 3 0 D/ccci_fsd(1)( 121): C: 1: 0
D/BootAnimation( 502): [BootAnimation movie 870]initTexture,i=0,r=0,j=85,frame. tid=1103625536,name=ligo_00085.png
D/BootAnimation( 502): [BootAnimation movie 874]clearReg.isEmpty,i=0,r=0,j=85,f rame.tid=1103625536
D/BootAnimation( 502): [BootAnimation movie 892]83,delay=-41
D/BootAnimation( 502): [BootAnimation checkExit 714]exitnow=0
D/BootAnimation( 502): [BootAnimation movie 854]i=0,r=0,j=86,lastFrame=13680704 234(13680 ms),file=ligo_00086.png
D/BootAnimation( 502): [BootAnimation initTexture 220]start init and decode log o
D/skia ( 502): Flag is not 10
D/BootAnimation( 502): [BootAnimation initTexture 231]decode finish
D/BootAnimation( 502): [BootAnimation initTexture 246]w=720,h=580,tw=1024,th=10 24
D/BootAnimation( 502): [BootAnimation movie 870]initTexture,i=0,r=0,j=86,frame. tid=1103625536,name=ligo_00086.png
D/BootAnimation( 502): [BootAnimation movie 874]clearReg.isEmpty,i=0,r=0,j=86,f rame.tid=1103625536 D/ccci_fsd(1)( 121): O: [1110103F2210302D](0x00000700): (11 1) D/ccci_fsd(1)( 121): F: 1: 120 0 D/ccci_fsd(1)( 121): S: 1 0 1: 0 D/ccci_fsd(1)( 121): R: 1 12: 12 0 D/ccci_fsd(1)( 121): C: 1: 0

D/ccci_fsd(1)( 121): O: [1110103F2210302D](0x00000700): (11 1) D/ccci_fsd(1)( 121): F: 1: 120 0 D/ccci_fsd(1)( 121): S: 1 12 1: 12 D/ccci_fsd(1)( 121): R: 1 12: 12 0 D/ccci_fsd(1)( 121): C: 1: 0 D/ccci_fsd(1)( 121): O: [1410103F2B16342D](0x00000700): (11 1) D/ccci_fsd(1)( 121): F: 1: 200 0 D/ccci_fsd(1)( 121): S: 1 90 1: 90 D/ccci_fsd(1)( 121): R: 1 10: 10 0 D/ccci_fsd(1)( 121): C: 1: 0 D/ccci_fsd(1)( 121): O: [1410103F2B16342D](0x00000700): (11 1) D/ccci_fsd(1)( 121): F: 1: 200 0 D/ccci_fsd(1)( 121): S: 1 90 1: 90 D/ccci_fsd(1)( 121): R: 1 10: 10 0 D/ccci_fsd(1)( 121): C: 1: 0
D/dalvikvm( 135): DexOpt: --- END 'apache-xml.jar' (success) --D/dalvikvm( 135): DEX prep '/system/framework/apache-xml.jar': unzip in 37ms, r ewrite 669ms
D/dalvikvm( 135): open_cached_dex_file : /system/framework/mediatek-common.jar /data/dalvik-cache/system@framework@mediatek-common.jar@classes.dex
D/BootAnimation( 502): [BootAnimation movie 892]87,delay=-45
D/BootAnimation( 502): [BootAnimation checkExit 714]exitnow=0
D/BootAnimation( 502): [BootAnimation movie 854]i=0,r=0,j=87,lastFrame=13767945 618(13767 ms),file=ligo_00087.png
D/BootAnimation( 502): [BootAnimation initTexture 220]start init and decode log o
I/dalvikvm( 135): DexOpt: mismatch dep signature for '/data/dalvik-cache/system @framework@framework.jar@classes.dex'
D/dalvikvm( 135): == DexOpt: numDeps = 10
D/dalvikvm( 135): 0 : /data/dalvik-cache/system@framework@core.jar@classes.dex /data/dalvik-cache/system@framework@core.jar@classes.dex
D/dalvikvm( 135): 1 : /data/dalvik-cache/system@framework@core-junit.jar@classe s.dex /data/dalvik-cache/system@framework@core-junit.jar@classes.dex
D/dalvikvm( 135): 2 : /data/dalvik-cache/system@framework@bouncycastle.jar@clas ses.dex /data/dalvik-cache/system@framework@bouncycastle.jar@classes.dex
D/dalvikvm( 135): 3 : /data/dalvik-cache/system@framework@ext.jar@classes.dex / data/dalvik-cache/system@framework@ext.jar@classes.dex
D/dalvikvm( 135): 4 : /data/dalvik-cache/system@framework@framework.jar@classes .dex /data/dalvik-cache/system@framework@framework.jar@classes.dex
D/dalvikvm( 135): 5 : NULL NULL
D/dalvikvm( 135): ODEX file is stale or bad; removing and retrying (/data/dalvi k-cache/system@framework@mediatek-common.jar@classes.dex)
D/dalvikvm( 135): DexOpt: --- BEGIN 'mediatek-common.jar' (bootstrap=1) --D/ccci_fsd(1)( 121): O: [1110103F1910302D](0x00000700): (11 1) D/ccci_fsd(1)( 121): F: 1: 66 0 D/ccci_fsd(1)( 121): S: 1 0 1: 0 D/ccci_fsd(1)( 121): R: 1 66: 66 0 D/ccci_fsd(1)( 121): C: 1: 0
D/dalvikvm( 614): boot class :
D/dalvikvm( 614): (0) core.jar
D/dalvikvm( 614): (1) core-junit.jar
D/dalvikvm( 614): (2) bouncycastle.jar
D/dalvikvm( 614): (3) ext.jar
D/dalvikvm( 614): (4) framework.jar
D/dalvikvm( 614): (5) telephony-common.jar
D/dalvikvm( 614): (6) mms-common.jar
D/dalvikvm( 614): (7) android.policy.jar
D/dalvikvm( 614): (8) services.jar
D/dalvikvm( 614): (9) apache-xml.jar
D/dalvikvm( 614): (10) mediatek-common.jar

D/dalvikvm( 614): (11) mediatek-framework.jar
D/dalvikvm( 614): (12) mediatek-op.jar
D/dalvikvm( 614): (13) secondary-framework.jar
D/dalvikvm( 614): (14) CustomProperties.jar
D/dalvikvm( 614): (15) am.jar
D/dalvikvm( 614): threadid=1: interp stack at 0x4165e000
D/dalvikvm( 614): open_cached_dex_file : /system/framework/core.jar /data/dalvi k-cache/system@framework@core.jar@classes.dex
D/dalvikvm( 614): open_cached_dex_file : /system/framework/core-junit.jar /data /dalvik-cache/system@framework@core-junit.jar@classes.dex
D/dalvikvm( 614): open_cached_dex_file : /system/framework/bouncycastle.jar /da ta/dalvik-cache/system@framework@bouncycastle.jar@classes.dex
D/dalvikvm( 614): open_cached_dex_file : /system/framework/ext.jar /data/dalvik -cache/system@framework@ext.jar@classes.dex
D/dalvikvm( 614): open_cached_dex_file : /system/framework/framework.jar /data/ dalvik-cache/system@framework@framework.jar@classes.dex
D/dalvikvm( 614): open_cached_dex_file : /system/framework/telephony-common.jar /data/dalvik-cache/system@framework@telephony-common.jar@classes.dex
D/dalvikvm( 614): open_cached_dex_file : /system/framework/mms-common.jar /data /dalvik-cache/system@framework@mms-common.jar@classes.dex
D/dalvikvm( 614): open_cached_dex_file : /system/framework/android.policy.jar / data/dalvik-cache/system@framework@android.policy.jar@classes.dex
D/dalvikvm( 614): open_cached_dex_file : /system/framework/services.jar /data/d alvik-cache/system@framework@services.jar@classes.dex
D/dalvikvm( 614): open_cached_dex_file : /system/framework/apache-xml.jar /data /dalvik-cache/system@framework@apache-xml.jar@classes.dex
D/skia ( 502): Flag is not 10
D/BootAnimation( 502): [BootAnimation initTexture 231]decode finish
D/BootAnimation( 502): [BootAnimation initTexture 246]w=720,h=580,tw=1024,th=10 24 D/ccci_fsd(1)( 121): O: [1010103F1914342D](0x00000700): (11 1) D/ccci_fsd(1)( 121): F: 1: 8 0 D/ccci_fsd(1)( 121): S: 1 0 1: 0 D/ccci_fsd(1)( 121): R: 1 4: 4 0
D/dalvikvm( 614): DexOpt: load 6ms, verify+opt 38ms, 275412 bytes D/ccci_fsd(1)( 121): C: 1: 0
D/BootAnimation( 502): [BootAnimation movie 870]initTexture,i=0,r=0,j=87,frame. tid=1103625536,name=ligo_00087.png
D/BootAnimation( 502): [BootAnimation movie 874]clearReg.isEmpty,i=0,r=0,j=87,f rame.tid=1103625536 D/ccci_fsd(1)( 121): O: [1110103F1417342D](0x00000700): (11 1) D/ccci_fsd(1)( 121): F: 1: 1003 0 D/ccci_fsd(1)( 121): S: 1 0 1: 0
D/BootAnimation( 502): [BootAnimation movie 892]92,delay=-50
D/BootAnimation( 502): [BootAnimation checkExit 714]exitnow=0
D/BootAnimation( 502): [BootAnimation movie 854]i=0,r=0,j=88,lastFrame=13860568 695(13860 ms),file=ligo_00088.png
D/BootAnimation( 502): [BootAnimation initTexture 220]start init and decode log o D/ccci_fsd(1)( 121): R: 1 1003: 1003 0 D/ccci_fsd(1)( 121): C: 1: 0 D/ccci_fsd(1)( 121): O: [1110103F1814342D](0x00000700): (11 1) D/ccci_fsd(1)( 121): F: 1: 3240 0 D/ccci_fsd(1)( 121): S: 1 0 1: 0 D/ccci_fsd(1)( 121): R: 1 270: 270 0 D/ccci_fsd(1)( 121): C: 1: 0 D/ccci_fsd(1)( 121): O: [1110103F1814342D](0x00000700): (11 1) D/ccci_fsd(1)( 121): F: 1: 3240 0 D/ccci_fsd(1)( 121): S: 1 270 1: 270 D/ccci_fsd(1)( 121): R: 1 270: 270 0

D/ccci_fsd(1)( 121): C: 1: 0 D/ccci_fsd(1)( 121): O: [1110103F1814342D](0x00000700): (11 1) D/ccci_fsd(1)( 121): F: 1: 3240 0 D/ccci_fsd(1)( 121): S: 1 540 1: 540 D/ccci_fsd(1)( 121): R: 1 270: 270 0 D/ccci_fsd(1)( 121): C: 1: 0 D/ccci_fsd(1)( 121): O: [1110103F1814342D](0x00000700): (11 1) D/ccci_fsd(1)( 121): F: 1: 3240 0 D/ccci_fsd(1)( 121): S: 1 810 1: 810 D/ccci_fsd(1)( 121): R: 1 270: 270 0 D/ccci_fsd(1)( 121): C: 1: 0 D/ccci_fsd(1)( 121): O: [1110103F1814342D](0x00000700): (11 1) D/ccci_fsd(1)( 121): F: 1: 3240 0 D/ccci_fsd(1)( 121): S: 1 1080 1: 1080 D/ccci_fsd(1)( 121): R: 1 270: 270 0 D/ccci_fsd(1)( 121): C: 1: 0 D/ccci_fsd(1)( 121): O: [1110103F1814342D](0x00000700): (11 1) D/ccci_fsd(1)( 121): F: 1: 3240 0 D/ccci_fsd(1)( 121): S: 1 1350 1: 1350 D/ccci_fsd(1)( 121): R: 1 270: 270 0 D/ccci_fsd(1)( 121): C: 1: 0
D/skia ( 502): Flag is not 10
D/BootAnimation( 502): [BootAnimation initTexture 231]decode finish
D/BootAnimation( 502): [BootAnimation initTexture 246]w=720,h=580,tw=1024,th=10 24
D/dalvikvm( 135): DexOpt: --- END 'mediatek-common.jar' (success) --D/dalvikvm( 135): DEX prep '/system/framework/mediatek-common.jar': unzip in 3m s, rewrite 124ms
D/dalvikvm( 135): open_cached_dex_file : /system/framework/mediatek-framework.j ar /data/dalvik-cache/system@framework@mediatek-framework.jar@classes.dex
I/dalvikvm( 135): DexOpt: source file mod time mismatch (42ea550d vs 432178ca)
D/dalvikvm( 135): ODEX file is stale or bad; removing and retrying (/data/dalvi k-cache/system@framework@mediatek-framework.jar@classes.dex)
D/dalvikvm( 135): DexOpt: --- BEGIN 'mediatek-framework.jar' (bootstrap=1) --D/dalvikvm( 615): boot class :
D/dalvikvm( 615): (0) core.jar
D/dalvikvm( 615): (1) core-junit.jar
D/dalvikvm( 615): (2) bouncycastle.jar
D/dalvikvm( 615): (3) ext.jar
D/dalvikvm( 615): (4) framework.jar
D/dalvikvm( 615): (5) telephony-common.jar
D/dalvikvm( 615): (6) mms-common.jar
D/dalvikvm( 615): (7) android.policy.jar
D/dalvikvm( 615): (8) services.jar
D/dalvikvm( 615): (9) apache-xml.jar
D/dalvikvm( 615): (10) mediatek-common.jar
D/dalvikvm( 615): (11) mediatek-framework.jar
D/dalvikvm( 615): (12) mediatek-op.jar
D/dalvikvm( 615): (13) secondary-framework.jar
D/dalvikvm( 615): (14) CustomProperties.jar
D/dalvikvm( 615): (15) am.jar
D/dalvikvm( 615): threadid=1: interp stack at 0x41c65000
D/dalvikvm( 615): open_cached_dex_file : /system/framework/core.jar /data/dalvi k-cache/system@framework@core.jar@classes.dex
D/dalvikvm( 615): open_cached_dex_file : /system/framework/core-junit.jar /data /dalvik-cache/system@framework@core-junit.jar@classes.dex
D/dalvikvm( 615): open_cached_dex_file : /system/framework/bouncycastle.jar /da ta/dalvik-cache/system@framework@bouncycastle.jar@classes.dex
D/dalvikvm( 615): open_cached_dex_file : /system/framework/ext.jar /data/dalvik -cache/system@framework@ext.jar@classes.dex

D/dalvikvm( 615): open_cached_dex_file : /system/framework/framework.jar /data/ dalvik-cache/system@framework@framework.jar@classes.dex
D/dalvikvm( 615): open_cached_dex_file : /system/framework/telephony-common.jar /data/dalvik-cache/system@framework@telephony-common.jar@classes.dex
D/dalvikvm( 615): open_cached_dex_file : /system/framework/mms-common.jar /data /dalvik-cache/system@framework@mms-common.jar@classes.dex
D/dalvikvm( 615): open_cached_dex_file : /system/framework/android.policy.jar / data/dalvik-cache/system@framework@android.policy.jar@classes.dex
D/BootAnimation( 502): [BootAnimation movie 870]initTexture,i=0,r=0,j=88,frame. tid=1103625536,name=ligo_00088.png
D/BootAnimation( 502): [BootAnimation movie 874]clearReg.isEmpty,i=0,r=0,j=88,f rame.tid=1103625536
D/dalvikvm( 615): open_cached_dex_file : /system/framework/services.jar /data/d alvik-cache/system@framework@services.jar@classes.dex
D/dalvikvm( 615): open_cached_dex_file : /system/framework/apache-xml.jar /data /dalvik-cache/system@framework@apache-xml.jar@classes.dex
D/dalvikvm( 615): open_cached_dex_file : /system/framework/mediatek-common.jar /data/dalvik-cache/system@framework@mediatek-common.jar@classes.dex
D/BootAnimation( 502): [BootAnimation movie 892]88,delay=-46
D/BootAnimation( 502): [BootAnimation checkExit 714]exitnow=0
D/BootAnimation( 502): [BootAnimation movie 854]i=0,r=0,j=89,lastFrame=13948717 311(13948 ms),file=ligo_00089.png
D/BootAnimation( 502): [BootAnimation initTexture 220]start init and decode log o
D/dalvikvm( 615): DexOpt: 'Lcom/mediatek/telephony/TelephonyManagerEx;' has an earlier definition; blocking out
D/dalvikvm( 615): DexOpt: 'Lcom/mediatek/telephony/SmsManagerEx;' has an earlie r definition; blocking out
D/dalvikvm( 615): DexOpt: 'Lcom/mediatek/telephony/PhoneNumberFormatUtilEx;' ha s an earlier definition; blocking out
D/dalvikvm( 615): DexOpt: 'Lcom/mediatek/telephony/PhoneNumberFormattingTextWat cherEx;' has an earlier definition; blocking out
D/skia ( 502): Flag is not 10
D/BootAnimation( 502): [BootAnimation initTexture 231]decode finish
D/BootAnimation( 502): [BootAnimation initTexture 246]w=720,h=580,tw=1024,th=10 24
D/dalvikvm( 615): DexOpt: not verifying/optimizing 'Lcom/mediatek/telephony/Tel ephonyManagerEx;': multiple definitions
D/dalvikvm( 615): DexOpt: not verifying/optimizing 'Lcom/mediatek/telephony/Sms ManagerEx;': multiple definitions
D/dalvikvm( 615): DexOpt: not verifying/optimizing 'Lcom/mediatek/telephony/Pho neNumberFormatUtilEx;': multiple definitions
D/dalvikvm( 615): DexOpt: not verifying/optimizing 'Lcom/mediatek/telephony/Pho neNumberFormattingTextWatcherEx;': multiple definitions
I/dalvikvm( 615): DexOpt: not resolving ambiguous class 'Lcom/mediatek/telephon y/TelephonyManagerEx;'
I/dalvikvm( 615): DexOpt: not resolving ambiguous class 'Lcom/mediatek/telephon y/TelephonyManagerEx;'
D/BootAnimation( 502): [BootAnimation movie 870]initTexture,i=0,r=0,j=89,frame. tid=1103625536,name=ligo_00089.png
D/BootAnimation( 502): [BootAnimation movie 874]clearReg.isEmpty,i=0,r=0,j=89,f rame.tid=1103625536
D/BootAnimation( 502): [BootAnimation movie 892]86,delay=-44
D/BootAnimation( 502): [BootAnimation checkExit 714]exitnow=0
D/BootAnimation( 502): [BootAnimation movie 854]i=0,r=0,j=90,lastFrame=14035406 541(14035 ms),file=ligo_00090.png
D/BootAnimation( 502): [BootAnimation initTexture 220]start init and decode log o
D/dalvikvm( 615): DexOpt: load 9ms, verify+opt 71ms, 466892 bytes D/ccci_fsd(1)( 121): O: [1210103F1214342D](0x00000700): (11 1)

D/ccci_fsd(1)( 121): F: 1: 36 0 D/ccci_fsd(1)( 121): S: 1 0 1: 0
I/SurfaceFlinger( 134): [SurfaceFlinger] fps:11.551980,dur:1038.78,max:98.02,mi n:78.36
D/skia ( 502): Flag is not 10
D/BootAnimation( 502): [BootAnimation initTexture 231]decode finish
D/BootAnimation( 502): [BootAnimation initTexture 246]w=720,h=580,tw=1024,th=10 24 D/ccci_fsd(1)( 121): R: 1 18: 18 0 D/ccci_fsd(1)( 121): C: 1: 0
D/BootAnimation( 502): [BootAnimation movie 870]initTexture,i=0,r=0,j=90,frame. tid=1103625536,name=ligo_00090.png
D/BootAnimation( 502): [BootAnimation movie 874]clearReg.isEmpty,i=0,r=0,j=90,f rame.tid=1103625536
D/dalvikvm( 135): DexOpt: --- END 'mediatek-framework.jar' (success) --D/dalvikvm( 135): DEX prep '/system/framework/mediatek-framework.jar': unzip in 11ms, rewrite 199ms
D/dalvikvm( 135): open_cached_dex_file : /system/framework/mediatek-op.jar /dat a/dalvik-cache/system@framework@mediatek-op.jar@classes.dex
I/dalvikvm( 135): DexOpt: mismatch dep signature for '/data/dalvik-cache/system @framework@framework.jar@classes.dex'
D/dalvikvm( 135): == DexOpt: numDeps = 12
D/dalvikvm( 135): 0 : /data/dalvik-cache/system@framework@core.jar@classes.dex /data/dalvik-cache/system@framework@core.jar@classes.dex
D/dalvikvm( 135): 1 : /data/dalvik-cache/system@framework@core-junit.jar@classe s.dex /data/dalvik-cache/system@framework@core-junit.jar@classes.dex
D/dalvikvm( 135): 2 : /data/dalvik-cache/system@framework@bouncycastle.jar@clas ses.dex /data/dalvik-cache/system@framework@bouncycastle.jar@classes.dex
D/dalvikvm( 135): 3 : /data/dalvik-cache/system@framework@ext.jar@classes.dex / data/dalvik-cache/system@framework@ext.jar@classes.dex
D/dalvikvm( 135): 4 : /data/dalvik-cache/system@framework@framework.jar@classes .dex /data/dalvik-cache/system@framework@framework.jar@classes.dex
D/dalvikvm( 135): 5 : NULL NULL
D/dalvikvm( 135): ODEX file is stale or bad; removing and retrying (/data/dalvi k-cache/system@framework@mediatek-op.jar@classes.dex)
D/dalvikvm( 135): DexOpt: --- BEGIN 'mediatek-op.jar' (bootstrap=1) --D/BootAnimation( 502): [BootAnimation movie 892]84,delay=-43
D/BootAnimation( 502): [BootAnimation checkExit 714]exitnow=0
D/BootAnimation( 502): [BootAnimation movie 854]i=0,r=0,j=91,lastFrame=14120367 388(14120 ms),file=ligo_00091.png
D/BootAnimation( 502): [BootAnimation initTexture 220]start init and decode log o
D/dalvikvm( 616): boot class :
D/dalvikvm( 616): (0) core.jar
D/dalvikvm( 616): (1) core-junit.jar
D/dalvikvm( 616): (2) bouncycastle.jar
D/dalvikvm( 616): (3) ext.jar
D/dalvikvm( 616): (4) framework.jar
D/dalvikvm( 616): (5) telephony-common.jar
D/dalvikvm( 616): (6) mms-common.jar
D/dalvikvm( 616): (7) android.policy.jar
D/dalvikvm( 616): (8) services.jar
D/dalvikvm( 616): (9) apache-xml.jar
D/dalvikvm( 616): (10) mediatek-common.jar
D/dalvikvm( 616): (11) mediatek-framework.jar
D/dalvikvm( 616): (12) mediatek-op.jar
D/dalvikvm( 616): (13) secondary-framework.jar
D/dalvikvm( 616): (14) CustomProperties.jar
D/dalvikvm( 616): (15) am.jar
D/dalvikvm( 616): threadid=1: interp stack at 0x40bea000

D/dalvikvm( 616): open_cached_dex_file : /system/framework/core.jar /data/dalvi k-cache/system@framework@core.jar@classes.dex
D/dalvikvm( 616): open_cached_dex_file : /system/framework/core-junit.jar /data /dalvik-cache/system@framework@core-junit.jar@classes.dex
D/dalvikvm( 616): open_cached_dex_file : /system/framework/bouncycastle.jar /da ta/dalvik-cache/system@framework@bouncycastle.jar@classes.dex
D/dalvikvm( 616): open_cached_dex_file : /system/framework/ext.jar /data/dalvik -cache/system@framework@ext.jar@classes.dex
D/dalvikvm( 616): open_cached_dex_file : /system/framework/framework.jar /data/ dalvik-cache/system@framework@framework.jar@classes.dex
D/dalvikvm( 616): open_cached_dex_file : /system/framework/telephony-common.jar /data/dalvik-cache/system@framework@telephony-common.jar@classes.dex
D/dalvikvm( 616): open_cached_dex_file : /system/framework/mms-common.jar /data /dalvik-cache/system@framework@mms-common.jar@classes.dex
D/dalvikvm( 616): open_cached_dex_file : /system/framework/android.policy.jar / data/dalvik-cache/system@framework@android.policy.jar@classes.dex
D/dalvikvm( 616): open_cached_dex_file : /system/framework/services.jar /data/d alvik-cache/system@framework@services.jar@classes.dex
D/dalvikvm( 616): open_cached_dex_file : /system/framework/apache-xml.jar /data /dalvik-cache/system@framework@apache-xml.jar@classes.dex
D/dalvikvm( 616): open_cached_dex_file : /system/framework/mediatek-common.jar /data/dalvik-cache/system@framework@mediatek-common.jar@classes.dex
D/dalvikvm( 616): open_cached_dex_file : /system/framework/mediatek-framework.j ar /data/dalvik-cache/system@framework@mediatek-framework.jar@classes.dex
D/dalvikvm( 616): DexOpt: load 3ms, verify+opt 0ms, 81636 bytes
D/skia ( 502): Flag is not 10
D/BootAnimation( 502): [BootAnimation initTexture 231]decode finish
D/BootAnimation( 502): [BootAnimation initTexture 246]w=720,h=580,tw=1024,th=10 24
D/dalvikvm( 135): DexOpt: --- END 'mediatek-op.jar' (success) --D/dalvikvm( 135): DEX prep '/system/framework/mediatek-op.jar': unzip in 0ms, r ewrite 43ms
D/dalvikvm( 135): open_cached_dex_file : /system/framework/secondary-framework. jar /data/dalvik-cache/system@framework@secondary-framework.jar@classes.dex
I/dalvikvm( 135): DexOpt: source file mod time mismatch (42ea5517 vs 432178c6)
D/dalvikvm( 135): ODEX file is stale or bad; removing and retrying (/data/dalvi k-cache/system@framework@secondary-framework.jar@classes.dex)
D/BootAnimation( 502): [BootAnimation movie 870]initTexture,i=0,r=0,j=91,frame. tid=1103625536,name=ligo_00091.png
D/BootAnimation( 502): [BootAnimation movie 874]clearReg.isEmpty,i=0,r=0,j=91,f rame.tid=1103625536 D/ccci_fsd(1)( 121): O: [1410103F2B16342D](0x00000700): (11 1) D/ccci_fsd(1)( 121): F: 1: 200 0 D/ccci_fsd(1)( 121): S: 1 80 1: 80 D/ccci_fsd(1)( 121): R: 1 10: 10 0 D/ccci_fsd(1)( 121): C: 1: 0
I/SurfaceTextureClient( 502): [STC::queueBuffer] (this:0x41958680) fps:11.57, d ur:1037.22, max:93.33, min:83.50
I/BufferQueue( 134): [BootAnimation](this:0x4295e370,api:1) [queue] fps:11.57, dur:1037.21, max:93.38, min:83.49
D/BootAnimation( 502): [BootAnimation movie 892]89,delay=-48
D/BootAnimation( 502): [BootAnimation checkExit 714]exitnow=0
D/BootAnimation( 502): [BootAnimation movie 854]i=0,r=0,j=92,lastFrame=14210749 080(14210 ms),file=ligo_00092.png
D/BootAnimation( 502): [BootAnimation initTexture 220]start init and decode log o
D/skia ( 502): Flag is not 10
D/BootAnimation( 502): [BootAnimation initTexture 231]decode finish
D/BootAnimation( 502): [BootAnimation initTexture 246]w=720,h=580,tw=1024,th=10 24

D/BootAnimation( 502): [BootAnimation movie 870]initTexture,i=0,r=0,j=92,frame. tid=1103625536,name=ligo_00092.png
D/BootAnimation( 502): [BootAnimation movie 874]clearReg.isEmpty,i=0,r=0,j=92,f rame.tid=1103625536
D/BootAnimation( 502): [BootAnimation movie 892]84,delay=-42
D/BootAnimation( 502): [BootAnimation checkExit 714]exitnow=0
D/BootAnimation( 502): [BootAnimation movie 854]i=0,r=0,j=93,lastFrame=14295271 080(14295 ms),file=ligo_00093.png
D/BootAnimation( 502): [BootAnimation initTexture 220]start init and decode log o
