D/BootAnimation( 502): [BootAnimation checkExit 714]exitnow=0

D/BootAnimation( 502): [BootAnimation movie 854]i=1,r=1365,j=0,lastFrame=753484 99775(75348 ms),file=ligo_00102.png
D/BootAnimation( 502): [BootAnimation movie 857]glBindTexture,i=1,r=1365,j=0,fr ame.tid=100271,name=ligo_00102.png
D/BootAnimation( 502): [BootAnimation movie 874]clearReg.isEmpty,i=1,r=1365,j=0 ,frame.tid=100271
D/BootAnimation( 502): [BootAnimation movie 892]1,delay=40
W/PackageManager( 1322): Package com.mxtech.videoplayer.ad desires unavailable s hared library com.sec.android.app.multiwindow; ignoring!
D/BootAnimation( 502): [BootAnimation checkExit 714]exitnow=0
D/BootAnimation( 502): [BootAnimation movie 854]i=1,r=1366,j=0,lastFrame=753903 48545(75390 ms),file=ligo_00102.png
D/BootAnimation( 502): [BootAnimation movie 857]glBindTexture,i=1,r=1366,j=0,fr ame.tid=100271,name=ligo_00102.png
D/BootAnimation( 502): [BootAnimation movie 874]clearReg.isEmpty,i=1,r=1366,j=0 ,frame.tid=100271
D/BootAnimation( 502): [BootAnimation movie 892]1,delay=40
D/BootAnimation( 502): [BootAnimation checkExit 714]exitnow=0
D/BootAnimation( 502): [BootAnimation movie 854]i=1,r=1367,j=0,lastFrame=754322 32468(75432 ms),file=ligo_00102.png
D/BootAnimation( 502): [BootAnimation movie 857]glBindTexture,i=1,r=1367,j=0,fr ame.tid=100271,name=ligo_00102.png
D/BootAnimation( 502): [BootAnimation movie 874]clearReg.isEmpty,i=1,r=1367,j=0 ,frame.tid=100271
D/BootAnimation( 502): [BootAnimation movie 892]0,delay=40
I/SurfaceFlinger( 134): [SurfaceFlinger] fps:24.068918,dur:1038.68,max:55.29,mi n:39.11
D/BootAnimation( 502): [BootAnimation checkExit 714]exitnow=0
D/BootAnimation( 502): [BootAnimation movie 854]i=1,r=1368,j=0,lastFrame=754741 22006(75474 ms),file=ligo_00102.png
D/BootAnimation( 502): [BootAnimation movie 857]glBindTexture,i=1,r=1368,j=0,fr ame.tid=100271,name=ligo_00102.png
D/BootAnimation( 502): [BootAnimation movie 874]clearReg.isEmpty,i=1,r=1368,j=0 ,frame.tid=100271
D/BootAnimation( 502): [BootAnimation movie 892]1,delay=40
D/BootAnimation( 502): [BootAnimation checkExit 714]exitnow=0
D/BootAnimation( 502): [BootAnimation movie 854]i=1,r=1369,j=0,lastFrame=755160 03160(75516 ms),file=ligo_00102.png
D/BootAnimation( 502): [BootAnimation movie 857]glBindTexture,i=1,r=1369,j=0,fr ame.tid=100271,name=ligo_00102.png
D/BootAnimation( 502): [BootAnimation movie 874]clearReg.isEmpty,i=1,r=1369,j=0 ,frame.tid=100271
D/BootAnimation( 502): [BootAnimation movie 892]1,delay=40
D/BootAnimation( 502): [BootAnimation checkExit 714]exitnow=0
D/BootAnimation( 502): [BootAnimation movie 854]i=1,r=1370,j=0,lastFrame=755578 79698(75557 ms),file=ligo_00102.png
D/BootAnimation( 502): [BootAnimation movie 857]glBindTexture,i=1,r=1370,j=0,fr ame.tid=100271,name=ligo_00102.png
D/BootAnimation( 502): [BootAnimation movie 874]clearReg.isEmpty,i=1,r=1370,j=0 ,frame.tid=100271
D/BootAnimation( 502): [BootAnimation movie 892]1,delay=40
I/PackageManager( 1322): Perform pre-dex opt for package: com.mxtech.videoplayer .ad
D/dalvikvm( 1322): open_cached_dex_file : /data/app/com.mxtech.videoplayer.ad-1. apk /data/dalvik-cache/data@app@com.mxtech.videoplayer.ad-1.apk@classes.dex
I/PackageSettings( 1322): Stopping package com.mxtech.videoplayer.ad
I/PackageSettings( 1322): java.lang.RuntimeException: here
I/PackageSettings( 1322): at com.android.server.pm.Settings.setPackageStop pedStateLPw(Settings.java:2478)
I/PackageSettings( 1322): at com.android.server.pm.ExtraPackageManagerServ

ices.blockAutoStartedAppInternal(ExtraPackageManagerServices.java:249)
I/PackageSettings( 1322): at com.android.server.pm.ExtraPackageManagerServ ices.blockAutoStartedApp(ExtraPackageManagerServices.java:255)
I/PackageSettings( 1322): at com.android.server.pm.PackageManagerService.s canPackageLI(PackageManagerService.java:4487)
I/PackageSettings( 1322): at com.android.server.pm.PackageManagerService.s canPackageLI(PackageManagerService.java:3580)
I/PackageSettings( 1322): at com.android.server.pm.PackageManagerService.s canDirLI(PackageManagerService.java:3315)
I/PackageSettings( 1322): at com.android.server.pm.PackageManagerService.< init>(PackageManagerService.java:1345)
I/PackageSettings( 1322): at com.android.server.pm.PackageManagerService.m ain(PackageManagerService.java:956)
I/PackageSettings( 1322): at com.android.server.ServerThread.run(SystemSer ver.java:334)
D/PackageManager( 1322): scan package: /data/app/com.mxtech.videoplayer.ad-1.apk , end at: 75580ms. elapsed time = 245ms.
D/PackageManager( 1322): scan package: /data/app/com.mxtech.videoplayer.ad-2.apk , start at: 75580ms.
D/BootAnimation( 502): [BootAnimation checkExit 714]exitnow=0
D/BootAnimation( 502): [BootAnimation movie 854]i=1,r=1371,j=0,lastFrame=755997 95698(75599 ms),file=ligo_00102.png
D/BootAnimation( 502): [BootAnimation movie 857]glBindTexture,i=1,r=1371,j=0,fr ame.tid=100271,name=ligo_00102.png
D/BootAnimation( 502): [BootAnimation movie 874]clearReg.isEmpty,i=1,r=1371,j=0 ,frame.tid=100271
D/BootAnimation( 502): [BootAnimation movie 892]1,delay=40
I/PackageManager( 1322): /data/app/com.mxtech.videoplayer.ad-2.apk changed; coll ecting certs
D/BootAnimation( 502): [BootAnimation checkExit 714]exitnow=0
D/BootAnimation( 502): [BootAnimation movie 854]i=1,r=1372,j=0,lastFrame=756416 49237(75641 ms),file=ligo_00102.png
D/BootAnimation( 502): [BootAnimation movie 857]glBindTexture,i=1,r=1372,j=0,fr ame.tid=100271,name=ligo_00102.png
D/BootAnimation( 502): [BootAnimation movie 874]clearReg.isEmpty,i=1,r=1372,j=0 ,frame.tid=100271
D/BootAnimation( 502): [BootAnimation movie 892]1,delay=40
D/BootAnimation( 502): [BootAnimation checkExit 714]exitnow=0
D/BootAnimation( 502): [BootAnimation movie 854]i=1,r=1373,j=0,lastFrame=756835 16545(75683 ms),file=ligo_00102.png
D/BootAnimation( 502): [BootAnimation movie 857]glBindTexture,i=1,r=1373,j=0,fr ame.tid=100271,name=ligo_00102.png
D/BootAnimation( 502): [BootAnimation movie 874]clearReg.isEmpty,i=1,r=1373,j=0 ,frame.tid=100271
D/BootAnimation( 502): [BootAnimation movie 892]1,delay=40
D/NativeCrypto( 1322): NativeCrypto_EVP_VerifyInit ctx=0x5cf46300
D/NativeCrypto( 1322): NativeCrypto_EVP_VerifyInit algorithmChars=RSA-SHA1
I/BufferQueue( 134): [BootAnimation](this:0x4295e370,api:1) [release] fps:24.07 , dur:1038.78, max:58.83, min:39.11
D/BootAnimation( 502): [BootAnimation checkExit 714]exitnow=0
D/BootAnimation( 502): [BootAnimation movie 854]i=1,r=1374,j=0,lastFrame=757254 05775(75725 ms),file=ligo_00102.png
D/BootAnimation( 502): [BootAnimation movie 857]glBindTexture,i=1,r=1374,j=0,fr ame.tid=100271,name=ligo_00102.png
D/BootAnimation( 502): [BootAnimation movie 874]clearReg.isEmpty,i=1,r=1374,j=0 ,frame.tid=100271
D/BootAnimation( 502): [BootAnimation movie 892]1,delay=40
D/BootAnimation( 502): [BootAnimation checkExit 714]exitnow=0
D/BootAnimation( 502): [BootAnimation movie 854]i=1,r=1375,j=0,lastFrame=757674 05545(75767 ms),file=ligo_00102.png

D/BootAnimation( 502): [BootAnimation movie 857]glBindTexture,i=1,r=1375,j=0,fr ame.tid=100271,name=ligo_00102.png
D/BootAnimation( 502): [BootAnimation movie 874]clearReg.isEmpty,i=1,r=1375,j=0 ,frame.tid=100271
D/BootAnimation( 502): [BootAnimation movie 892]1,delay=40
D/dalvikvm( 1322): GC_CONCURRENT freed 1066K (10230), 18% free 9591K/11684K, pau sed 2ms+12ms, total 53ms
D/dalvikvm( 1322): WAIT_FOR_CONCURRENT_GC blocked 44ms
D/BootAnimation( 502): [BootAnimation checkExit 714]exitnow=0
D/BootAnimation( 502): [BootAnimation movie 854]i=1,r=1376,j=0,lastFrame=758092 85468(75809 ms),file=ligo_00102.png
D/BootAnimation( 502): [BootAnimation movie 857]glBindTexture,i=1,r=1376,j=0,fr ame.tid=100271,name=ligo_00102.png
D/BootAnimation( 502): [BootAnimation movie 874]clearReg.isEmpty,i=1,r=1376,j=0 ,frame.tid=100271
D/BootAnimation( 502): [BootAnimation movie 892]1,delay=40
D/BootAnimation( 502): [BootAnimation checkExit 714]exitnow=0
D/BootAnimation( 502): [BootAnimation movie 854]i=1,r=1377,j=0,lastFrame=758511 57775(75851 ms),file=ligo_00102.png
D/BootAnimation( 502): [BootAnimation movie 857]glBindTexture,i=1,r=1377,j=0,fr ame.tid=100271,name=ligo_00102.png
D/BootAnimation( 502): [BootAnimation movie 874]clearReg.isEmpty,i=1,r=1377,j=0 ,frame.tid=100271
D/BootAnimation( 502): [BootAnimation movie 892]1,delay=40
D/BootAnimation( 502): [BootAnimation checkExit 714]exitnow=0
D/BootAnimation( 502): [BootAnimation movie 854]i=1,r=1378,j=0,lastFrame=758930 30852(75893 ms),file=ligo_00102.png
D/BootAnimation( 502): [BootAnimation movie 857]glBindTexture,i=1,r=1378,j=0,fr ame.tid=100271,name=ligo_00102.png
D/BootAnimation( 502): [BootAnimation movie 874]clearReg.isEmpty,i=1,r=1378,j=0 ,frame.tid=100271
D/BootAnimation( 502): [BootAnimation movie 892]1,delay=40
D/BootAnimation( 502): [BootAnimation checkExit 714]exitnow=0
D/BootAnimation( 502): [BootAnimation movie 854]i=1,r=1379,j=0,lastFrame=759349 48775(75934 ms),file=ligo_00102.png
D/BootAnimation( 502): [BootAnimation movie 857]glBindTexture,i=1,r=1379,j=0,fr ame.tid=100271,name=ligo_00102.png
D/BootAnimation( 502): [BootAnimation movie 874]clearReg.isEmpty,i=1,r=1379,j=0 ,frame.tid=100271
D/BootAnimation( 502): [BootAnimation movie 892]1,delay=40
D/dalvikvm( 1322): GC_FOR_ALLOC freed 2941K (38247), 34% free 8025K/11984K, paus ed 45ms, total 46ms
D/BootAnimation( 502): [BootAnimation checkExit 714]exitnow=0
D/BootAnimation( 502): [BootAnimation movie 854]i=1,r=1380,j=0,lastFrame=759768 79314(75976 ms),file=ligo_00102.png
D/BootAnimation( 502): [BootAnimation movie 857]glBindTexture,i=1,r=1380,j=0,fr ame.tid=100271,name=ligo_00102.png
D/BootAnimation( 502): [BootAnimation movie 874]clearReg.isEmpty,i=1,r=1380,j=0 ,frame.tid=100271
D/BootAnimation( 502): [BootAnimation movie 892]1,delay=40
D/BootAnimation( 502): [BootAnimation checkExit 714]exitnow=0
D/BootAnimation( 502): [BootAnimation movie 854]i=1,r=1381,j=0,lastFrame=760187 56929(76018 ms),file=ligo_00102.png
D/BootAnimation( 502): [BootAnimation movie 857]glBindTexture,i=1,r=1381,j=0,fr ame.tid=100271,name=ligo_00102.png
D/BootAnimation( 502): [BootAnimation movie 874]clearReg.isEmpty,i=1,r=1381,j=0 ,frame.tid=100271
D/BootAnimation( 502): [BootAnimation movie 892]1,delay=40
D/BootAnimation( 502): [BootAnimation checkExit 714]exitnow=0
D/BootAnimation( 502): [BootAnimation movie 854]i=1,r=1382,j=0,lastFrame=760606

14314(76060 ms),file=ligo_00102.png
D/BootAnimation( 502): [BootAnimation movie 857]glBindTexture,i=1,r=1382,j=0,fr ame.tid=100271,name=ligo_00102.png
D/BootAnimation( 502): [BootAnimation movie 874]clearReg.isEmpty,i=1,r=1382,j=0 ,frame.tid=100271
D/BootAnimation( 502): [BootAnimation movie 892]0,delay=40
D/BootAnimation( 502): [BootAnimation checkExit 714]exitnow=0
D/BootAnimation( 502): [BootAnimation movie 854]i=1,r=1383,j=0,lastFrame=761025 23083(76102 ms),file=ligo_00102.png
D/BootAnimation( 502): [BootAnimation movie 857]glBindTexture,i=1,r=1383,j=0,fr ame.tid=100271,name=ligo_00102.png
D/BootAnimation( 502): [BootAnimation movie 874]clearReg.isEmpty,i=1,r=1383,j=0 ,frame.tid=100271
D/BootAnimation( 502): [BootAnimation movie 892]1,delay=40
D/BootAnimation( 502): [BootAnimation checkExit 714]exitnow=0
D/BootAnimation( 502): [BootAnimation movie 854]i=1,r=1384,j=0,lastFrame=761443 84314(76144 ms),file=ligo_00102.png
D/BootAnimation( 502): [BootAnimation movie 857]glBindTexture,i=1,r=1384,j=0,fr ame.tid=100271,name=ligo_00102.png
D/BootAnimation( 502): [BootAnimation movie 874]clearReg.isEmpty,i=1,r=1384,j=0 ,frame.tid=100271
I/SurfaceTextureClient( 502): [STC::queueBuffer] (this:0x41958680) fps:23.87, d ur:1005.37, max:42.39, min:41.36
I/BufferQueue( 134): [BootAnimation](this:0x4295e370,api:1) [queue] fps:23.87, dur:1005.46, max:42.43, min:41.30
D/BootAnimation( 502): [BootAnimation movie 892]1,delay=40
D/BootAnimation( 502): [BootAnimation checkExit 714]exitnow=0
D/BootAnimation( 502): [BootAnimation movie 854]i=1,r=1385,j=0,lastFrame=761862 42545(76186 ms),file=ligo_00102.png
D/BootAnimation( 502): [BootAnimation movie 857]glBindTexture,i=1,r=1385,j=0,fr ame.tid=100271,name=ligo_00102.png
D/BootAnimation( 502): [BootAnimation movie 874]clearReg.isEmpty,i=1,r=1385,j=0 ,frame.tid=100271
D/BootAnimation( 502): [BootAnimation movie 892]1,delay=40
D/BootAnimation( 502): [BootAnimation checkExit 714]exitnow=0
D/BootAnimation( 502): [BootAnimation movie 854]i=1,r=1386,j=0,lastFrame=762281 10468(76228 ms),file=ligo_00102.png
D/BootAnimation( 502): [BootAnimation movie 857]glBindTexture,i=1,r=1386,j=0,fr ame.tid=100271,name=ligo_00102.png
D/BootAnimation( 502): [BootAnimation movie 874]clearReg.isEmpty,i=1,r=1386,j=0 ,frame.tid=100271
D/BootAnimation( 502): [BootAnimation movie 892]1,delay=40
D/BootAnimation( 502): [BootAnimation checkExit 714]exitnow=0
D/BootAnimation( 502): [BootAnimation movie 854]i=1,r=1387,j=0,lastFrame=762699 98083(76269 ms),file=ligo_00102.png
D/BootAnimation( 502): [BootAnimation movie 857]glBindTexture,i=1,r=1387,j=0,fr ame.tid=100271,name=ligo_00102.png
D/BootAnimation( 502): [BootAnimation movie 874]clearReg.isEmpty,i=1,r=1387,j=0 ,frame.tid=100271
D/BootAnimation( 502): [BootAnimation movie 892]1,delay=40
D/BootAnimation( 502): [BootAnimation checkExit 714]exitnow=0
D/BootAnimation( 502): [BootAnimation movie 854]i=1,r=1388,j=0,lastFrame=763118 58006(76311 ms),file=ligo_00102.png
D/BootAnimation( 502): [BootAnimation movie 857]glBindTexture,i=1,r=1388,j=0,fr ame.tid=100271,name=ligo_00102.png
D/BootAnimation( 502): [BootAnimation movie 874]clearReg.isEmpty,i=1,r=1388,j=0 ,frame.tid=100271
D/BootAnimation( 502): [BootAnimation movie 892]1,delay=40
D/BootAnimation( 502): [BootAnimation checkExit 714]exitnow=0
D/BootAnimation( 502): [BootAnimation movie 854]i=1,r=1389,j=0,lastFrame=763537

25698(76353 ms),file=ligo_00102.png
D/BootAnimation( 502): [BootAnimation movie 857]glBindTexture,i=1,r=1389,j=0,fr ame.tid=100271,name=ligo_00102.png
D/BootAnimation( 502): [BootAnimation movie 874]clearReg.isEmpty,i=1,r=1389,j=0 ,frame.tid=100271
D/BootAnimation( 502): [BootAnimation movie 892]1,delay=40
D/dalvikvm( 1322): GC_FOR_ALLOC freed 1601K (7234), 33% free 8031K/11984K, pause d 40ms, total 40ms
D/BootAnimation( 502): [BootAnimation checkExit 714]exitnow=0
D/BootAnimation( 502): [BootAnimation movie 854]i=1,r=1390,j=0,lastFrame=763955 92929(76395 ms),file=ligo_00102.png
D/BootAnimation( 502): [BootAnimation movie 857]glBindTexture,i=1,r=1390,j=0,fr ame.tid=100271,name=ligo_00102.png
D/BootAnimation( 502): [BootAnimation movie 874]clearReg.isEmpty,i=1,r=1390,j=0 ,frame.tid=100271
D/BootAnimation( 502): [BootAnimation movie 892]1,delay=40
D/BootAnimation( 502): [BootAnimation checkExit 714]exitnow=0
D/BootAnimation( 502): [BootAnimation movie 854]i=1,r=1391,j=0,lastFrame=764375 20391(76437 ms),file=ligo_00102.png
D/BootAnimation( 502): [BootAnimation movie 857]glBindTexture,i=1,r=1391,j=0,fr ame.tid=100271,name=ligo_00102.png
D/BootAnimation( 502): [BootAnimation movie 874]clearReg.isEmpty,i=1,r=1391,j=0 ,frame.tid=100271
D/BootAnimation( 502): [BootAnimation movie 892]1,delay=40
I/SurfaceFlinger( 134): [SurfaceFlinger] fps:23.881615,dur:1004.96,max:55.28,mi n:39.10
D/BootAnimation( 502): [BootAnimation checkExit 714]exitnow=0
D/BootAnimation( 502): [BootAnimation movie 854]i=1,r=1392,j=0,lastFrame=764793 99391(76479 ms),file=ligo_00102.png
D/BootAnimation( 502): [BootAnimation movie 857]glBindTexture,i=1,r=1392,j=0,fr ame.tid=100271,name=ligo_00102.png
D/BootAnimation( 502): [BootAnimation movie 874]clearReg.isEmpty,i=1,r=1392,j=0 ,frame.tid=100271
D/BootAnimation( 502): [BootAnimation movie 892]1,delay=40
W/PackageManager( 1322): Application package com.mxtech.videoplayer.ad already i nstalled. Skipping duplicate.
D/PackageManager( 1322): scan package: /data/app/com.mxtech.videoplayer.ad-2.apk , end at: 76514ms. elapsed time = 934ms.
D/PackageManager( 1322): scan package: /data/app/com.omichsoft.player-2.apk , st art at: 76514ms.
I/PackageManager( 1322): Perform pre-dex opt for package: com.omichsoft.player
D/dalvikvm( 1322): open_cached_dex_file : /data/app/com.omichsoft.player-2.apk / data/dalvik-cache/data@app@com.omichsoft.player-2.apk@classes.dex
D/BootAnimation( 502): [BootAnimation checkExit 714]exitnow=0
D/BootAnimation( 502): [BootAnimation movie 854]i=1,r=1393,j=0,lastFrame=765212 44546(76521 ms),file=ligo_00102.png
D/BootAnimation( 502): [BootAnimation movie 857]glBindTexture,i=1,r=1393,j=0,fr ame.tid=100271,name=ligo_00102.png
D/BootAnimation( 502): [BootAnimation movie 874]clearReg.isEmpty,i=1,r=1393,j=0 ,frame.tid=100271
D/PackageManager( 1322): scan package: /data/app/com.omichsoft.player-2.apk , en d at: 76521ms. elapsed time = 7ms.
D/PackageManager( 1322): scan package: /data/app/com.perm.kate-1.apk , start at: 76521ms.
D/BootAnimation( 502): [BootAnimation movie 892]1,delay=40
D/BootAnimation( 502): [BootAnimation checkExit 714]exitnow=0
D/BootAnimation( 502): [BootAnimation movie 854]i=1,r=1394,j=0,lastFrame=765631 41162(76563 ms),file=ligo_00102.png
D/BootAnimation( 502): [BootAnimation movie 857]glBindTexture,i=1,r=1394,j=0,fr ame.tid=100271,name=ligo_00102.png

D/BootAnimation( 502): [BootAnimation movie 874]clearReg.isEmpty,i=1,r=1394,j=0 ,frame.tid=100271
D/BootAnimation( 502): [BootAnimation movie 892]1,delay=40
I/PackageManager( 1322): Perform pre-dex opt for package: com.perm.kate
D/dalvikvm( 1322): open_cached_dex_file : /data/app/com.perm.kate-1.apk /data/da lvik-cache/data@app@com.perm.kate-1.apk@classes.dex
D/PackageManager( 1322): scan package: /data/app/com.perm.kate-1.apk , end at: 7 6572ms. elapsed time = 51ms.
D/PackageManager( 1322): scan package: /data/app/com.photox.touchwhiz-1.apk , st art at: 76572ms.
I/PackageManager( 1322): Perform pre-dex opt for package: com.photox.touchwhiz
D/dalvikvm( 1322): open_cached_dex_file : /data/app/com.photox.touchwhiz-1.apk / data/dalvik-cache/data@app@com.photox.touchwhiz-1.apk@classes.dex
D/PackageManager( 1322): scan package: /data/app/com.photox.touchwhiz-1.apk , en d at: 76577ms. elapsed time = 5ms.
D/PackageManager( 1322): scan package: /data/app/com.ryanolson.adw.ubuntu-1.apk , start at: 76578ms.
I/PackageManager( 1322): Perform pre-dex opt for package: com.ryanolson.adw.ubun tu
D/dalvikvm( 1322): open_cached_dex_file : /data/app/com.ryanolson.adw.ubuntu-1.a pk /data/dalvik-cache/data@app@com.ryanolson.adw.ubuntu-1.apk@classes.dex
D/PackageManager( 1322): scan package: /data/app/com.ryanolson.adw.ubuntu-1.apk , end at: 76582ms. elapsed time = 4ms.
D/PackageManager( 1322): scan package: /data/app/doopp.mob.ggplay.zhanhunru-1.ap k , start at: 76582ms.
I/PackageManager( 1322): Perform pre-dex opt for package: doopp.mob.ggplay.zhanh unru
D/dalvikvm( 1322): open_cached_dex_file : /data/app/doopp.mob.ggplay.zhanhunru-1 .apk /data/dalvik-cache/data@app@doopp.mob.ggplay.zhanhunru-1.apk@classes.dex
D/PackageManager( 1322): scan package: /data/app/doopp.mob.ggplay.zhanhunru-1.ap k , end at: 76588ms. elapsed time = 6ms.
D/PackageManager( 1322): scan package: /data/app/eu.chainfire.supersu-1.apk , st art at: 76588ms.
I/PackageManager( 1322): Perform pre-dex opt for package: eu.chainfire.supersu
D/dalvikvm( 1322): open_cached_dex_file : /data/app/eu.chainfire.supersu-1.apk / data/dalvik-cache/data@app@eu.chainfire.supersu-1.apk@classes.dex
D/PackageManager( 1322): scan package: /data/app/eu.chainfire.supersu-1.apk , en d at: 76596ms. elapsed time = 8ms.
D/PackageManager( 1322): scan package: /data/app/ginlemon.smartlauncher.notifier -1.apk , start at: 76597ms.
I/PackageManager( 1322): Perform pre-dex opt for package: ginlemon.smartlauncher .notifier
D/dalvikvm( 1322): open_cached_dex_file : /data/app/ginlemon.smartlauncher.notif ier-1.apk /data/dalvik-cache/data@app@ginlemon.smartlauncher.notifier-1.apk@clas ses.dex
D/PackageManager( 1322): scan package: /data/app/ginlemon.smartlauncher.notifier -1.apk , end at: 76601ms. elapsed time = 4ms.
D/PackageManager( 1322): scan package: /data/app/MiShop.apk , start at: 76601ms.
D/BootAnimation( 502): [BootAnimation checkExit 714]exitnow=0
D/BootAnimation( 502): [BootAnimation movie 854]i=1,r=1395,j=0,lastFrame=766050 07777(76605 ms),file=ligo_00102.png
D/BootAnimation( 502): [BootAnimation movie 857]glBindTexture,i=1,r=1395,j=0,fr ame.tid=100271,name=ligo_00102.png
D/BootAnimation( 502): [BootAnimation movie 874]clearReg.isEmpty,i=1,r=1395,j=0 ,frame.tid=100271
D/BootAnimation( 502): [BootAnimation movie 892]0,delay=40
I/PackageManager( 1322): Perform pre-dex opt for package: com.xiaomi.shop
D/dalvikvm( 1322): open_cached_dex_file : /data/app/MiShop.apk /data/dalvik-cach e/data@app@MiShop.apk@classes.dex
D/PackageManager( 1322): scan package: /data/app/MiShop.apk , end at: 76615ms. e

lapsed time = 14ms.
D/PackageManager( 1322): scan package: /data/app/org.adw.launcher-1.apk , start at: 76615ms.
I/PackageManager( 1322): Perform pre-dex opt for package: org.adw.launcher
D/dalvikvm( 1322): open_cached_dex_file : /data/app/org.adw.launcher-1.apk /data /dalvik-cache/data@app@org.adw.launcher-1.apk@classes.dex
D/PackageManager( 1322): scan package: /data/app/org.adw.launcher-1.apk , end at : 76627ms. elapsed time = 12ms.
D/PackageManager( 1322): scan package: /data/app/org.ppsspp.ppsspp-2.apk , start at: 76627ms.
D/BootAnimation( 502): [BootAnimation checkExit 714]exitnow=0
D/BootAnimation( 502): [BootAnimation movie 854]i=1,r=1396,j=0,lastFrame=766469 24007(76646 ms),file=ligo_00102.png
D/BootAnimation( 502): [BootAnimation movie 857]glBindTexture,i=1,r=1396,j=0,fr ame.tid=100271,name=ligo_00102.png
D/BootAnimation( 502): [BootAnimation movie 874]clearReg.isEmpty,i=1,r=1396,j=0 ,frame.tid=100271
D/BootAnimation( 502): [BootAnimation movie 892]1,delay=40
D/BootAnimation( 502): [BootAnimation checkExit 714]exitnow=0
D/BootAnimation( 502): [BootAnimation movie 854]i=1,r=1397,j=0,lastFrame=766888 13469(76688 ms),file=ligo_00102.png
D/BootAnimation( 502): [BootAnimation movie 857]glBindTexture,i=1,r=1397,j=0,fr ame.tid=100271,name=ligo_00102.png
D/BootAnimation( 502): [BootAnimation movie 874]clearReg.isEmpty,i=1,r=1397,j=0 ,frame.tid=100271
D/BootAnimation( 502): [BootAnimation movie 892]1,delay=40
D/BootAnimation( 502): [BootAnimation checkExit 714]exitnow=0
D/BootAnimation( 502): [BootAnimation movie 854]i=1,r=1398,j=0,lastFrame=767307 38085(76730 ms),file=ligo_00102.png
D/BootAnimation( 502): [BootAnimation movie 857]glBindTexture,i=1,r=1398,j=0,fr ame.tid=100271,name=ligo_00102.png
D/BootAnimation( 502): [BootAnimation movie 874]clearReg.isEmpty,i=1,r=1398,j=0 ,frame.tid=100271
D/BootAnimation( 502): [BootAnimation movie 892]1,delay=40
I/BufferQueue( 134): [BootAnimation](this:0x4295e370,api:1) [release] fps:24.07 , dur:1038.81, max:58.80, min:39.11
D/BootAnimation( 502): [BootAnimation checkExit 714]exitnow=0
D/BootAnimation( 502): [BootAnimation movie 854]i=1,r=1399,j=0,lastFrame=767726 12854(76772 ms),file=ligo_00102.png
D/BootAnimation( 502): [BootAnimation movie 857]glBindTexture,i=1,r=1399,j=0,fr ame.tid=100271,name=ligo_00102.png
D/BootAnimation( 502): [BootAnimation movie 874]clearReg.isEmpty,i=1,r=1399,j=0 ,frame.tid=100271
D/BootAnimation( 502): [BootAnimation movie 892]1,delay=40
D/BootAnimation( 502): [BootAnimation checkExit 714]exitnow=0
D/BootAnimation( 502): [BootAnimation movie 854]i=1,r=1400,j=0,lastFrame=768144 90315(76814 ms),file=ligo_00102.png
D/BootAnimation( 502): [BootAnimation movie 857]glBindTexture,i=1,r=1400,j=0,fr ame.tid=100271,name=ligo_00102.png
D/BootAnimation( 502): [BootAnimation movie 874]clearReg.isEmpty,i=1,r=1400,j=0 ,frame.tid=100271
D/BootAnimation( 502): [BootAnimation movie 892]1,delay=40
D/BootAnimation( 502): [BootAnimation checkExit 714]exitnow=0
D/BootAnimation( 502): [BootAnimation movie 854]i=1,r=1401,j=0,lastFrame=768563 67700(76856 ms),file=ligo_00102.png
D/BootAnimation( 502): [BootAnimation movie 857]glBindTexture,i=1,r=1401,j=0,fr ame.tid=100271,name=ligo_00102.png
D/BootAnimation( 502): [BootAnimation movie 874]clearReg.isEmpty,i=1,r=1401,j=0 ,frame.tid=100271
D/BootAnimation( 502): [BootAnimation movie 892]1,delay=40

D/BootAnimation( 502): [BootAnimation checkExit 714]exitnow=0
D/BootAnimation( 502): [BootAnimation movie 854]i=1,r=1402,j=0,lastFrame=768982 48392(76898 ms),file=ligo_00102.png
D/BootAnimation( 502): [BootAnimation movie 857]glBindTexture,i=1,r=1402,j=0,fr ame.tid=100271,name=ligo_00102.png
D/BootAnimation( 502): [BootAnimation movie 874]clearReg.isEmpty,i=1,r=1402,j=0 ,frame.tid=100271
D/BootAnimation( 502): [BootAnimation movie 892]1,delay=40
D/BootAnimation( 502): [BootAnimation checkExit 714]exitnow=0
D/BootAnimation( 502): [BootAnimation movie 854]i=1,r=1403,j=0,lastFrame=769402 23316(76940 ms),file=ligo_00102.png
D/BootAnimation( 502): [BootAnimation movie 857]glBindTexture,i=1,r=1403,j=0,fr ame.tid=100271,name=ligo_00102.png
D/BootAnimation( 502): [BootAnimation movie 874]clearReg.isEmpty,i=1,r=1403,j=0 ,frame.tid=100271
D/BootAnimation( 502): [BootAnimation movie 892]1,delay=40
I/PackageManager( 1322): Perform pre-dex opt for package: org.ppsspp.ppsspp
D/dalvikvm( 1322): open_cached_dex_file : /data/app/org.ppsspp.ppsspp-2.apk /dat a/dalvik-cache/data@app@org.ppsspp.ppsspp-2.apk@classes.dex
D/PackageManager( 1322): scan package: /data/app/org.ppsspp.ppsspp-2.apk , end a t: 76954ms. elapsed time = 327ms.
D/PackageManager( 1322): scan package: /data/app/org.softeg.slartus.forpda-2.apk , start at: 76954ms.
I/PackageManager( 1322): Perform pre-dex opt for package: org.softeg.slartus.for pda
D/dalvikvm( 1322): open_cached_dex_file : /data/app/org.softeg.slartus.forpda-2. apk /data/dalvik-cache/data@app@org.softeg.slartus.forpda-2.apk@classes.dex
I/PackageSettings( 1322): Stopping package org.softeg.slartus.forpda
I/PackageSettings( 1322): java.lang.RuntimeException: here
I/PackageSettings( 1322): at com.android.server.pm.Settings.setPackageStop pedStateLPw(Settings.java:2478)
I/PackageSettings( 1322): at com.android.server.pm.ExtraPackageManagerServ ices.blockAutoStartedAppInternal(ExtraPackageManagerServices.java:249)
I/PackageSettings( 1322): at com.android.server.pm.ExtraPackageManagerServ ices.blockAutoStartedApp(ExtraPackageManagerServices.java:255)
I/PackageSettings( 1322): at com.android.server.pm.PackageManagerService.s canPackageLI(PackageManagerService.java:4487)
I/PackageSettings( 1322): at com.android.server.pm.PackageManagerService.s canPackageLI(PackageManagerService.java:3580)
I/PackageSettings( 1322): at com.android.server.pm.PackageManagerService.s canDirLI(PackageManagerService.java:3315)
I/PackageSettings( 1322): at com.android.server.pm.PackageManagerService.< init>(PackageManagerService.java:1345)
I/PackageSettings( 1322): at com.android.server.pm.PackageManagerService.m ain(PackageManagerService.java:956)
I/PackageSettings( 1322): at com.android.server.ServerThread.run(SystemSer ver.java:334)
D/PackageManager( 1322): scan package: /data/app/org.softeg.slartus.forpda-2.apk , end at: 76974ms. elapsed time = 20ms.
D/PackageManager( 1322): scan package: /data/app/org.zwanoo.android.speedtest-1. apk , start at: 76975ms.
I/PackageManager( 1322): Perform pre-dex opt for package: org.zwanoo.android.spe edtest
D/dalvikvm( 1322): open_cached_dex_file : /data/app/org.zwanoo.android.speedtest -1.apk /data/dalvik-cache/data@app@org.zwanoo.android.speedtest-1.apk@classes.de x
D/PackageManager( 1322): scan package: /data/app/org.zwanoo.android.speedtest-1. apk , end at: 76980ms. elapsed time = 5ms.
D/PackageManager( 1322): scan package: /data/app/ru.dublgis.dgismobile-2.apk , s tart at: 76980ms.

D/BootAnimation( 502): [BootAnimation checkExit 714]exitnow=0
D/BootAnimation( 502): [BootAnimation movie 854]i=1,r=1404,j=0,lastFrame=769820 80546(76982 ms),file=ligo_00102.png
D/BootAnimation( 502): [BootAnimation movie 857]glBindTexture,i=1,r=1404,j=0,fr ame.tid=100271,name=ligo_00102.png
D/BootAnimation( 502): [BootAnimation movie 874]clearReg.isEmpty,i=1,r=1404,j=0 ,frame.tid=100271
D/BootAnimation( 502): [BootAnimation movie 892]1,delay=40
D/BootAnimation( 502): [BootAnimation checkExit 714]exitnow=0
D/BootAnimation( 502): [BootAnimation movie 854]i=1,r=1405,j=0,lastFrame=770240 63546(77024 ms),file=ligo_00102.png
D/BootAnimation( 502): [BootAnimation movie 857]glBindTexture,i=1,r=1405,j=0,fr ame.tid=100271,name=ligo_00102.png
D/BootAnimation( 502): [BootAnimation movie 874]clearReg.isEmpty,i=1,r=1405,j=0 ,frame.tid=100271
D/BootAnimation( 502): [BootAnimation movie 892]1,delay=40
D/BootAnimation( 502): [BootAnimation checkExit 714]exitnow=0
D/BootAnimation( 502): [BootAnimation movie 854]i=1,r=1406,j=0,lastFrame=770660 43084(77066 ms),file=ligo_00102.png
D/BootAnimation( 502): [BootAnimation movie 857]glBindTexture,i=1,r=1406,j=0,fr ame.tid=100271,name=ligo_00102.png
D/BootAnimation( 502): [BootAnimation movie 874]clearReg.isEmpty,i=1,r=1406,j=0 ,frame.tid=100271
D/BootAnimation( 502): [BootAnimation movie 892]1,delay=40
I/PackageManager( 1322): Perform pre-dex opt for package: ru.dublgis.dgismobile
D/dalvikvm( 1322): open_cached_dex_file : /data/app/ru.dublgis.dgismobile-2.apk /data/dalvik-cache/data@app@ru.dublgis.dgismobile-2.apk@classes.dex
D/PackageManager( 1322): scan package: /data/app/ru.dublgis.dgismobile-2.apk , e nd at: 77095ms. elapsed time = 115ms.
D/PackageManager( 1322): scan package: /data/app/ru.yandex.disk-1.apk , start at : 77095ms.
D/BootAnimation( 502): [BootAnimation checkExit 714]exitnow=0
D/BootAnimation( 502): [BootAnimation movie 854]i=1,r=1407,j=0,lastFrame=771079 15392(77107 ms),file=ligo_00102.png
D/BootAnimation( 502): [BootAnimation movie 857]glBindTexture,i=1,r=1407,j=0,fr ame.tid=100271,name=ligo_00102.png
D/BootAnimation( 502): [BootAnimation movie 874]clearReg.isEmpty,i=1,r=1407,j=0 ,frame.tid=100271
D/BootAnimation( 502): [BootAnimation movie 892]1,delay=40
I/PackageManager( 1322): Perform pre-dex opt for package: ru.yandex.disk
D/dalvikvm( 1322): open_cached_dex_file : /data/app/ru.yandex.disk-1.apk /data/d alvik-cache/data@app@ru.yandex.disk-1.apk@classes.dex
D/PackageManager( 1322): scan package: /data/app/ru.yandex.disk-1.apk , end at: 77123ms. elapsed time = 28ms.
D/PackageManager( 1322): scan package: /data/app/Userbook.apk , start at: 77123m s.
I/PackageManager( 1322): Perform pre-dex opt for package: com.miui.userbook
D/dalvikvm( 1322): open_cached_dex_file : /data/app/Userbook.apk /data/dalvik-ca che/data@app@Userbook.apk@classes.dex
D/PackageManager( 1322): scan package: /data/app/Userbook.apk , end at: 77143ms. elapsed time = 20ms.
D/PackageManager( 1322): scan package: /data/app/VoiceAssist.apk , start at: 771 44ms.
D/BootAnimation( 502): [BootAnimation checkExit 714]exitnow=0
D/BootAnimation( 502): [BootAnimation movie 854]i=1,r=1408,j=0,lastFrame=771498 19315(77149 ms),file=ligo_00102.png
D/BootAnimation( 502): [BootAnimation movie 857]glBindTexture,i=1,r=1408,j=0,fr ame.tid=100271,name=ligo_00102.png
D/BootAnimation( 502): [BootAnimation movie 874]clearReg.isEmpty,i=1,r=1408,j=0 ,frame.tid=100271

I/SurfaceTextureClient( 502): [STC::queueBuffer] (this:0x41958680) fps:23.86, d ur:1005.99, max:42.50, min:41.35
I/BufferQueue( 134): [BootAnimation](this:0x4295e370,api:1) [queue] fps:23.85, dur:1006.13, max:42.76, min:41.28
D/BootAnimation( 502): [BootAnimation movie 892]2,delay=39
I/PackageManager( 1322): Perform pre-dex opt for package: com.miui.voiceassist
D/dalvikvm( 1322): open_cached_dex_file : /data/app/VoiceAssist.apk /data/dalvik -cache/data@app@VoiceAssist.apk@classes.dex
D/PackageManager( 1322): scan package: /data/app/VoiceAssist.apk , end at: 77160 ms. elapsed time = 16ms.
I/PackageManager( 1322): Time to scan packages: 11.713 seconds
W/PackageManager( 1322): Not granting permission android.permission.DEVICE_POWER to package com.miui.gallery (protectionLevel=2 flags=0x8bc45)
W/PackageManager( 1322): Not granting permission android.permission.SEND_DOWNLOA D_COMPLETED_INTENTS to package com.android.contacts (protectionLevel=2 flags=0x8 be45)
W/PackageManager( 1322): Unknown permission android.permission.ADD_SYSTEM_SERVIC E in package com.android.phone
W/PackageManager( 1322): Unknown permission com.android.smspush.WAPPUSH_MANAGER_ BIND in package com.android.phone
W/PackageManager( 1322): Unknown permission com.orangelabs.rcs.permission.RCS in package com.android.phone
W/PackageManager( 1322): Unknown permission com.orangelabs.rcs.permission.RCS_EX TENSION in package com.android.phone
W/PackageManager( 1322): Unknown permission android.permission.WRITE_INTERNAL_ST ORAGE in package com.miui.player
W/PackageManager( 1322): Not granting permission android.permission.MOUNT_UNMOUN T_FILESYSTEMS to package doopp.mob.ggplay.zhanhunru (protectionLevel=18 flags=0x ae44)
W/PackageManager( 1322): Not granting permission android.permission.READ_LOGS to package doopp.mob.ggplay.zhanhunru (protectionLevel=50 flags=0xae44)
W/PackageManager( 1322): Unknown permission com.android.vending.billing.IBilling AccountService.BIND2 in package com.google.android.gsf.login
W/PackageManager( 1322): Unknown permission android.Manifest.permission.RECEIVE_ BOOT_COMPLETED in package com.android.browser
W/PackageManager( 1322): Not granting permission com.xiaomi.permission.SEND_PUSH to package com.xiaomi.shop (protectionLevel=2 flags=0x8be44)
W/PackageManager( 1322): Not granting permission android.permission.MOUNT_UNMOUN T_FILESYSTEMS to package com.xiaomi.shop (protectionLevel=18 flags=0x8be44)
W/PackageManager( 1322): Not granting permission android.permission.READ_LOGS to package com.xiaomi.shop (protectionLevel=50 flags=0x8be44)
W/PackageManager( 1322): Unknown permission android.permission.ACCESS_COARSE_UPD ATES in package com.miui.cloudservice
W/PackageManager( 1322): Unknown permission android.permission.LOCATION_HARDWARE in package com.google.android.gms
W/PackageManager( 1322): Unknown permission android.permission.WRITE_WAPPUSH in package com.mediatek.bluetooth
W/PackageManager( 1322): Unknown permission android.permission.READ_WAPPUSH in p ackage com.mediatek.bluetooth
W/PackageManager( 1322): Unknown permission android.permission.READ_OWNER_DATA i n package com.google.android.setupwizard
W/PackageManager( 1322): Unknown permission android.permission.WRITE_OWNER_DATA in package com.google.android.setupwizard
D/BootAnimation( 502): [BootAnimation checkExit 714]exitnow=0
D/BootAnimation( 502): [BootAnimation movie 854]i=1,r=1409,j=0,lastFrame=771916 93546(77191 ms),file=ligo_00102.png
D/BootAnimation( 502): [BootAnimation movie 857]glBindTexture,i=1,r=1409,j=0,fr ame.tid=100271,name=ligo_00102.png
D/BootAnimation( 502): [BootAnimation movie 874]clearReg.isEmpty,i=1,r=1409,j=0 ,frame.tid=100271

W/PackageManager( 1322): Not granting permission android.permission.READ_LOGS to package org.softeg.slartus.forpda (protectionLevel=50 flags=0x4008be44)
D/BootAnimation( 502): [BootAnimation movie 892]1,delay=40
W/PackageManager( 1322): Unknown permission com.android.alarm.permission.WRITE_S ETTINGS in package com.mediatek.thermalmanager
W/PackageManager( 1322): Unknown permission com.google.android.voicesearch.SHORT CUTS_ACCESS in package com.google.android.googlequicksearchbox
W/PackageManager( 1322): Unknown permission com.google.android.voicesearch.ACCES S_SETTINGS in package com.google.android.googlequicksearchbox
W/PackageManager( 1322): Unknown permission com.google.android.ears.permission.W RITE in package com.google.android.googlequicksearchbox
W/PackageManager( 1322): Unknown permission com.google.googlenav.friend.permissi on.OPT_IN in package com.google.android.googlequicksearchbox
W/PackageManager( 1322): Unknown permission com.google.android.apps.maps.permiss ion.PREFETCH in package com.google.android.googlequicksearchbox
W/PackageManager( 1322): Unknown permission com.google.android.apps.googlevoice. permission.AUTO_SEND in package com.google.android.googlequicksearchbox
W/PackageManager( 1322): Not granting permission android.permission.READ_LOGS to package com.perm.kate (protectionLevel=50 flags=0x8be44)
W/PackageManager( 1322): Unknown permission com.google.android.gallery3d.permiss ion.GALLERY_PROVIDER in package com.android.exchange
W/PackageManager( 1322): Unknown permission android.Manifest.permission.MANAGE_N ETWORK_POLICY in package com.mediatek.DataUsageLockScreenClient
W/PackageManager( 1322): Unknown permission android.Manifest.permission.READ_PHO NE_STATE in package com.mediatek.DataUsageLockScreenClient
W/PackageManager( 1322): Unknown permission android.Manifest.permission.READ_NET WORK_USAGE_HISTORY in package com.mediatek.DataUsageLockScreenClient
W/PackageManager( 1322): Unknown permission android.permission.READ_SECURE_SETTI NGS in package com.wali.miui.networkassistant
W/PackageManager( 1322): Unknown permission android.permission.READ_SETTINGS in package com.wali.miui.networkassistant
W/PackageManager( 1322): Not granting permission android.permission.BIND_APPWIDG ET to package com.anddoes.launcher (protectionLevel=18 flags=0x58be44)
W/PackageManager( 1322): Unknown permission com.htc.launcher.permission.READ_SET TINGS in package com.anddoes.launcher
W/PackageManager( 1322): Unknown permission org.adwfreak.launcher.permission.REA D_SETTINGS in package com.anddoes.launcher
W/PackageManager( 1322): Unknown permission com.fede.launcher.permission.READ_SE TTINGS in package com.anddoes.launcher
W/PackageManager( 1322): Unknown permission com.cyanogenmod.trebuchet.permission .READ_SETTINGS in package com.anddoes.launcher
W/PackageManager( 1322): Unknown permission com.teslacoilsw.launcher.permission. READ_SETTINGS in package com.anddoes.launcher
W/PackageManager( 1322): Unknown permission android.permission.READ_SETTINGS in package com.mediatek.factorymode
W/PackageManager( 1322): Unknown permission android.permission.ACCESS_BLUETOOTH_ SHARE in package com.mediatek.factorymode
W/PackageManager( 1322): Not granting permission android.permission.ACCESS_CACHE _FILESYSTEM to package com.mobileuncle.toolbox (protectionLevel=18 flags=0x4008b e46)
W/PackageManager( 1322): Not granting permission android.permission.REBOOT to pa ckage com.mobileuncle.toolbox (protectionLevel=18 flags=0x4008be46)
W/PackageManager( 1322): Unknown permission android.permission.READ_OWNER_DATA i n package com.mobileuncle.toolbox
W/PackageManager( 1322): Unknown permission android.permission.WRITE_OWNER_DATA in package com.mobileuncle.toolbox
W/PackageManager( 1322): Not granting permission android.permission.DIAGNOSTIC t o package com.mobileuncle.toolbox (protectionLevel=2 flags=0x4008be46)
W/PackageManager( 1322): Not granting permission android.permission.HARDWARE_TES T to package com.mobileuncle.toolbox (protectionLevel=2 flags=0x4008be46)

W/PackageManager( 1322): Not granting permission android.permission.MASTER_CLEAR to package com.mobileuncle.toolbox (protectionLevel=18 flags=0x4008be46)
W/PackageManager( 1322): Not granting permission android.permission.INSTALL_PACK AGES to package com.mobileuncle.toolbox (protectionLevel=18 flags=0x4008be46)
W/PackageManager( 1322): Not granting permission com.google.android.providers.se ttings.permission.READ_GSETTINGS to package com.baidu.map.location (protectionLe vel=2 flags=0xbe45)
W/PackageManager( 1322): Not granting permission com.google.android.providers.se ttings.permission.WRITE_GSETTINGS to package com.baidu.map.location (protectionL evel=2 flags=0xbe45)
W/PackageManager( 1322): Unknown permission adnroid.permission.CHANGE_WIFI_STATE in package com.tencent.tmsprovider
W/PackageManager( 1322): Unknown permission .PERMISSION in package com.estrongs. android.pop
W/PackageManager( 1322): Not granting permission android.permission.REBOOT to pa ckage eu.chainfire.supersu (protectionLevel=18 flags=0x83e04)
W/PackageManager( 1322): Unknown permission android.permission.READ_SETTINGS in package com.mediatek.engineermode
W/PackageManager( 1322): Unknown permission android.permission.ACCESS_BLUETOOTH_ SHARE in package com.mediatek.engineermode
W/PackageManager( 1322): Unknown permission android.permission.VIBRATION in pack age com.baidu.input
W/PackageManager( 1322): Not granting permission android.permission.READ_LOGS to package com.baidu.input (protectionLevel=50 flags=0x8be44)
W/PackageManager( 1322): Unknown permission android.permission.RECEIVE_USER_PRES ENT in package com.alipay.android.app
W/PackageManager( 1322): Unknown permission com.alipay.android.permission.BOOT_C OMPLETED in package com.alipay.android.app
W/PackageManager( 1322): Unknown permission com.alipay.android.app.gphone.SHARE in package com.alipay.android.app
W/PackageManager( 1322): Unknown permission archos.permission.FULLSCREEN.FULL in package org.ppsspp.ppsspp
D/BootAnimation( 502): [BootAnimation checkExit 714]exitnow=0
D/BootAnimation( 502): [BootAnimation movie 854]i=1,r=1410,j=0,lastFrame=772335 87238(77233 ms),file=ligo_00102.png
D/BootAnimation( 502): [BootAnimation movie 857]glBindTexture,i=1,r=1410,j=0,fr ame.tid=100271,name=ligo_00102.png
D/BootAnimation( 502): [BootAnimation movie 874]clearReg.isEmpty,i=1,r=1410,j=0 ,frame.tid=100271
D/BootAnimation( 502): [BootAnimation movie 892]0,delay=40
D/BootAnimation( 502): [BootAnimation checkExit 714]exitnow=0
D/BootAnimation( 502): [BootAnimation movie 854]i=1,r=1411,j=0,lastFrame=772754 51931(77275 ms),file=ligo_00102.png
D/BootAnimation( 502): [BootAnimation movie 857]glBindTexture,i=1,r=1411,j=0,fr ame.tid=100271,name=ligo_00102.png
D/BootAnimation( 502): [BootAnimation movie 874]clearReg.isEmpty,i=1,r=1411,j=0 ,frame.tid=100271
D/BootAnimation( 502): [BootAnimation movie 892]1,delay=40
D/BootAnimation( 502): [BootAnimation checkExit 714]exitnow=0
D/BootAnimation( 502): [BootAnimation movie 854]i=1,r=1412,j=0,lastFrame=773173 09700(77317 ms),file=ligo_00102.png
D/BootAnimation( 502): [BootAnimation movie 857]glBindTexture,i=1,r=1412,j=0,fr ame.tid=100271,name=ligo_00102.png
D/BootAnimation( 502): [BootAnimation movie 874]clearReg.isEmpty,i=1,r=1412,j=0 ,frame.tid=100271
D/BootAnimation( 502): [BootAnimation movie 892]0,delay=40
D/BootAnimation( 502): [BootAnimation checkExit 714]exitnow=0
D/BootAnimation( 502): [BootAnimation movie 854]i=1,r=1413,j=0,lastFrame=773591 54392(77359 ms),file=ligo_00102.png
D/BootAnimation( 502): [BootAnimation movie 857]glBindTexture,i=1,r=1413,j=0,fr

ame.tid=100271,name=ligo_00102.png
D/BootAnimation( 502): [BootAnimation movie 874]clearReg.isEmpty,i=1,r=1413,j=0 ,frame.tid=100271
D/BootAnimation( 502): [BootAnimation movie 892]0,delay=40
I/PackageSettings( 1322): Writing package restrictions for user=0
I/PackageSettings( 1322): pkg=com.mediatek.atci.service, state=0
I/PackageSettings( 1322): pkg=com.xiaomi.shop, state=0
I/PackageSettings( 1322): pkg=com.aqsector.slthemefox, state=0
I/PackageSettings( 1322): pkg=com.android.provision, state=0
I/PackageSettings( 1322): pkg=com.google.android.gms, state=0
I/PackageSettings( 1322): pkg=com.google.android.setupwizard, state=0
I/PackageSettings( 1322): pkg=org.softeg.slartus.forpda, state=0
I/PackageSettings( 1322): pkg=com.android.settings, state=0
I/PackageSettings( 1322): pkg=com.android.gallery3d, state=0
I/PackageSettings( 1322): pkg=com.android.email, state=0
I/PackageSettings( 1322): pkg=com.ryanolson.adw.ubuntu, state=0
I/PackageSettings( 1322): pkg=com.antutu.CpuMasterFree, state=0
I/PackageSettings( 1322): pkg=com.mxtech.videoplayer.ad, state=0
I/PackageSettings( 1322): pkg=com.mobileuncle.toolbox, state=0
I/PackageSettings( 1322): pkg=com.android.stk, state=0
I/PackageSettings( 1322): pkg=com.google.android.keep, state=0
I/PackageSettings( 1322): pkg=org.adaway, state=0
I/PackageSettings( 1322): pkg=com.android.providers.contacts, state=0
I/PackageSettings( 1322): pkg=ru.dublgis.dgismobile, state=0
I/PackageSettings( 1322): pkg=ru.yandex.disk, state=0
I/PackageSettings( 1322): pkg=com.android.vending, state=0
I/PackageSettings( 1322): pkg=com.google.android.gm, state=0
I/PackageSettings( 1322): pkg=com.miui.userbook, state=0
I/PackageSettings( 1322): pkg=com.estrongs.android.pop, state=0
I/PackageSettings( 1322): pkg=com.google.android.gsf, state=0
I/PackageSettings( 1322): pkg=com.android.chrome, state=0
I/PackageSettings( 1322): pkg=com.baidu.input, state=0
I/PackageSettings( 1322): pkg=com.alipay.android.app, state=0
D/BootAnimation( 502): [BootAnimation checkExit 714]exitnow=0
D/BootAnimation( 502): [BootAnimation movie 854]i=1,r=1414,j=0,lastFrame=774010 76316(77401 ms),file=ligo_00102.png
D/BootAnimation( 502): [BootAnimation movie 857]glBindTexture,i=1,r=1414,j=0,fr ame.tid=100271,name=ligo_00102.png
D/BootAnimation( 502): [BootAnimation movie 874]clearReg.isEmpty,i=1,r=1414,j=0 ,frame.tid=100271
D/BootAnimation( 502): [BootAnimation movie 892]1,delay=40
D/BootAnimation( 502): [BootAnimation checkExit 714]exitnow=0
D/BootAnimation( 502): [BootAnimation movie 854]i=1,r=1415,j=0,lastFrame=774429 94546(77442 ms),file=ligo_00102.png
D/BootAnimation( 502): [BootAnimation movie 857]glBindTexture,i=1,r=1415,j=0,fr ame.tid=100271,name=ligo_00102.png
D/BootAnimation( 502): [BootAnimation movie 874]clearReg.isEmpty,i=1,r=1415,j=0 ,frame.tid=100271
D/BootAnimation( 502): [BootAnimation movie 892]1,delay=40
I/SurfaceFlinger( 134): [SurfaceFlinger] fps:23.671328,dur:1013.88,max:54.64,mi n:39.13
D/BootAnimation( 502): [BootAnimation checkExit 714]exitnow=0
D/BootAnimation( 502): [BootAnimation movie 854]i=1,r=1416,j=0,lastFrame=774849 78931(77484 ms),file=ligo_00102.png
D/BootAnimation( 502): [BootAnimation movie 857]glBindTexture,i=1,r=1416,j=0,fr ame.tid=100271,name=ligo_00102.png
D/BootAnimation( 502): [BootAnimation movie 874]clearReg.isEmpty,i=1,r=1416,j=0 ,frame.tid=100271
D/BootAnimation( 502): [BootAnimation movie 892]1,delay=40
D/dalvikvm( 1322): GC_EXPLICIT freed 1421K (23978), 31% free 8358K/11984K, pause

d 2ms+9ms, total 62ms
I/SystemServer( 1322): User Service
I/SystemServer( 1322): Account Manager
D/BootAnimation( 502): [BootAnimation checkExit 714]exitnow=0
D/BootAnimation( 502): [BootAnimation movie 854]i=1,r=1417,j=0,lastFrame=775268 29931(77526 ms),file=ligo_00102.png
D/BootAnimation( 502): [BootAnimation movie 857]glBindTexture,i=1,r=1417,j=0,fr ame.tid=100271,name=ligo_00102.png
D/BootAnimation( 502): [BootAnimation movie 874]clearReg.isEmpty,i=1,r=1417,j=0 ,frame.tid=100271
D/BootAnimation( 502): [BootAnimation movie 892]0,delay=40
D/dalvikvm( 1322): create interp thread : stack size=32KB
D/dalvikvm( 1322): create new thread
D/dalvikvm( 1322): new thread created
D/dalvikvm( 1322): update thread list
D/dalvikvm( 1322): threadid=22: interp stack at 0x5db6a000
D/dalvikvm( 1322): threadid=22: created from interp
D/dalvikvm( 1322): start new thread
D/dalvikvm( 1322): threadid=22: notify debugger
D/dalvikvm( 1322): threadid=22 (AccountManagerService): calling run()
I/SystemServer( 1322): Content Manager
I/SystemServer( 1322): System Content Providers
I/ActivityThread( 1322): Pub settings: com.android.providers.settings.SettingsPr ovider
D/dalvikvm( 1322): open_cached_dex_file : /system/app/SettingsProvider.apk /data /dalvik-cache/system@app@SettingsProvider.apk@classes.dex
I/SettingsProvider( 1322): Installing settings db helper and caches for user 0
D/BootAnimation( 502): [BootAnimation checkExit 714]exitnow=0
D/BootAnimation( 502): [BootAnimation movie 854]i=1,r=1418,j=0,lastFrame=775686 88084(77568 ms),file=ligo_00102.png
D/BootAnimation( 502): [BootAnimation movie 857]glBindTexture,i=1,r=1418,j=0,fr ame.tid=100271,name=ligo_00102.png
D/BootAnimation( 502): [BootAnimation movie 874]clearReg.isEmpty,i=1,r=1418,j=0 ,frame.tid=100271
D/BootAnimation( 502): [BootAnimation movie 892]1,delay=40
V/SettingsProvider( 1322): query(content://settings/secure) for user 0
V/SettingsProvider( 1322): query(content://settings/system) for user 0
V/SettingsProvider( 1322): query(content://settings/system) for user 0
D/dalvikvm( 1322): create interp thread : stack size=32KB
D/dalvikvm( 1322): create new thread
D/dalvikvm( 1322): new thread created
D/dalvikvm( 1322): update thread list
D/dalvikvm( 1322): threadid=23: interp stack at 0x5dec4000
D/dalvikvm( 1322): threadid=23: created from interp
D/dalvikvm( 1322): start new thread
D/dalvikvm( 1322): threadid=23: notify debugger
D/dalvikvm( 1322): threadid=23 (populate-settings-caches): calling run()
D/SettingsProvider( 1322): call request for 0
V/SettingsProvider( 1322): call(secure:long_press_timeout) for 0
D/SettingsProvider( 1322): lookupValue table secure cache contains Key long_pres s_timeout , value = null
D/SettingsProvider( 1322): lookupValue table secure Not get value from cache lon g_press_timeout
D/SettingsProvider( 1322): cache for settings table 'global' rows=53; fullycache d=true
V/Provider/Settings( 1322): from db cache, name = long_press_timeout , value = 5 00
D/dalvikvm( 1322): create interp thread : stack size=32KB
D/dalvikvm( 1322): create new thread
D/dalvikvm( 1322): new thread created

D/dalvikvm( 1322): update thread list
D/dalvikvm( 1322): threadid=24: interp stack at 0x5e4e4000
D/dalvikvm( 1322): threadid=24: created from interp
D/dalvikvm( 1322): start new thread
D/dalvikvm( 1322): threadid=24: notify debugger
D/dalvikvm( 1322): threadid=24 (PackageMonitor): calling run()
D/SettingsProvider( 1322): cache for settings table 'secure' rows=68; fullycache d=true
D/SettingsProvider( 1322): cache for settings table 'system' rows=115; fullycach ed=true
D/dalvikvm( 1322): threadid=23: exiting
D/dalvikvm( 1322): threadid=23: bye!
D/BootAnimation( 502): [BootAnimation checkExit 714]exitnow=0
D/BootAnimation( 502): [BootAnimation movie 854]i=1,r=1419,j=0,lastFrame=776105 87085(77610 ms),file=ligo_00102.png
D/BootAnimation( 502): [BootAnimation movie 857]glBindTexture,i=1,r=1419,j=0,fr ame.tid=100271,name=ligo_00102.png
D/BootAnimation( 502): [BootAnimation movie 874]clearReg.isEmpty,i=1,r=1419,j=0 ,frame.tid=100271
D/BootAnimation( 502): [BootAnimation movie 892]1,delay=40
I/SystemServer( 1322): Lights Service
D/Provider/Settings( 1322): put string name = screen_buttons_state , value = 0 u serHandle = 0
D/SettingsProvider( 1322): call request for 0
V/SettingsProvider( 1322): call_put(secure:screen_buttons_state=0) for 0
