I/BufferQueue( 134): [BootAnimation](this:0x4295e370,api:0) setConsumerName: Bo otAnimation
I/MDLOGGER( 533): Log Save debug.log2sd.defaultpath = /mnt/sdcard.
I/MDLOGGER( 533): Auto Run com.mediatek.log.modem.enabled = false.
D/MDLOGGER_CTRL( 533): Get auto start mode: 0
E/MDLOGGER_CTRL( 533): mSockListenId ok
D/MDLOGGER_CTRL( 533): runListener
D/MDLOGGER_CTRL( 533): mdlogger socket select start
I/MDLOGGER_CTRL( 533): g_pLogWriterRegister is 0
I/MDLOGGER_CTRL( 533): Start MDLogging: Enter idle mode.
D/BootAnimation( 502): draw a black screen first to avoid landscape ghost image
D/AudioMachineDevice( 138): AnalogClose DeviceType = DEVICE_OUT_SPEAKERL
D/AudioMachineDevice( 138): AnalogClose DeviceType = DEVICE_OUT_HEADSETR
D/AudioPlatformDevice( 138): AudioPlatformDevice AnalogClose DeviceType = DEVIC E_OUT_SPEAKERL
D/AudioPlatformDevice( 138): AudioPlatformDevice AnalogClose DeviceType = DEVIC E_OUT_HEADSETR
D/AudioAnalogControl( 138): -UniqueAnalogInstance
D/AudioDigitalControl( 138): +UniqueDigitalInstance
D/AudioStreamAttribute( 138): AudioMEMIFAttribute constructor
D/AudioStreamAttribute( 138): AudioMEMIFAttribute constructor
D/AudioStreamAttribute( 138): AudioMEMIFAttribute constructor
D/AudioStreamAttribute( 138): AudioMEMIFAttribute constructor
D/AudioStreamAttribute( 138): AudioMEMIFAttribute constructor
D/AudioStreamAttribute( 138): AudioMEMIFAttribute constructor
D/AudioStreamAttribute( 138): AudioMEMIFAttribute constructor
D/AudioStreamAttribute( 138): AudioMEMIFAttribute constructor
D/AudioStreamAttribute( 138): AudioMEMIFAttribute constructor
D/AudioStreamAttribute( 138): AudioMEMIFAttribute constructor
D/AudioStreamAttribute( 138): AudioMEMIFAttribute constructor
D/AudioStreamAttribute( 138): AudioMEMIFAttribute constructor
D/AudioStreamAttribute( 138): AudioMEMIFAttribute constructor
D/AudioStreamAttribute( 138): AudioMEMIFAttribute constructor
D/AudioStreamAttribute( 138): AudioMEMIFAttribute constructor
D/AudioStreamAttribute( 138): AudioMEMIFAttribute constructor
D/AudioStreamAttribute( 138): AudioMEMIFAttribute constructor
D/AudioDigitalControl( 138): +AudioDigitalControl(), contructor
D/AudioAfeReg( 138): +UniqueAfeRegInstance
D/AudioAfeReg( 138): AudioAfeReg contructor
D/AudioAfeReg( 138): -UniqueAfeRegInstance
D/AudioInterConnection( 138): AudioInterConnection contructor
D/AudioDigitalControl( 138): -UniqueDigitalInstance
D/AudioMTKVolumeController( 138): AudioMTKVolumeController initCheck

D/AudioMTKVolumeController( 138): AudioMTKVolumeController initVolumeController
D/AudioYusuParam( 138): GetVolumeVer1ParamFromNV
D/AudioYusuParam( 138): Get nvram restore ready retry cc=1
D/NVRAM ( 138): NVM_GetFileDesc ++
D/NVRAM ( 138): NVM_GetCfgFileTable : file_lid = 38
D/NVRAM ( 138): NVM_GetCfgFileTable done
D/NVRAM ( 138): Open /data/nvram/APCFG/APRDCL/Audio_ver1_Vol_custom,LID:38
D/NVRAM ( 138): NVM_CmpFileVerNo 38
D/NVRAM ( 138): NVM_GetCfgFileTable : file_lid = 38
D/NVRAM ( 138): NVM_CheckVerFile: 0
D/NVRAM ( 138): New version info file
D/NVRAM ( 138): Load File Version: 001, NvRam File Version: 001
D/NVRAM ( 138): NVM_CheckFileSize : 38 ++
D/NVRAM ( 138): iCustomBeginLID = 25
D/NVRAM ( 138): NVM_CheckVerFile: 1
E/Trace ( 502): error opening trace file: No such file or directory (2)
D/NVRAM ( 138): NVM_GetCfgFileTable : file_lid = 38
D/NVRAM ( 138): NVM_CheckFileSize:stat_size:583,size in table:581
D/NVRAM ( 138): NVM_ProtectUserData
D/NVRAM ( 138): NVM_ProtectUserData:Check File
I/BufferQueue( 134): [BootAnimation](this:0x4295e370,api:0) connect: api=2
I/BufferQueue( 134): [BootAnimation](this:0x4295e370,api:2) setSynchronousMode: enabled=1
I/BufferQueue( 134): [BootAnimation](this:0x4295e370,api:2) new GraphicBuffer n eeded
D/BufferQueue( 134): [OLD] gb:NULL
D/NVRAM ( 138): NVM_CheckFile: File is correct!
D/NVRAM ( 138): NVM_ProtectUserData:Check Success
D/NVRAM ( 138): NVM_GetFileDesc ProtectDataFile Check Success!!
D/NVRAM ( 138): NVM_GetFileDesc -D/AudioYusuParam( 138): GetVolumeVer1ParamFromNV rec_size = 581 rec_num = 1
D/NVRAM ( 138): NVM_CloseFileDesc: Open by Readonly, no need to check when cl ose
D/AudioMTKVolumeController( 138): ad_audio_custom_default normalaudiovolume 0 = 128
D/AudioMTKVolumeController( 138): ad_audio_custom_default normalaudiovolume 1 = 128
D/AudioMTKVolumeController( 138): ad_audio_custom_default normalaudiovolume 2 = 128
D/AudioMTKVolumeController( 138): ad_audio_custom_default normalaudiovolume 3 = 128
D/AudioMTKVolumeController( 138): ad_audio_custom_default normalaudiovolume 4 = 128
D/AudioMTKVolumeController( 138): ad_audio_custom_default normalaudiovolume 5 = 128
D/AudioMTKVolumeController( 138): ad_audio_custom_default headsetaudiovolume 0 = 148
D/AudioMTKVolumeController( 138): ad_audio_custom_default headsetaudiovolume 1 = 148
D/AudioMTKVolumeController( 138): ad_audio_custom_default headsetaudiovolume 2 = 148
D/AudioMTKVolumeController( 138): ad_audio_custom_default headsetaudiovolume 3 = 148
D/AudioMTKVolumeController( 138): ad_audio_custom_default headsetaudiovolume 4 = 148
D/AudioMTKVolumeController( 138): ad_audio_custom_default headsetaudiovolume 5 = 148
D/AudioMTKVolumeController( 138): ad_audio_custom_default speakeraudiovolume 0 = 144
D/AudioMTKVolumeController( 138): ad_audio_custom_default speakeraudiovolume 1

= 144 D/AudioMTKVolumeController( = 144 D/AudioMTKVolumeController( = 144 D/AudioMTKVolumeController( = 144 D/AudioMTKVolumeController( = 144 D/AudioMTKVolumeController( lume 0 = 132 D/AudioMTKVolumeController( lume 1 = 120 D/AudioMTKVolumeController( lume 2 = 132 D/AudioMTKVolumeController( lume 3 = 132 D/AudioMTKVolumeController( lume 4 = 132 D/AudioMTKVolumeController( lume 5 = 132 D/AudioMTKVolumeController( lume 6 = 132 D/AudioMTKVolumeController( lume 7 = 132 D/AudioMTKVolumeController( D/AudioMTKVolumeController( D/AudioMTKVolumeController( D/AudioMTKVolumeController( D/AudioMTKVolumeController( D/AudioMTKVolumeController( D/AudioMTKVolumeController( D/AudioMTKVolumeController( D/AudioMTKVolumeController( D/AudioMTKVolumeController( D/AudioMTKVolumeController( D/AudioMTKVolumeController( D/AudioMTKVolumeController( D/AudioMTKVolumeController( D/AudioMTKVolumeController( D/AudioMTKVolumeController( D/AudioMTKVolumeController( D/AudioMTKVolumeController( D/AudioMTKVolumeController( D/AudioMTKVolumeController( D/AudioMTKVolumeController( D/AudioMTKVolumeController( D/AudioMTKVolumeController( D/AudioMTKVolumeController( D/AudioMTKVolumeController( D/AudioMTKVolumeController( D/AudioMTKVolumeController( D/AudioMTKVolumeController( D/AudioMTKVolumeController( D/AudioMTKVolumeController( D/AudioMTKVolumeController( D/AudioMTKVolumeController( D/AudioMTKVolumeController( D/AudioMTKVolumeController( D/AudioMTKVolumeController(

138): ad_audio_custom_default speakeraudiovolume 2 138): ad_audio_custom_default speakeraudiovolume 3 138): ad_audio_custom_default speakeraudiovolume 4 138): ad_audio_custom_default speakeraudiovolume 5 138): ad_audio_custom_default headsetspeakeraudiovo 138): ad_audio_custom_default headsetspeakeraudiovo 138): ad_audio_custom_default headsetspeakeraudiovo 138): ad_audio_custom_default headsetspeakeraudiovo 138): ad_audio_custom_default headsetspeakeraudiovo 138): ad_audio_custom_default headsetspeakeraudiovo 138): ad_audio_custom_default headsetspeakeraudiovo 138): ad_audio_custom_default headsetspeakeraudiovo 138): 138): 138): 138): 138): 138): 138): 138): 138): 138): 138): 138): 138): 138): 138): 138): 138): 138): 138): 138): 138): 138): 138): 138): 138): 138): 138): 138): 138): 138): 138): 138): 138): 138): 138): normalaudiovolume 0 = 128 normalaudiovolume 1 = 128 normalaudiovolume 2 = 128 normalaudiovolume 3 = 128 normalaudiovolume 4 = 128 normalaudiovolume 5 = 128 headsetaudiovolume 0 = 148 headsetaudiovolume 1 = 148 headsetaudiovolume 2 = 148 headsetaudiovolume 3 = 148 headsetaudiovolume 4 = 148 headsetaudiovolume 5 = 148 speakeraudiovolume 0 = 144 speakeraudiovolume 1 = 144 speakeraudiovolume 2 = 144 speakeraudiovolume 3 = 144 speakeraudiovolume 4 = 144 speakeraudiovolume 5 = 144 headsetspeakeraudiovolume 0 headsetspeakeraudiovolume 1 headsetspeakeraudiovolume 2 headsetspeakeraudiovolume 3 headsetspeakeraudiovolume 4 headsetspeakeraudiovolume 5 headsetspeakeraudiovolume 6 headsetspeakeraudiovolume 7 audiovolume_level 0 = 7 audiovolume_level 1 = 7 audiovolume_level 2 = 7 audiovolume_level 3 = 7 audiovolume_level 4 = 7 audiovolume_level 5 = 7 audiovolume_level 6 = 7 audiovolume_level 7 = 7 audiovolume_level 8 = 7

= = = = = = = =

132 120 132 132 132 132 132 132

D/AudioMTKVolumeController( 0000 D/AudioMTKVolumeController( =-4 VolumeRange = 8 D/AudioMTKVolumeController( 0000 D/AudioMTKVolumeController( =-4 VolumeRange = 3 D/AudioMTKVolumeController( =-4 VolumeRange = 3 D/AudioMTKVolumeController( 0000 D/AudioMTKVolumeController( e=4 VolumeRange = 4 D/AudioMTKVolumeController( 0000 D/AudioMTKVolumeController( =-4 VolumeRange = 8 D/AudioMTKVolumeController( 0000 D/AudioMTKVolumeController( =-4 VolumeRange = 7 D/AudioMTKVolumeController( =-4 VolumeRange = 7 D/AudioMTKVolumeController( 00000 D/AudioMTKVolumeController( e=4 VolumeRange = 15 D/AudioMTKVolumeController( 0000 D/AudioMTKVolumeController( =-4 VolumeRange = 8 D/AudioMTKVolumeController( 0000 D/AudioMTKVolumeController( =-4 VolumeRange = 3 D/AudioMTKVolumeController( e=-4 VolumeRange = 3 D/AudioMTKVolumeController( 0000 D/AudioMTKVolumeController( me=4 VolumeRange = 9 D/AudioMTKVolumeController( 0000 D/AudioMTKVolumeController( e=-4 VolumeRange = 8 D/AudioMTKVolumeController( 0000 D/AudioMTKVolumeController( e=-4 VolumeRange = 3 D/AudioMTKVolumeController( e=-4 VolumeRange = 3 D/AudioMTKVolumeController( 0000 D/AudioMTKVolumeController( me=4 VolumeRange = 9 D/AudioMTKVolumeController( D/AudioMTKVolumeController( 00000 D/AudioMTKVolumeController(

138): Volume = 128 MampAudioVolume DegradedB = 8.00 138): SetVolumeRange mode=0, MaxVolume=8, MinVolume 138): Volume = 148 MampAudioVolume DegradedB = 3.00 138): SetVolumeRange mode=1, MaxVolume=8, MinVolume 138): SetVolumeRange mode=2, MaxVolume=8, MinVolume 138): Volume = 144 MampAudioVolume DegradedB = 4.00 138): SetVolumeRange mode=3, MaxVolume=15, MinVolum 138): Volume = 128 MampAudioVolume DegradedB = 8.00 138): SetVolumeRange mode=4, MaxVolume=8, MinVolume 138): Volume = 132 MampAudioVolume DegradedB = 7.00 138): SetVolumeRange mode=5, MaxVolume=8, MinVolume 138): SetVolumeRange mode=6, MaxVolume=8, MinVolume 138): Volume = 120 MampAudioVolume DegradedB = 13.0 138): SetVolumeRange mode=7, MaxVolume=15, MinVolum 138): Volume = 128 MampAudioVolume DegradedB = 8.00 138): SetVolumeRange mode=8, MaxVolume=8, MinVolume 138): Volume = 148 MampAudioVolume DegradedB = 3.00 138): SetVolumeRange mode=9, MaxVolume=8, MinVolume 138): SetVolumeRange mode=10, MaxVolume=8, MinVolum 138): Volume = 144 MampAudioVolume DegradedB = 7.00 138): SetVolumeRange mode=11, MaxVolume=15, MinVolu 138): Volume = 128 MampAudioVolume DegradedB = 8.00 138): SetVolumeRange mode=12, MaxVolume=8, MinVolum 138): Volume = 148 MampAudioVolume DegradedB = 3.00 138): SetVolumeRange mode=13, MaxVolume=8, MinVolum 138): SetVolumeRange mode=14, MaxVolume=8, MinVolum 138): Volume = 144 MampAudioVolume DegradedB = 7.00 138): SetVolumeRange mode=15, MaxVolume=15, MinVolu 138): not define MTK_AUDIO_GAIN_TABLE_SUPPORT 138): Volume = 192 UPLINK_GAIN_MAX DegradedB = 15.0 138): SetMicGain MicMode=0, Gain=15

D/AudioMTKVolumeController( 00000 D/AudioMTKVolumeController( D/AudioMTKVolumeController( 00000 D/AudioMTKVolumeController( D/AudioMTKVolumeController( 00000 D/AudioMTKVolumeController( D/AudioMTKVolumeController( 00000 D/AudioMTKVolumeController( D/AudioMTKVolumeController( 0000 D/AudioMTKVolumeController( D/AudioMTKVolumeController( 00000 D/AudioMTKVolumeController( D/AudioMTKVolumeController( 00000 D/AudioMTKVolumeController( D/AudioMTKVolumeController( 00000 D/AudioMTKVolumeController( D/AudioMTKVolumeController( 00000 D/AudioMTKVolumeController( D/AudioMTKVolumeController( 00000 D/AudioMTKVolumeController( D/AudioMTKVolumeController( 00000 D/AudioMTKVolumeController( D/AudioMTKVolumeController( 00000 D/AudioMTKVolumeController( D/AudioMTKVolumeController( 00000 D/AudioMTKVolumeController( D/AudioMTKVolumeController( 00000 D/AudioMTKVolumeController( D/AudioMTKVolumeController( 00000 D/AudioMTKVolumeController( D/AudioMTKVolumeController( 00000 D/AudioMTKVolumeController( D/AudioMTKVolumeController( 00000 D/AudioMTKVolumeController( D/AudioMTKVolumeController( 00000 D/AudioMTKVolumeController( D/AudioMTKVolumeController( 00000 D/AudioMTKVolumeController( D/AudioMTKVolumeController( 00000 D/AudioMTKVolumeController(

138): Volume = 192 UPLINK_GAIN_MAX DegradedB = 15.0 138): SetMicGain MicMode=1, Gain=15 138): Volume = 144 UPLINK_GAIN_MAX DegradedB = 27.0 138): SetMicGain MicMode=6, Gain=27 138): Volume = 180 UPLINK_GAIN_MAX DegradedB = 18.0 138): SetMicGain MicMode=7, Gain=18 138): Volume = 180 UPLINK_GAIN_MAX DegradedB = 18.0 138): SetMicGain MicMode=8, Gain=18 138): Volume = 64 UPLINK_GAIN_MAX DegradedB = 47.00 138): SetMicGain MicMode=12, Gain=47 138): Volume = 192 UPLINK_GAIN_MAX DegradedB = 15.0 138): SetMicGain MicMode=2, Gain=15 138): Volume = 192 UPLINK_GAIN_MAX DegradedB = 15.0 138): SetMicGain MicMode=3, Gain=15 138): Volume = 184 UPLINK_GAIN_MAX DegradedB = 17.0 138): SetMicGain MicMode=9, Gain=17 138): Volume = 196 UPLINK_GAIN_MAX DegradedB = 14.0 138): SetMicGain MicMode=10, Gain=14 138): Volume = 196 UPLINK_GAIN_MAX DegradedB = 14.0 138): SetMicGain MicMode=11, Gain=14 138): Volume = 192 UPLINK_GAIN_MAX DegradedB = 15.0 138): SetMicGain MicMode=4, Gain=15 138): Volume = 192 UPLINK_GAIN_MAX DegradedB = 15.0 138): SetMicGain MicMode=5, Gain=15 138): Volume = 184 UPLINK_GAIN_MAX DegradedB = 17.0 138): SetMicGain MicMode=15, Gain=17 138): Volume = 184 UPLINK_GAIN_MAX DegradedB = 17.0 138): SetMicGain MicMode=16, Gain=17 138): Volume = 184 UPLINK_GAIN_MAX DegradedB = 17.0 138): SetMicGain MicMode=17, Gain=17 138): Volume = 184 UPLINK_GAIN_MAX DegradedB = 17.0 138): SetMicGain MicMode=18, Gain=17 138): Volume = 184 UPLINK_GAIN_MAX DegradedB = 17.0 138): SetMicGain MicMode=19, Gain=17 138): Volume = 184 UPLINK_GAIN_MAX DegradedB = 17.0 138): SetMicGain MicMode=20, Gain=17 138): Volume = 184 UPLINK_GAIN_MAX DegradedB = 17.0 138): SetMicGain MicMode=21, Gain=17 138): Volume = 184 UPLINK_GAIN_MAX DegradedB = 17.0 138): SetMicGain MicMode=22, Gain=17

D/AudioMTKVolumeController( 138): Volume = 112 MampLevelShiftBufferGain Degrade dB = 4.000000
D/AudioMTKVolumeController( 138): SetLevelShiftBufferGain MicMode=13, Gain=c
D/AudioMTKVolumeController( 138): micgain 0 = 15
D/AudioMTKVolumeController( 138): micgain 1 = 15
D/AudioMTKVolumeController( 138): micgain 2 = 15
D/AudioMTKVolumeController( 138): micgain 3 = 15
D/AudioMTKVolumeController( 138): micgain 4 = 15
D/AudioMTKVolumeController( 138): micgain 5 = 15
D/AudioMTKVolumeController( 138): micgain 6 = 27
D/AudioMTKVolumeController( 138): micgain 7 = 18
D/AudioMTKVolumeController( 138): micgain 8 = 18
D/AudioMTKVolumeController( 138): micgain 9 = 17
D/AudioMTKVolumeController( 138): micgain 10 = 14
D/AudioMTKVolumeController( 138): micgain 11 = 14
D/AudioMTKVolumeController( 138): micgain 12 = 47
D/AudioMTKVolumeController( 138): micgain 13 = 12
D/AudioMTKVolumeController( 138): micgain 14 = 1145393737
D/AudioMTKVolumeController( 138): micgain 15 = 17
D/AudioMTKVolumeController( 138): micgain 16 = 17
D/AudioMTKVolumeController( 138): micgain 17 = 17
D/AudioMTKVolumeController( 138): micgain 18 = 17
D/AudioMTKVolumeController( 138): micgain 19 = 17
D/AudioMTKVolumeController( 138): micgain 20 = 17
D/AudioMTKVolumeController( 138): micgain 21 = 17
D/AudioMTKVolumeController( 138): micgain 22 = 17
D/AudioMTKVolumeController( 138): SetSideTone type Mode = 0 devices = 0
D/AudioMTKVolumeController( 138): SetSideTone type Mode = 1 devices = 0
D/AudioMTKVolumeController( 138): SetSideTone type Mode = 2 devices = 0
D/AudioMTKVolumeController( 138): -UniqueVolumeInstance
D/AudioMTKVolumeController( 138): AudioMTKVolumeController initCheck
D/AudioDigitalControl( 138): +InitCheck()
D/AudioAnalogControl( 138): InitCheck
D/AudioAnalogControl( 138): SetAnalogPinmuxInverse bEnable = 0
D/AudioResourceManager( 138): EnableAudioClock AudioLockType = 1 bEnable = 0
D/AudioResourceManager( 138): EnableAudioClock AudioLockType = 4 bEnable = 0
D/AudioResourceManager( 138): EnableAudioClock AudioLockType = 1 bEnable = 1
D/AudioResourceManager( 138): EnableAudioClock AudioLockType = 4 bEnable = 1
D/AudioMTKStreamInManager( 138): +AudioMTKStreamInManager
D/AudioMTKStreamInManager( 138): AudioMTKStreamInManager constructor
D/AudioMTKStreamInManager( 138): PreLoadHDRecParams+++
D/AudioYusuParam( 138): Get nvram restore ready retry cc=1
D/NVRAM ( 138): NVM_GetFileDesc ++
D/NVRAM ( 138): NVM_GetCfgFileTable : file_lid = 40
D/NVRAM ( 138): NVM_GetCfgFileTable done
D/NVRAM ( 138): Open /data/nvram/APCFG/APRDCL/Audio_Hd_Record_Scene_Table,LID :40
D/NVRAM ( 138): NVM_CmpFileVerNo 40
D/NVRAM ( 138): NVM_GetCfgFileTable : file_lid = 40
D/NVRAM ( 138): NVM_CheckVerFile: 0
D/NVRAM ( 138): New version info file
D/NVRAM ( 138): Load File Version: 001, NvRam File Version: 001
D/NVRAM ( 138): NVM_CheckFileSize : 40 ++
D/NVRAM ( 138): iCustomBeginLID = 25
D/NVRAM ( 138): NVM_CheckVerFile: 1
D/NVRAM ( 138): NVM_GetCfgFileTable : file_lid = 40
D/NVRAM ( 138): NVM_CheckFileSize:stat_size:137,size in table:135
D/NVRAM ( 138): NVM_ProtectUserData
D/NVRAM ( 138): NVM_ProtectUserData:Check File
I/GraphicBuffer( 134): allocate buffer (w:1088 h:1920 f:4) err(0)

I/BufferQueue( 134): [NEW] gb=0x4295b2f8, handle=0x4295b380, w=1080, h=1920 , s=1088, fmt=4
I/BufferQueue( 134): [BootAnimation](this:0x4295e370,api:2) disconnect: api=2
I/SurfaceTexture( 134): [BootAnimation](this:0x4295b008,api:0) [void* android:: SurfaceTexture::createImage(EGLDisplay, const android::sp<android::GraphicBuffer >&)]
D/SurfaceTexture( 134): GraphicBuffer: gb=0x4295b2f8 handle=0x4295b380
D/SurfaceTexture( 134): EGLImage: dpy=0x1, img=0x4295b4f8
I/SurfaceTexture( 134): [BootAnimation] [virtual android::status_t android::Sur faceTexture::forceAuxConversionLocked()] mCurrentTexture:0, mCurrentBuf:0x4295b2 f8
I/BufferQueue( 134): [BootAnimation](this:0x4295e370,api:0) getReleasedBuffers: returning mask 0xffffffff
I/SurfaceTexture( 134): [BootAnimation](this:0x4295b008,api:0) destroying EGLIm age dpy=0x1 img=0x4295b4f8
D/NVRAM ( 138): NVM_CheckFile: File is correct!
D/NVRAM ( 138): NVM_ProtectUserData:Check Success
D/NVRAM ( 138): NVM_GetFileDesc ProtectDataFile Check Success!!
D/NVRAM ( 138): NVM_GetFileDesc -D/AudioYusuParam( 138): GetHdRecordSceneTableFromNV rec_size = 135 rec_num = 1
D/NVRAM ( 138): NVM_CloseFileDesc: Open by Readonly, no need to check when cl ose
D/AudioYusuParam( 138): GetHdRecordSceneTableFromNV result = 135
D/AudioYusuParam( 138): Get nvram restore ready retry cc=1
D/NVRAM ( 138): NVM_GetFileDesc ++
D/NVRAM ( 138): NVM_GetCfgFileTable : file_lid = 39
D/NVRAM ( 138): NVM_GetCfgFileTable done
D/NVRAM ( 138): Open /data/nvram/APCFG/APRDCL/Audio_Hd_Record_Param,LID:39
D/NVRAM ( 138): NVM_CmpFileVerNo 39
D/NVRAM ( 138): NVM_GetCfgFileTable : file_lid = 39
D/NVRAM ( 138): NVM_CheckVerFile: 0
D/NVRAM ( 138): New version info file
D/NVRAM ( 138): Load File Version: 001, NvRam File Version: 001
D/NVRAM ( 138): NVM_CheckFileSize : 39 ++
D/NVRAM ( 138): iCustomBeginLID = 25
D/NVRAM ( 138): NVM_CheckVerFile: 1
D/NVRAM ( 138): NVM_GetCfgFileTable : file_lid = 39
D/NVRAM ( 138): NVM_CheckFileSize:stat_size:4056,size in table:4054
D/NVRAM ( 138): NVM_ProtectUserData
D/NVRAM ( 138): NVM_ProtectUserData:Check File
D/NVRAM ( 138): NVM_CheckFile: File is correct!
D/NVRAM ( 138): NVM_ProtectUserData:Check Success
D/NVRAM ( 138): NVM_GetFileDesc ProtectDataFile Check Success!!
D/NVRAM ( 138): NVM_GetFileDesc -D/AudioYusuParam( 138): GetHdRecordParamFromNV rec_size = 4054 rec_num = 1
D/NVRAM ( 138): NVM_CloseFileDesc: Open by Readonly, no need to check when cl ose
D/AudioYusuParam( 138): GetHdRecordParamFromNV result = 4054
D/AudioMTKStreamInManager( 138): PreLoadHDRecParams--D/AudioMTKStreamInManager( 138): -AudioMTKStreamInManager
D/AudioFtm( 138): +UniqueAudioFtmInstance
D/AudioMTKVolumeController( 138): AudioMTKVolumeController initCheck
D/AudioDigitalControl( 138): +InitCheck()
D/AudioAnalogControl( 138): InitCheck
D/AudioAnalogControl( 138): AudioAnalogControl SetFrequency DeviceType = 0, fre quency = 48000
D/AudioPlatformDevice( 138): AudioPlatformDevice SetFrequency
D/AudioMachineDevice( 138): SetFrequency
D/AudioAnalogControl( 138): AudioAnalogControl SetFrequency DeviceType = 1, fre quency = 48000

D/AudioPlatformDevice( 138): AudioPlatformDevice SetFrequency
D/AudioMachineDevice( 138): SetFrequency
D/AudioAnalogControl( 138): AnalogSetMux DeviceType = DEVICE_OUT_EARPIECER MUX_ TYPE = MUX_VOICE
D/AudioAnalogControl( 138): +CheckDevicePolicy Par1 = 0 AnalogType = 2
D/AudioAnalogControl( 138): -CheckDevicePolicy Par1 = 0 AnalogType = 2
D/AudioMachineDevice( 138): AnalogSetMux DeviceType = DEVICE_OUT_EARPIECER MuxT ype = MUX_VOICE
D/AudioPlatformDevice( 138): AAudioPlatformDevice nalogSetMux DeviceType = DEVI CE_OUT_EARPIECER MuxType = MUX_VOICE
D/AudioAnalogControl( 138): AnalogSetMux DeviceType = DEVICE_OUT_SPEAKERR MUX_T YPE = MUX_AUDIO
D/AudioAnalogControl( 138): +CheckDevicePolicy Par1 = 4 AnalogType = 2
D/AudioAnalogControl( 138): -CheckDevicePolicy Par1 = 2 AnalogType = 2
D/AudioMachineDevice( 138): AnalogSetMux DeviceType = DEVICE_OUT_HEADSETR MuxTy pe = MUX_AUDIO
D/AudioPlatformDevice( 138): AAudioPlatformDevice nalogSetMux DeviceType = DEVI CE_OUT_HEADSETR MuxType = MUX_AUDIO
D/AudioAnalogControl( 138): AnalogSetMux DeviceType = DEVICE_OUT_SPEAKERL MUX_T YPE = MUX_AUDIO
D/AudioAnalogControl( 138): +CheckDevicePolicy Par1 = 5 AnalogType = 2
D/AudioAnalogControl( 138): -CheckDevicePolicy Par1 = 2 AnalogType = 2
D/AudioMachineDevice( 138): AnalogSetMux DeviceType = DEVICE_OUT_HEADSETR MuxTy pe = MUX_AUDIO
D/AudioPlatformDevice( 138): AAudioPlatformDevice nalogSetMux DeviceType = DEVI CE_OUT_HEADSETR MuxType = MUX_AUDIO
D/AudioAnalogControl( 138): AnalogSetMux DeviceType = DEVICE_OUT_HEADSETR MUX_T YPE = MUX_AUDIO
D/AudioAnalogControl( 138): +CheckDevicePolicy Par1 = 2 AnalogType = 2
D/AudioAnalogControl( 138): -CheckDevicePolicy Par1 = 2 AnalogType = 2
D/AudioMachineDevice( 138): AnalogSetMux DeviceType = DEVICE_OUT_HEADSETR MuxTy pe = MUX_AUDIO
D/AudioPlatformDevice( 138): AAudioPlatformDevice nalogSetMux DeviceType = DEVI CE_OUT_HEADSETR MuxType = MUX_AUDIO
D/AudioAnalogControl( 138): AnalogSetMux DeviceType = DEVICE_OUT_HEADSETL MUX_T YPE = MUX_AUDIO
D/AudioAnalogControl( 138): +CheckDevicePolicy Par1 = 3 AnalogType = 2
D/AudioAnalogControl( 138): -CheckDevicePolicy Par1 = 3 AnalogType = 2
D/AudioMachineDevice( 138): AnalogSetMux DeviceType = DEVICE_OUT_HEADSETL MuxTy pe = MUX_AUDIO
D/AudioPlatformDevice( 138): AAudioPlatformDevice nalogSetMux DeviceType = DEVI CE_OUT_HEADSETL MuxType = MUX_AUDIO
D/AudioAnalogControl( 138): AnalogSetMux DeviceType = DEVICE_OUT_SPEAKER_HEADSE T_R MUX_TYPE = MUX_AUDIO
D/AudioAnalogControl( 138): +CheckDevicePolicy Par1 = 6 AnalogType = 2
D/AudioAnalogControl( 138): -CheckDevicePolicy Par1 = 2 AnalogType = 2
D/AudioMachineDevice( 138): AnalogSetMux DeviceType = DEVICE_OUT_HEADSETR MuxTy pe = MUX_AUDIO
D/AudioPlatformDevice( 138): AAudioPlatformDevice nalogSetMux DeviceType = DEVI CE_OUT_HEADSETR MuxType = MUX_AUDIO
D/AudioAnalogControl( 138): AnalogSetMux DeviceType = DEVICE_OUT_SPEAKER_HEADSE T_L MUX_TYPE = MUX_AUDIO
D/AudioAnalogControl( 138): +CheckDevicePolicy Par1 = 7 AnalogType = 2
D/AudioAnalogControl( 138): -CheckDevicePolicy Par1 = 2 AnalogType = 2
D/AudioMachineDevice( 138): AnalogSetMux DeviceType = DEVICE_OUT_HEADSETR MuxTy pe = MUX_AUDIO
D/AudioPlatformDevice( 138): AAudioPlatformDevice nalogSetMux DeviceType = DEVI CE_OUT_HEADSETR MuxType = MUX_AUDIO
D/AudioAnalogControl( 138): AnalogSetMux DeviceType = DEVICE_IN_PREAMP_L MUX_TY PE = MUX_IN_MIC1

D/AudioAnalogControl( 138): +CheckDevicePolicy Par1 = 16 AnalogType = 2
D/AudioAnalogControl( 138): -CheckDevicePolicy Par1 = 16 AnalogType = 2
D/AudioMachineDevice( 138): AnalogSetMux DeviceType = DEVICE_IN_PREAMP_L MuxTyp e = MUX_IN_MIC1
D/AudioPlatformDevice( 138): AAudioPlatformDevice nalogSetMux DeviceType = DEVI CE_IN_PREAMP_L MuxType = MUX_IN_MIC1
D/AudioAnalogControl( 138): AnalogSetMux DeviceType = DEVICE_IN_PREAMP_R MUX_TY PE = MUX_IN_MIC1
D/AudioAnalogControl( 138): +CheckDevicePolicy Par1 = 17 AnalogType = 2
D/AudioAnalogControl( 138): -CheckDevicePolicy Par1 = 17 AnalogType = 2
D/AudioMachineDevice( 138): AnalogSetMux DeviceType = DEVICE_IN_PREAMP_R MuxTyp e = MUX_IN_MIC1
D/AudioPlatformDevice( 138): AAudioPlatformDevice nalogSetMux DeviceType = DEVI CE_IN_PREAMP_R MuxType = MUX_IN_MIC1
D/AudioFtm( 138): -UniqueAudioFtmInstance
D/AudioMTKStreamManager( 138): +UniqueAnalogInstance
D/AudioMTKStreamManager( 138): AudioMTKStreamManager contructor
D/AudioMTKStreamManager( 138): -UniqueAnalogInstance
D/AudioMTKVolumeController( 138): AudioMTKVolumeController initCheck
D/AudioDigitalControl( 138): +InitCheck()
D/AudioAnalogControl( 138): InitCheck
D/AudioAnalogControl( 138): AudioAnalogControl SetFrequency DeviceType = 0, fre quency = 44100
D/AudioPlatformDevice( 138): AudioPlatformDevice SetFrequency
D/AudioMachineDevice( 138): SetFrequency
D/AudioDigitalControl( 138): +AllocateMemBufferSize(), allocate buffer Interfac eType = 0, mBufferSize = 16384
D/AudioDigitalControl( 138): allocate buffer done
D/AudioDigitalControl( 138): +AllocateMemBufferSize(), allocate buffer Interfac eType = 1, mBufferSize = 16384
D/AudioDigitalControl( 138): allocate buffer done
D/AudioDigitalControl( 138): +AllocateMemBufferSize(), allocate buffer Interfac eType = 5, mBufferSize = 16384
D/AudioDigitalControl( 138): allocate buffer done
D/AudioDigitalControl( 138): +AllocateMemBufferSize(), allocate buffer Interfac eType = 2, mBufferSize = 16384
D/AudioDigitalControl( 138): allocate buffer done
D/AudioDigitalControl( 138): +AllocateMemBufferSize(), allocate buffer Interfac eType = 3, mBufferSize = 8192
D/AudioDigitalControl( 138): allocate buffer done
D/AudioDigitalControl( 138): +AllocateMemBufferSize(), allocate buffer Interfac eType = 6, mBufferSize = 8192
D/AudioDigitalControl( 138): allocate buffer done
D/SpeechDriverLAD( 138): SpeechDriverLAD(), modem_index = 0
D/SpeechMessengerCCCI( 138): ResetSpeechParamAckCount(), NB(0)/DMNR(0)/WB(0)
D/SpeechMessengerCCCI( 138): Initial(), ShareBufAdd:0x0x4215a000, ShareBufLen:3 2768
D/AudioSpeechEnhanceInfo( 138): +AudioSpeechEnhanceInfo
D/AudioSpeechEnhanceInfo( 138): AudioSpeechEnhanceInfo constructor
D/AudioSpeechEnhanceInfo( 138): -AudioSpeechEnhanceInfo
D/AudioSpeechEnhanceInfo( 138): getInstance()
D/AudioParamTuning( 138): create AudioParamTuning instance -D/AudioParamTuning( 138): AudioParamTuning in +
D/SpeechMessengerCCCI( 138): sched_setscheduler ok, priority: 92
D/SpeechMessengerCCCI( 138): CCCIReadThread(), pid: 138, tid: 538
D/AudioMTKVolumeController( 138): AudioMTKVolumeController initCheck
D/AudioYusuParam( 138): GetVolumeVer1ParamFromNV
D/AudioYusuParam( 138): Get nvram restore ready retry cc=1
D/NVRAM ( 138): NVM_GetFileDesc ++
D/NVRAM ( 138): NVM_GetCfgFileTable : file_lid = 38

D/NVRAM ( 138): NVM_GetCfgFileTable done
D/NVRAM ( 138): Open /data/nvram/APCFG/APRDCL/Audio_ver1_Vol_custom,LID:38
D/NVRAM ( 138): NVM_CmpFileVerNo 38
D/NVRAM ( 138): NVM_GetCfgFileTable : file_lid = 38
D/NVRAM ( 138): NVM_CheckVerFile: 0
D/NVRAM ( 138): New version info file
D/NVRAM ( 138): Load File Version: 001, NvRam File Version: 001
D/NVRAM ( 138): NVM_CheckFileSize : 38 ++
D/NVRAM ( 138): iCustomBeginLID = 25
D/NVRAM ( 138): NVM_CheckVerFile: 1
D/NVRAM ( 138): NVM_GetCfgFileTable : file_lid = 38
D/NVRAM ( 138): NVM_CheckFileSize:stat_size:583,size in table:581
D/NVRAM ( 138): NVM_ProtectUserData
D/NVRAM ( 138): NVM_ProtectUserData:Check File
D/NVRAM ( 138): NVM_CheckFile: File is correct!
D/NVRAM ( 138): NVM_ProtectUserData:Check Success
D/NVRAM ( 138): NVM_GetFileDesc ProtectDataFile Check Success!!
D/NVRAM ( 138): NVM_GetFileDesc -D/AudioYusuParam( 138): GetVolumeVer1ParamFromNV rec_size = 581 rec_num = 1
D/NVRAM ( 138): NVM_CloseFileDesc: Open by Readonly, no need to check when cl ose
D/AudioParamTuning( 138): AudioYusuParamTuning: default mic gain:144, receiver gain:136, headset Gain:112
D/AudioParamTuning( 138): create AudioParamTuning instance ++
D/AudioResourceManager( 138): EnableAudioClock AudioLockType = 1 bEnable = 0
D/AudioResourceManager( 138): EnableAudioClock AudioLockType = 4 bEnable = 0
D/AudioMTKHardware( 138): AudioMTKHardware create
D/AudioHardwareInterface( 138): Creating Vendor Specific AudioHardware = 0x41f0 a828
D/AudioMTKHardware( 138): AudioMTKHardware initCheck
D/AudioMTKHardware( 138): AudioMTKHardware initCheck
D/AudioMTKHardware( 138): AudioMTKHardware setMasterVolume volume = 1.000000
D/AudioMTKVolumeController( 138): AudioMTKVolumeController setMasterVolume v = 1.000000 mode = 0 devices = 0x0
D/AudioMTKVolumeController( 138): ApplyDualmodeGain gain = 256 mode = 0 devices = 6
D/AudioMTKVolumeController( 138): ApplyAudioGain Gain = 256 mode= 0 device = 6
D/AudioMTKVolumeController( 138): ApplyAudioGain DegradedBGain = 7 mVolumeRang e[mode] = 7
D/AudioAnalogControl( 138): SetAnalogGain VoleumType = 2 volume = 7
D/AudioPlatformDevice( 138): SetAnalogGain VOLUME_TYPE = 2 volume = 7
D/AudioMachineDevice( 138): SetAnalogGain VOLUME_TYPE = 2 volume = 7
D/AudioAnalogControl( 138): SetAnalogGain VoleumType = 3 volume = 7
D/AudioPlatformDevice( 138): SetAnalogGain VOLUME_TYPE = 3 volume = 7
D/AudioMachineDevice( 138): SetAnalogGain VOLUME_TYPE = 3 volume = 7
D/AudioMTKVolumeController( 138): ApplyDualmodeGain gain = 256 mode = 0 devices = 7
D/AudioMTKVolumeController( 138): ApplyAmpGain Gain = 256 mode= 0 device = 7
D/AudioMTKVolumeController( 138): DegradedBGain = 15
D/AudioAnalogControl( 138): SetAnalogGain VoleumType = 4 volume = 15
D/AudioPlatformDevice( 138): SetAnalogGain VOLUME_TYPE = 4 volume = 15
D/AudioMachineDevice( 138): SetAnalogGain VOLUME_TYPE = 4 volume = 15
D/AudioAnalogControl( 138): SetAnalogGain VoleumType = 5 volume = 15
D/AudioPlatformDevice( 138): SetAnalogGain VOLUME_TYPE = 5 volume = 15
D/AudioMachineDevice( 138): SetAnalogGain VOLUME_TYPE = 5 volume = 15
I/AudioFlinger( 138): loadHwModule() Loaded primary audio interface from LEGACY Audio HW HAL (libaudio) handle 1
D/AudioFlinger( 138): openOutput(), module 1 Device 2, SamplingRate 44100, Form at 1, Channels 3, flags 2
D/AudioMTKStreamManager( 138): openOutputStream, devices = 0x2 format=0x1 ,chan

nels=0x3, rate=44100
D/AudioMTKStreamOut( 138): +AudioMTKStreamOut constructor devices = 2 format = 1 channels = 3 sampleRate = 44100
D/AudioStreamAttribute( 138): AudioStreamAttribute constructor
D/AudioSpeechEnhanceInfo( 138): getInstance()
W/AudioSpeechEnhanceInfo( 138): SetStreamOutPointer mStreamOut=0x42157960
D/AudioMTKStreamOut( 138): format = 1, channels = 3, rate = 44100
D/AudioMTKStreamOut( 138): calInterrupttime bufferSize = 4096 mDL1Attribute->mC hannels = 2
D/AudioMTKStreamOut( 138): calInterrupttime mInterruptCounter = 2048
D/AudioMTKStreamOut( 138): Set2ndI2SOutAttribute
D/AudioDigitalControl( 138): +Set2ndI2SOut()
D/AudioDigitalControl( 138): +SampleRateTransform(), SampleRate = 44100
D/AudioDigitalControl( 138): +SetMemIfSampleRate(), InterfaceType = 4, SampleRa te = 44100, mAudioMEMIF[InterfaceType].mSampleRate = 9
D/AudioDigitalControl( 138): Set2ndI2SOut u32AudioI2S= 0x18
D/AudioMTKStreamOut( 138): SetI2SOutDACAttribute
D/AudioDigitalControl( 138): +SetI2SDacOut()
D/AudioDigitalControl( 138): +SampleRateTransform(), SampleRate = 44100
D/AudioDigitalControl( 138): SetI2SDacOut(), Audio_I2S_Dac = 0x908
D/AudioDigitalControl( 138): +SetDAIBBT()
D/AudioMTKStreamOut( 138): StreamOutFLTCreate eCompFltType = 0 eCompFltMode = 5
D/AudioCompensationFilter( 138): Init AudioCompensationFilter
D/AudioCompensationFilter( 138): AudioCompensationFilter mintrSize [676] mtmpSi ze [4096]
D/NVRAM ( 138): NVM_GetFileDesc ++
D/NVRAM ( 138): NVM_GetCfgFileTable : file_lid = 27
D/NVRAM ( 138): NVM_GetCfgFileTable done
D/NVRAM ( 138): Open /data/nvram/APCFG/APRDCL/Audio_CompFlt,LID:27
D/NVRAM ( 138): NVM_CmpFileVerNo 27
D/NVRAM ( 138): NVM_GetCfgFileTable : file_lid = 27
D/NVRAM ( 138): NVM_CheckVerFile: 0
D/NVRAM ( 138): New version info file
D/NVRAM ( 138): Load File Version: 001, NvRam File Version: 001
D/NVRAM ( 138): NVM_CheckFileSize : 27 ++
D/NVRAM ( 138): iCustomBeginLID = 25
D/NVRAM ( 138): NVM_CheckVerFile: 1
D/NVRAM ( 138): NVM_GetCfgFileTable : file_lid = 27
D/NVRAM ( 138): NVM_CheckFileSize:stat_size:1042,size in table:1040
D/NVRAM ( 138): NVM_ProtectUserData
D/NVRAM ( 138): NVM_ProtectUserData:Check File
D/NVRAM ( 138): NVM_CheckFile: File is correct!
D/NVRAM ( 138): NVM_ProtectUserData:Check Success
D/NVRAM ( 138): NVM_GetFileDesc ProtectDataFile Check Success!!
D/NVRAM ( 138): NVM_GetFileDesc -D/NVRAM ( 138): NVM_CloseFileDesc: Open by Readonly, no need to check when cl ose
D/AudioCompensationFilter( 138): AudioCompensationFilter::LoadACFParameter!!
D/AudioCompensationFilter( 138): mInitParam.pCustom_Param->HSF_Coeff =0x421591c 8, mInitParam.pCustom_Param->BPF_Coeff =0x42159330
D/AudioCompensationFilter( 138): HSF_Coeff [0][0][0]=0x7da170a, addr = 0x421591 c8,
D/AudioCompensationFilter( 138): HSF_Coeff [0][0][1]=0xf054253e, addr = 0x42159 1cc,
D/AudioCompensationFilter( 138): BPF_Coeff [0][0][0]=0x3fd481a8, addr = 0x42159 330,
D/AudioCompensationFilter( 138): BPF_Coeff [0][0][1]=0x3eff7e57, addr = 0x42159 334,
D/AudioCompensationFilter( 138): WS_Gain_Max=0x0, WS_Gain_Min=0x0, Filter_First =0x0

D/AudioCompensationFilter( 138): Att_Time=0xa4, Rel_Time=0x4010
D/AudioCompensationFilter( 138): Gain_Map_In [0]=0x0, Gain_Map_In [1]=0x0,
D/AudioCompensationFilter( 138): Gain_Map_Out [0]=0x0, Gain_Map_Out [1]=0x0,
D/AudioMTKStreamOut( 138): StreamOutFLTCreate eCompFltType = 1 eCompFltMode = 6
D/AudioCompensationFilter( 138): Init AudioCompensationFilter
D/AudioCompensationFilter( 138): AudioCompensationFilter mintrSize [676] mtmpSi ze [4096]
D/NVRAM ( 138): NVM_GetFileDesc ++
D/NVRAM ( 138): NVM_GetCfgFileTable : file_lid = 36
D/NVRAM ( 138): NVM_GetCfgFileTable done
D/NVRAM ( 138): Open /data/nvram/APCFG/APRDCL/Headphone_CompFlt,LID:36
D/NVRAM ( 138): NVM_CmpFileVerNo 36
D/NVRAM ( 138): NVM_GetCfgFileTable : file_lid = 36
D/NVRAM ( 138): NVM_CheckVerFile: 0
D/NVRAM ( 138): New version info file
D/NVRAM ( 138): Load File Version: 001, NvRam File Version: 001
D/NVRAM ( 138): NVM_CheckFileSize : 36 ++
D/NVRAM ( 138): iCustomBeginLID = 25
D/NVRAM ( 138): NVM_CheckVerFile: 1
D/NVRAM ( 138): NVM_GetCfgFileTable : file_lid = 36
D/NVRAM ( 138): NVM_CheckFileSize:stat_size:1042,size in table:1040
D/NVRAM ( 138): NVM_ProtectUserData
D/NVRAM ( 138): NVM_ProtectUserData:Check File
D/NVRAM ( 138): NVM_CheckFile: File is correct!
D/NVRAM ( 138): NVM_ProtectUserData:Check Success
D/NVRAM ( 138): NVM_GetFileDesc ProtectDataFile Check Success!!
D/NVRAM ( 138): NVM_GetFileDesc -D/NVRAM ( 138): NVM_CloseFileDesc: Open by Readonly, no need to check when cl ose
D/AudioCompensationFilter( 138): AudioCompensationFilter::LoadACFParameter!!
D/AudioCompensationFilter( 138): mInitParam.pCustom_Param->HSF_Coeff =0x422760e 8, mInitParam.pCustom_Param->BPF_Coeff =0x42276250
D/AudioCompensationFilter( 138): HSF_Coeff [0][0][0]=0x0, addr = 0x422760e8,
D/AudioCompensationFilter( 138): HSF_Coeff [0][0][1]=0x0, addr = 0x422760ec,
D/AudioCompensationFilter( 138): BPF_Coeff [0][0][0]=0x0, addr = 0x42276250,
D/AudioCompensationFilter( 138): BPF_Coeff [0][0][1]=0x0, addr = 0x42276254,
D/AudioCompensationFilter( 138): WS_Gain_Max=0x399a, WS_Gain_Min=0x2666, Filter _First=0x0
D/AudioCompensationFilter( 138): Att_Time=0xa4, Rel_Time=0x4010
D/AudioCompensationFilter( 138): Gain_Map_In [0]=0xd3, Gain_Map_In [1]=0xdd,
D/AudioCompensationFilter( 138): Gain_Map_Out [0]=0x0, Gain_Map_Out [1]=0xc,
D/AudioMTKStreamOut( 138): StreamOutFLTCreate eCompFltType = 2 eCompFltMode = 7
D/AudioCompensationFilter( 138): Init AudioCompensationFilter
D/AudioCompensationFilter( 138): AudioCompensationFilter mintrSize [676] mtmpSi ze [4096]
D/AudioCompensationFilter( 138): AudioCompensationFilter::LoadACFParameter!!
D/AudioCompensationFilter( 138): mInitParam.pCustom_Param->HSF_Coeff =0x42279c1 0, mInitParam.pCustom_Param->BPF_Coeff =0x42279d78
D/AudioCompensationFilter( 138): HSF_Coeff [0][0][0]=0x0, addr = 0x42279c10,
D/AudioCompensationFilter( 138): HSF_Coeff [0][0][1]=0x0, addr = 0x42279c14,
D/AudioCompensationFilter( 138): BPF_Coeff [0][0][0]=0x0, addr = 0x42279d78,
D/AudioCompensationFilter( 138): BPF_Coeff [0][0][1]=0x0, addr = 0x42279d7c,
D/AudioCompensationFilter( 138): WS_Gain_Max=0x0, WS_Gain_Min=0x0, Filter_First =0x0
D/AudioCompensationFilter( 138): Att_Time=0x0, Rel_Time=0x0
D/AudioCompensationFilter( 138): Gain_Map_In [0]=0x0, Gain_Map_In [1]=0x0,
D/AudioCompensationFilter( 138): Gain_Map_Out [0]=0x0, Gain_Map_Out [1]=0x0,
D/AudioYusuParam( 138): Get nvram restore ready retry cc=1
D/NVRAM ( 138): NVM_GetFileDesc ++
D/NVRAM ( 138): NVM_GetCfgFileTable : file_lid = 16

D/NVRAM ( 138): NVM_GetCfgFileTable done
D/NVRAM ( 138): Open /data/nvram/APCFG/APRDCL/Audio_AudEnh_Control_Opt,LID:16
D/NVRAM ( 138): NVM_CmpFileVerNo 16
D/NVRAM ( 138): NVM_GetCfgFileTable : file_lid = 16
D/NVRAM ( 138): NVM_CheckVerFile: 0
D/NVRAM ( 138): New version info file
D/NVRAM ( 138): Load File Version: 000, NvRam File Version: 000
D/NVRAM ( 138): NVM_CheckFileSize : 16 ++
D/NVRAM ( 138): iCustomBeginLID = 25
D/NVRAM ( 138): NVM_CheckVerFile: 1
D/NVRAM ( 138): NVM_GetCfgFileTable : file_lid = 16
D/NVRAM ( 138): NVM_CheckFileSize:stat_size:6,size in table:4
D/NVRAM ( 138): NVM_ProtectUserData
D/NVRAM ( 138): NVM_ProtectUserData:Check File
D/NVRAM ( 138): NVM_CheckFile: File is correct!
D/NVRAM ( 138): NVM_ProtectUserData:Check Success
D/NVRAM ( 138): NVM_GetFileDesc ProtectDataFile Check Success!!
D/NVRAM ( 138): NVM_GetFileDesc -D/AudioYusuParam( 138): GetAudEnhControlOptionParamFromNV rec_size = 4 rec_num = 1
D/NVRAM ( 138): NVM_CloseFileDesc: Open by Readonly, no need to check when cl ose
D/AudioMTKStreamOut( 138): Init mUseAudCompFltHeadphoneWithFixedParameter [0]
D/AudioMTKStreamOut( 138): -AudioMTKStreamOut constructor
D/AudioFlinger( 138): openOutput() openOutputStream returned output 0x42157908, SamplingRate 44100, Format 1, Channels 3, status 0
I/AudioFlinger( 138): HAL output buffer size 1024 frames, normal mix buffer siz e 1024 frames
D/AudioFlinger( 138): MixerThread() id=2 device=0x2 type=0
D/AudioFlinger( 138): mSampleRate=44100, mChannelMask=0x3, mChannelCount=2, mFo rmat=1, mFrameSize=4, mFrameCount=1024, mNormalFrameCount=1024
D/BootAnimation( 502): control->getSurface()
D/libEGL ( 502): loaded /vendor/lib/egl/libEGL_mtk.so
D/libEGL ( 502): loaded /vendor/lib/egl/libGLESv1_CM_mtk.so
D/libEGL ( 502): loaded /vendor/lib/egl/libGLESv2_mtk.so
D/BootAnimation( 502): initialize opengl and egl
I/BufferQueue( 134): [BootAnimation](this:0x4295e370,api:0) connect: api=1
I/BufferQueue( 134): [BootAnimation](this:0x4295e370,api:1) setSynchronousMode: enabled=1
I/BufferQueue( 134): [BootAnimation](this:0x4295e370,api:1) setSynchronousMode: enabled=1
I/BufferQueue( 134): [BootAnimation](this:0x4295e370,api:1) new GraphicBuffer n eeded
D/BufferQueue( 134): [OLD] gb:NULL
I/GraphicBuffer( 134): allocate buffer (w:1088 h:1920 f:5) err(0)
I/BufferQueue( 134): [NEW] gb=0x4295f508, handle=0x4295f5d0, w=1080, h=1920 , s=1088, fmt=5
I/ViPER4Android_v2( 138): Enter EffectGetDescriptor()
I/ViPER4Android_v2( 138): EffectGetDescriptor(), uuid = 41d3c987-e6cf-11e3-a88a -11aba5d5c51b
E/AudioMixer( 138): unable to find downmix effect
D/AudioFlinger( 138): openOutput() created mixer output: ID 2 thread 0x4227a008
D/AudioFlinger( 138): PlaybackThread::audioConfigChanged_l, thread 0x4227a008, event 0, param 0
I/AudioFlinger( 138): Using module 1 has the primary audio interface
I/AudioFlinger( 138): AudioFlinger's thread 0x4227a008 ready to run
D/AudioMTKHardware( 138): +setMode(), mode = 0, waiting for mSetModeLock
D/AudioMTKHardware( 138): +setMode(), mode = 0
D/AudioFlinger( 138): sched_setscheduler ok, priority: 95
E/AudioMTKHardware( 138): Newmode and Oldmode is the same!!!!

D/AudioMTKPolicyManager( 138): setOutputDevice() output 2 device 0002 delayMs 0
D/AudioMTKPolicyManager( 138): checkDeviceMuteStrategies outputDesc = 0x421577c 8 prevDevice = 2 delayMs = 0
W/AudioFlinger( 138): Thread AudioOut_2 cannot connect to the power manager ser vice
D/AudioFlinger( 138): mAudioFlinger->SetFsync()
D/AudioSystem( 138): +setParameters(): routing=2
W/AudioUtilmtk( 138): mfd =23
D/AudioUtilmtk( 138): callback hw setFSync
D/AudioFlinger( 138): setParameters(): io 2, keyvalue routing=2, tid 518, calli ng pid 138
D/AudioFlinger( 138): Audio hardware entering standby, mixer 0x4227a008, suspen d count 0
D/AudioMTKStreamOut( 138): +AudioMTKStreamOut standby
D/AudioMTKStreamOut( 138): +AudioMTKStreamOut standby() EnableAudioLock AUDIO_S TREAMOUT_LOCK
D/AudioMTKStreamOut( 138): -AudioMTKStreamOut standby
D/AudioFlinger( 138): thread 0x4227a008 type 0 TID 539 going to sleep
D/AudioFlinger( 138): ThreadBase::setParameters() routing=2
D/AudioFlinger( 138): thread 0x4227a008 type 0 TID 539 waking up
W/AudioFlinger( 138): Thread AudioOut_2 cannot connect to the power manager ser vice
D/AudioMTKStreamOut( 138): setParameters() routing=2
D/AudioMTKStreamOut( 138): dokeyRouting(), current_device = 0, new_device = 2
D/AudioAnalogControl( 138): +GetAnalogState DeviceType [DEVICE_IN_LINEINR]=0
D/AudioAnalogControl( 138): +GetAnalogState DeviceType [DEVICE_IN_LINEINL]=0
D/AudioDigitalControl( 138): GetFmDigitalStatus(), mFmDigitalStatus = 0
D/AudioResourceManager( 138): setDlOutputDevice(), new_device = 0x2
D/AudioMTKHardware( 138): DoDeviceChangeCallback device 0x2, FMStatus, A 0, D 0 , callback 0x0
D/AudioMTKHardware( 138): +doSetMode(), mMode = 0, mNextMode = -1, waiting for mSetModeLock
D/AudioMTKHardware( 138): -doSetMode(), mNextMode == AUDIO_MODE_CURRENT
D/AudioSystem( 138): -setParameters(): routing=2
D/AudioMTKPolicyManager( 138): checkAndSetVolume stream = 0 index = 1 output = 2 device = 0x2 delayMs = 0 force = 0
D/AudioMTKPolicyManager( 138): getNewDevice() selected device 0 output= 2
D/AudioMTKPolicyManager( 138): getNewDevice() selected device 0 output= 2
D/AudioMTKHardware( 138): AudioMTKHardware setVoiceVolume volume = 0.707946
D/AudioMTKVolumeController( 138): AudioMTKVolumeController setVoiceVolume v = 0 .707946 mode = 0 routes = 2
D/AudioMTKPolicyManager( 138): checkAndSetVolume stream = 1 index = 1 output = 2 device = 0x2 delayMs = 0 force = 0
D/AudioMTKPolicyManager( 138): getNewDevice() selected device 0 output= 2
D/AudioMTKPolicyManager( 138): computeCustomVolume OutputDevice == AudioSystem: :VOLUME_HEADSET_SPEAKER_MODE
D/AudioMTKPolicyManager( 138): checkAndSetVolume stream = 2 index = 1 output = 2 device = 0x2 delayMs = 0 force = 0
D/AudioMTKPolicyManager( 138): getNewDevice() selected device 0 output= 2
D/AudioMTKPolicyManager( 138): checkAndSetVolume stream = 3 index = 1 output = 2 device = 0x2 delayMs = 0 force = 0
D/AudioMTKPolicyManager( 138): getNewDevice() selected device 0 output= 2
D/AudioMTKPolicyManager( 138): computeCustomVolume OutputDevice == AudioSystem: :VOLUME_HEADSET_SPEAKER_MODE
D/AudioMTKPolicyManager( 138): checkAndSetVolume stream = 4 index = 1 output = 2 device = 0x2 delayMs = 0 force = 0
D/AudioMTKPolicyManager( 138): getNewDevice() selected device 0 output= 2
D/AudioMTKPolicyManager( 138): checkAndSetVolume stream = 5 index = 1 output = 2 device = 0x2 delayMs = 0 force = 0
D/AudioMTKPolicyManager( 138): getNewDevice() selected device 0 output= 2

D/AudioMTKPolicyManager( 138): checkAndSetVolume stream = 6 index = 1 output = 2 device = 0x2 delayMs = 0 force = 0
D/AudioMTKPolicyManager( 138): checkAndSetVolume() cannot set stream 6 volume w ith force use = 0 for comm
D/AudioMTKPolicyManager( 138): checkAndSetVolume stream = 7 index = 1 output = 2 device = 0x2 delayMs = 0 force = 0
D/AudioMTKPolicyManager( 138): getNewDevice() selected device 0 output= 2
D/AudioMTKPolicyManager( 138): checkAndSetVolume stream = 8 index = 1 output = 2 device = 0x2 delayMs = 0 force = 0
D/AudioMTKPolicyManager( 138): getNewDevice() selected device 0 output= 2
D/AudioMTKPolicyManager( 138): computeCustomVolume OutputDevice == AudioSystem: :VOLUME_HEADSET_SPEAKER_MODE
D/AudioMTKPolicyManager( 138): checkAndSetVolume stream = 9 index = 1 output = 2 device = 0x2 delayMs = 0 force = 0
D/AudioMTKPolicyManager( 138): getNewDevice() selected device 0 output= 2
D/AudioMTKPolicyManager( 138): checkAndSetVolume stream = 10 index = 1 output = 2 device = 0x2 delayMs = 0 force = 0
D/AudioMTKPolicyManager( 138): No set initial volumeIndex yet, use the min volu me
D/AudioFlinger( 138): setStreamVolume FM value = 0.000000
D/AudioMTKHardware( 138): +setParameters(): SetFmVolume=0
D/AudioMTKVolumeController( 138): +SetFmVolume(), volume=0, mFmVolume=255
D/AudioMTKVolumeController( 138): +SetFmChipVolume(), volume=0, mFmChipVolume=1
D/AudioMTKVolumeController( 138): MT66xx Get_FMPower_info
D/AudioMTKVolumeController( 138): FMstatusFd return false
D/AudioMTKVolumeController( 138): -SetFmChipVolume(), mFmChipVolume=-1
D/AudioAnalogControl( 138): SetAnalogGain VoleumType = 11 volume = 30
D/AudioPlatformDevice( 138): SetAnalogGain VOLUME_TYPE = 11 volume = 30
D/AudioMachineDevice( 138): SetAnalogGain VOLUME_TYPE = 11 volume = 30
D/AudioAnalogControl( 138): SetAnalogGain VoleumType = 12 volume = 30
D/AudioPlatformDevice( 138): SetAnalogGain VOLUME_TYPE = 12 volume = 30
D/AudioMachineDevice( 138): SetAnalogGain VOLUME_TYPE = 12 volume = 30
D/AudioMTKVolumeController( 138): -SetFmVolume(), mFmVolume=0
D/AudioMTKHardware( 138): -setParameters(): SetFmVolume=0
D/AudioMTKPolicyManager( 138): checkAndSetVolume stream = 11 index = 1 output = 2 device = 0x2 delayMs = 0 force = 0
D/AudioMTKPolicyManager( 138): getNewDevice() selected device 0 output= 2
D/BootAnimation( 502): [BootAnimation readyToRun 449]open bootanimation.zip, ms =6063
D/AudioMTKPolicyManager( 138): checkAndSetVolume stream = 12 index = 1 output = 2 device = 0x2 delayMs = 0 force = 0
D/AudioMTKPolicyManager( 138): getNewDevice() selected device 0 output= 2
D/AudioMTKPolicyManager( 138): boot animation vol= 0.250000
W/zipro ( 502): Unable to open zip '/data/local/bootanimation.zip': No such f ile or directory
D/BootAnimation( 502): [BootAnimation readyToRun 453]err=-2,No such file or dir ectory,/data/local/bootanimation.zip
D/a2dp_audio_hw_hal( 138): createA2DPAudioHardware
D/A2dpAudioInterface( 138): createA2DPAudioHardware
D/A2dpAudioInterface( 138): createA2dpInterface
D/A2dpAudioInterface( 138): new A2dpAudioInterface(hw: 0x42283f48)
D/A2dpAudioInterface( 138): A2dpAudioInterface:: Constructor()
D/a2dp_audio_hw_hal( 138): ladev->hwif =0x42283fb0
D/a2dp_audio_hw_hal( 138): a2dp adev_init_check
D/A2dpAudioInterface( 138): A2dpAudioInterface::initCheck()
I/AudioFlinger( 138): loadHwModule() Loaded a2dp audio interface from A2DP Audi o HW HAL (libaudio) handle 3
D/usb_audio_hw( 138): [USB_AUD] adev_open
I/AudioFlinger( 138): loadHwModule() Loaded usb audio interface from USB audio

HW HAL (libaudio) handle 4
I/r_submix( 138): adev_open(name=audio_hw_if)
I/r_submix( 138): adev_init_check()
I/AudioFlinger( 138): loadHwModule() Loaded r_submix audio interface from Wifi Display audio HAL (libaudio) handle 5
I/AudioPolicyService( 138): Loaded audio policy from LEGACY Audio Policy HAL (a udio_policy)
D/AudioHeadsetDetect( 138): start
I/mediaserver( 138): [int main(int, char**)] re-adjust caps for its thread, and set uid to media
D/AudioHeadsetDetect( 138): pluged out
D/BootAnimation( 502): [BootAnimation readyToRun 456]err=0,Success,/system/medi a/bootanimation.zip
D/BootAnimation( 502): [BootAnimation readyToRun 485]after check bootanimation. zip,mAndroidAnimation=0, ms=6092
D/BootAnimation( 502): [BootAnimation readyToRun 509]end
D/BootAnimation( 502): [BootAnimation threadLoop 515]start
D/BootAnimation( 502): enter threadLoop()
D/BootAnimation( 502): [BootAnimation threadLoop 548]bexist=0,nMp3Exist=-1,pSou ndFileName=/data/local/bootaudio.mp3,pBackupSoundFileName=/system/media/bootaudi o.mp3, ms=6092
D/BootAnimation( 502): [BootAnimation threadLoop 590]mAndroidAnimation=0
D/BootAnimation( 502): threadLoop() movie()
D/BootAnimation( 502): [BootAnimation movie 723]start
D/BootAnimation( 502): [BootAnimation movie 751]l=720 580 24
D/BootAnimation( 502): > w=720, h=580, fps=24
D/BootAnimation( 502): [BootAnimation movie 751]l=p 1 0 part0
D/BootAnimation( 502): > type=p, count=1, pause=0, path=part0
D/BootAnimation( 502): [BootAnimation movie 751]l=p 0 0 part1
D/BootAnimation( 502): > type=p, count=0, pause=0, path=part1
D/BootAnimation( 502): [BootAnimation movie 751]l=
D/BootAnimation( 502): [BootAnimation movie 774]numEntries=107,pcount=2
D/BootAnimation( 502): [BootAnimation movie 782]path=part0,leaf=ligo_00085.png, size=14,i=0
D/BootAnimation( 502): [BootAnimation movie 786]path=part0,part0,j=0
D/BootAnimation( 502): [BootAnimation movie 801]path=part0,part0,j=0,add=0,leaf =ligo_00085.png
D/BootAnimation( 502): [BootAnimation movie 786]path=part0,part1,j=1
D/BootAnimation( 502): [BootAnimation movie 782]path=part0,leaf=ligo_00042.png, size=14,i=1
D/BootAnimation( 502): [BootAnimation movie 786]path=part0,part0,j=0
D/BootAnimation( 502): [BootAnimation movie 801]path=part0,part0,j=0,add=0,leaf =ligo_00042.png
D/BootAnimation( 502): [BootAnimation movie 786]path=part0,part1,j=1
D/BootAnimation( 502): [BootAnimation movie 782]path=part0,leaf=ligo_00087.png, size=14,i=2
D/BootAnimation( 502): [BootAnimation movie 786]path=part0,part0,j=0
D/BootAnimation( 502): [BootAnimation movie 801]path=part0,part0,j=0,add=2,leaf =ligo_00087.png
D/BootAnimation( 502): [BootAnimation movie 786]path=part0,part1,j=1
