D/PackageManager( 664): scan package: /data/app/com.jrummy.root.browserfree-1.a pk , end at: 44932ms. elapsed time = 62ms.
D/PackageManager( 664): scan package: /data/app/com.mobileuncle.toolbox-2.apk , start at: 44932ms.
D/BootAnimation( 502): [BootAnimation checkExit 714]exitnow=0
D/BootAnimation( 502): [BootAnimation movie 854]i=1,r=710,j=0,lastFrame=4493904 7774(44939 ms),file=ligo_00102.png
D/BootAnimation( 502): [BootAnimation movie 857]glBindTexture,i=1,r=710,j=0,fra me.tid=100271,name=ligo_00102.png
D/BootAnimation( 502): [BootAnimation movie 874]clearReg.isEmpty,i=1,r=710,j=0, frame.tid=100271
D/BootAnimation( 502): [BootAnimation movie 892]1,delay=40
I/PackageManager( 664): /data/app/com.mobileuncle.toolbox-2.apk changed; collec ting certs
D/BootAnimation( 502): [BootAnimation checkExit 714]exitnow=0
D/BootAnimation( 502): [BootAnimation movie 854]i=1,r=711,j=0,lastFrame=4498094 3005(44980 ms),file=ligo_00102.png
D/BootAnimation( 502): [BootAnimation movie 857]glBindTexture,i=1,r=711,j=0,fra me.tid=100271,name=ligo_00102.png
D/BootAnimation( 502): [BootAnimation movie 874]clearReg.isEmpty,i=1,r=711,j=0, frame.tid=100271
D/BootAnimation( 502): [BootAnimation movie 892]1,delay=40
D/BootAnimation( 502): [BootAnimation checkExit 714]exitnow=0
D/BootAnimation( 502): [BootAnimation movie 854]i=1,r=712,j=0,lastFrame=4502285 1082(45022 ms),file=ligo_00102.png
D/BootAnimation( 502): [BootAnimation movie 857]glBindTexture,i=1,r=712,j=0,fra me.tid=100271,name=ligo_00102.png
D/BootAnimation( 502): [BootAnimation movie 874]clearReg.isEmpty,i=1,r=712,j=0, frame.tid=100271
D/BootAnimation( 502): [BootAnimation movie 892]1,delay=40
D/dalvikvm( 664): GC_FOR_ALLOC freed 1461K (8077), 25% free 9101K/12080K, pause d 46ms, total 46ms
D/BootAnimation( 502): [BootAnimation checkExit 714]exitnow=0
D/BootAnimation( 502): [BootAnimation movie 854]i=1,r=713,j=0,lastFrame=4506477 3466(45064 ms),file=ligo_00102.png
D/BootAnimation( 502): [BootAnimation movie 857]glBindTexture,i=1,r=713,j=0,fra me.tid=100271,name=ligo_00102.png
D/BootAnimation( 502): [BootAnimation movie 874]clearReg.isEmpty,i=1,r=713,j=0, frame.tid=100271
D/BootAnimation( 502): [BootAnimation movie 892]1,delay=40
D/NativeCrypto( 664): NativeCrypto_EVP_VerifyInit ctx=0x5cf41c10
D/NativeCrypto( 664): NativeCrypto_EVP_VerifyInit algorithmChars=RSA-SHA1
D/BootAnimation( 502): [BootAnimation checkExit 714]exitnow=0
D/BootAnimation( 502): [BootAnimation movie 854]i=1,r=714,j=0,lastFrame=4510668 2005(45106 ms),file=ligo_00102.png
D/BootAnimation( 502): [BootAnimation movie 857]glBindTexture,i=1,r=714,j=0,fra me.tid=100271,name=ligo_00102.png
D/BootAnimation( 502): [BootAnimation movie 874]clearReg.isEmpty,i=1,r=714,j=0, frame.tid=100271

D/BootAnimation( 502): [BootAnimation movie 892]1,delay=40
D/BootAnimation( 502): [BootAnimation checkExit 714]exitnow=0
D/BootAnimation( 502): [BootAnimation movie 854]i=1,r=715,j=0,lastFrame=4514856 2159(45148 ms),file=ligo_00102.png
D/BootAnimation( 502): [BootAnimation movie 857]glBindTexture,i=1,r=715,j=0,fra me.tid=100271,name=ligo_00102.png
D/BootAnimation( 502): [BootAnimation movie 874]clearReg.isEmpty,i=1,r=715,j=0, frame.tid=100271
D/BootAnimation( 502): [BootAnimation movie 892]1,delay=40
D/BootAnimation( 502): [BootAnimation checkExit 714]exitnow=0
D/BootAnimation( 502): [BootAnimation movie 854]i=1,r=716,j=0,lastFrame=4519048 1390(45190 ms),file=ligo_00102.png
D/BootAnimation( 502): [BootAnimation movie 857]glBindTexture,i=1,r=716,j=0,fra me.tid=100271,name=ligo_00102.png
D/BootAnimation( 502): [BootAnimation movie 874]clearReg.isEmpty,i=1,r=716,j=0, frame.tid=100271
D/BootAnimation( 502): [BootAnimation movie 892]1,delay=40
D/dalvikvm( 664): GC_FOR_ALLOC freed 3008K (40845), 34% free 8012K/12080K, paus ed 46ms, total 46ms
D/BootAnimation( 502): [BootAnimation checkExit 714]exitnow=0
D/BootAnimation( 502): [BootAnimation movie 854]i=1,r=717,j=0,lastFrame=4523235 3543(45232 ms),file=ligo_00102.png
D/BootAnimation( 502): [BootAnimation movie 857]glBindTexture,i=1,r=717,j=0,fra me.tid=100271,name=ligo_00102.png
D/BootAnimation( 502): [BootAnimation movie 874]clearReg.isEmpty,i=1,r=717,j=0, frame.tid=100271
D/BootAnimation( 502): [BootAnimation movie 892]1,delay=40
D/BootAnimation( 502): [BootAnimation checkExit 714]exitnow=0
D/BootAnimation( 502): [BootAnimation movie 854]i=1,r=718,j=0,lastFrame=4527424 1159(45274 ms),file=ligo_00102.png
D/BootAnimation( 502): [BootAnimation movie 857]glBindTexture,i=1,r=718,j=0,fra me.tid=100271,name=ligo_00102.png
D/BootAnimation( 502): [BootAnimation movie 874]clearReg.isEmpty,i=1,r=718,j=0, frame.tid=100271
D/BootAnimation( 502): [BootAnimation movie 892]1,delay=40
D/dalvikvm( 664): GC_FOR_ALLOC freed 1414K (6248), 34% free 8022K/12080K, pause d 40ms, total 40ms
D/BootAnimation( 502): [BootAnimation checkExit 714]exitnow=0
D/BootAnimation( 502): [BootAnimation movie 854]i=1,r=719,j=0,lastFrame=4531625 7851(45316 ms),file=ligo_00102.png
D/BootAnimation( 502): [BootAnimation movie 857]glBindTexture,i=1,r=719,j=0,fra me.tid=100271,name=ligo_00102.png
D/BootAnimation( 502): [BootAnimation movie 874]clearReg.isEmpty,i=1,r=719,j=0, frame.tid=100271
D/BootAnimation( 502): [BootAnimation movie 892]1,delay=40
D/BootAnimation( 502): [BootAnimation checkExit 714]exitnow=0
D/BootAnimation( 502): [BootAnimation movie 854]i=1,r=720,j=0,lastFrame=4535816 2697(45358 ms),file=ligo_00102.png
D/BootAnimation( 502): [BootAnimation movie 857]glBindTexture,i=1,r=720,j=0,fra me.tid=100271,name=ligo_00102.png
D/BootAnimation( 502): [BootAnimation movie 874]clearReg.isEmpty,i=1,r=720,j=0, frame.tid=100271
D/BootAnimation( 502): [BootAnimation movie 892]1,delay=40
D/dalvikvm( 664): GC_FOR_ALLOC freed 1412K (6253), 34% free 8030K/12080K, pause d 42ms, total 42ms
D/BootAnimation( 502): [BootAnimation checkExit 714]exitnow=0
D/BootAnimation( 502): [BootAnimation movie 854]i=1,r=721,j=0,lastFrame=4540005 7159(45400 ms),file=ligo_00102.png
D/BootAnimation( 502): [BootAnimation movie 857]glBindTexture,i=1,r=721,j=0,fra me.tid=100271,name=ligo_00102.png

D/BootAnimation( 502): [BootAnimation movie 874]clearReg.isEmpty,i=1,r=721,j=0, frame.tid=100271
I/SurfaceTextureClient( 502): [STC::queueBuffer] (this:0x41958680) fps:23.87, d ur:1005.35, max:42.28, min:41.51
I/BufferQueue( 134): [BootAnimation](this:0x4295e370,api:1) [queue] fps:23.87, dur:1005.43, max:42.24, min:41.50
D/BootAnimation( 502): [BootAnimation movie 892]1,delay=39
D/BootAnimation( 502): [BootAnimation checkExit 714]exitnow=0
D/BootAnimation( 502): [BootAnimation movie 854]i=1,r=722,j=0,lastFrame=4544191 8082(45441 ms),file=ligo_00102.png
D/BootAnimation( 502): [BootAnimation movie 857]glBindTexture,i=1,r=722,j=0,fra me.tid=100271,name=ligo_00102.png
D/BootAnimation( 502): [BootAnimation movie 874]clearReg.isEmpty,i=1,r=722,j=0, frame.tid=100271
D/BootAnimation( 502): [BootAnimation movie 892]1,delay=40
I/PackageManager( 664): Package com.mobileuncle.toolbox codePath changed from / vendor/operator/app/com.mobileuncle.toolbox-1.apk to /data/app/com.mobileuncle.t oolbox-2.apk; Retaining data and using new
I/PackageManager( 664): Perform pre-dex opt for package: com.mobileuncle.toolbo x
D/dalvikvm( 664): open_cached_dex_file : /data/app/com.mobileuncle.toolbox-2.ap k /data/dalvik-cache/data@app@com.mobileuncle.toolbox-2.apk@classes.dex
W/PackageManager( 664): Code path for pkg : com.mobileuncle.toolbox changing fr om /vendor/operator/app/com.mobileuncle.toolbox-1.apk to /data/app/com.mobileunc le.toolbox-2.apk
W/PackageManager( 664): Resource path for pkg : com.mobileuncle.toolbox changin g from /vendor/operator/app/com.mobileuncle.toolbox-1.apk to /data/app/com.mobil euncle.toolbox-2.apk
I/PackageSettings( 664): Stopping package com.mobileuncle.toolbox
I/PackageSettings( 664): java.lang.RuntimeException: here
I/PackageSettings( 664): at com.android.server.pm.Settings.setPackageStop pedStateLPw(Settings.java:2478)
I/PackageSettings( 664): at com.android.server.pm.ExtraPackageManagerServ ices.blockAutoStartedAppInternal(ExtraPackageManagerServices.java:249)
I/PackageSettings( 664): at com.android.server.pm.ExtraPackageManagerServ ices.blockAutoStartedApp(ExtraPackageManagerServices.java:255)
I/PackageSettings( 664): at com.android.server.pm.PackageManagerService.s canPackageLI(PackageManagerService.java:4487)
I/PackageSettings( 664): at com.android.server.pm.PackageManagerService.s canPackageLI(PackageManagerService.java:3580)
I/PackageSettings( 664): at com.android.server.pm.PackageManagerService.s canDirLI(PackageManagerService.java:3315)
I/PackageSettings( 664): at com.android.server.pm.PackageManagerService.< init>(PackageManagerService.java:1345)
I/PackageSettings( 664): at com.android.server.pm.PackageManagerService.m ain(PackageManagerService.java:956)
I/PackageSettings( 664): at com.android.server.ServerThread.run(SystemSer ver.java:334)
D/PackageManager( 664): scan package: /data/app/com.mobileuncle.toolbox-2.apk , end at: 45467ms. elapsed time = 535ms.
D/PackageManager( 664): scan package: /data/app/com.mxtech.videoplayer.ad-1.apk , start at: 45467ms.
D/BootAnimation( 502): [BootAnimation checkExit 714]exitnow=0
D/BootAnimation( 502): [BootAnimation movie 854]i=1,r=723,j=0,lastFrame=4548376 6851(45483 ms),file=ligo_00102.png
D/BootAnimation( 502): [BootAnimation movie 857]glBindTexture,i=1,r=723,j=0,fra me.tid=100271,name=ligo_00102.png
D/BootAnimation( 502): [BootAnimation movie 874]clearReg.isEmpty,i=1,r=723,j=0, frame.tid=100271
D/BootAnimation( 502): [BootAnimation movie 892]1,delay=40

D/BootAnimation( 502): [BootAnimation checkExit 714]exitnow=0
D/BootAnimation( 502): [BootAnimation movie 854]i=1,r=724,j=0,lastFrame=4552562 7928(45525 ms),file=ligo_00102.png
D/BootAnimation( 502): [BootAnimation movie 857]glBindTexture,i=1,r=724,j=0,fra me.tid=100271,name=ligo_00102.png
D/BootAnimation( 502): [BootAnimation movie 874]clearReg.isEmpty,i=1,r=724,j=0, frame.tid=100271
D/BootAnimation( 502): [BootAnimation movie 892]1,delay=40
D/BootAnimation( 502): [BootAnimation checkExit 714]exitnow=0
D/BootAnimation( 502): [BootAnimation movie 854]i=1,r=725,j=0,lastFrame=4556749 9851(45567 ms),file=ligo_00102.png
D/BootAnimation( 502): [BootAnimation movie 857]glBindTexture,i=1,r=725,j=0,fra me.tid=100271,name=ligo_00102.png
D/BootAnimation( 502): [BootAnimation movie 874]clearReg.isEmpty,i=1,r=725,j=0, frame.tid=100271
D/BootAnimation( 502): [BootAnimation movie 892]1,delay=40
I/PackageManager( 664): /data/app/com.mxtech.videoplayer.ad-1.apk changed; coll ecting certs
D/BootAnimation( 502): [BootAnimation checkExit 714]exitnow=0
D/BootAnimation( 502): [BootAnimation movie 854]i=1,r=726,j=0,lastFrame=4560937 8774(45609 ms),file=ligo_00102.png
D/BootAnimation( 502): [BootAnimation movie 857]glBindTexture,i=1,r=726,j=0,fra me.tid=100271,name=ligo_00102.png
D/BootAnimation( 502): [BootAnimation movie 874]clearReg.isEmpty,i=1,r=726,j=0, frame.tid=100271
D/BootAnimation( 502): [BootAnimation movie 892]1,delay=40
D/NativeCrypto( 664): NativeCrypto_EVP_VerifyInit ctx=0x5cf41c10
D/NativeCrypto( 664): NativeCrypto_EVP_VerifyInit algorithmChars=RSA-SHA1
D/BootAnimation( 502): [BootAnimation checkExit 714]exitnow=0
D/BootAnimation( 502): [BootAnimation movie 854]i=1,r=727,j=0,lastFrame=4565125 7082(45651 ms),file=ligo_00102.png
D/BootAnimation( 502): [BootAnimation movie 857]glBindTexture,i=1,r=727,j=0,fra me.tid=100271,name=ligo_00102.png
D/BootAnimation( 502): [BootAnimation movie 874]clearReg.isEmpty,i=1,r=727,j=0, frame.tid=100271
D/BootAnimation( 502): [BootAnimation movie 892]1,delay=40
D/BootAnimation( 502): [BootAnimation checkExit 714]exitnow=0
D/BootAnimation( 502): [BootAnimation movie 854]i=1,r=728,j=0,lastFrame=4569314 4774(45693 ms),file=ligo_00102.png
D/BootAnimation( 502): [BootAnimation movie 857]glBindTexture,i=1,r=728,j=0,fra me.tid=100271,name=ligo_00102.png
D/BootAnimation( 502): [BootAnimation movie 874]clearReg.isEmpty,i=1,r=728,j=0, frame.tid=100271
D/BootAnimation( 502): [BootAnimation movie 892]1,delay=40
D/BootAnimation( 502): [BootAnimation checkExit 714]exitnow=0
D/BootAnimation( 502): [BootAnimation movie 854]i=1,r=729,j=0,lastFrame=4573511 6620(45735 ms),file=ligo_00102.png
D/BootAnimation( 502): [BootAnimation movie 857]glBindTexture,i=1,r=729,j=0,fra me.tid=100271,name=ligo_00102.png
D/BootAnimation( 502): [BootAnimation movie 874]clearReg.isEmpty,i=1,r=729,j=0, frame.tid=100271
D/BootAnimation( 502): [BootAnimation movie 892]1,delay=40
D/dalvikvm( 664): GC_CONCURRENT freed 1430K (10273), 29% free 8646K/12080K, pau sed 2ms+7ms, total 47ms
D/dalvikvm( 664): WAIT_FOR_CONCURRENT_GC blocked 38ms
I/BufferQueue( 134): [BootAnimation](this:0x4295e370,api:1) [release] fps:24.07 , dur:1038.74, max:58.87, min:39.12
I/SurfaceFlinger( 134): [SurfaceFlinger] fps:24.067966,dur:1038.73,max:55.87,mi n:39.09
D/BootAnimation( 502): [BootAnimation checkExit 714]exitnow=0

D/BootAnimation( 502): [BootAnimation movie 854]i=1,r=730,j=0,lastFrame=4577707 2236(45777 ms),file=ligo_00102.png
D/BootAnimation( 502): [BootAnimation movie 857]glBindTexture,i=1,r=730,j=0,fra me.tid=100271,name=ligo_00102.png
D/BootAnimation( 502): [BootAnimation movie 874]clearReg.isEmpty,i=1,r=730,j=0, frame.tid=100271
D/BootAnimation( 502): [BootAnimation movie 892]1,delay=40
D/BootAnimation( 502): [BootAnimation checkExit 714]exitnow=0
D/BootAnimation( 502): [BootAnimation movie 854]i=1,r=731,j=0,lastFrame=4581897 2159(45818 ms),file=ligo_00102.png
D/BootAnimation( 502): [BootAnimation movie 857]glBindTexture,i=1,r=731,j=0,fra me.tid=100271,name=ligo_00102.png
D/BootAnimation( 502): [BootAnimation movie 874]clearReg.isEmpty,i=1,r=731,j=0, frame.tid=100271
D/BootAnimation( 502): [BootAnimation movie 892]1,delay=40
D/BootAnimation( 502): [BootAnimation checkExit 714]exitnow=0
D/BootAnimation( 502): [BootAnimation movie 854]i=1,r=732,j=0,lastFrame=4586093 7005(45860 ms),file=ligo_00102.png
D/BootAnimation( 502): [BootAnimation movie 857]glBindTexture,i=1,r=732,j=0,fra me.tid=100271,name=ligo_00102.png
D/BootAnimation( 502): [BootAnimation movie 874]clearReg.isEmpty,i=1,r=732,j=0, frame.tid=100271
D/BootAnimation( 502): [BootAnimation movie 892]1,delay=40
D/dalvikvm( 664): GC_FOR_ALLOC freed 2043K (18599), 34% free 8021K/12080K, paus ed 43ms, total 44ms
D/BootAnimation( 502): [BootAnimation checkExit 714]exitnow=0
D/BootAnimation( 502): [BootAnimation movie 854]i=1,r=733,j=0,lastFrame=4590280 9159(45902 ms),file=ligo_00102.png
D/BootAnimation( 502): [BootAnimation movie 857]glBindTexture,i=1,r=733,j=0,fra me.tid=100271,name=ligo_00102.png
D/BootAnimation( 502): [BootAnimation movie 874]clearReg.isEmpty,i=1,r=733,j=0, frame.tid=100271
D/BootAnimation( 502): [BootAnimation movie 892]1,delay=40
D/BootAnimation( 502): [BootAnimation checkExit 714]exitnow=0
D/BootAnimation( 502): [BootAnimation movie 854]i=1,r=734,j=0,lastFrame=4594468 1543(45944 ms),file=ligo_00102.png
D/BootAnimation( 502): [BootAnimation movie 857]glBindTexture,i=1,r=734,j=0,fra me.tid=100271,name=ligo_00102.png
D/BootAnimation( 502): [BootAnimation movie 874]clearReg.isEmpty,i=1,r=734,j=0, frame.tid=100271
D/BootAnimation( 502): [BootAnimation movie 892]1,delay=40
D/BootAnimation( 502): [BootAnimation checkExit 714]exitnow=0
D/BootAnimation( 502): [BootAnimation movie 854]i=1,r=735,j=0,lastFrame=4598655 0851(45986 ms),file=ligo_00102.png
D/BootAnimation( 502): [BootAnimation movie 857]glBindTexture,i=1,r=735,j=0,fra me.tid=100271,name=ligo_00102.png
D/BootAnimation( 502): [BootAnimation movie 874]clearReg.isEmpty,i=1,r=735,j=0, frame.tid=100271
D/BootAnimation( 502): [BootAnimation movie 892]1,delay=40
D/BootAnimation( 502): [BootAnimation checkExit 714]exitnow=0
D/BootAnimation( 502): [BootAnimation movie 854]i=1,r=736,j=0,lastFrame=4602841 9389(46028 ms),file=ligo_00102.png
D/BootAnimation( 502): [BootAnimation movie 857]glBindTexture,i=1,r=736,j=0,fra me.tid=100271,name=ligo_00102.png
D/BootAnimation( 502): [BootAnimation movie 874]clearReg.isEmpty,i=1,r=736,j=0, frame.tid=100271
D/BootAnimation( 502): [BootAnimation movie 892]1,delay=40
D/BootAnimation( 502): [BootAnimation checkExit 714]exitnow=0
D/BootAnimation( 502): [BootAnimation movie 854]i=1,r=737,j=0,lastFrame=4607028 1159(46070 ms),file=ligo_00102.png

D/BootAnimation( 502): [BootAnimation me.tid=100271,name=ligo_00102.png
D/BootAnimation( 502): [BootAnimation frame.tid=100271
D/BootAnimation( 502): [BootAnimation
D/BootAnimation( 502): [BootAnimation
D/BootAnimation( 502): [BootAnimation 9851(46112 ms),file=ligo_00102.png
D/BootAnimation( 502): [BootAnimation me.tid=100271,name=ligo_00102.png
D/BootAnimation( 502): [BootAnimation frame.tid=100271
D/BootAnimation( 502): [BootAnimation
D/BootAnimation( 502): [BootAnimation
D/BootAnimation( 502): [BootAnimation 2005(46154 ms),file=ligo_00102.png
D/BootAnimation( 502): [BootAnimation me.tid=100271,name=ligo_00102.png
D/BootAnimation( 502): [BootAnimation frame.tid=100271
D/BootAnimation( 502): [BootAnimation
D/BootAnimation( 502): [BootAnimation
D/BootAnimation( 502): [BootAnimation 5851(46195 ms),file=ligo_00102.png
D/BootAnimation( 502): [BootAnimation me.tid=100271,name=ligo_00102.png
D/BootAnimation( 502): [BootAnimation frame.tid=100271
D/BootAnimation( 502): [BootAnimation
D/BootAnimation( 502): [BootAnimation
D/BootAnimation( 502): [BootAnimation 3313(46237 ms),file=ligo_00102.png
D/BootAnimation( 502): [BootAnimation me.tid=100271,name=ligo_00102.png
D/BootAnimation( 502): [BootAnimation frame.tid=100271
D/BootAnimation( 502): [BootAnimation
D/BootAnimation( 502): [BootAnimation
D/BootAnimation( 502): [BootAnimation 5851(46279 ms),file=ligo_00102.png
D/BootAnimation( 502): [BootAnimation me.tid=100271,name=ligo_00102.png
D/BootAnimation( 502): [BootAnimation frame.tid=100271
D/BootAnimation( 502): [BootAnimation
D/BootAnimation( 502): [BootAnimation
D/BootAnimation( 502): [BootAnimation 2851(46321 ms),file=ligo_00102.png
D/BootAnimation( 502): [BootAnimation me.tid=100271,name=ligo_00102.png
D/BootAnimation( 502): [BootAnimation frame.tid=100271
D/BootAnimation( 502): [BootAnimation
D/BootAnimation( 502): [BootAnimation
D/BootAnimation( 502): [BootAnimation 3467(46363 ms),file=ligo_00102.png
D/BootAnimation( 502): [BootAnimation me.tid=100271,name=ligo_00102.png
D/BootAnimation( 502): [BootAnimation frame.tid=100271

movie 857]glBindTexture,i=1,r=737,j=0,fra movie 874]clearReg.isEmpty,i=1,r=737,j=0, movie 892]1,delay=40 checkExit 714]exitnow=0 movie 854]i=1,r=738,j=0,lastFrame=4611213 movie 857]glBindTexture,i=1,r=738,j=0,fra movie 874]clearReg.isEmpty,i=1,r=738,j=0, movie 892]1,delay=40 checkExit 714]exitnow=0 movie 854]i=1,r=739,j=0,lastFrame=4615400 movie 857]glBindTexture,i=1,r=739,j=0,fra movie 874]clearReg.isEmpty,i=1,r=739,j=0, movie 892]1,delay=40 checkExit 714]exitnow=0 movie 854]i=1,r=740,j=0,lastFrame=4619586 movie 857]glBindTexture,i=1,r=740,j=0,fra movie 874]clearReg.isEmpty,i=1,r=740,j=0, movie 892]1,delay=40 checkExit 714]exitnow=0 movie 854]i=1,r=741,j=0,lastFrame=4623773 movie 857]glBindTexture,i=1,r=741,j=0,fra movie 874]clearReg.isEmpty,i=1,r=741,j=0, movie 892]1,delay=40 checkExit 714]exitnow=0 movie 854]i=1,r=742,j=0,lastFrame=4627960 movie 857]glBindTexture,i=1,r=742,j=0,fra movie 874]clearReg.isEmpty,i=1,r=742,j=0, movie 892]1,delay=40 checkExit 714]exitnow=0 movie 854]i=1,r=743,j=0,lastFrame=4632147 movie 857]glBindTexture,i=1,r=743,j=0,fra movie 874]clearReg.isEmpty,i=1,r=743,j=0, movie 892]1,delay=40 checkExit 714]exitnow=0 movie 854]i=1,r=744,j=0,lastFrame=4636334 movie 857]glBindTexture,i=1,r=744,j=0,fra movie 874]clearReg.isEmpty,i=1,r=744,j=0,

D/BootAnimation( 502): [BootAnimation movie 892]1,delay=40
W/PackageManager( 664): Package com.mxtech.videoplayer.ad desires unavailable s hared library com.sec.android.app.multiwindow; ignoring!
I/PackageManager( 664): Package com.mxtech.videoplayer.ad codePath changed from /vendor/operator/app/com.mxtech.videoplayer.ad-1.apk to /data/app/com.mxtech.vi deoplayer.ad-1.apk; Retaining data and using new
D/BootAnimation( 502): [BootAnimation checkExit 714]exitnow=0
D/BootAnimation( 502): [BootAnimation movie 854]i=1,r=745,j=0,lastFrame=4640529 6159(46405 ms),file=ligo_00102.png
D/BootAnimation( 502): [BootAnimation movie 857]glBindTexture,i=1,r=745,j=0,fra me.tid=100271,name=ligo_00102.png
D/BootAnimation( 502): [BootAnimation movie 874]clearReg.isEmpty,i=1,r=745,j=0, frame.tid=100271
I/SurfaceTextureClient( 502): [STC::queueBuffer] (this:0x41958680) fps:23.88, d ur:1005.07, max:42.34, min:41.37
I/BufferQueue( 134): [BootAnimation](this:0x4295e370,api:1) [queue] fps:23.88, dur:1005.01, max:42.35, min:41.42
D/BootAnimation( 502): [BootAnimation movie 892]1,delay=40
D/BootAnimation( 502): [BootAnimation checkExit 714]exitnow=0
D/BootAnimation( 502): [BootAnimation movie 854]i=1,r=746,j=0,lastFrame=4644719 3389(46447 ms),file=ligo_00102.png
D/BootAnimation( 502): [BootAnimation movie 857]glBindTexture,i=1,r=746,j=0,fra me.tid=100271,name=ligo_00102.png
D/BootAnimation( 502): [BootAnimation movie 874]clearReg.isEmpty,i=1,r=746,j=0, frame.tid=100271
D/BootAnimation( 502): [BootAnimation movie 892]1,delay=40
D/BootAnimation( 502): [BootAnimation checkExit 714]exitnow=0
D/BootAnimation( 502): [BootAnimation movie 854]i=1,r=747,j=0,lastFrame=4648928 5313(46489 ms),file=ligo_00102.png
D/BootAnimation( 502): [BootAnimation movie 857]glBindTexture,i=1,r=747,j=0,fra me.tid=100271,name=ligo_00102.png
D/BootAnimation( 502): [BootAnimation movie 874]clearReg.isEmpty,i=1,r=747,j=0, frame.tid=100271
D/BootAnimation( 502): [BootAnimation movie 892]1,delay=40
D/BootAnimation( 502): [BootAnimation checkExit 714]exitnow=0
D/BootAnimation( 502): [BootAnimation movie 854]i=1,r=748,j=0,lastFrame=4653115 5774(46531 ms),file=ligo_00102.png
D/BootAnimation( 502): [BootAnimation movie 857]glBindTexture,i=1,r=748,j=0,fra me.tid=100271,name=ligo_00102.png
D/BootAnimation( 502): [BootAnimation movie 874]clearReg.isEmpty,i=1,r=748,j=0, frame.tid=100271
D/BootAnimation( 502): [BootAnimation movie 892]1,delay=40
D/BootAnimation( 502): [BootAnimation checkExit 714]exitnow=0
D/BootAnimation( 502): [BootAnimation movie 854]i=1,r=749,j=0,lastFrame=4657302 1082(46573 ms),file=ligo_00102.png
D/BootAnimation( 502): [BootAnimation movie 857]glBindTexture,i=1,r=749,j=0,fra me.tid=100271,name=ligo_00102.png
D/BootAnimation( 502): [BootAnimation movie 874]clearReg.isEmpty,i=1,r=749,j=0, frame.tid=100271
D/BootAnimation( 502): [BootAnimation movie 892]1,delay=40
I/PackageManager( 664): Perform pre-dex opt for package: com.mxtech.videoplayer .ad
D/dalvikvm( 664): open_cached_dex_file : /data/app/com.mxtech.videoplayer.ad-1. apk /data/dalvik-cache/data@app@com.mxtech.videoplayer.ad-1.apk@classes.dex
W/PackageManager( 664): Code path for pkg : com.mxtech.videoplayer.ad changing from /vendor/operator/app/com.mxtech.videoplayer.ad-1.apk to /data/app/com.mxtec h.videoplayer.ad-1.apk
W/PackageManager( 664): Resource path for pkg : com.mxtech.videoplayer.ad chang ing from /vendor/operator/app/com.mxtech.videoplayer.ad-1.apk to /data/app/com.m xtech.videoplayer.ad-1.apk

I/PackageSettings( 664): Stopping package com.mxtech.videoplayer.ad
I/PackageSettings( 664): java.lang.RuntimeException: here
I/PackageSettings( 664): at com.android.server.pm.Settings.setPackageStop pedStateLPw(Settings.java:2478)
I/PackageSettings( 664): at com.android.server.pm.ExtraPackageManagerServ ices.blockAutoStartedAppInternal(ExtraPackageManagerServices.java:249)
I/PackageSettings( 664): at com.android.server.pm.ExtraPackageManagerServ ices.blockAutoStartedApp(ExtraPackageManagerServices.java:255)
I/PackageSettings( 664): at com.android.server.pm.PackageManagerService.s canPackageLI(PackageManagerService.java:4487)
I/PackageSettings( 664): at com.android.server.pm.PackageManagerService.s canPackageLI(PackageManagerService.java:3580)
I/PackageSettings( 664): at com.android.server.pm.PackageManagerService.s canDirLI(PackageManagerService.java:3315)
I/PackageSettings( 664): at com.android.server.pm.PackageManagerService.< init>(PackageManagerService.java:1345)
I/PackageSettings( 664): at com.android.server.pm.PackageManagerService.m ain(PackageManagerService.java:956)
I/PackageSettings( 664): at com.android.server.ServerThread.run(SystemSer ver.java:334)
D/PackageManager( 664): scan package: /data/app/com.mxtech.videoplayer.ad-1.apk , end at: 46579ms. elapsed time = 1112ms.
D/PackageManager( 664): scan package: /data/app/com.mxtech.videoplayer.ad-2.apk , start at: 46579ms.
D/BootAnimation( 502): [BootAnimation checkExit 714]exitnow=0
D/BootAnimation( 502): [BootAnimation movie 854]i=1,r=750,j=0,lastFrame=4661487 8313(46614 ms),file=ligo_00102.png
D/BootAnimation( 502): [BootAnimation movie 857]glBindTexture,i=1,r=750,j=0,fra me.tid=100271,name=ligo_00102.png
D/BootAnimation( 502): [BootAnimation movie 874]clearReg.isEmpty,i=1,r=750,j=0, frame.tid=100271
D/BootAnimation( 502): [BootAnimation movie 892]1,delay=40
D/BootAnimation( 502): [BootAnimation checkExit 714]exitnow=0
D/BootAnimation( 502): [BootAnimation movie 854]i=1,r=751,j=0,lastFrame=4665680 3928(46656 ms),file=ligo_00102.png
D/BootAnimation( 502): [BootAnimation movie 857]glBindTexture,i=1,r=751,j=0,fra me.tid=100271,name=ligo_00102.png
D/BootAnimation( 502): [BootAnimation movie 874]clearReg.isEmpty,i=1,r=751,j=0, frame.tid=100271
D/BootAnimation( 502): [BootAnimation movie 892]1,delay=40
I/PackageManager( 664): /data/app/com.mxtech.videoplayer.ad-2.apk changed; coll ecting certs
D/BootAnimation( 502): [BootAnimation checkExit 714]exitnow=0
D/BootAnimation( 502): [BootAnimation movie 854]i=1,r=752,j=0,lastFrame=4669866 5466(46698 ms),file=ligo_00102.png
D/BootAnimation( 502): [BootAnimation movie 857]glBindTexture,i=1,r=752,j=0,fra me.tid=100271,name=ligo_00102.png
D/BootAnimation( 502): [BootAnimation movie 874]clearReg.isEmpty,i=1,r=752,j=0, frame.tid=100271
D/BootAnimation( 502): [BootAnimation movie 892]0,delay=40
D/BootAnimation( 502): [BootAnimation checkExit 714]exitnow=0
D/BootAnimation( 502): [BootAnimation movie 854]i=1,r=753,j=0,lastFrame=4674056 8159(46740 ms),file=ligo_00102.png
D/BootAnimation( 502): [BootAnimation movie 857]glBindTexture,i=1,r=753,j=0,fra me.tid=100271,name=ligo_00102.png
D/BootAnimation( 502): [BootAnimation movie 874]clearReg.isEmpty,i=1,r=753,j=0, frame.tid=100271
D/BootAnimation( 502): [BootAnimation movie 892]1,delay=40
I/SurfaceFlinger( 134): [SurfaceFlinger] fps:23.969435,dur:1001.28,max:54.37,mi n:39.08

D/dalvikvm( 664): GC_CONCURRENT freed 1479K (8862), 30% free 8562K/12080K, paus ed 1ms+7ms, total 47ms
D/dalvikvm( 664): WAIT_FOR_CONCURRENT_GC blocked 33ms
D/BootAnimation( 502): [BootAnimation checkExit 714]exitnow=0
D/BootAnimation( 502): [BootAnimation movie 854]i=1,r=754,j=0,lastFrame=4678246 6236(46782 ms),file=ligo_00102.png
D/BootAnimation( 502): [BootAnimation movie 857]glBindTexture,i=1,r=754,j=0,fra me.tid=100271,name=ligo_00102.png
D/BootAnimation( 502): [BootAnimation movie 874]clearReg.isEmpty,i=1,r=754,j=0, frame.tid=100271
D/NativeCrypto( 664): NativeCrypto_EVP_VerifyInit ctx=0x5cf80e48
D/NativeCrypto( 664): NativeCrypto_EVP_VerifyInit algorithmChars=RSA-SHA1
D/BootAnimation( 502): [BootAnimation movie 892]1,delay=39
I/BufferQueue( 134): [BootAnimation](this:0x4295e370,api:1) [release] fps:24.07 , dur:1038.81, max:58.84, min:39.10
D/BootAnimation( 502): [BootAnimation checkExit 714]exitnow=0
D/BootAnimation( 502): [BootAnimation movie 854]i=1,r=755,j=0,lastFrame=4682434 9005(46824 ms),file=ligo_00102.png
D/BootAnimation( 502): [BootAnimation movie 857]glBindTexture,i=1,r=755,j=0,fra me.tid=100271,name=ligo_00102.png
D/BootAnimation( 502): [BootAnimation movie 874]clearReg.isEmpty,i=1,r=755,j=0, frame.tid=100271
D/BootAnimation( 502): [BootAnimation movie 892]0,delay=40
D/BootAnimation( 502): [BootAnimation checkExit 714]exitnow=0
D/BootAnimation( 502): [BootAnimation movie 854]i=1,r=756,j=0,lastFrame=4686695 4236(46866 ms),file=ligo_00102.png
D/BootAnimation( 502): [BootAnimation movie 857]glBindTexture,i=1,r=756,j=0,fra me.tid=100271,name=ligo_00102.png
D/BootAnimation( 502): [BootAnimation movie 874]clearReg.isEmpty,i=1,r=756,j=0, frame.tid=100271
D/BootAnimation( 502): [BootAnimation movie 892]1,delay=40
D/BootAnimation( 502): [BootAnimation checkExit 714]exitnow=0
D/BootAnimation( 502): [BootAnimation movie 854]i=1,r=757,j=0,lastFrame=4690885 5697(46908 ms),file=ligo_00102.png
D/BootAnimation( 502): [BootAnimation movie 857]glBindTexture,i=1,r=757,j=0,fra me.tid=100271,name=ligo_00102.png
D/BootAnimation( 502): [BootAnimation movie 874]clearReg.isEmpty,i=1,r=757,j=0, frame.tid=100271
D/BootAnimation( 502): [BootAnimation movie 892]1,delay=40
D/BootAnimation( 502): [BootAnimation checkExit 714]exitnow=0
D/BootAnimation( 502): [BootAnimation movie 854]i=1,r=758,j=0,lastFrame=4695073 2159(46950 ms),file=ligo_00102.png
D/BootAnimation( 502): [BootAnimation movie 857]glBindTexture,i=1,r=758,j=0,fra me.tid=100271,name=ligo_00102.png
D/BootAnimation( 502): [BootAnimation movie 874]clearReg.isEmpty,i=1,r=758,j=0, frame.tid=100271
D/BootAnimation( 502): [BootAnimation movie 892]1,delay=40
D/dalvikvm( 664): GC_FOR_ALLOC freed 2035K (19926), 34% free 8085K/12080K, paus ed 48ms, total 48ms
D/BootAnimation( 502): [BootAnimation checkExit 714]exitnow=0
D/BootAnimation( 502): [BootAnimation movie 854]i=1,r=759,j=0,lastFrame=4699260 3236(46992 ms),file=ligo_00102.png
D/BootAnimation( 502): [BootAnimation movie 857]glBindTexture,i=1,r=759,j=0,fra me.tid=100271,name=ligo_00102.png
D/BootAnimation( 502): [BootAnimation movie 874]clearReg.isEmpty,i=1,r=759,j=0, frame.tid=100271
D/BootAnimation( 502): [BootAnimation movie 892]1,delay=40
D/BootAnimation( 502): [BootAnimation checkExit 714]exitnow=0
D/BootAnimation( 502): [BootAnimation movie 854]i=1,r=760,j=0,lastFrame=4703449 6082(47034 ms),file=ligo_00102.png

D/BootAnimation( 502): [BootAnimation movie 857]glBindTexture,i=1,r=760,j=0,fra me.tid=100271,name=ligo_00102.png
D/BootAnimation( 502): [BootAnimation movie 874]clearReg.isEmpty,i=1,r=760,j=0, frame.tid=100271
D/BootAnimation( 502): [BootAnimation movie 892]1,delay=40
D/dalvikvm( 664): GC_FOR_ALLOC freed 1485K (6729), 34% free 8089K/12080K, pause d 43ms, total 43ms
D/BootAnimation( 502): [BootAnimation checkExit 714]exitnow=0
D/BootAnimation( 502): [BootAnimation movie 854]i=1,r=761,j=0,lastFrame=4707636 0697(47076 ms),file=ligo_00102.png
D/BootAnimation( 502): [BootAnimation movie 857]glBindTexture,i=1,r=761,j=0,fra me.tid=100271,name=ligo_00102.png
D/BootAnimation( 502): [BootAnimation movie 874]clearReg.isEmpty,i=1,r=761,j=0, frame.tid=100271
D/BootAnimation( 502): [BootAnimation movie 892]1,delay=40
D/BootAnimation( 502): [BootAnimation checkExit 714]exitnow=0
D/BootAnimation( 502): [BootAnimation movie 854]i=1,r=762,j=0,lastFrame=4711825 1697(47118 ms),file=ligo_00102.png
D/BootAnimation( 502): [BootAnimation movie 857]glBindTexture,i=1,r=762,j=0,fra me.tid=100271,name=ligo_00102.png
D/BootAnimation( 502): [BootAnimation movie 874]clearReg.isEmpty,i=1,r=762,j=0, frame.tid=100271
D/BootAnimation( 502): [BootAnimation movie 892]1,delay=40
D/BootAnimation( 502): [BootAnimation checkExit 714]exitnow=0
D/BootAnimation( 502): [BootAnimation movie 854]i=1,r=763,j=0,lastFrame=4716020 8851(47160 ms),file=ligo_00102.png
D/BootAnimation( 502): [BootAnimation movie 857]glBindTexture,i=1,r=763,j=0,fra me.tid=100271,name=ligo_00102.png
D/BootAnimation( 502): [BootAnimation movie 874]clearReg.isEmpty,i=1,r=763,j=0, frame.tid=100271
D/BootAnimation( 502): [BootAnimation movie 892]1,delay=40
D/BootAnimation( 502): [BootAnimation checkExit 714]exitnow=0
D/BootAnimation( 502): [BootAnimation movie 854]i=1,r=764,j=0,lastFrame=4720360 1851(47203 ms),file=ligo_00102.png
D/BootAnimation( 502): [BootAnimation movie 857]glBindTexture,i=1,r=764,j=0,fra me.tid=100271,name=ligo_00102.png
D/BootAnimation( 502): [BootAnimation movie 874]clearReg.isEmpty,i=1,r=764,j=0, frame.tid=100271
D/BootAnimation( 502): [BootAnimation movie 892]1,delay=40
D/BootAnimation( 502): [BootAnimation checkExit 714]exitnow=0
D/BootAnimation( 502): [BootAnimation movie 854]i=1,r=765,j=0,lastFrame=4724546 7466(47245 ms),file=ligo_00102.png
D/BootAnimation( 502): [BootAnimation movie 857]glBindTexture,i=1,r=765,j=0,fra me.tid=100271,name=ligo_00102.png
D/BootAnimation( 502): [BootAnimation movie 874]clearReg.isEmpty,i=1,r=765,j=0, frame.tid=100271
D/BootAnimation( 502): [BootAnimation movie 892]5,delay=35
D/BootAnimation( 502): [BootAnimation checkExit 714]exitnow=0
D/BootAnimation( 502): [BootAnimation movie 854]i=1,r=766,j=0,lastFrame=4728734 9159(47287 ms),file=ligo_00102.png
D/BootAnimation( 502): [BootAnimation movie 857]glBindTexture,i=1,r=766,j=0,fra me.tid=100271,name=ligo_00102.png
D/BootAnimation( 502): [BootAnimation movie 874]clearReg.isEmpty,i=1,r=766,j=0, frame.tid=100271
D/BootAnimation( 502): [BootAnimation movie 892]1,delay=40
D/BootAnimation( 502): [BootAnimation checkExit 714]exitnow=0
D/BootAnimation( 502): [BootAnimation movie 854]i=1,r=767,j=0,lastFrame=4732922 2928(47329 ms),file=ligo_00102.png
D/BootAnimation( 502): [BootAnimation movie 857]glBindTexture,i=1,r=767,j=0,fra me.tid=100271,name=ligo_00102.png

D/BootAnimation( 502): [BootAnimation movie 874]clearReg.isEmpty,i=1,r=767,j=0, frame.tid=100271
D/BootAnimation( 502): [BootAnimation movie 892]1,delay=40
D/BootAnimation( 502): [BootAnimation checkExit 714]exitnow=0
D/BootAnimation( 502): [BootAnimation movie 854]i=1,r=768,j=0,lastFrame=4737108 5390(47371 ms),file=ligo_00102.png
D/BootAnimation( 502): [BootAnimation movie 857]glBindTexture,i=1,r=768,j=0,fra me.tid=100271,name=ligo_00102.png
D/BootAnimation( 502): [BootAnimation movie 874]clearReg.isEmpty,i=1,r=768,j=0, frame.tid=100271
D/BootAnimation( 502): [BootAnimation movie 892]1,delay=39
D/BootAnimation( 502): [BootAnimation checkExit 714]exitnow=0
D/BootAnimation( 502): [BootAnimation movie 854]i=1,r=769,j=0,lastFrame=4741294 7467(47412 ms),file=ligo_00102.png
D/BootAnimation( 502): [BootAnimation movie 857]glBindTexture,i=1,r=769,j=0,fra me.tid=100271,name=ligo_00102.png
D/BootAnimation( 502): [BootAnimation movie 874]clearReg.isEmpty,i=1,r=769,j=0, frame.tid=100271
I/SurfaceTextureClient( 502): [STC::queueBuffer] (this:0x41958680) fps:23.82, d ur:1007.52, max:45.68, min:37.70
I/BufferQueue( 134): [BootAnimation](this:0x4295e370,api:1) [queue] fps:23.82, dur:1007.41, max:45.64, min:37.78
D/BootAnimation( 502): [BootAnimation movie 892]1,delay=40
D/BootAnimation( 502): [BootAnimation checkExit 714]exitnow=0
D/BootAnimation( 502): [BootAnimation movie 854]i=1,r=770,j=0,lastFrame=4745484 9620(47454 ms),file=ligo_00102.png
D/BootAnimation( 502): [BootAnimation movie 857]glBindTexture,i=1,r=770,j=0,fra me.tid=100271,name=ligo_00102.png
D/BootAnimation( 502): [BootAnimation movie 874]clearReg.isEmpty,i=1,r=770,j=0, frame.tid=100271
D/BootAnimation( 502): [BootAnimation movie 892]1,delay=40
D/BootAnimation( 502): [BootAnimation checkExit 714]exitnow=0
D/BootAnimation( 502): [BootAnimation movie 854]i=1,r=771,j=0,lastFrame=4749671 4774(47496 ms),file=ligo_00102.png
D/BootAnimation( 502): [BootAnimation movie 857]glBindTexture,i=1,r=771,j=0,fra me.tid=100271,name=ligo_00102.png
D/BootAnimation( 502): [BootAnimation movie 874]clearReg.isEmpty,i=1,r=771,j=0, frame.tid=100271
D/BootAnimation( 502): [BootAnimation movie 892]1,delay=40
D/BootAnimation( 502): [BootAnimation checkExit 714]exitnow=0
D/BootAnimation( 502): [BootAnimation movie 854]i=1,r=772,j=0,lastFrame=4753858 9928(47538 ms),file=ligo_00102.png
D/BootAnimation( 502): [BootAnimation movie 857]glBindTexture,i=1,r=772,j=0,fra me.tid=100271,name=ligo_00102.png
D/BootAnimation( 502): [BootAnimation movie 874]clearReg.isEmpty,i=1,r=772,j=0, frame.tid=100271
D/BootAnimation( 502): [BootAnimation movie 892]1,delay=40
W/PackageManager( 664): Application package com.mxtech.videoplayer.ad already i nstalled. Skipping duplicate.
D/PackageManager( 664): scan package: /data/app/com.mxtech.videoplayer.ad-2.apk , end at: 47576ms. elapsed time = 997ms.
D/PackageManager( 664): scan package: /data/app/com.omichsoft.player-2.apk , st art at: 47576ms.
D/BootAnimation( 502): [BootAnimation checkExit 714]exitnow=0
D/BootAnimation( 502): [BootAnimation movie 854]i=1,r=773,j=0,lastFrame=4758044 3313(47580 ms),file=ligo_00102.png
D/BootAnimation( 502): [BootAnimation movie 857]glBindTexture,i=1,r=773,j=0,fra me.tid=100271,name=ligo_00102.png
D/BootAnimation( 502): [BootAnimation movie 874]clearReg.isEmpty,i=1,r=773,j=0, frame.tid=100271

D/BootAnimation( 502): [BootAnimation movie 892]0,delay=40
D/BootAnimation( 502): [BootAnimation checkExit 714]exitnow=0
D/BootAnimation( 502): [BootAnimation movie 854]i=1,r=774,j=0,lastFrame=4762229 5082(47622 ms),file=ligo_00102.png
D/BootAnimation( 502): [BootAnimation movie 857]glBindTexture,i=1,r=774,j=0,fra me.tid=100271,name=ligo_00102.png
D/BootAnimation( 502): [BootAnimation movie 874]clearReg.isEmpty,i=1,r=774,j=0, frame.tid=100271
D/BootAnimation( 502): [BootAnimation movie 892]0,delay=40
D/BootAnimation( 502): [BootAnimation checkExit 714]exitnow=0
D/BootAnimation( 502): [BootAnimation movie 854]i=1,r=775,j=0,lastFrame=4766415 0390(47664 ms),file=ligo_00102.png
D/BootAnimation( 502): [BootAnimation movie 857]glBindTexture,i=1,r=775,j=0,fra me.tid=100271,name=ligo_00102.png
D/BootAnimation( 502): [BootAnimation movie 874]clearReg.isEmpty,i=1,r=775,j=0, frame.tid=100271
D/BootAnimation( 502): [BootAnimation movie 892]0,delay=40
D/BootAnimation( 502): [BootAnimation checkExit 714]exitnow=0
D/BootAnimation( 502): [BootAnimation movie 854]i=1,r=776,j=0,lastFrame=4770598 8082(47705 ms),file=ligo_00102.png
D/BootAnimation( 502): [BootAnimation movie 857]glBindTexture,i=1,r=776,j=0,fra me.tid=100271,name=ligo_00102.png
D/BootAnimation( 502): [BootAnimation movie 874]clearReg.isEmpty,i=1,r=776,j=0, frame.tid=100271
D/BootAnimation( 502): [BootAnimation movie 892]0,delay=40
I/PackageManager( 664): Perform pre-dex opt for package: com.omichsoft.player
D/dalvikvm( 664): open_cached_dex_file : /data/app/com.omichsoft.player-2.apk / data/dalvik-cache/data@app@com.omichsoft.player-2.apk@classes.dex
D/PackageManager( 664): scan package: /data/app/com.omichsoft.player-2.apk , en d at: 47738ms. elapsed time = 162ms.
D/PackageManager( 664): scan package: /data/app/com.perm.kate-1.apk , start at: 47738ms.
D/BootAnimation( 502): [BootAnimation checkExit 714]exitnow=0
D/BootAnimation( 502): [BootAnimation movie 854]i=1,r=777,j=0,lastFrame=4774783 7082(47747 ms),file=ligo_00102.png
D/BootAnimation( 502): [BootAnimation movie 857]glBindTexture,i=1,r=777,j=0,fra me.tid=100271,name=ligo_00102.png
D/BootAnimation( 502): [BootAnimation movie 874]clearReg.isEmpty,i=1,r=777,j=0, frame.tid=100271
D/BootAnimation( 502): [BootAnimation movie 892]0,delay=40
I/SurfaceFlinger( 134): [SurfaceFlinger] fps:23.590706,dur:1017.35,max:54.96,mi n:36.64
D/BootAnimation( 502): [BootAnimation checkExit 714]exitnow=0
D/BootAnimation( 502): [BootAnimation movie 854]i=1,r=778,j=0,lastFrame=4778968 5236(47789 ms),file=ligo_00102.png
D/BootAnimation( 502): [BootAnimation movie 857]glBindTexture,i=1,r=778,j=0,fra me.tid=100271,name=ligo_00102.png
D/BootAnimation( 502): [BootAnimation movie 874]clearReg.isEmpty,i=1,r=778,j=0, frame.tid=100271
D/BootAnimation( 502): [BootAnimation movie 892]0,delay=40
I/BufferQueue( 134): [BootAnimation](this:0x4295e370,api:1) [release] fps:23.55 , dur:1019.08, max:58.80, min:38.90
D/BootAnimation( 502): [BootAnimation checkExit 714]exitnow=0
D/BootAnimation( 502): [BootAnimation movie 854]i=1,r=779,j=0,lastFrame=4783155 0313(47831 ms),file=ligo_00102.png
D/BootAnimation( 502): [BootAnimation movie 857]glBindTexture,i=1,r=779,j=0,fra me.tid=100271,name=ligo_00102.png
D/BootAnimation( 502): [BootAnimation movie 874]clearReg.isEmpty,i=1,r=779,j=0, frame.tid=100271
D/BootAnimation( 502): [BootAnimation movie 892]1,delay=40

I/PackageManager( 664): Perform pre-dex opt for package: com.perm.kate
D/dalvikvm( 664): open_cached_dex_file : /data/app/com.perm.kate-1.apk /data/da lvik-cache/data@app@com.perm.kate-1.apk@classes.dex
D/PackageManager( 664): scan package: /data/app/com.perm.kate-1.apk , end at: 4 7868ms. elapsed time = 130ms.
D/PackageManager( 664): scan package: /data/app/com.photox.touchwhiz-1.apk , st art at: 47868ms.
D/BootAnimation( 502): [BootAnimation checkExit 714]exitnow=0
D/BootAnimation( 502): [BootAnimation movie 854]i=1,r=780,j=0,lastFrame=4787339 5928(47873 ms),file=ligo_00102.png
D/BootAnimation( 502): [BootAnimation movie 857]glBindTexture,i=1,r=780,j=0,fra me.tid=100271,name=ligo_00102.png
D/BootAnimation( 502): [BootAnimation movie 874]clearReg.isEmpty,i=1,r=780,j=0, frame.tid=100271
D/BootAnimation( 502): [BootAnimation movie 892]0,delay=40
I/PackageManager( 664): Perform pre-dex opt for package: com.photox.touchwhiz
D/dalvikvm( 664): open_cached_dex_file : /data/app/com.photox.touchwhiz-1.apk / data/dalvik-cache/data@app@com.photox.touchwhiz-1.apk@classes.dex
D/PackageManager( 664): scan package: /data/app/com.photox.touchwhiz-1.apk , en d at: 47913ms. elapsed time = 45ms.
D/PackageManager( 664): scan package: /data/app/com.ryanolson.adw.ubuntu-1.apk , start at: 47913ms.
D/BootAnimation( 502): [BootAnimation checkExit 714]exitnow=0
D/BootAnimation( 502): [BootAnimation movie 854]i=1,r=781,j=0,lastFrame=4791525 0236(47915 ms),file=ligo_00102.png
D/BootAnimation( 502): [BootAnimation movie 857]glBindTexture,i=1,r=781,j=0,fra me.tid=100271,name=ligo_00102.png
D/BootAnimation( 502): [BootAnimation movie 874]clearReg.isEmpty,i=1,r=781,j=0, frame.tid=100271
D/BootAnimation( 502): [BootAnimation movie 892]0,delay=40
D/BootAnimation( 502): [BootAnimation checkExit 714]exitnow=0
D/BootAnimation( 502): [BootAnimation movie 854]i=1,r=782,j=0,lastFrame=4795709 1774(47957 ms),file=ligo_00102.png
D/BootAnimation( 502): [BootAnimation movie 857]glBindTexture,i=1,r=782,j=0,fra me.tid=100271,name=ligo_00102.png
D/BootAnimation( 502): [BootAnimation movie 874]clearReg.isEmpty,i=1,r=782,j=0, frame.tid=100271
D/BootAnimation( 502): [BootAnimation movie 892]0,delay=40
D/BootAnimation( 502): [BootAnimation checkExit 714]exitnow=0
D/BootAnimation( 502): [BootAnimation movie 854]i=1,r=783,j=0,lastFrame=4799893 0543(47998 ms),file=ligo_00102.png
D/BootAnimation( 502): [BootAnimation movie 857]glBindTexture,i=1,r=783,j=0,fra me.tid=100271,name=ligo_00102.png
D/BootAnimation( 502): [BootAnimation movie 874]clearReg.isEmpty,i=1,r=783,j=0, frame.tid=100271
D/BootAnimation( 502): [BootAnimation movie 892]0,delay=40
D/BootAnimation( 502): [BootAnimation checkExit 714]exitnow=0
D/BootAnimation( 502): [BootAnimation movie 854]i=1,r=784,j=0,lastFrame=4804077 5544(48040 ms),file=ligo_00102.png
D/BootAnimation( 502): [BootAnimation movie 857]glBindTexture,i=1,r=784,j=0,fra me.tid=100271,name=ligo_00102.png
D/BootAnimation( 502): [BootAnimation movie 874]clearReg.isEmpty,i=1,r=784,j=0, frame.tid=100271
D/BootAnimation( 502): [BootAnimation movie 892]0,delay=40
D/BootAnimation( 502): [BootAnimation checkExit 714]exitnow=0
D/BootAnimation( 502): [BootAnimation movie 854]i=1,r=785,j=0,lastFrame=4808262 3620(48082 ms),file=ligo_00102.png
D/BootAnimation( 502): [BootAnimation movie 857]glBindTexture,i=1,r=785,j=0,fra me.tid=100271,name=ligo_00102.png
D/BootAnimation( 502): [BootAnimation movie 874]clearReg.isEmpty,i=1,r=785,j=0,

frame.tid=100271
D/BootAnimation( 502): [BootAnimation movie 892]1,delay=40
D/BootAnimation( 502): [BootAnimation checkExit 714]exitnow=0
D/BootAnimation( 502): [BootAnimation movie 854]i=1,r=786,j=0,lastFrame=4812452 4082(48124 ms),file=ligo_00102.png
D/BootAnimation( 502): [BootAnimation movie 857]glBindTexture,i=1,r=786,j=0,fra me.tid=100271,name=ligo_00102.png
D/BootAnimation( 502): [BootAnimation movie 874]clearReg.isEmpty,i=1,r=786,j=0, frame.tid=100271
D/BootAnimation( 502): [BootAnimation movie 892]1,delay=40
I/PackageManager( 664): Perform pre-dex opt for package: com.ryanolson.adw.ubun tu
D/dalvikvm( 664): open_cached_dex_file : /data/app/com.ryanolson.adw.ubuntu-1.a pk /data/dalvik-cache/data@app@com.ryanolson.adw.ubuntu-1.apk@classes.dex
D/PackageManager( 664): scan package: /data/app/com.ryanolson.adw.ubuntu-1.apk , end at: 48163ms. elapsed time = 250ms.
D/PackageManager( 664): scan package: /data/app/doopp.mob.ggplay.zhanhunru-1.ap k , start at: 48163ms.
D/BootAnimation( 502): [BootAnimation checkExit 714]exitnow=0
D/BootAnimation( 502): [BootAnimation movie 854]i=1,r=787,j=0,lastFrame=4816638 0082(48166 ms),file=ligo_00102.png
D/BootAnimation( 502): [BootAnimation movie 857]glBindTexture,i=1,r=787,j=0,fra me.tid=100271,name=ligo_00102.png
D/BootAnimation( 502): [BootAnimation movie 874]clearReg.isEmpty,i=1,r=787,j=0, frame.tid=100271
D/BootAnimation( 502): [BootAnimation movie 892]1,delay=40
D/BootAnimation( 502): [BootAnimation checkExit 714]exitnow=0
D/BootAnimation( 502): [BootAnimation movie 854]i=1,r=788,j=0,lastFrame=4820823 8620(48208 ms),file=ligo_00102.png
D/BootAnimation( 502): [BootAnimation movie 857]glBindTexture,i=1,r=788,j=0,fra me.tid=100271,name=ligo_00102.png
D/BootAnimation( 502): [BootAnimation movie 874]clearReg.isEmpty,i=1,r=788,j=0, frame.tid=100271
D/BootAnimation( 502): [BootAnimation movie 892]0,delay=40
I/PackageManager( 664): Perform pre-dex opt for package: doopp.mob.ggplay.zhanh unru
D/dalvikvm( 664): open_cached_dex_file : /data/app/doopp.mob.ggplay.zhanhunru-1 .apk /data/dalvik-cache/data@app@doopp.mob.ggplay.zhanhunru-1.apk@classes.dex
D/PackageManager( 664): scan package: /data/app/doopp.mob.ggplay.zhanhunru-1.ap k , end at: 48219ms. elapsed time = 56ms.
D/PackageManager( 664): scan package: /data/app/eu.chainfire.supersu-1.apk , st art at: 48219ms.
D/BootAnimation( 502): [BootAnimation checkExit 714]exitnow=0
D/BootAnimation( 502): [BootAnimation movie 854]i=1,r=789,j=0,lastFrame=4825010 7544(48250 ms),file=ligo_00102.png
D/BootAnimation( 502): [BootAnimation movie 857]glBindTexture,i=1,r=789,j=0,fra me.tid=100271,name=ligo_00102.png
D/BootAnimation( 502): [BootAnimation movie 874]clearReg.isEmpty,i=1,r=789,j=0, frame.tid=100271
D/BootAnimation( 502): [BootAnimation movie 892]1,delay=40
D/BootAnimation( 502): [BootAnimation checkExit 714]exitnow=0
D/BootAnimation( 502): [BootAnimation movie 854]i=1,r=790,j=0,lastFrame=4829195 6851(48291 ms),file=ligo_00102.png
D/BootAnimation( 502): [BootAnimation movie 857]glBindTexture,i=1,r=790,j=0,fra me.tid=100271,name=ligo_00102.png
D/BootAnimation( 502): [BootAnimation movie 874]clearReg.isEmpty,i=1,r=790,j=0, frame.tid=100271
D/BootAnimation( 502): [BootAnimation movie 892]0,delay=40
D/BootAnimation( 502): [BootAnimation checkExit 714]exitnow=0
D/BootAnimation( 502): [BootAnimation movie 854]i=1,r=791,j=0,lastFrame=4833384

5851(48333 ms),file=ligo_00102.png
D/BootAnimation( 502): [BootAnimation movie 857]glBindTexture,i=1,r=791,j=0,fra me.tid=100271,name=ligo_00102.png
D/BootAnimation( 502): [BootAnimation movie 874]clearReg.isEmpty,i=1,r=791,j=0, frame.tid=100271
D/BootAnimation( 502): [BootAnimation movie 892]1,delay=40
D/BootAnimation( 502): [BootAnimation checkExit 714]exitnow=0
D/BootAnimation( 502): [BootAnimation movie 854]i=1,r=792,j=0,lastFrame=4837573 6543(48375 ms),file=ligo_00102.png
D/BootAnimation( 502): [BootAnimation movie 857]glBindTexture,i=1,r=792,j=0,fra me.tid=100271,name=ligo_00102.png
D/BootAnimation( 502): [BootAnimation movie 874]clearReg.isEmpty,i=1,r=792,j=0, frame.tid=100271
D/BootAnimation( 502): [BootAnimation movie 892]1,delay=40
D/BootAnimation( 502): [BootAnimation checkExit 714]exitnow=0
D/BootAnimation( 502): [BootAnimation movie 854]i=1,r=793,j=0,lastFrame=4841760 3313(48417 ms),file=ligo_00102.png
D/BootAnimation( 502): [BootAnimation movie 857]glBindTexture,i=1,r=793,j=0,fra me.tid=100271,name=ligo_00102.png
D/BootAnimation( 502): [BootAnimation movie 874]clearReg.isEmpty,i=1,r=793,j=0, frame.tid=100271
I/SurfaceTextureClient( 502): [STC::queueBuffer] (this:0x41958680) fps:23.89, d ur:1004.67, max:42.43, min:41.60
I/BufferQueue( 134): [BootAnimation](this:0x4295e370,api:1) [queue] fps:23.89, dur:1004.64, max:42.29, min:41.55
D/BootAnimation( 502): [BootAnimation movie 892]1,delay=40
I/PackageManager( 664): Perform pre-dex opt for package: eu.chainfire.supersu
D/dalvikvm( 664): open_cached_dex_file : /data/app/eu.chainfire.supersu-1.apk / data/dalvik-cache/data@app@eu.chainfire.supersu-1.apk@classes.dex
D/PackageManager( 664): scan package: /data/app/eu.chainfire.supersu-1.apk , en d at: 48436ms. elapsed time = 217ms.
D/PackageManager( 664): scan package: /data/app/ginlemon.smartlauncher.notifier -1.apk , start at: 48436ms.
I/PackageManager( 664): Perform pre-dex opt for package: ginlemon.smartlauncher .notifier
D/dalvikvm( 664): open_cached_dex_file : /data/app/ginlemon.smartlauncher.notif ier-1.apk /data/dalvik-cache/data@app@ginlemon.smartlauncher.notifier-1.apk@clas ses.dex
D/PackageManager( 664): scan package: /data/app/ginlemon.smartlauncher.notifier -1.apk , end at: 48443ms. elapsed time = 7ms.
D/PackageManager( 664): scan package: /data/app/MiShop.apk , start at: 48443ms.
D/BootAnimation( 502): [BootAnimation checkExit 714]exitnow=0
D/BootAnimation( 502): [BootAnimation movie 854]i=1,r=794,j=0,lastFrame=4845945 4389(48459 ms),file=ligo_00102.png
D/BootAnimation( 502): [BootAnimation movie 857]glBindTexture,i=1,r=794,j=0,fra me.tid=100271,name=ligo_00102.png
D/BootAnimation( 502): [BootAnimation movie 874]clearReg.isEmpty,i=1,r=794,j=0, frame.tid=100271
D/BootAnimation( 502): [BootAnimation movie 892]1,delay=40
D/BootAnimation( 502): [BootAnimation checkExit 714]exitnow=0
D/BootAnimation( 502): [BootAnimation movie 854]i=1,r=795,j=0,lastFrame=4850130 2082(48501 ms),file=ligo_00102.png
D/BootAnimation( 502): [BootAnimation movie 857]glBindTexture,i=1,r=795,j=0,fra me.tid=100271,name=ligo_00102.png
D/BootAnimation( 502): [BootAnimation movie 874]clearReg.isEmpty,i=1,r=795,j=0, frame.tid=100271
D/BootAnimation( 502): [BootAnimation movie 892]0,delay=40
D/BootAnimation( 502): [BootAnimation checkExit 714]exitnow=0
