V/SettingsProvider( 1322): insert(content://settings/secure) for user 0 by 0
D/SettingsProvider( 1322): insert(content://settings/secure) for user 0 by 0
D/SettingsProvider( 1322): redundant, old Value: 0 new value: 0
D/SettingsProvider( 1322): call request for 0
V/SettingsProvider( 1322): call(secure:screen_buttons_turn_on) for 0
D/SettingsProvider( 1322): lookupValue table secure cache contains Key screen_bu ttons_turn_on , value = null
D/SettingsProvider( 1322): lookupValue table secure cache.fullyMatchesDisk() scr een_buttons_turn_on
V/Provider/Settings( 1322): from db cache, name = screen_buttons_turn_on , value = null
I/SystemServer( 1322): Battery Service
D/dalvikvm( 1322): create interp thread : stack size=32KB
D/dalvikvm( 1322): create new thread
D/dalvikvm( 1322): new thread created
D/dalvikvm( 1322): update thread list
D/dalvikvm( 1322): threadid=23: interp stack at 0x5dec4000
D/dalvikvm( 1322): threadid=23: created from interp
D/dalvikvm( 1322): start new thread
D/dalvikvm( 1322): threadid=23: notify debugger
D/dalvikvm( 1322): threadid=23 (UEventObserver): calling run()
D/BatteryService( 1322): mBatteryVoltage=3731
D/LightsService( 1322): setLight_native: light=3, colorARGB=0xffffff00, flashMod e=0, onMS=0, offMS=0, brightnessMode=0
D/lights ( 1322): set_led_state colorRGB=FFFFFF00, onMS=0, offMS=0
D/lights ( 1322): blink_red, level=255, onMS=0, offMS=0
D/lights ( 1322): write_int open fd=87
I/SystemServer( 1322): Vibrator Service
D/dalvikvm( 1322): create interp thread : stack size=32KB
D/dalvikvm( 1322): create new thread
D/dalvikvm( 1322): new thread created
D/dalvikvm( 1322): threadid=25: interp stack at 0x5e4ec000
D/dalvikvm( 1322): threadid=25: created from interp
D/dalvikvm( 1322): update thread list
D/dalvikvm( 1322): start new thread

D/dalvikvm( 1322): threadid=25: notify debugger
D/dalvikvm( 1322): threadid=25 (PowerManagerService): calling run()
D/PowerManagerService( 1322): PowerManagerService: Init
D/PowerManagerService( 1322): unblankAllDisplays in ...
I/libsuspend( 1322): Selected early suspend
I/libsuspend( 1322): Starting early suspend unblocker thread
D/PowerManagerService( 1322): unblankAllDisplays 1
D/SurfaceFlinger( 134): Screen acquired, type=0 flinger=0x41374510
D/SurfaceFlinger( 134): screen was previously acquired
D/PowerManagerService( 1322): unblankAllDisplays 2
I/TV/JNI ( 1322): [TVOut] jboolean tvoutPowerEnable(JNIEnv*, jobject, jboolean) (1) ret = 0
I/hdmi ( 1322): [HDMI] JNI com.mediatek.hdmi.HDMINative.enableHDMIPOWER(1)
D/PowerManager_performance( 1322): unblankAllDisplays out ...
I/SystemServer( 1322): Alarm Manager
D/BootAnimation( 502): [BootAnimation checkExit 714]exitnow=0
D/BootAnimation( 502): [BootAnimation movie 854]i=1,r=1420,j=0,lastFrame=776527 39854(77652 ms),file=ligo_00102.png
D/BootAnimation( 502): [BootAnimation movie 857]glBindTexture,i=1,r=1420,j=0,fr ame.tid=100271,name=ligo_00102.png
D/BootAnimation( 502): [BootAnimation movie 874]clearReg.isEmpty,i=1,r=1420,j=0 ,frame.tid=100271
D/BootAnimation( 502): [BootAnimation movie 892]1,delay=40
I/AlarmManager( 1322): mDescriptor is 92
D/AlarmManagerService( 1322): Kernel timezone updated to -360 minutes west of GM T
D/SettingsProvider( 1322): call request for 0
V/SettingsProvider( 1322): call(system:power_off_alarm_package_name) for 0
D/SettingsProvider( 1322): lookupValue table system cache contains Key power_off _alarm_package_name , value = Bundle[{value=com.android.deskclock}]
V/Provider/Settings( 1322): from db cache, name = power_off_alarm_package_name , value = com.android.deskclock
V/AlarmManager( 1322): Native set alarm :Alarm{4178e218 type 3 android}
V/AlarmManager( 1322): Native set alarm :Alarm{419133e0 type 1 android}
D/dalvikvm( 1322): create interp thread : stack size=32KB
D/dalvikvm( 1322): create new thread
D/dalvikvm( 1322): new thread created
D/dalvikvm( 1322): update thread list
D/dalvikvm( 1322): threadid=26: interp stack at 0x5e4f4000
D/dalvikvm( 1322): threadid=26: created from interp
D/dalvikvm( 1322): start new thread
D/dalvikvm( 1322): threadid=26: notify debugger
D/dalvikvm( 1322): threadid=26 (AlarmManager): calling run()
I/SystemServer( 1322): Init Watchdog
I/SystemServer( 1322): Input Manager
I/InputManager( 1322): Initializing input manager, mUseDevInputEventForAudioJack =false
D/InputReader( 1322): InputReader:: InputReader lock
D/InputReader( 1322): InputReader:: InputReader unlock
I/SystemServer( 1322): Window Manager
D/BootAnimation( 502): [BootAnimation checkExit 714]exitnow=0
D/BootAnimation( 502): [BootAnimation movie 854]i=1,r=1421,j=0,lastFrame=776946 54546(77694 ms),file=ligo_00102.png
D/BootAnimation( 502): [BootAnimation movie 857]glBindTexture,i=1,r=1421,j=0,fr ame.tid=100271,name=ligo_00102.png
D/BootAnimation( 502): [BootAnimation movie 874]clearReg.isEmpty,i=1,r=1421,j=0 ,frame.tid=100271
D/BootAnimation( 502): [BootAnimation movie 892]1,delay=40
D/BootAnimation( 502): [BootAnimation checkExit 714]exitnow=0
D/BootAnimation( 502): [BootAnimation movie 854]i=1,r=1422,j=0,lastFrame=777365

25161(77736 ms),file=ligo_00102.png
D/BootAnimation( 502): [BootAnimation movie 857]glBindTexture,i=1,r=1422,j=0,fr ame.tid=100271,name=ligo_00102.png
D/BootAnimation( 502): [BootAnimation movie 874]clearReg.isEmpty,i=1,r=1422,j=0 ,frame.tid=100271
D/BootAnimation( 502): [BootAnimation movie 892]1,delay=40
I/BufferQueue( 134): [BootAnimation](this:0x4295e370,api:1) [release] fps:23.55 , dur:1019.16, max:58.85, min:39.13
D/BootAnimation( 502): [BootAnimation checkExit 714]exitnow=0
D/BootAnimation( 502): [BootAnimation movie 854]i=1,r=1423,j=0,lastFrame=777784 09777(77778 ms),file=ligo_00102.png
D/BootAnimation( 502): [BootAnimation movie 857]glBindTexture,i=1,r=1423,j=0,fr ame.tid=100271,name=ligo_00102.png
D/BootAnimation( 502): [BootAnimation movie 874]clearReg.isEmpty,i=1,r=1423,j=0 ,frame.tid=100271
D/BootAnimation( 502): [BootAnimation movie 892]1,delay=40
D/dalvikvm( 1322): DexOpt: couldn't find field Lcom/android/internal/policy/impl /PhoneWindowManager;.mKeyguardMediator
W/dalvikvm( 1322): VFY: unable to resolve instance field 1359
D/dalvikvm( 1322): VFY: replacing opcode 0x5b at 0x0024
I/dalvikvm( 1322): Could not find method com.android.internal.policy.impl.Keygua rdViewMediator.doKeyguardTimeout, referenced from method com.android.internal.po licy.impl.PhoneWindowManager$ScreenLockTimeout.run
W/dalvikvm( 1322): VFY: unable to resolve virtual method 1997: Lcom/android/inte rnal/policy/impl/KeyguardViewMediator;.doKeyguardTimeout (Landroid/os/Bundle;)V
D/dalvikvm( 1322): VFY: replacing opcode 0x6e at 0x0018
I/SurfaceFlinger( 134): EventThread Client Pid (1322) created
D/BootAnimation( 502): [BootAnimation checkExit 714]exitnow=0
D/BootAnimation( 502): [BootAnimation movie 854]i=1,r=1424,j=0,lastFrame=778202 58085(77820 ms),file=ligo_00102.png
D/BootAnimation( 502): [BootAnimation movie 857]glBindTexture,i=1,r=1424,j=0,fr ame.tid=100271,name=ligo_00102.png
D/BootAnimation( 502): [BootAnimation movie 874]clearReg.isEmpty,i=1,r=1424,j=0 ,frame.tid=100271
D/BootAnimation( 502): [BootAnimation movie 892]1,delay=40
D/SettingsProvider( 1322): call request for 0
V/SettingsProvider( 1322): call(global:window_animation_scale) for 0
D/SettingsProvider( 1322): lookupValue table global cache contains Key window_an imation_scale , value = null
D/SettingsProvider( 1322): lookupValue table global cache.fullyMatchesDisk() win dow_animation_scale
V/Provider/Settings( 1322): from db cache, name = window_animation_scale , value = null
D/SettingsProvider( 1322): call request for 0
V/SettingsProvider( 1322): call(global:transition_animation_scale) for 0
D/SettingsProvider( 1322): lookupValue table global cache contains Key transitio n_animation_scale , value = null
D/SettingsProvider( 1322): lookupValue table global cache.fullyMatchesDisk() tra nsition_animation_scale
V/Provider/Settings( 1322): from db cache, name = transition_animation_scale , v alue = null
D/SettingsProvider( 1322): call request for 0
V/SettingsProvider( 1322): call(global:animator_duration_scale) for 0
D/SettingsProvider( 1322): lookupValue table global cache contains Key animator_ duration_scale , value = null
D/SettingsProvider( 1322): lookupValue table global cache.fullyMatchesDisk() ani mator_duration_scale
V/Provider/Settings( 1322): from db cache, name = animator_duration_scale , valu e = null
I/dalvikvm( 1322): DexOpt: illegal method access (call Lcom/android/internal/pol

icy/impl/KeyguardViewMediator;.doKeyguardLocked ()V from Lcom/android/internal/p olicy/impl/keyguard/KeyguardViewMediator;)
I/dalvikvm( 1322): Could not find method com.android.internal.policy.impl.Keygua rdViewMediator.doKeyguardLocked, referenced from method com.android.internal.pol icy.impl.keyguard.KeyguardViewMediator.callDoKeyguardLocked
W/dalvikvm( 1322): VFY: unable to resolve direct method 1995: Lcom/android/inter nal/policy/impl/KeyguardViewMediator;.doKeyguardLocked ()V
D/dalvikvm( 1322): VFY: replacing opcode 0x70 at 0x0000
I/dalvikvm( 1322): DexOpt: illegal method access (call Lcom/android/internal/pol icy/impl/KeyguardViewMediator;.resetStateLocked ()V from Lcom/android/internal/p olicy/impl/keyguard/KeyguardViewMediator;)
I/dalvikvm( 1322): Could not find method com.android.internal.policy.impl.Keygua rdViewMediator.resetStateLocked, referenced from method com.android.internal.pol icy.impl.keyguard.KeyguardViewMediator.callResetStateLocked
W/dalvikvm( 1322): VFY: unable to resolve direct method 2035: Lcom/android/inter nal/policy/impl/KeyguardViewMediator;.resetStateLocked ()V
D/dalvikvm( 1322): VFY: replacing opcode 0x70 at 0x0000
D/BootAnimation( 502): [BootAnimation checkExit 714]exitnow=0
D/BootAnimation( 502): [BootAnimation movie 854]i=1,r=1425,j=0,lastFrame=778621 64777(77862 ms),file=ligo_00102.png
D/BootAnimation( 502): [BootAnimation movie 857]glBindTexture,i=1,r=1425,j=0,fr ame.tid=100271,name=ligo_00102.png
D/BootAnimation( 502): [BootAnimation movie 874]clearReg.isEmpty,i=1,r=1425,j=0 ,frame.tid=100271
D/BootAnimation( 502): [BootAnimation movie 892]1,delay=40
D/KeyguardUpdateMonitor( 1322): DialogSequenceManager DialogSequenceManager()
I/DMAgent ( 151): OnTransact (3,16)
I/DMAgent ( 151): isLockFlagSet
W/Parcel ( 151): **** enforceInterface() expected 'DMAgent' but read 'com.medi atek.common.dm.DMAgent'
I/DMAgent ( 151): isLockFlagSet done
I/KeyguardUpdateMonitor( 1322): dmCheckLocked, the lock flag is:false
D/TelephonyRegistry( 1322): listen: E pkg=KeyguardUpdateMonitor events=0x1 myUid =0 callerUid=0
I/TelephonyRegistry( 1322): listen: add new record={pkgForDebug=KeyguardUpdateMo nitor callerUid=0 events=0}
D/TelephonyRegistry( 1322): listen: E pkg=KeyguardUpdateMonitor events=0x1 myUid =0 callerUid=0
I/TelephonyRegistry( 1322): listen: add new record={pkgForDebug=KeyguardUpdateMo nitor callerUid=0 events=0}
D/SettingsProvider( 1322): call request for 0
V/SettingsProvider( 1322): call(global:device_provisioned) for 0
D/SettingsProvider( 1322): lookupValue table global cache contains Key device_pr ovisioned , value = Bundle[{value=1}]
V/Provider/Settings( 1322): from db cache, name = device_provisioned , value = 1
D/KeyguardUpdateMonitor( 1322): mDeviceProvisioned is:true
D/BootAnimation( 502): [BootAnimation checkExit 714]exitnow=0
D/BootAnimation( 502): [BootAnimation movie 854]i=1,r=1426,j=0,lastFrame=779040 43161(77904 ms),file=ligo_00102.png
D/BootAnimation( 502): [BootAnimation movie 857]glBindTexture,i=1,r=1426,j=0,fr ame.tid=100271,name=ligo_00102.png
D/BootAnimation( 502): [BootAnimation movie 874]clearReg.isEmpty,i=1,r=1426,j=0 ,frame.tid=100271
D/BootAnimation( 502): [BootAnimation movie 892]1,delay=40
D/SettingsProvider( 1322): call request for 0
V/SettingsProvider( 1322): call(system:show_status_bar_lock) for 0
D/SettingsProvider( 1322): lookupValue table system cache contains Key show_stat us_bar_lock , value = null
D/SettingsProvider( 1322): lookupValue table system cache.fullyMatchesDisk() sho w_status_bar_lock

V/Provider/Settings( 1322): from db cache, name = show_status_bar_lock , value = null
D/dalvikvm( 1322): threadid=27: interp stack at 0x5e500000
D/SettingsProvider( 1322): call request for 0
D/dalvikvm( 1322): threadid=28: interp stack at 0x5e508000
V/SettingsProvider( 1322): call(global:lock_sound) for 0
D/SettingsProvider( 1322): lookupValue table global cache contains Key lock_soun d , value = Bundle[{value=/system/media/audio/ui/Lock.ogg}]
V/Provider/Settings( 1322): from db cache, name = lock_sound , value = /system/m edia/audio/ui/Lock.ogg
D/SettingsProvider( 1322): call request for 0
V/SettingsProvider( 1322): call(global:unlock_sound) for 0
D/SettingsProvider( 1322): lookupValue table global cache contains Key unlock_so und , value = Bundle[{value=/system/media/audio/ui/Unlock.ogg}]
V/Provider/Settings( 1322): from db cache, name = unlock_sound , value = /system /media/audio/ui/Unlock.ogg
D/dalvikvm( 1322): threadid=15: exiting
W/dalvikvm( 1322): threadid=15: thread exiting with uncaught exception (group=0x 410bf9a8)
D/MediaPlayerService( 1078): decode(29, 0, 6470)
V/WindowManager( 1322): mIsAlarmBooting = false
D/Sonivox ( 1078): EAS_HWOpenFile ----> use file descriptor [30]
D/DrmMtkUtil/DrmUtil( 1078): checkDcf ----> fd [30]
V/DrmMtkUtil/DrmUtil( 1078): checkDcf: first 3 bytes [4f][67][67]
E/DrmMtkUtil/DrmUtil( 1078): checkDcf: not dcf type, dcf version value [79]
D/DrmMtkUtil( 1078): isDcf: result [-1]
D/Sonivox ( 1078): EAS_HWOpenFile ----> checked, not a DRM file.
E/AndroidRuntime( 1322): *** FATAL EXCEPTION IN SYSTEM PROCESS: UI
E/AndroidRuntime( 1322): java.lang.NoSuchFieldError: com.android.internal.policy .impl.PhoneWindowManager.mKeyguardMediator
E/AndroidRuntime( 1322): at com.android.internal.policy.impl.PhoneWindowM anager.init(PhoneWindowManager.java)
E/AndroidRuntime( 1322): at com.android.internal.policy.impl.MiuiPhoneWin dowManager.init(MiuiPhoneWindowManager.java:120)
E/AndroidRuntime( 1322): at com.android.server.wm.WindowManagerService$3. run(WindowManagerService.java:859)
E/AndroidRuntime( 1322): at android.os.Handler$BlockingRunnable.run(Handl er.java:745)
E/AndroidRuntime( 1322): at android.os.Handler.handleCallback(Handler.jav a:725)
E/AndroidRuntime( 1322): at android.os.Handler.dispatchMessage(Handler.ja va:92)
E/AndroidRuntime( 1322): at android.os.Looper.loop(Looper.java:153)
E/AndroidRuntime( 1322): at android.os.HandlerThread.run(HandlerThread.ja va:60)
D/MediaPlayerFactory( 1078): getPlayerType(): using fd, check for DRM protected midi.
D/DrmMtkUtil/DrmUtil( 1078): checkDcf ----> fd [29]
V/DrmMtkUtil/DrmUtil( 1078): checkDcf: first 3 bytes [4f][67][67]
E/DrmMtkUtil/DrmUtil( 1078): checkDcf: not dcf type, dcf version value [79]
I/InputManager( 1322): Starting input manager
D/MtkOmxCore( 1078): +MTK_OMX_Init tick=1378027906413
D/MtkOmxCore( 1078): +ParseMtkCoreConfig
D/MtkOmxCore( 1078): ParseMtkCoreConfig: gCoreComponentCounts = 29
D/MtkOmxCore( 1078): -ParseMtkCoreConfig
D/MtkOmxCore( 1078): +++++ dump_core_comp_table +++++
D/MtkOmxCore( 1078): name(OMX.MTK.VIDEO.DECODER.H263), role(video_decoder.h263), path(libMtkOmxVdec.so)
D/MtkOmxCore( 1078): name(OMX.MTK.VIDEO.DECODER.MPEG4), role(video_decoder.mpeg4 ), path(libMtkOmxVdec.so)

D/MtkOmxCore( 1078): name(OMX.MTK.VIDEO.DECODER.AVC), role(video_decoder.avc), p ath(libMtkOmxVdec.so)
D/MtkOmxCore( 1078): name(OMX.MTK.VIDEO.DECODER.RV), role(video_decoder.rv), pat h(libMtkOmxVdec.so)
D/MtkOmxCore( 1078): name(OMX.MTK.VIDEO.DECODER.VC1), role(video_decoder.vc1), p ath(libMtkOmxVdec.so)
D/MtkOmxCore( 1078): name(OMX.MTK.VIDEO.DECODER.VPX), role(video_decoder.vpx), p ath(libMtkOmxVdec.so)
D/MtkOmxCore( 1078): name(OMX.MTK.VIDEO.DECODER.MPEG2), role(video_decoder.mpeg2 ), path(libMtkOmxVdec.so)
D/MtkOmxCore( 1078): name(OMX.MTK.VIDEO.DECODER.DIVX), role(video_decoder.divx), path(libMtkOmxVdec.so)
D/MtkOmxCore( 1078): name(OMX.MTK.VIDEO.DECODER.DIVX3), role(video_decoder.divx3 ), path(libMtkOmxVdec.so)
D/MtkOmxCore( 1078): name(OMX.MTK.VIDEO.DECODER.XVID), role(video_decoder.xvid), path(libMtkOmxVdec.so)
D/MtkOmxCore( 1078): name(OMX.MTK.AUDIO.DECODER.RA), role(audio_decoder.ra), pat h(libMtkOmxCookDec.so)
D/MtkOmxCore( 1078): name(OMX.MTK.AUDIO.DECODER.MP3), role(audio_decoder.mp3), p ath(libMtkOmxMp3Dec.so)
D/MtkOmxCore( 1078): name(OMX.MTK.AUDIO.DECODER.AAC), role(audio_decoder.aac), p ath(libMtkOmxAacDec.so)
D/MtkOmxCore( 1078): name(OMX.MTK.AUDIO.DECODER.G711), role(audio_decoder.g711), path(libMtkOmxG711Dec.so)
D/MtkOmxCore( 1078): name(OMX.MTK.AUDIO.DECODER.AMR.NB), role(audio_decoder.amrn b), path(libMtkOmxAMRNBDec.so)
D/MtkOmxCore( 1078): name(OMX.MTK.AUDIO.DECODER.AMR.WB), role(audio_decoder.amrw b), path(libMtkOmxAMRWBDec.so)
D/MtkOmxCore( 1078): name(OMX.MTK.AUDIO.DECODER.WMA), role(audio_decoder.wma), p ath(libMtkOmxWmaDec.so)
D/MtkOmxCore( 1078): name(OMX.MTK.AUDIO.ENCODER.AMR), role(audio_encoder.amrnb), path(libMtkOmxAmrEnc.so)
D/MtkOmxCore( 1078): name(OMX.MTK.AUDIO.ENCODER.AWB), role(audio_encoder.amrwb), path(libMtkOmxAwbEnc.so)
D/MtkOmxCore( 1078): name(OMX.MTK.AUDIO.ENCODER.AAC), role(audio_encoder.aac), p ath(libMtkOmxAacEnc.so)
D/MtkOmxCore( 1078): name(OMX.MTK.VIDEO.ENCODER.AVC), role(video_encoder.avc), p ath(libMtkOmxVenc.so)
D/MtkOmxCore( 1078): name(OMX.MTK.VIDEO.ENCODER.H263), role(video_encoder.h263), path(libMtkOmxVenc.so)
D/MtkOmxCore( 1078): name(OMX.MTK.VIDEO.ENCODER.MPEG4), role(video_encoder.mpeg4 ), path(libMtkOmxVenc.so)
D/MtkOmxCore( 1078): name(OMX.MTK.AUDIO.ENCODER.VORBIS), role(audio_encoder.vorb is), path(libMtkOmxVorbisEnc.so)
D/MtkOmxCore( 1078): name(OMX.MTK.AUDIO.DECODER.VORBIS), role(audio_decoder.vorb is), path(libMtkOmxVorbisDec.so)
D/MtkOmxCore( 1078): name(OMX.MTK.AUDIO.DECODER.APE), role(audio_decoder.ape), p ath(libMtkOmxApeDec.so)
D/MtkOmxCore( 1078): name(OMX.MTK.AUDIO.DECODER.FLAC), role(audio_decoder.flac), path(libMtkOmxFlacDec.so)
D/MtkOmxCore( 1078): name(OMX.MTK.AUDIO.DECODER.ADPCM), role(audio_decoder.adpcm ), path(libMtkOmxAdpcmDec.so)
D/MtkOmxCore( 1078): name(OMX.MTK.AUDIO.ENCODER.ADPCM), role(audio_encoder.adpcm ), path(libMtkOmxAdpcmEnc.so)
D/MtkOmxCore( 1078): ----- dump_core_comp_table ----D/MtkOmxCore( 1078): -MTK_OMX_Init tick=1378027906414
D/AwesomePlayer( 1078): @@[SF_PROPERTY]sf.video.jump.key.ms =-1
D/AwesomePlayer( 1078): @@[SF_PROPERTY]sf.video.force.display.cnt=0
D/AwesomePlayer( 1078): @@[SF_PROPERTY]sf.video.late.margin.ms = 250
I/AwesomePlayer( 1078): set flag for stopped

D/AwesomePlayer( 1078): reset_l
D/AwesomePlayer( 1078): reset_l
D/ ( 1078): fastsniff is .ogg
D/MediaExtractor( 1078): JB +MediaExtractor::Create
D/SettingsProvider( 1322): call request for 0
V/SettingsProvider( 1322): call(global:logcat_for_system_server_crash) for 0
D/SettingsProvider( 1322): lookupValue table global cache contains Key logcat_fo r_system_server_crash , value = null
D/SettingsProvider( 1322): lookupValue table global cache.fullyMatchesDisk() log cat_for_system_server_crash
V/Provider/Settings( 1322): from db cache, name = logcat_for_system_server_crash , value = null
W/AES ( 1322): Exception Log handling...
D/dalvikvm( 1322): threadid=29: interp stack at 0x5e510000
D/MediaExtractor( 1078): JB -MediaExtractor::Create
D/InputManager( 1322): current build is user build
E/Trace ( 1078): error opening trace file: No such file or directory (2)
V/Provider/Settings( 1322): get setting for user -2 by user 0 so skipping cache
V/SettingsProvider( 1322): access setting for user 0
D/dalvikvm( 1322): threadid=30: interp stack at 0x5e518000
D/SettingsProvider( 1322): call request for 0
V/SettingsProvider( 1322): call(system:pointer_speed) for 0
D/EventHub( 1322): No input device configuration file found for device 'mtk-kpd' .
D/SettingsProvider( 1322): lookupValue table system cache contains Key pointer_s peed , value = Bundle[{value=0}]
V/Provider/Settings( 1322): from db cache, name = pointer_speed , value = 0
I/Provider/Settings( 1322): call-query of user -2 by 0 so not updating cache
V/Provider/Settings( 1322): get setting for user -2 by user 0 so skipping cache
V/SettingsProvider( 1322): access setting for user 0
D/SettingsProvider( 1322): call request for 0
V/SettingsProvider( 1322): call(system:show_touches) for 0
D/SettingsProvider( 1322): lookupValue table system cache contains Key show_touc hes , value = null
D/SettingsProvider( 1322): lookupValue table system cache.fullyMatchesDisk() sho w_touches
V/Provider/Settings( 1322): from db cache, name = show_touches , value = null
I/Provider/Settings( 1322): call-query of user -2 by 0 so not updating cache
I/SystemServer( 1322): Bluetooth Service
D/BluetoothService( 1322): [API] BluetoothService
I/EventHub( 1322): New device: id=1, fd=104, path='/dev/input/event0', name='mtk -kpd', classes=0x21, configuration='', keyLayout='/system/usr/keylayout/mtk-kpd. kl', keyCharacterMap='/system/usr/keychars/Generic.kcm', builtinKeyboard=false, usingSuspendBlockIoctl=true, usingClockIoctl=true
I/BluetoothService.cpp( 1322): android_server_BluetoothService.cpp: initializeNa tiveDataNative
D/dalvikvm( 1322): create interp thread : stack size=32KB
D/EventHub( 1322): No input device configuration file found for device 'mtk-tpdkpd'.
D/dalvikvm( 1322): create new thread
D/AES ( 1322): ExceptionLog: notify aed
D/AES ( 1322): process : system_server
D/AES ( 1322): module :
D/AES ( 1322): cause : system_server_crash
D/AES ( 1322): pid : 1322
D/AEE/LIBAEE( 1322): shell: raise_exp(2, 1322, -1361051648, system_server, 0x0x5 e21fbf0, 0x0x0)
D/dalvikvm( 1322): new thread created
D/dalvikvm( 1322): threadid=31: interp stack at 0x5ef41000
D/dalvikvm( 1322): threadid=31: created from interp

D/dalvikvm( 1322): update thread list
D/dalvikvm( 1322): start new thread
D/dalvikvm( 1322): threadid=31: notify debugger
D/dalvikvm( 1322): threadid=31 (BluetoothService): calling run()
D/MtkOmxCore( 1078): Mtk_OMX_GetHandle (OMX.MTK.AUDIO.DECODER.VORBIS)
D/MtkOmxCore( 1078): comp_index(24), path(libMtkOmxVorbisDec.so)
D/MtkOmxAudioDecBase( 1078): MtkOmxAudioDecBase::MtkOmxAudioDecBase this= 0x4280 C008
D/MtkOmxVorbisDec( 1078): MtkOmxVorbisDec::MtkOmxVorbisDec this= 0x4280C008
D/MtkOmxVorbisDec( 1078): MtkOmxComponentCreate mCompHandle(0x4280C008)
D/MtkOmxAudioDecBase( 1078): ComponentInit (OMX.MTK.AUDIO.DECODER.VORBIS)
D/MtkOmxVorbisDec( 1078): MtkOmxVorbisDec::InitAudioParams(VORBIS)
D/MtkOmxAudioDecBase( 1078): 0x4280c008_Ctrl 0, total path is in ,out
D/AEE/LIBAEE( 1322): shell: connected with AED OK
D/AEE/AED ( 125): $===AEE===AEE===AEE===$
D/AEE/AED ( 125): p 0 poll events 1 revents 0
D/AEE/AED ( 125): not know revents:0
D/AEE/AED ( 125): p 1 poll events 1 revents 1
D/AEE/AED ( 125): aed_main_fork_worker: generator 0xa51150, worker 0xbe90da48, recv_fd 15
D/MtkOmxAudioDecBase( 1078): MtkOmxAudioCommandThread created pOmxAudioDec=0x428 0C008
D/MtkOmxAudioDecBase( 1078): fdmax = 32
D/MtkOmxAudioDecBase( 1078): MtkOmxAudioDecodeThread created pOmxAudioDec=0x4280 C008, tid=1390
D/MtkOmxCore( 1078): +++++ dump_inst_handle_pool +++++
D/MtkOmxCore( 1078): gCoreCompInstance[0].comp_module=0x400574B4, comp_handle=0x 4280C00C
D/MtkOmxCore( 1078): ----- dump_inst_handle_pool ----D/AEE/AED ( 125): p 2 poll events 1 revents 0
D/AEE/AED ( 125): not know revents:0
D/AEE/AED ( 125): p 3 poll events 1 revents 0
D/AEE/AED ( 125): not know revents:0
D/AEE/AED ( 125): p 4 poll events 1 revents 0
D/AEE/AED ( 125): not know revents:0
D/AEE/AED ( 1391): read success, handling msg (Ind, AE_IND_FATAL_RAISED)
W/AEE/AED ( 1391): DAL feature is off, just return
I/AEE/AED ( 1391): FATAL 'Java (JE)' raised
I/AEE/AED ( 1391): Dumping EXP/Java (JE)
I/AEE/AED ( 1391): db base:/data/aee_exp
D/AEE/AED ( 1391): aed_report_dump_open: Using /data/aee_exp/temp/db.GZ1391
I/AEE/AED ( 1391): $** *** *** *** *** *** *** *** Fatal *** *** *** *** *** *** *** **$
I/AEE/AED ( 1391): Build Info: 'ALPS.JB2.MP:X7 20130520-184014:MT6589:S01,iOCEAN /V9/V9:4.2.1/JOP40D/1372640270:user/release-keys'
I/AEE/AED ( 1391): Flavor Info: 'mt89_v9_iocean_ousheng_jb2'
I/AEE/AED ( 1391): Exception Log Time:[Sun Sep 1 15:31:46 YEKT 2013] [77.930000 ]
I/AEE/AED ( 1391):
V/AEE/AED ( 1391): Write: Req.AE_REQ_CLASS, seq:0
D/AEE/LIBAEE( 1322): shell: got the request (cmd:Req,AE_REQ_CLASS)
V/AEE/AED ( 1391): Read: Rsp.AE_REQ_CLASS, seq:0, 0, a
D/OMX ( 1078): OMX(0x4213DD60)::allocateNode &mDispatchers(0x4213DDA8) added pCbDisp(0x4290E978)
D/MtkOmxAudioDecBase( 1078): SetParameter index(0x01000017)
D/OMXCodec( 1078): !@@!>> create tid (1387) OMXCodec mOMXLivesLocally=1, mIsVide oDecoder(0), mIsVideoEncoder(0), mime(audio/vorbis)
D/MtkOmxAudioDecBase( 1078): GetParameter (0x02000001)
D/MtkOmxAudioDecBase( 1078): GetParameter (0x02000001)
D/MtkOmxAudioDecBase( 1078): GetParameter (0x04000002)

D/OMX ( 1078): @@ OMX::CbDisp(0x4290E978)::loop(1392)
D/MtkOmxAudioDecBase( 1078): GetParameter (0x7F000008)
I/OMXCodec( 1078): mSupportsPartialFrames 0 err 0
D/MtkOmxAudioDecBase( 1078): SendCommand cmd=OMX_CommandStateSet
D/MtkOmxAudioDecBase( 1078): set MTK_OMX_IDLE_PENDING
D/MtkOmxAudioDecBase( 1078): # Got general command (OMX_CommandStateSet)
D/MtkOmxAudioDecBase( 1078): Request [OMX_StateLoaded]-> [OMX_StateIdle]
D/MtkOmxAudioDecBase( 1078): wait on mInPortAllocDoneSem(0), mOutPortAllocDoneSe m(0)!!
D/MtkOmxAudioDecBase( 1078): GetParameter (0x02000001)
D/OMXCodec( 1078): @@ [IN] def.nBufferSize = 32768
D/OMXCodec( 1078): allocating 5 buffers of size 32768 on input port
D/OMXCodec( 1078): @@ Input totalSize = 166400
D/MtkOmxAudioDecBase( 1078): UseBuffer port_idx(0x0), idx[0], pBuffHead(0x4280CB E0), pBuffer(0x42D54000)
D/OMXCodec( 1078): @@ Input[0], info.mData(0x42D54000)
D/MtkOmxAudioDecBase( 1078): UseBuffer port_idx(0x0), idx[1], pBuffHead(0x4280CD 70), pBuffer(0x42D5C000)
D/OMXCodec( 1078): @@ Input[1], info.mData(0x42D5C000)
D/MtkOmxAudioDecBase( 1078): UseBuffer port_idx(0x0), idx[2], pBuffHead(0x4290F9 A8), pBuffer(0x42D64000)
D/OMXCodec( 1078): @@ Input[2], info.mData(0x42D64000)
D/MtkOmxAudioDecBase( 1078): UseBuffer port_idx(0x0), idx[3], pBuffHead(0x4290FA 88), pBuffer(0x42D6C000)
D/OMXCodec( 1078): @@ Input[3], info.mData(0x42D6C000)
D/MtkOmxAudioDecBase( 1078): UseBuffer port_idx(0x0), idx[4], pBuffHead(0x429106 78), pBuffer(0x42D74000)
D/MtkOmxAudioDecBase( 1078): signal mInPortAllocDoneSem (0)
D/MtkOmxAudioDecBase( 1078): input port populated
D/OMXCodec( 1078): @@ Input[4], info.mData(0x42D74000)
D/MtkOmxAudioDecBase( 1078): GetParameter (0x02000001)
E/OMXCodec( 1078): @@ [OUT] def.nBufferSize = 32768
E/OMXCodec( 1078): @@ [OUT] totalSize = 131584
D/OMXCodec( 1078): OMXCodec::allocateBuffersOnOutputPort:totalSize=131584
D/MtkOmxAudioDecBase( 1078): UseBuffer port_idx(0x1), idx[0], pBuffHead(0x429109 28), pBuffer(0x42D7D000)
D/OMXCodec( 1078): @@ Output[0] info.mData(0x42D7D000)
D/MtkOmxAudioDecBase( 1078): UseBuffer port_idx(0x1), idx[1], pBuffHead(0x42910A F0), pBuffer(0x42D85000)
D/OMXCodec( 1078): @@ Output[1] info.mData(0x42D85000)
D/MtkOmxAudioDecBase( 1078): UseBuffer port_idx(0x1), idx[2], pBuffHead(0x42910C 40), pBuffer(0x42D8D000)
D/OMXCodec( 1078): @@ Output[2] info.mData(0x42D8D000)
D/MtkOmxAudioDecBase( 1078): UseBuffer port_idx(0x1), idx[3], pBuffHead(0x42910D 90), pBuffer(0x42D95000)
D/MtkOmxAudioDecBase( 1078): signal mOutPortAllocDoneSem (0)
D/MtkOmxAudioDecBase( 1078): output port populated
D/OMXCodec( 1078): @@ Output[3] info.mData(0x42D95000)
D/MtkOmxAudioDecBase( 1078): SendCommand cmd=OMX_CommandStateSet
D/MtkOmxAudioDecBase( 1078): # Got general command (OMX_CommandStateSet)
D/MtkOmxAudioDecBase( 1078): Request [OMX_StateIdle]-> [OMX_StateExecuting]
D/MtkOmxAudioDecBase( 1078): state changes to OMX_StateExecuting
D/AudioCache( 1078): notify(0x4213dc98, 5, 0, 0)
D/AudioCache( 1078): notify(0x4213dc98, 1, 0, 0)
D/AwesomePlayer( 1078): @@[SF_PROPERTY]sched_setscheduler ok..., priority:95
I/AwesomePlayer( 1078): play
I/AwesomePlayer( 1078): play_l:mFlags=0x10
I/AwesomePlayer( 1078): play_l:startAudioPlayer_l
I/EventHub( 1322): New device: id=2, fd=105, path='/dev/input/event4', name='mtk -tpd-kpd', classes=0x1, configuration='', keyLayout='/system/usr/keylayout/Gener

ic.kl', keyCharacterMap='/system/usr/keychars/Generic.kcm', builtinKeyboard=fals e, usingSuspendBlockIoctl=true, usingClockIoctl=true
E/EventHub( 1322): could not get driver version for /dev/input/mouse0, Not a typ ewriter
D/MtkOmxVorbisDec( 1078): DecodeAudio OMX_BUFFERFLAG_CODECCONFIG HEADERTYPE = 1
D/MtkOmxVorbisDec( 1078): Vorbis SWIP : nCh : 1, nSample : 44100, ret: 0
D/MtkOmxVorbisDec( 1078): out put pcm mode:channel count:1,sample rate:44100
D/MtkOmxVorbisDec( 1078): DecodeAudio OMX_BUFFERFLAG_CODECCONFIG HEADERTYPE = 5
D/MtkOmxVorbisDec( 1078): Vorbis SWIP get pcm output may fail!
D/BootAnimation( 502): [BootAnimation checkExit 714]exitnow=0
D/BootAnimation( 502): [BootAnimation movie 854]i=1,r=1427,j=0,lastFrame=779459 26546(77945 ms),file=ligo_00102.png
D/BootAnimation( 502): [BootAnimation movie 857]glBindTexture,i=1,r=1427,j=0,fr ame.tid=100271,name=ligo_00102.png
D/BootAnimation( 502): [BootAnimation movie 874]clearReg.isEmpty,i=1,r=1427,j=0 ,frame.tid=100271
D/AudioCache( 1078): open(44100, 1, 0x0, 1, 16)
D/BootAnimation( 502): [BootAnimation movie 892]1,delay=40
I/AwesomePlayer( 1078): AudioPlayer mLatencyUs 0
D/MtkOmxVorbisDec( 1078): discarding 812 frames at end of page
D/MtkOmxVorbisDec( 1078): Vorbis EOS received, TS=0
D/MtkOmxVorbisDec( 1078): FlushAudioDecoder(Vorbis)
D/OMXCodec( 1078): OMXCodec::on_message EOS received!!!!
E/OMXCodec( 1078): [OMX.MTK.AUDIO.DECODER.VORBIS] No more output data in fillOut putBuffer, mFilledBuffers size=2
E/OMXCodec( 1078): [OMX.MTK.AUDIO.DECODER.VORBIS] No more output data in fillOut putBuffer, mFilledBuffers size=1
E/OMXCodec( 1078): [OMX.MTK.AUDIO.DECODER.VORBIS] No more output data in fillOut putBuffer, mFilledBuffers size=0
E/OMXCodec( 1078): [OMX.MTK.AUDIO.DECODER.VORBIS] read() final return
D/AudioPlayer( 1078): postEOSDelayUs =193 ms
I/AwesomePlayer( 1078): AudioCache needn't delay post EOS!!!
D/AwesomePlayer( 1078): onStreamDone:mStreamDoneStatus =-1011,video EOS=0,audio EOS=256
D/AudioCache( 1078): notify(0x4213dc98, 2, 0, 0)
D/AwesomePlayer( 1078): pause_l :at_eos=1
D/MediaPlayerService( 1078): return memory @ 0x42702000, sampleRate=44100, chann elCount = 1, format = 1
I/AwesomePlayer( 1078): stop extractor in reset
D/dalvikvm( 1322): create interp thread : stack size=32KB
D/dalvikvm( 1322): create new thread
D/AwesomePlayer( 1078): reset_l
D/MtkOmxAudioDecBase( 1078): SendCommand cmd=OMX_CommandStateSet
D/MtkOmxAudioDecBase( 1078): set MTK_OMX_IDLE_PENDING
D/dalvikvm( 1322): threadid=32: interp stack at 0x5f049000
D/dalvikvm( 1322): threadid=32: created from interp
D/dalvikvm( 1322): new thread created
D/dalvikvm( 1322): update thread list
D/dalvikvm( 1322): start new thread
D/dalvikvm( 1322): threadid=32: notify debugger
D/dalvikvm( 1322): threadid=32 (BluetoothProfileState:2): calling run()
D/MtkOmxAudioDecBase( 1078): # Got general command (OMX_CommandStateSet)
D/MtkOmxAudioDecBase( 1078): Request [OMX_StateExecuting]-> [OMX_StateIdle]
D/MtkOmxAudioDecBase( 1078): FlushInputPort -> mNumPendingInput(0)
D/MtkOmxAudioDecBase( 1078): -FlushInputPort
D/MtkOmxAudioDecBase( 1078): FlushOutputPort -> mNumPendingOutput(0)
D/MtkOmxVorbisDec( 1078): FlushAudioDecoder(Vorbis)
D/MtkOmxAudioDecBase( 1078): -FlushOutputPort -> mNumPendingOutput(0)
D/MtkOmxVorbisDec( 1078): DeinitAudioDecoder(Vorbis)
D/MtkOmxAudioDecBase( 1078): SendCommand cmd=OMX_CommandStateSet

D/MtkOmxAudioDecBase( 1078): set MTK_OMX_LOADED_PENDING
D/MtkOmxAudioDecBase( 1078): # Got general command (OMX_CommandStateSet)
D/MtkOmxAudioDecBase( 1078): Request [OMX_StateIdle]-> [OMX_StateLoaded]
D/MtkOmxAudioDecBase( 1078): wait on mInPortFreeDoneSem(0), mOutPortFreeDoneSem( 0)
D/MtkOmxAudioDecBase( 1078): FreeBuffer input (0x42910678)
D/MtkOmxAudioDecBase( 1078): FreeBuffer input (0x4290FA88)
D/MtkOmxAudioDecBase( 1078): FreeBuffer input (0x4290F9A8)
D/MtkOmxAudioDecBase( 1078): FreeBuffer input (0x4280CD70)
D/MtkOmxAudioDecBase( 1078): FreeBuffer input (0x4280CBE0)
D/MtkOmxAudioDecBase( 1078): FreeBuffer all input buffers have been freed!!! sig nal mInPortFreeDoneSem(0)
D/MtkOmxAudioDecBase( 1078): FreeBuffer output (0x42910D90)
D/MtkOmxAudioDecBase( 1078): FreeBuffer output (0x42910C40)
D/MtkOmxAudioDecBase( 1078): FreeBuffer output (0x42910AF0)
D/MtkOmxAudioDecBase( 1078): FreeBuffer output (0x42910928)
D/MtkOmxAudioDecBase( 1078): FreeBuffer all output buffers have been freed!!! si gnal mOutPortFreeDoneSem(0)
D/MtkOmxAudioDecBase( 1078): GetState (mState=OMX_StateLoaded)
D/MtkOmxCore( 1078): Mtk_OMX_FreeHandle
D/MtkOmxAudioDecBase( 1078): +ComponentDeInit
D/MtkOmxAudioDecBase( 1078): MtkOmxAudioDecodeThread terminated pOmxAudioDec=0x4 280C008
D/MtkOmxAudioDecBase( 1078): MtkOmxAudioCommandThread terminated
D/MtkOmxAudioDecBase( 1078): -ComponentDeInit
D/MtkOmxVorbisDec( 1078): ~MtkOmxVorbisDec this= 0x4280C008
D/MtkOmxAudioDecBase( 1078): ~MtkOmxAudioDecBase this= 0x4280C008
D/MtkOmxCore( 1078): free_inst_handle dlclose(0x400574B4), free(0x4280C00C)
D/OMX ( 1078): @@ OMX::CbDisp(0x4290E978)::loop(1392) terminated
D/OMX ( 1078): @@ OMX::CbDisp::CbDisp(0x4290E978), tid(1078), WOULD_BLOCK(0)
D/OMXCodec( 1078): !@@!>> destroy tid (1078)
I/AwesomePlayer( 1078): set flag for stopped
D/AwesomePlayer( 1078): reset_l
I/AwesomePlayer( 1078): set flag for stopped
D/AwesomePlayer( 1078): reset_l
D/MediaPlayerService( 1078): decode(29, 0, 7061)
D/Sonivox ( 1078): EAS_HWOpenFile ----> use file descriptor [31]
D/DrmMtkUtil/DrmUtil( 1078): checkDcf ----> fd [31]
V/DrmMtkUtil/DrmUtil( 1078): checkDcf: first 3 bytes [4f][67][67]
E/DrmMtkUtil/DrmUtil( 1078): checkDcf: not dcf type, dcf version value [79]
D/DrmMtkUtil( 1078): isDcf: result [-1]
D/Sonivox ( 1078): EAS_HWOpenFile ----> checked, not a DRM file.
D/MediaPlayerFactory( 1078): getPlayerType(): using fd, check for DRM protected midi.
D/DrmMtkUtil/DrmUtil( 1078): checkDcf ----> fd [29]
V/DrmMtkUtil/DrmUtil( 1078): checkDcf: first 3 bytes [4f][67][67]
E/DrmMtkUtil/DrmUtil( 1078): checkDcf: not dcf type, dcf version value [79]
D/AwesomePlayer( 1078): @@[SF_PROPERTY]sf.video.jump.key.ms =-1
D/AwesomePlayer( 1078): @@[SF_PROPERTY]sf.video.force.display.cnt=0
D/AwesomePlayer( 1078): @@[SF_PROPERTY]sf.video.late.margin.ms = 250
I/AwesomePlayer( 1078): set flag for stopped
D/AwesomePlayer( 1078): reset_l
D/AwesomePlayer( 1078): reset_l
D/ ( 1078): fastsniff is .ogg
D/MediaExtractor( 1078): JB +MediaExtractor::Create
I/BluetoothProfileState( 1322): Message:Entering Stable State
D/dalvikvm( 1322): create interp thread : stack size=32KB
D/dalvikvm( 1322): create new thread
D/dalvikvm( 1322): new thread created
D/dalvikvm( 1322): update thread list

D/dalvikvm( 1322): threadid=33: interp stack at 0x5f251000
D/dalvikvm( 1322): threadid=33: created from interp
D/dalvikvm( 1322): start new thread
D/dalvikvm( 1322): threadid=33: notify debugger
D/dalvikvm( 1322): threadid=33 (BluetoothProfileState:1): calling run()
D/MediaExtractor( 1078): JB -MediaExtractor::Create
D/MtkOmxCore( 1078): Mtk_OMX_GetHandle (OMX.MTK.AUDIO.DECODER.VORBIS)
D/MtkOmxCore( 1078): comp_index(24), path(libMtkOmxVorbisDec.so)
D/MtkOmxAudioDecBase( 1078): MtkOmxAudioDecBase::MtkOmxAudioDecBase this= 0x426F E4A8
D/MtkOmxVorbisDec( 1078): MtkOmxVorbisDec::MtkOmxVorbisDec this= 0x426FE4A8
D/MtkOmxVorbisDec( 1078): MtkOmxComponentCreate mCompHandle(0x426FE4A8)
D/MtkOmxAudioDecBase( 1078): ComponentInit (OMX.MTK.AUDIO.DECODER.VORBIS)
D/MtkOmxVorbisDec( 1078): MtkOmxVorbisDec::InitAudioParams(VORBIS)
D/MtkOmxAudioDecBase( 1078): 0x426fe4a8_Ctrl 0, total path is in ,out
D/MtkOmxCore( 1078): +++++ dump_inst_handle_pool +++++
D/MtkOmxCore( 1078): gCoreCompInstance[0].comp_module=0x400574B4, comp_handle=0x 426FE4AC
D/MtkOmxCore( 1078): ----- dump_inst_handle_pool ----D/MtkOmxAudioDecBase( 1078): MtkOmxAudioCommandThread created pOmxAudioDec=0x426 FE4A8
D/MtkOmxAudioDecBase( 1078): MtkOmxAudioDecodeThread created pOmxAudioDec=0x426F E4A8, tid=1400
D/MtkOmxAudioDecBase( 1078): fdmax = 33
D/OMX ( 1078): OMX(0x4213DD60)::allocateNode &mDispatchers(0x4213DDA8) added pCbDisp(0x426FEE00)
D/MtkOmxAudioDecBase( 1078): SetParameter index(0x01000017)
D/OMXCodec( 1078): !@@!>> create tid (1398) OMXCodec mOMXLivesLocally=1, mIsVide oDecoder(0), mIsVideoEncoder(0), mime(audio/vorbis)
D/MtkOmxAudioDecBase( 1078): GetParameter (0x02000001)
D/OMX ( 1078): @@ OMX::CbDisp(0x426FEE00)::loop(1401)
D/MtkOmxAudioDecBase( 1078): GetParameter (0x02000001)
D/MtkOmxAudioDecBase( 1078): GetParameter (0x04000002)
D/MtkOmxAudioDecBase( 1078): GetParameter (0x7F000008)
I/OMXCodec( 1078): mSupportsPartialFrames 0 err 0
D/MtkOmxAudioDecBase( 1078): SendCommand cmd=OMX_CommandStateSet
D/MtkOmxAudioDecBase( 1078): set MTK_OMX_IDLE_PENDING
D/MtkOmxAudioDecBase( 1078): GetParameter (0x02000001)
D/OMXCodec( 1078): @@ [IN] def.nBufferSize = 32768
D/MtkOmxAudioDecBase( 1078): # Got general command (OMX_CommandStateSet)
D/OMXCodec( 1078): allocating 5 buffers of size 32768 on input port
D/MtkOmxAudioDecBase( 1078): Request [OMX_StateLoaded]-> [OMX_StateIdle]
D/OMXCodec( 1078): @@ Input totalSize = 166400
D/MtkOmxAudioDecBase( 1078): wait on mInPortAllocDoneSem(0), mOutPortAllocDoneSe m(0)!!
D/MtkOmxAudioDecBase( 1078): UseBuffer port_idx(0x0), idx[0], pBuffHead(0x427003 40), pBuffer(0x42F54000)
D/OMXCodec( 1078): @@ Input[0], info.mData(0x42F54000)
D/MtkOmxAudioDecBase( 1078): UseBuffer port_idx(0x0), idx[1], pBuffHead(0x427004 98), pBuffer(0x42F5C000)
D/OMXCodec( 1078): @@ Input[1], info.mData(0x42F5C000)
D/MtkOmxAudioDecBase( 1078): UseBuffer port_idx(0x0), idx[2], pBuffHead(0x427005 78), pBuffer(0x42F64000)
D/OMXCodec( 1078): @@ Input[2], info.mData(0x42F64000)
D/MtkOmxAudioDecBase( 1078): UseBuffer port_idx(0x0), idx[3], pBuffHead(0x427006 58), pBuffer(0x42F6C000)
D/OMXCodec( 1078): @@ Input[3], info.mData(0x42F6C000)
D/MtkOmxAudioDecBase( 1078): UseBuffer port_idx(0x0), idx[4], pBuffHead(0x427007 38), pBuffer(0x42F74000)
D/MtkOmxAudioDecBase( 1078): signal mInPortAllocDoneSem (1)

D/MtkOmxAudioDecBase( 1078): input port populated
D/OMXCodec( 1078): @@ Input[4], info.mData(0x42F74000)
D/MtkOmxAudioDecBase( 1078): GetParameter (0x02000001)
E/OMXCodec( 1078): @@ [OUT] def.nBufferSize = 32768
E/OMXCodec( 1078): @@ [OUT] totalSize = 131584
D/OMXCodec( 1078): OMXCodec::allocateBuffersOnOutputPort:totalSize=131584
D/MtkOmxAudioDecBase( 1078): UseBuffer port_idx(0x1), idx[0], pBuffHead(0x427009 78), pBuffer(0x42F7D000)
D/OMXCodec( 1078): @@ Output[0] info.mData(0x42F7D000)
D/MtkOmxAudioDecBase( 1078): UseBuffer port_idx(0x1), idx[1], pBuffHead(0x42700A C8), pBuffer(0x42F85000)
D/OMXCodec( 1078): @@ Output[1] info.mData(0x42F85000)
D/MtkOmxAudioDecBase( 1078): UseBuffer port_idx(0x1), idx[2], pBuffHead(0x42700C 18), pBuffer(0x42F8D000)
D/OMXCodec( 1078): @@ Output[2] info.mData(0x42F8D000)
D/MtkOmxAudioDecBase( 1078): UseBuffer port_idx(0x1), idx[3], pBuffHead(0x42700D 68), pBuffer(0x42F95000)
D/MtkOmxAudioDecBase( 1078): signal mOutPortAllocDoneSem (1)
D/MtkOmxAudioDecBase( 1078): output port populated
D/OMXCodec( 1078): @@ Output[3] info.mData(0x42F95000)
D/MtkOmxAudioDecBase( 1078): SendCommand cmd=OMX_CommandStateSet
D/MtkOmxAudioDecBase( 1078): # Got general command (OMX_CommandStateSet)
D/MtkOmxAudioDecBase( 1078): Request [OMX_StateIdle]-> [OMX_StateExecuting]
D/MtkOmxAudioDecBase( 1078): state changes to OMX_StateExecuting
D/AudioCache( 1078): notify(0x42910bd8, 5, 0, 0)
D/AudioCache( 1078): notify(0x42910bd8, 1, 0, 0)
I/AwesomePlayer( 1078): play
D/AwesomePlayer( 1078): @@[SF_PROPERTY]sched_setscheduler ok..., priority:95
I/AwesomePlayer( 1078): play_l:mFlags=0x10
I/AwesomePlayer( 1078): play_l:startAudioPlayer_l
D/MtkOmxVorbisDec( 1078): DecodeAudio OMX_BUFFERFLAG_CODECCONFIG HEADERTYPE = 1
D/MtkOmxVorbisDec( 1078): Vorbis SWIP : nCh : 1, nSample : 44100, ret: 0
D/MtkOmxVorbisDec( 1078): out put pcm mode:channel count:1,sample rate:44100
D/MtkOmxVorbisDec( 1078): DecodeAudio OMX_BUFFERFLAG_CODECCONFIG HEADERTYPE = 5
D/MtkOmxVorbisDec( 1078): Vorbis SWIP get pcm output may fail!
D/AudioCache( 1078): open(44100, 1, 0x0, 1, 16)
I/AwesomePlayer( 1078): AudioPlayer mLatencyUs 0
D/dalvikvm( 1322): create interp thread : stack size=32KB
D/dalvikvm( 1322): create new thread
D/dalvikvm( 1322): new thread created
D/dalvikvm( 1322): threadid=34: interp stack at 0x5f359000
D/dalvikvm( 1322): threadid=34: created from interp
D/dalvikvm( 1322): update thread list
D/dalvikvm( 1322): start new thread
D/dalvikvm( 1322): threadid=34: notify debugger
D/dalvikvm( 1322): threadid=34 (BluetoothProfileState:0): calling run()
D/MtkOmxVorbisDec( 1078): discarding 830 frames at end of page
D/MtkOmxVorbisDec( 1078): Vorbis EOS received, TS=0
D/MtkOmxVorbisDec( 1078): FlushAudioDecoder(Vorbis)
D/OMXCodec( 1078): OMXCodec::on_message EOS received!!!!
E/OMXCodec( 1078): [OMX.MTK.AUDIO.DECODER.VORBIS] No more output data in fillOut putBuffer, mFilledBuffers size=0
E/OMXCodec( 1078): [OMX.MTK.AUDIO.DECODER.VORBIS] read() final return
D/AudioPlayer( 1078): postEOSDelayUs =189 ms
I/AwesomePlayer( 1078): AudioCache needn't delay post EOS!!!
D/AwesomePlayer( 1078): onStreamDone:mStreamDoneStatus =-1011,video EOS=0,audio EOS=256
D/AudioCache( 1078): notify(0x42910bd8, 2, 0, 0)
D/AwesomePlayer( 1078): pause_l :at_eos=1
D/MediaPlayerService( 1078): return memory @ 0x42954000, sampleRate=44100, chann

elCount = 1, format = 1
I/AwesomePlayer( 1078): stop extractor in reset
D/AwesomePlayer( 1078): reset_l
D/MtkOmxAudioDecBase( 1078): SendCommand cmd=OMX_CommandStateSet
D/MtkOmxAudioDecBase( 1078): set MTK_OMX_IDLE_PENDING
D/MtkOmxAudioDecBase( 1078): # Got general command (OMX_CommandStateSet)
D/MtkOmxAudioDecBase( 1078): Request [OMX_StateExecuting]-> [OMX_StateIdle]
D/MtkOmxAudioDecBase( 1078): FlushInputPort -> mNumPendingInput(0)
D/MtkOmxAudioDecBase( 1078): -FlushInputPort
D/MtkOmxAudioDecBase( 1078): mFillThisBufQ[0]=1
D/MtkOmxAudioDecBase( 1078): pBuffHead(0x42700AC8)
D/MtkOmxAudioDecBase( 1078): mFillThisBufQ[1]=2
D/MtkOmxAudioDecBase( 1078): pBuffHead(0x42700C18)
D/MtkOmxAudioDecBase( 1078): FlushOutputPort -> mNumPendingOutput(0)
D/MtkOmxVorbisDec( 1078): FlushAudioDecoder(Vorbis)
D/MtkOmxAudioDecBase( 1078): -FlushOutputPort -> mNumPendingOutput(0)
D/MtkOmxVorbisDec( 1078): DeinitAudioDecoder(Vorbis)
D/MtkOmxAudioDecBase( 1078): SendCommand cmd=OMX_CommandStateSet
D/MtkOmxAudioDecBase( 1078): set MTK_OMX_LOADED_PENDING
D/MtkOmxAudioDecBase( 1078): # Got general command (OMX_CommandStateSet)
D/MtkOmxAudioDecBase( 1078): Request [OMX_StateIdle]-> [OMX_StateLoaded]
D/MtkOmxAudioDecBase( 1078): wait on mInPortFreeDoneSem(0), mOutPortFreeDoneSem( 0)
D/MtkOmxAudioDecBase( 1078): FreeBuffer input (0x42700738)
D/MtkOmxAudioDecBase( 1078): FreeBuffer input (0x42700658)
D/MtkOmxAudioDecBase( 1078): FreeBuffer input (0x42700578)
D/MtkOmxAudioDecBase( 1078): FreeBuffer input (0x42700498)
D/MtkOmxAudioDecBase( 1078): FreeBuffer input (0x42700340)
D/MtkOmxAudioDecBase( 1078): FreeBuffer all input buffers have been freed!!! sig nal mInPortFreeDoneSem(0)
D/MtkOmxAudioDecBase( 1078): FreeBuffer output (0x42700D68)
D/MtkOmxAudioDecBase( 1078): FreeBuffer output (0x42700C18)
D/MtkOmxAudioDecBase( 1078): FreeBuffer output (0x42700AC8)
D/MtkOmxAudioDecBase( 1078): FreeBuffer output (0x42700978)
D/MtkOmxAudioDecBase( 1078): FreeBuffer all output buffers have been freed!!! si gnal mOutPortFreeDoneSem(0)
D/MtkOmxAudioDecBase( 1078): GetState (mState=OMX_StateLoaded)
D/MtkOmxCore( 1078): Mtk_OMX_FreeHandle
D/MtkOmxAudioDecBase( 1078): +ComponentDeInit
D/MtkOmxAudioDecBase( 1078): MtkOmxAudioDecodeThread terminated pOmxAudioDec=0x4 26FE4A8
D/MtkOmxAudioDecBase( 1078): MtkOmxAudioCommandThread terminated
D/MtkOmxAudioDecBase( 1078): -ComponentDeInit
D/MtkOmxVorbisDec( 1078): ~MtkOmxVorbisDec this= 0x426FE4A8
D/MtkOmxAudioDecBase( 1078): ~MtkOmxAudioDecBase this= 0x426FE4A8
D/MtkOmxCore( 1078): free_inst_handle dlclose(0x400574B4), free(0x426FE4AC)
D/OMX ( 1078): @@ OMX::CbDisp(0x426FEE00)::loop(1401) terminated
D/OMX ( 1078): @@ OMX::CbDisp::CbDisp(0x426FEE00), tid(1309), WOULD_BLOCK(0)
D/OMXCodec( 1078): !@@!>> destroy tid (1309)
I/AwesomePlayer( 1078): set flag for stopped
D/AwesomePlayer( 1078): reset_l
I/AwesomePlayer( 1078): set flag for stopped
D/AwesomePlayer( 1078): reset_l
D/BootAnimation( 502): [BootAnimation checkExit 714]exitnow=0
D/BootAnimation( 502): [BootAnimation movie 854]i=1,r=1428,j=0,lastFrame=779878 52930(77987 ms),file=ligo_00102.png
D/BootAnimation( 502): [BootAnimation movie 857]glBindTexture,i=1,r=1428,j=0,fr ame.tid=100271,name=ligo_00102.png
D/BootAnimation( 502): [BootAnimation movie 874]clearReg.isEmpty,i=1,r=1428,j=0 ,frame.tid=100271

I/BluetoothProfileState( 1322): Message:Entering Stable State
D/BluetoothService( 1322): [API] registerForAirplaneMode()
D/SettingsProvider( 1322): call request for 0
V/SettingsProvider( 1322): call(global:airplane_mode_radios) for 0
D/SettingsProvider( 1322): lookupValue table global cache contains Key airplane_ mode_radios , value = Bundle[{value=cell,bluetooth,wifi,nfc,wimax}]
V/Provider/Settings( 1322): from db cache, name = airplane_mode_radios , value = cell,bluetooth,wifi,nfc,wimax
D/SettingsProvider( 1322): call request for 0
V/SettingsProvider( 1322): call(global:airplane_mode_toggleable_radios) for 0
D/SettingsProvider( 1322): lookupValue table global cache contains Key airplane_ mode_toggleable_radios , value = Bundle[{value=bluetooth,wifi,nfc}]
V/Provider/Settings( 1322): from db cache, name = airplane_mode_toggleable_radio s , value = bluetooth,wifi,nfc
D/BluetoothService( 1322): [API] registerForAirplaneMode(): mIsAirplaneSensitive =true, mIsAirplaneToggleable=true
I/BluetoothProfileState( 1322): Message:Entering Stable State
D/dalvikvm( 1322): create interp thread : stack size=32KB
D/dalvikvm( 1322): create new thread
D/dalvikvm( 1322): threadid=35: interp stack at 0x5f561000
D/dalvikvm( 1322): threadid=35: created from interp
D/dalvikvm( 1322): new thread created
D/dalvikvm( 1322): update thread list
D/dalvikvm( 1322): start new thread
D/dalvikvm( 1322): threadid=35: notify debugger
D/dalvikvm( 1322): threadid=35 (BluetoothAdapterStateMachine): calling run()
D/BootAnimation( 502): [BootAnimation movie 892]5,delay=36
I/BluetoothEventLoop.cpp( 1322): android_server_BluetoothEventLoop.cpp: initiali zeNativeDataNative
I/BluetoothEventLoop.cpp( 1322): [GAP] btmtk_host_cache_init
I/BluetoothEventLoop.cpp( 1322): [GAP] btmtk_paired_dev_cache_init
I/BluetoothA2dpService.cpp( 1322): [A2DP][JNI] initNative
V/BluetoothInputDevice( 1322): Bind to Bluetooth HID Service
W/ApplicationContext( 1322): Calling a method in the system process without a qu alified user: android.app.ContextImpl.bindService:1478 android.bluetooth.Bluetoo thInputDevice.<init>:259 android.bluetooth.BluetoothAdapter.getProfileProxy:1222
D/BluetoothAdapterStateMachine( 1322): Enter PowerOff: -2
D/BTSocketService( 1322): [JSR82][Service] Initialization Constructor
I/BluetoothSocketService.cpp( 1322): [JSR82][JNI] initNative +++
E/BluetoothSocketService.cpp( 1322): [JSR82] Clear context : index=0, 0, ctx.fd=0
E/BluetoothSocketService.cpp( 1322): [JSR82] Clear context : index=1, 0, ctx.fd=0
E/BluetoothSocketService.cpp( 1322): [JSR82] Clear context : index=2, 0, ctx.fd=0
E/BluetoothSocketService.cpp( 1322): [JSR82] Clear context : index=3, 0, ctx.fd=0
E/BluetoothSocketService.cpp( 1322): [JSR82] Clear context : index=4, 0, ctx.fd=0
E/BluetoothSocketService.cpp( 1322): [JSR82] Clear context : index=5, 0, ctx.fd=0
E/BluetoothSocketService.cpp( 1322): [JSR82] Clear context : index=6, 0, ctx.fd=0
E/BluetoothSocketService.cpp( 1322): [JSR82] Clear context : index=7, 0, ctx.fd=0
E/BluetoothSocketService.cpp( 1322): [JSR82] Clear context : index=8, 0, ctx.fd=0
E/BluetoothSocketService.cpp( 1322): [JSR82] Clear context : index=9, 0, ctx.fd=0 +++ ctx.index= ctx.index= ctx.index= ctx.index= ctx.index= ctx.index= ctx.index= ctx.index= ctx.index= ctx.index=

E/BluetoothSocketService.cpp( 1322): [JSR82] Clear context : index=10, ctx.index =0, ctx.fd=0
E/BluetoothSocketService.cpp( 1322): [JSR82] Clear context : index=11, ctx.index =0, ctx.fd=0
E/BluetoothSocketService.cpp( 1322): [JSR82] Clear context : index=12, ctx.index =0, ctx.fd=0
E/BluetoothSocketService.cpp( 1322): [JSR82] Clear context : index=13, ctx.index =0, ctx.fd=0
E/BluetoothSocketService.cpp( 1322): [JSR82] Clear context : index=14, ctx.index =0, ctx.fd=0
E/BluetoothSocketService.cpp( 1322): [JSR82] Clear context : index=15, ctx.index =0, ctx.fd=0
E/BluetoothSocketService.cpp( 1322): [JSR82] Clear context : index=16, ctx.index =0, ctx.fd=0
E/BluetoothSocketService.cpp( 1322): [JSR82] Clear context : index=17, ctx.index =0, ctx.fd=0
E/BluetoothSocketService.cpp( 1322): [JSR82] Clear context : index=18, ctx.index =0, ctx.fd=0
E/BluetoothSocketService.cpp( 1322): [JSR82] Clear context : index=19, ctx.index =0, ctx.fd=0
I/BluetoothSocketService.cpp( 1322): [JSR82][JNI] initNative --D/BTSocketService( 1322): [JSR82][Service] Initialization Constructor --D/SettingsProvider( 1322): call request for 0
V/SettingsProvider( 1322): call(global:bluetooth_on) for 0
D/SettingsProvider( 1322): lookupValue table global cache contains Key bluetooth _on , value = Bundle[{value=0}]
V/Provider/Settings( 1322): from db cache, name = bluetooth_on , value = 0
I/SystemServer( 1322): Input Method Service
D/EventHub( 1322): No input device configuration file found for device 'mtk-tpd' .
E/filemap ( 1322): mmap(0,4096) failed: No such device
I/EventHub( 1322): New device: id=3, fd=126, path='/dev/input/event3', name='mtk -tpd', classes=0x15, configuration='', keyLayout='/system/usr/keylayout/Generic. kl', keyCharacterMap='/system/usr/keychars/Generic.kcm', builtinKeyboard=false, usingSuspendBlockIoctl=true, usingClockIoctl=true
D/EventHub( 1322): No input device configuration file found for device 'hwmdata' .
D/BootAnimation( 502): [BootAnimation checkExit 714]exitnow=0
