D/SettingsProvider( 664): lookupValue table global cache.fullyMatchesDisk() ani mator_duration_scale
V/Provider/Settings( 664): from db cache, name = animator_duration_scale , valu e = null
I/dalvikvm( 664): DexOpt: illegal method access (call Lcom/android/internal/pol icy/impl/KeyguardViewMediator;.doKeyguardLocked ()V from Lcom/android/internal/p olicy/impl/keyguard/KeyguardViewMediator;)
I/dalvikvm( 664): Could not find method com.android.internal.policy.impl.Keygua rdViewMediator.doKeyguardLocked, referenced from method com.android.internal.pol icy.impl.keyguard.KeyguardViewMediator.callDoKeyguardLocked
W/dalvikvm( 664): VFY: unable to resolve direct method 1995: Lcom/android/inter nal/policy/impl/KeyguardViewMediator;.doKeyguardLocked ()V

D/dalvikvm( 664): VFY: replacing opcode 0x70 at 0x0000
I/dalvikvm( 664): DexOpt: illegal method access (call Lcom/android/internal/pol icy/impl/KeyguardViewMediator;.resetStateLocked ()V from Lcom/android/internal/p olicy/impl/keyguard/KeyguardViewMediator;)
I/dalvikvm( 664): Could not find method com.android.internal.policy.impl.Keygua rdViewMediator.resetStateLocked, referenced from method com.android.internal.pol icy.impl.keyguard.KeyguardViewMediator.callResetStateLocked
W/dalvikvm( 664): VFY: unable to resolve direct method 2035: Lcom/android/inter nal/policy/impl/KeyguardViewMediator;.resetStateLocked ()V
D/dalvikvm( 664): VFY: replacing opcode 0x70 at 0x0000
D/BootAnimation( 502): [BootAnimation checkExit 714]exitnow=0
D/BootAnimation( 502): [BootAnimation movie 854]i=1,r=890,j=0,lastFrame=5248020 8621(52480 ms),file=ligo_00102.png
D/BootAnimation( 502): [BootAnimation movie 857]glBindTexture,i=1,r=890,j=0,fra me.tid=100271,name=ligo_00102.png
D/BootAnimation( 502): [BootAnimation movie 874]clearReg.isEmpty,i=1,r=890,j=0, frame.tid=100271
D/BootAnimation( 502): [BootAnimation movie 892]1,delay=40
D/KeyguardUpdateMonitor( 664): DialogSequenceManager DialogSequenceManager()
I/DMAgent ( 151): OnTransact (3,16)
I/DMAgent ( 151): isLockFlagSet
W/Parcel ( 151): **** enforceInterface() expected 'DMAgent' but read 'com.medi atek.common.dm.DMAgent'
I/DMAgent ( 151): isLockFlagSet done
I/KeyguardUpdateMonitor( 664): dmCheckLocked, the lock flag is:false
D/TelephonyRegistry( 664): listen: E pkg=KeyguardUpdateMonitor events=0x1 myUid =0 callerUid=0
I/TelephonyRegistry( 664): listen: add new record={pkgForDebug=KeyguardUpdateMo nitor callerUid=0 events=0}
D/TelephonyRegistry( 664): listen: E pkg=KeyguardUpdateMonitor events=0x1 myUid =0 callerUid=0
I/TelephonyRegistry( 664): listen: add new record={pkgForDebug=KeyguardUpdateMo nitor callerUid=0 events=0}
D/SettingsProvider( 664): call request for 0
V/SettingsProvider( 664): call(global:device_provisioned) for 0
D/SettingsProvider( 664): lookupValue table global cache contains Key device_pr ovisioned , value = Bundle[{value=1}]
V/Provider/Settings( 664): from db cache, name = device_provisioned , value = 1
D/KeyguardUpdateMonitor( 664): mDeviceProvisioned is:true
D/BootAnimation( 502): [BootAnimation checkExit 714]exitnow=0
D/BootAnimation( 502): [BootAnimation movie 854]i=1,r=891,j=0,lastFrame=5252207 5236(52522 ms),file=ligo_00102.png
D/BootAnimation( 502): [BootAnimation movie 857]glBindTexture,i=1,r=891,j=0,fra me.tid=100271,name=ligo_00102.png
D/BootAnimation( 502): [BootAnimation movie 874]clearReg.isEmpty,i=1,r=891,j=0, frame.tid=100271
D/BootAnimation( 502): [BootAnimation movie 892]1,delay=40
D/SettingsProvider( 664): call request for 0
V/SettingsProvider( 664): call(system:show_status_bar_lock) for 0
D/SettingsProvider( 664): lookupValue table system cache contains Key show_stat us_bar_lock , value = null
D/SettingsProvider( 664): lookupValue table system cache.fullyMatchesDisk() sho w_status_bar_lock
V/Provider/Settings( 664): from db cache, name = show_status_bar_lock , value = null
D/dalvikvm( 664): threadid=27: interp stack at 0x5e856000
D/dalvikvm( 664): threadid=28: interp stack at 0x5e85e000
D/SettingsProvider( 664): call request for 0
V/SettingsProvider( 664): call(global:lock_sound) for 0
D/SettingsProvider( 664): lookupValue table global cache contains Key lock_soun

d , value = Bundle[{value=/system/media/audio/ui/Lock.ogg}]
V/Provider/Settings( 664): from db cache, name = lock_sound , value = /system/m edia/audio/ui/Lock.ogg
D/SettingsProvider( 664): call request for 0
V/SettingsProvider( 664): call(global:unlock_sound) for 0
D/SettingsProvider( 664): lookupValue table global cache contains Key unlock_so und , value = Bundle[{value=/system/media/audio/ui/Unlock.ogg}]
V/Provider/Settings( 664): from db cache, name = unlock_sound , value = /system /media/audio/ui/Unlock.ogg
D/dalvikvm( 664): threadid=15: exiting
W/dalvikvm( 664): threadid=15: thread exiting with uncaught exception (group=0x 420619a8)
V/WindowManager( 664): mIsAlarmBooting = false
E/AndroidRuntime( 664): *** FATAL EXCEPTION IN SYSTEM PROCESS: UI
E/AndroidRuntime( 664): java.lang.NoSuchFieldError: com.android.internal.policy .impl.PhoneWindowManager.mKeyguardMediator
E/AndroidRuntime( 664): at com.android.internal.policy.impl.PhoneWindowM anager.init(PhoneWindowManager.java)
E/AndroidRuntime( 664): at com.android.internal.policy.impl.MiuiPhoneWin dowManager.init(MiuiPhoneWindowManager.java:120)
E/AndroidRuntime( 664): at com.android.server.wm.WindowManagerService$3. run(WindowManagerService.java:859)
E/AndroidRuntime( 664): at android.os.Handler$BlockingRunnable.run(Handl er.java:745)
E/AndroidRuntime( 664): at android.os.Handler.handleCallback(Handler.jav a:725)
E/AndroidRuntime( 664): at android.os.Handler.dispatchMessage(Handler.ja va:92)
E/AndroidRuntime( 664): at android.os.Looper.loop(Looper.java:153)
E/AndroidRuntime( 664): at android.os.HandlerThread.run(HandlerThread.ja va:60)
I/InputManager( 664): Starting input manager
D/dalvikvm( 664): threadid=29: interp stack at 0x5e866000
D/InputManager( 664): current build is user build
D/dalvikvm( 664): threadid=30: interp stack at 0x5e86e000
V/Provider/Settings( 664): get setting for user -2 by user 0 so skipping cache
V/SettingsProvider( 664): access setting for user 0
D/SettingsProvider( 664): call request for 0
V/SettingsProvider( 664): call(system:pointer_speed) for 0
D/SettingsProvider( 664): lookupValue table system cache contains Key pointer_s peed , value = Bundle[{value=0}]
V/Provider/Settings( 664): from db cache, name = pointer_speed , value = 0
I/Provider/Settings( 664): call-query of user -2 by 0 so not updating cache
V/Provider/Settings( 664): get setting for user -2 by user 0 so skipping cache
V/SettingsProvider( 664): access setting for user 0
D/SettingsProvider( 664): call request for 0
V/SettingsProvider( 664): call(system:show_touches) for 0
D/SettingsProvider( 664): lookupValue table system cache contains Key show_touc hes , value = null
D/SettingsProvider( 664): lookupValue table system cache.fullyMatchesDisk() sho w_touches
V/Provider/Settings( 664): from db cache, name = show_touches , value = null
I/Provider/Settings( 664): call-query of user -2 by 0 so not updating cache
I/SystemServer( 664): Bluetooth Service
D/BluetoothService( 664): [API] BluetoothService
I/BluetoothService.cpp( 664): android_server_BluetoothService.cpp: initializeNa tiveDataNative
D/MediaPlayerService( 138): decode(28, 0, 6470)
D/SettingsProvider( 664): call request for 0
V/SettingsProvider( 664): call(global:logcat_for_system_server_crash) for 0

D/SettingsProvider( 664): lookupValue table global cache contains Key logcat_fo r_system_server_crash , value = null
D/dalvikvm( 664): create interp thread : stack size=32KB
D/SettingsProvider( 664): lookupValue table global cache.fullyMatchesDisk() log cat_for_system_server_crash
D/dalvikvm( 664): create new thread
V/Provider/Settings( 664): from db cache, name = logcat_for_system_server_crash , value = null
D/dalvikvm( 664): new thread created
W/AES ( 664): Exception Log handling...
D/dalvikvm( 664): update thread list
D/dalvikvm( 664): threadid=31: interp stack at 0x5e876000
D/dalvikvm( 664): threadid=31: created from interp
D/dalvikvm( 664): start new thread
D/dalvikvm( 664): threadid=31: notify debugger
D/dalvikvm( 664): threadid=31 (BluetoothService): calling run()
D/BootAnimation( 502): [BootAnimation checkExit 714]exitnow=0
D/BootAnimation( 502): [BootAnimation movie 854]i=1,r=892,j=0,lastFrame=5256401 0082(52564 ms),file=ligo_00102.png
D/BootAnimation( 502): [BootAnimation movie 857]glBindTexture,i=1,r=892,j=0,fra me.tid=100271,name=ligo_00102.png
D/BootAnimation( 502): [BootAnimation movie 874]clearReg.isEmpty,i=1,r=892,j=0, frame.tid=100271
D/BootAnimation( 502): [BootAnimation movie 892]1,delay=40
D/Sonivox ( 138): EAS_HWOpenFile ----> use file descriptor [29]
D/dalvikvm( 664): create interp thread : stack size=32KB
D/dalvikvm( 664): create new thread
D/dalvikvm( 664): new thread created
D/dalvikvm( 664): update thread list
D/dalvikvm( 664): threadid=32: interp stack at 0x5e87e000
D/dalvikvm( 664): threadid=32: created from interp
D/dalvikvm( 664): start new thread
D/dalvikvm( 664): threadid=32: notify debugger
D/dalvikvm( 664): threadid=32 (BluetoothProfileState:2): calling run()
D/DrmMtkUtil/DrmUtil( 138): checkDcf ----> fd [29]
V/DrmMtkUtil/DrmUtil( 138): checkDcf: first 3 bytes [4f][67][67]
E/DrmMtkUtil/DrmUtil( 138): checkDcf: not dcf type, dcf version value [79]
D/DrmMtkUtil( 138): isDcf: result [-1]
D/Sonivox ( 138): EAS_HWOpenFile ----> checked, not a DRM file.
D/MediaPlayerFactory( 138): getPlayerType(): using fd, check for DRM protected midi.
D/DrmMtkUtil/DrmUtil( 138): checkDcf ----> fd [28]
V/DrmMtkUtil/DrmUtil( 138): checkDcf: first 3 bytes [4f][67][67]
E/DrmMtkUtil/DrmUtil( 138): checkDcf: not dcf type, dcf version value [79]
I/BluetoothProfileState( 664): Message:Entering Stable State
D/MtkOmxCore( 138): +MTK_OMX_Init tick=1378027881097
D/MtkOmxCore( 138): +ParseMtkCoreConfig
D/MtkOmxCore( 138): ParseMtkCoreConfig: gCoreComponentCounts = 29
D/MtkOmxCore( 138): -ParseMtkCoreConfig
D/MtkOmxCore( 138): +++++ dump_core_comp_table +++++
D/MtkOmxCore( 138): name(OMX.MTK.VIDEO.DECODER.H263), role(video_decoder.h263), path(libMtkOmxVdec.so)
D/MtkOmxCore( 138): name(OMX.MTK.VIDEO.DECODER.MPEG4), role(video_decoder.mpeg4 ), path(libMtkOmxVdec.so)
D/MtkOmxCore( 138): name(OMX.MTK.VIDEO.DECODER.AVC), role(video_decoder.avc), p ath(libMtkOmxVdec.so)
D/MtkOmxCore( 138): name(OMX.MTK.VIDEO.DECODER.RV), role(video_decoder.rv), pat h(libMtkOmxVdec.so)
D/MtkOmxCore( 138): name(OMX.MTK.VIDEO.DECODER.VC1), role(video_decoder.vc1), p ath(libMtkOmxVdec.so)

D/MtkOmxCore( 138): name(OMX.MTK.VIDEO.DECODER.VPX), role(video_decoder.vpx), p ath(libMtkOmxVdec.so)
D/MtkOmxCore( 138): name(OMX.MTK.VIDEO.DECODER.MPEG2), role(video_decoder.mpeg2 ), path(libMtkOmxVdec.so)
D/MtkOmxCore( 138): name(OMX.MTK.VIDEO.DECODER.DIVX), role(video_decoder.divx), path(libMtkOmxVdec.so)
D/MtkOmxCore( 138): name(OMX.MTK.VIDEO.DECODER.DIVX3), role(video_decoder.divx3 ), path(libMtkOmxVdec.so)
D/MtkOmxCore( 138): name(OMX.MTK.VIDEO.DECODER.XVID), role(video_decoder.xvid), path(libMtkOmxVdec.so)
D/MtkOmxCore( 138): name(OMX.MTK.AUDIO.DECODER.RA), role(audio_decoder.ra), pat h(libMtkOmxCookDec.so)
D/MtkOmxCore( 138): name(OMX.MTK.AUDIO.DECODER.MP3), role(audio_decoder.mp3), p ath(libMtkOmxMp3Dec.so)
D/MtkOmxCore( 138): name(OMX.MTK.AUDIO.DECODER.AAC), role(audio_decoder.aac), p ath(libMtkOmxAacDec.so)
D/MtkOmxCore( 138): name(OMX.MTK.AUDIO.DECODER.G711), role(audio_decoder.g711), path(libMtkOmxG711Dec.so)
D/MtkOmxCore( 138): name(OMX.MTK.AUDIO.DECODER.AMR.NB), role(audio_decoder.amrn b), path(libMtkOmxAMRNBDec.so)
D/MtkOmxCore( 138): name(OMX.MTK.AUDIO.DECODER.AMR.WB), role(audio_decoder.amrw b), path(libMtkOmxAMRWBDec.so)
D/MtkOmxCore( 138): name(OMX.MTK.AUDIO.DECODER.WMA), role(audio_decoder.wma), p ath(libMtkOmxWmaDec.so)
D/MtkOmxCore( 138): name(OMX.MTK.AUDIO.ENCODER.AMR), role(audio_encoder.amrnb), path(libMtkOmxAmrEnc.so)
D/MtkOmxCore( 138): name(OMX.MTK.AUDIO.ENCODER.AWB), role(audio_encoder.amrwb), path(libMtkOmxAwbEnc.so)
D/MtkOmxCore( 138): name(OMX.MTK.AUDIO.ENCODER.AAC), role(audio_encoder.aac), p ath(libMtkOmxAacEnc.so)
D/MtkOmxCore( 138): name(OMX.MTK.VIDEO.ENCODER.AVC), role(video_encoder.avc), p ath(libMtkOmxVenc.so)
D/MtkOmxCore( 138): name(OMX.MTK.VIDEO.ENCODER.H263), role(video_encoder.h263), path(libMtkOmxVenc.so)
D/MtkOmxCore( 138): name(OMX.MTK.VIDEO.ENCODER.MPEG4), role(video_encoder.mpeg4 ), path(libMtkOmxVenc.so)
D/MtkOmxCore( 138): name(OMX.MTK.AUDIO.ENCODER.VORBIS), role(audio_encoder.vorb is), path(libMtkOmxVorbisEnc.so)
D/MtkOmxCore( 138): name(OMX.MTK.AUDIO.DECODER.VORBIS), role(audio_decoder.vorb is), path(libMtkOmxVorbisDec.so)
D/MtkOmxCore( 138): name(OMX.MTK.AUDIO.DECODER.APE), role(audio_decoder.ape), p ath(libMtkOmxApeDec.so)
D/MtkOmxCore( 138): name(OMX.MTK.AUDIO.DECODER.FLAC), role(audio_decoder.flac), path(libMtkOmxFlacDec.so)
D/MtkOmxCore( 138): name(OMX.MTK.AUDIO.DECODER.ADPCM), role(audio_decoder.adpcm ), path(libMtkOmxAdpcmDec.so)
D/MtkOmxCore( 138): name(OMX.MTK.AUDIO.ENCODER.ADPCM), role(audio_encoder.adpcm ), path(libMtkOmxAdpcmEnc.so)
D/MtkOmxCore( 138): ----- dump_core_comp_table ----D/MtkOmxCore( 138): -MTK_OMX_Init tick=1378027881098
D/AwesomePlayer( 138): @@[SF_PROPERTY]sf.video.jump.key.ms =-1
D/AwesomePlayer( 138): @@[SF_PROPERTY]sf.video.force.display.cnt=0
D/AwesomePlayer( 138): @@[SF_PROPERTY]sf.video.late.margin.ms = 250
I/AwesomePlayer( 138): set flag for stopped
D/AwesomePlayer( 138): reset_l
D/AwesomePlayer( 138): reset_l
D/ ( 138): fastsniff is .ogg
D/MediaExtractor( 138): JB +MediaExtractor::Create
D/BootAnimation( 502): [BootAnimation checkExit 714]exitnow=0
D/BootAnimation( 502): [BootAnimation movie 854]i=1,r=893,j=0,lastFrame=5260599

8620(52605 ms),file=ligo_00102.png
D/BootAnimation( 502): [BootAnimation movie 857]glBindTexture,i=1,r=893,j=0,fra me.tid=100271,name=ligo_00102.png
D/BootAnimation( 502): [BootAnimation movie 874]clearReg.isEmpty,i=1,r=893,j=0, frame.tid=100271
D/BootAnimation( 502): [BootAnimation movie 892]1,delay=40
D/MediaExtractor( 138): JB -MediaExtractor::Create
E/Trace ( 138): error opening trace file: No such file or directory (2)
D/MtkOmxCore( 138): Mtk_OMX_GetHandle (OMX.MTK.AUDIO.DECODER.VORBIS)
D/MtkOmxCore( 138): comp_index(24), path(libMtkOmxVorbisDec.so)
D/MtkOmxAudioDecBase( 138): MtkOmxAudioDecBase::MtkOmxAudioDecBase this= 0x424E 0008
D/MtkOmxVorbisDec( 138): MtkOmxVorbisDec::MtkOmxVorbisDec this= 0x424E0008
D/MtkOmxVorbisDec( 138): MtkOmxComponentCreate mCompHandle(0x424E0008)
D/MtkOmxAudioDecBase( 138): ComponentInit (OMX.MTK.AUDIO.DECODER.VORBIS)
D/MtkOmxVorbisDec( 138): MtkOmxVorbisDec::InitAudioParams(VORBIS)
D/MtkOmxAudioDecBase( 138): 0x424e0008_Ctrl 0, total path is in ,out
D/MtkOmxAudioDecBase( 138): MtkOmxAudioCommandThread created pOmxAudioDec=0x424 E0008
D/MtkOmxAudioDecBase( 138): fdmax = 31
D/MtkOmxCore( 138): +++++ dump_inst_handle_pool +++++
D/MtkOmxCore( 138): gCoreCompInstance[0].comp_module=0x4002B4B4, comp_handle=0x 424E000C
D/MtkOmxCore( 138): ----- dump_inst_handle_pool ----D/MtkOmxAudioDecBase( 138): MtkOmxAudioDecodeThread created pOmxAudioDec=0x424E 0008, tid=982
D/OMX ( 138): OMX(0x42288288)::allocateNode &mDispatchers(0x422882D0) added pCbDisp(0x424E2840)
D/MtkOmxAudioDecBase( 138): SetParameter index(0x01000017)
D/OMXCodec( 138): !@@!>> create tid (980) OMXCodec mOMXLivesLocally=1, mIsVideo Decoder(0), mIsVideoEncoder(0), mime(audio/vorbis)
D/MtkOmxAudioDecBase( 138): GetParameter (0x02000001)
D/MtkOmxAudioDecBase( 138): GetParameter (0x02000001)
D/MtkOmxAudioDecBase( 138): GetParameter (0x04000002)
D/MtkOmxAudioDecBase( 138): GetParameter (0x7F000008)
I/OMXCodec( 138): mSupportsPartialFrames 0 err 0
D/MtkOmxAudioDecBase( 138): SendCommand cmd=OMX_CommandStateSet
D/MtkOmxAudioDecBase( 138): set MTK_OMX_IDLE_PENDING
D/OMX ( 138): @@ OMX::CbDisp(0x424E2840)::loop(983)
D/MtkOmxAudioDecBase( 138): # Got general command (OMX_CommandStateSet)
D/MtkOmxAudioDecBase( 138): Request [OMX_StateLoaded]-> [OMX_StateIdle]
D/MtkOmxAudioDecBase( 138): wait on mInPortAllocDoneSem(0), mOutPortAllocDoneSe m(0)!!
D/MtkOmxAudioDecBase( 138): GetParameter (0x02000001)
D/OMXCodec( 138): @@ [IN] def.nBufferSize = 32768
D/OMXCodec( 138): allocating 5 buffers of size 32768 on input port
D/OMXCodec( 138): @@ Input totalSize = 166400
D/MtkOmxAudioDecBase( 138): UseBuffer port_idx(0x0), idx[0], pBuffHead(0x424E0C F0), pBuffer(0x42528000)
D/OMXCodec( 138): @@ Input[0], info.mData(0x42528000)
D/MtkOmxAudioDecBase( 138): UseBuffer port_idx(0x0), idx[1], pBuffHead(0x424E0E 18), pBuffer(0x42530000)
D/OMXCodec( 138): @@ Input[1], info.mData(0x42530000)
D/MtkOmxAudioDecBase( 138): UseBuffer port_idx(0x0), idx[2], pBuffHead(0x424E39 70), pBuffer(0x42538000)
D/OMXCodec( 138): @@ Input[2], info.mData(0x42538000)
D/MtkOmxAudioDecBase( 138): UseBuffer port_idx(0x0), idx[3], pBuffHead(0x424E3A 50), pBuffer(0x42540000)
D/OMXCodec( 138): @@ Input[3], info.mData(0x42540000)
D/MtkOmxAudioDecBase( 138): UseBuffer port_idx(0x0), idx[4], pBuffHead(0x424E46

A8), pBuffer(0x42548000)
D/MtkOmxAudioDecBase( 138): signal mInPortAllocDoneSem (0)
D/MtkOmxAudioDecBase( 138): input port populated
D/OMXCodec( 138): @@ Input[4], info.mData(0x42548000)
D/MtkOmxAudioDecBase( 138): GetParameter (0x02000001)
E/OMXCodec( 138): @@ [OUT] def.nBufferSize = 32768
E/OMXCodec( 138): @@ [OUT] totalSize = 131584
D/OMXCodec( 138): OMXCodec::allocateBuffersOnOutputPort:totalSize=131584
D/MtkOmxAudioDecBase( 138): UseBuffer port_idx(0x1), idx[0], pBuffHead(0x424E0B 80), pBuffer(0x42551000)
D/OMXCodec( 138): @@ Output[0] info.mData(0x42551000)
D/MtkOmxAudioDecBase( 138): UseBuffer port_idx(0x1), idx[1], pBuffHead(0x424E4A 80), pBuffer(0x42559000)
D/OMXCodec( 138): @@ Output[1] info.mData(0x42559000)
D/MtkOmxAudioDecBase( 138): UseBuffer port_idx(0x1), idx[2], pBuffHead(0x424E4B D0), pBuffer(0x42561000)
D/OMXCodec( 138): @@ Output[2] info.mData(0x42561000)
D/MtkOmxAudioDecBase( 138): UseBuffer port_idx(0x1), idx[3], pBuffHead(0x424E4D 20), pBuffer(0x42569000)
D/MtkOmxAudioDecBase( 138): signal mOutPortAllocDoneSem (0)
D/MtkOmxAudioDecBase( 138): output port populated
D/OMXCodec( 138): @@ Output[3] info.mData(0x42569000)
D/MtkOmxAudioDecBase( 138): SendCommand cmd=OMX_CommandStateSet
D/MtkOmxAudioDecBase( 138): # Got general command (OMX_CommandStateSet)
D/MtkOmxAudioDecBase( 138): Request [OMX_StateIdle]-> [OMX_StateExecuting]
D/MtkOmxAudioDecBase( 138): state changes to OMX_StateExecuting
D/AudioCache( 138): notify(0x42111880, 5, 0, 0)
D/AudioCache( 138): notify(0x42111880, 1, 0, 0)
D/AwesomePlayer( 138): @@[SF_PROPERTY]sched_setscheduler ok..., priority:95
I/AwesomePlayer( 138): play
I/AwesomePlayer( 138): play_l:mFlags=0x10
I/AwesomePlayer( 138): play_l:startAudioPlayer_l
D/EventHub( 664): No input device configuration file found for device 'mtk-kpd' .
D/MtkOmxVorbisDec( 138): DecodeAudio OMX_BUFFERFLAG_CODECCONFIG HEADERTYPE = 1
D/MtkOmxVorbisDec( 138): Vorbis SWIP : nCh : 1, nSample : 44100, ret: 0
D/MtkOmxVorbisDec( 138): out put pcm mode:channel count:1,sample rate:44100
D/MtkOmxVorbisDec( 138): DecodeAudio OMX_BUFFERFLAG_CODECCONFIG HEADERTYPE = 5
D/MtkOmxVorbisDec( 138): Vorbis SWIP get pcm output may fail!
D/AudioCache( 138): open(44100, 1, 0x0, 1, 16)
I/AwesomePlayer( 138): AudioPlayer mLatencyUs 0
D/MtkOmxVorbisDec( 138): discarding 812 frames at end of page
D/MtkOmxVorbisDec( 138): Vorbis EOS received, TS=0
D/MtkOmxVorbisDec( 138): FlushAudioDecoder(Vorbis)
D/OMXCodec( 138): OMXCodec::on_message EOS received!!!!
E/OMXCodec( 138): [OMX.MTK.AUDIO.DECODER.VORBIS] No more output data in fillOut putBuffer, mFilledBuffers size=2
E/OMXCodec( 138): [OMX.MTK.AUDIO.DECODER.VORBIS] No more output data in fillOut putBuffer, mFilledBuffers size=1
E/OMXCodec( 138): [OMX.MTK.AUDIO.DECODER.VORBIS] No more output data in fillOut putBuffer, mFilledBuffers size=0
E/OMXCodec( 138): [OMX.MTK.AUDIO.DECODER.VORBIS] read() final return
D/AudioPlayer( 138): postEOSDelayUs =193 ms
I/AwesomePlayer( 138): AudioCache needn't delay post EOS!!!
D/AwesomePlayer( 138): onStreamDone:mStreamDoneStatus =-1011,video EOS=0,audio EOS=256
D/AudioCache( 138): notify(0x42111880, 2, 0, 0)
D/AwesomePlayer( 138): pause_l :at_eos=1
D/MediaPlayerService( 138): return memory @ 0x426d1000, sampleRate=44100, chann elCount = 1, format = 1

I/AwesomePlayer( 138): stop extractor in reset
D/AwesomePlayer( 138): reset_l
D/MtkOmxAudioDecBase( 138): SendCommand cmd=OMX_CommandStateSet
D/MtkOmxAudioDecBase( 138): set MTK_OMX_IDLE_PENDING
D/MtkOmxAudioDecBase( 138): # Got general command (OMX_CommandStateSet)
D/MtkOmxAudioDecBase( 138): Request [OMX_StateExecuting]-> [OMX_StateIdle]
D/MtkOmxAudioDecBase( 138): FlushInputPort -> mNumPendingInput(0)
D/MtkOmxAudioDecBase( 138): -FlushInputPort
D/MtkOmxAudioDecBase( 138): FlushOutputPort -> mNumPendingOutput(0)
D/MtkOmxVorbisDec( 138): FlushAudioDecoder(Vorbis)
D/MtkOmxAudioDecBase( 138): -FlushOutputPort -> mNumPendingOutput(0)
D/MtkOmxVorbisDec( 138): DeinitAudioDecoder(Vorbis)
D/MtkOmxAudioDecBase( 138): SendCommand cmd=OMX_CommandStateSet
D/MtkOmxAudioDecBase( 138): set MTK_OMX_LOADED_PENDING
D/MtkOmxAudioDecBase( 138): FreeBuffer input (0x424E46A8)
D/MtkOmxAudioDecBase( 138): # Got general command (OMX_CommandStateSet)
D/MtkOmxAudioDecBase( 138): Request [OMX_StateIdle]-> [OMX_StateLoaded]
D/MtkOmxAudioDecBase( 138): wait on mInPortFreeDoneSem(0), mOutPortFreeDoneSem( 0)
D/MtkOmxAudioDecBase( 138): FreeBuffer input (0x424E3A50)
D/MtkOmxAudioDecBase( 138): FreeBuffer input (0x424E3970)
D/MtkOmxAudioDecBase( 138): FreeBuffer input (0x424E0E18)
D/MtkOmxAudioDecBase( 138): FreeBuffer input (0x424E0CF0)
D/MtkOmxAudioDecBase( 138): FreeBuffer all input buffers have been freed!!! sig nal mInPortFreeDoneSem(1)
D/MtkOmxAudioDecBase( 138): FreeBuffer output (0x424E4D20)
D/MtkOmxAudioDecBase( 138): FreeBuffer output (0x424E4BD0)
D/MtkOmxAudioDecBase( 138): FreeBuffer output (0x424E4A80)
D/MtkOmxAudioDecBase( 138): FreeBuffer output (0x424E0B80)
D/MtkOmxAudioDecBase( 138): FreeBuffer all output buffers have been freed!!! si gnal mOutPortFreeDoneSem(1)
D/MtkOmxAudioDecBase( 138): GetState (mState=OMX_StateLoaded)
D/MtkOmxCore( 138): Mtk_OMX_FreeHandle
D/MtkOmxAudioDecBase( 138): +ComponentDeInit
D/MtkOmxAudioDecBase( 138): MtkOmxAudioDecodeThread terminated pOmxAudioDec=0x4 24E0008
D/MtkOmxAudioDecBase( 138): MtkOmxAudioCommandThread terminated
D/MtkOmxAudioDecBase( 138): -ComponentDeInit
D/MtkOmxVorbisDec( 138): ~MtkOmxVorbisDec this= 0x424E0008
D/MtkOmxAudioDecBase( 138): ~MtkOmxAudioDecBase this= 0x424E0008
D/MtkOmxCore( 138): free_inst_handle dlclose(0x4002B4B4), free(0x424E000C)
D/OMX ( 138): @@ OMX::CbDisp(0x424E2840)::loop(983) terminated
D/OMX ( 138): @@ OMX::CbDisp::CbDisp(0x424E2840), tid(138), WOULD_BLOCK(0)
I/EventHub( 664): New device: id=1, fd=104, path='/dev/input/event0', name='mtk -kpd', classes=0x21, configuration='', keyLayout='/system/usr/keylayout/mtk-kpd. kl', keyCharacterMap='/system/usr/keychars/Generic.kcm', builtinKeyboard=false, usingSuspendBlockIoctl=true, usingClockIoctl=true
D/OMXCodec( 138): !@@!>> destroy tid (138)
D/EventHub( 664): No input device configuration file found for device 'mtk-tpdkpd'.
I/AwesomePlayer( 138): set flag for stopped
D/AwesomePlayer( 138): reset_l
I/AwesomePlayer( 138): set flag for stopped
D/AwesomePlayer( 138): reset_l
D/MediaPlayerService( 138): decode(28, 0, 7061)
D/Sonivox ( 138): EAS_HWOpenFile ----> use file descriptor [30]
D/DrmMtkUtil/DrmUtil( 138): checkDcf ----> fd [30]
V/DrmMtkUtil/DrmUtil( 138): checkDcf: first 3 bytes [4f][67][67]
E/DrmMtkUtil/DrmUtil( 138): checkDcf: not dcf type, dcf version value [79]
D/DrmMtkUtil( 138): isDcf: result [-1]

D/Sonivox ( 138): EAS_HWOpenFile ----> checked, not a DRM file.
D/MediaPlayerFactory( 138): getPlayerType(): using fd, check for DRM protected midi.
D/DrmMtkUtil/DrmUtil( 138): checkDcf ----> fd [28]
V/DrmMtkUtil/DrmUtil( 138): checkDcf: first 3 bytes [4f][67][67]
E/DrmMtkUtil/DrmUtil( 138): checkDcf: not dcf type, dcf version value [79]
D/AwesomePlayer( 138): @@[SF_PROPERTY]sf.video.jump.key.ms =-1
D/AwesomePlayer( 138): @@[SF_PROPERTY]sf.video.force.display.cnt=0
D/AwesomePlayer( 138): @@[SF_PROPERTY]sf.video.late.margin.ms = 250
I/AwesomePlayer( 138): set flag for stopped
D/AwesomePlayer( 138): reset_l
D/AwesomePlayer( 138): reset_l
D/ ( 138): fastsniff is .ogg
D/MediaExtractor( 138): JB +MediaExtractor::Create
D/MediaExtractor( 138): JB -MediaExtractor::Create
D/MtkOmxCore( 138): Mtk_OMX_GetHandle (OMX.MTK.AUDIO.DECODER.VORBIS)
D/MtkOmxCore( 138): comp_index(24), path(libMtkOmxVorbisDec.so)
D/MtkOmxAudioDecBase( 138): MtkOmxAudioDecBase::MtkOmxAudioDecBase this= 0x424D 2470
D/MtkOmxVorbisDec( 138): MtkOmxVorbisDec::MtkOmxVorbisDec this= 0x424D2470
D/MtkOmxVorbisDec( 138): MtkOmxComponentCreate mCompHandle(0x424D2470)
D/MtkOmxAudioDecBase( 138): ComponentInit (OMX.MTK.AUDIO.DECODER.VORBIS)
D/MtkOmxVorbisDec( 138): MtkOmxVorbisDec::InitAudioParams(VORBIS)
D/MtkOmxAudioDecBase( 138): 0x424d2470_Ctrl 0, total path is in ,out
D/MtkOmxAudioDecBase( 138): MtkOmxAudioCommandThread created pOmxAudioDec=0x424 D2470
D/MtkOmxAudioDecBase( 138): fdmax = 32
D/MtkOmxAudioDecBase( 138): MtkOmxAudioDecodeThread created pOmxAudioDec=0x424D 2470, tid=988
D/MtkOmxCore( 138): +++++ dump_inst_handle_pool +++++
D/MtkOmxCore( 138): gCoreCompInstance[0].comp_module=0x4002B4B4, comp_handle=0x 424D2474
D/MtkOmxCore( 138): ----- dump_inst_handle_pool ----D/OMX ( 138): OMX(0x42288288)::allocateNode &mDispatchers(0x422882D0) added pCbDisp(0x424E4BA8)
D/OMX ( 138): @@ OMX::CbDisp(0x424E4BA8)::loop(989)
D/MtkOmxAudioDecBase( 138): SetParameter index(0x01000017)
D/OMXCodec( 138): !@@!>> create tid (986) OMXCodec mOMXLivesLocally=1, mIsVideo Decoder(0), mIsVideoEncoder(0), mime(audio/vorbis)
D/MtkOmxAudioDecBase( 138): GetParameter (0x02000001)
D/MtkOmxAudioDecBase( 138): GetParameter (0x02000001)
D/MtkOmxAudioDecBase( 138): GetParameter (0x04000002)
D/MtkOmxAudioDecBase( 138): GetParameter (0x7F000008)
I/OMXCodec( 138): mSupportsPartialFrames 0 err 0
D/MtkOmxAudioDecBase( 138): SendCommand cmd=OMX_CommandStateSet
D/MtkOmxAudioDecBase( 138): set MTK_OMX_IDLE_PENDING
D/MtkOmxAudioDecBase( 138): # Got general command (OMX_CommandStateSet)
D/MtkOmxAudioDecBase( 138): Request [OMX_StateLoaded]-> [OMX_StateIdle]
D/MtkOmxAudioDecBase( 138): wait on mInPortAllocDoneSem(0), mOutPortAllocDoneSe m(0)!!
D/MtkOmxAudioDecBase( 138): GetParameter (0x02000001)
D/OMXCodec( 138): @@ [IN] def.nBufferSize = 32768
D/OMXCodec( 138): allocating 5 buffers of size 32768 on input port
D/OMXCodec( 138): @@ Input totalSize = 166400
D/MtkOmxAudioDecBase( 138): UseBuffer port_idx(0x0), idx[0], pBuffHead(0x424D3F 30), pBuffer(0x42528000)
D/OMXCodec( 138): @@ Input[0], info.mData(0x42528000)
D/BootAnimation( 502): [BootAnimation checkExit 714]exitnow=0
I/EventHub( 664): New device: id=2, fd=114, path='/dev/input/event4', name='mtk -tpd-kpd', classes=0x1, configuration='', keyLayout='/system/usr/keylayout/Gener

ic.kl', keyCharacterMap='/system/usr/keychars/Generic.kcm', builtinKeyboard=fals e, usingSuspendBlockIoctl=true, usingClockIoctl=true
D/BootAnimation( 502): [BootAnimation movie 854]i=1,r=894,j=0,lastFrame=5264790 9159(52647 ms),file=ligo_00102.png
D/BootAnimation( 502): [BootAnimation movie 857]glBindTexture,i=1,r=894,j=0,fra me.tid=100271,name=ligo_00102.png
D/BootAnimation( 502): [BootAnimation movie 874]clearReg.isEmpty,i=1,r=894,j=0, frame.tid=100271
D/MtkOmxAudioDecBase( 138): UseBuffer port_idx(0x0), idx[1], pBuffHead(0x424A3C F8), pBuffer(0x42530000)
D/OMXCodec( 138): @@ Input[1], info.mData(0x42530000)
D/MtkOmxAudioDecBase( 138): UseBuffer port_idx(0x0), idx[2], pBuffHead(0x424D42 C8), pBuffer(0x42538000)
D/OMXCodec( 138): @@ Input[2], info.mData(0x42538000)
E/EventHub( 664): could not get driver version for /dev/input/mouse0, Not a typ ewriter
D/MtkOmxAudioDecBase( 138): UseBuffer port_idx(0x0), idx[3], pBuffHead(0x424D43 A8), pBuffer(0x42540000)
D/BootAnimation( 502): [BootAnimation movie 892]1,delay=40
D/OMXCodec( 138): @@ Input[3], info.mData(0x42540000)
D/MtkOmxAudioDecBase( 138): UseBuffer port_idx(0x0), idx[4], pBuffHead(0x424D44 88), pBuffer(0x42548000)
D/MtkOmxAudioDecBase( 138): signal mInPortAllocDoneSem (0)
D/MtkOmxAudioDecBase( 138): input port populated
D/OMXCodec( 138): @@ Input[4], info.mData(0x42548000)
D/MtkOmxAudioDecBase( 138): GetParameter (0x02000001)
E/OMXCodec( 138): @@ [OUT] def.nBufferSize = 32768
E/OMXCodec( 138): @@ [OUT] totalSize = 131584
D/dalvikvm( 664): create interp thread : stack size=32KB
D/dalvikvm( 664): create new thread
D/OMXCodec( 138): OMXCodec::allocateBuffersOnOutputPort:totalSize=131584
D/dalvikvm( 664): new thread created
D/dalvikvm( 664): update thread list
D/dalvikvm( 664): threadid=33: interp stack at 0x5e886000
D/dalvikvm( 664): threadid=33: created from interp
D/dalvikvm( 664): start new thread
D/dalvikvm( 664): threadid=33: notify debugger
D/dalvikvm( 664): threadid=33 (BluetoothProfileState:1): calling run()
D/MtkOmxAudioDecBase( 138): UseBuffer port_idx(0x1), idx[0], pBuffHead(0x424D47 50), pBuffer(0x42551000)
D/OMXCodec( 138): @@ Output[0] info.mData(0x42551000)
D/MtkOmxAudioDecBase( 138): UseBuffer port_idx(0x1), idx[1], pBuffHead(0x424D49 18), pBuffer(0x42559000)
D/OMXCodec( 138): @@ Output[1] info.mData(0x42559000)
D/MtkOmxAudioDecBase( 138): UseBuffer port_idx(0x1), idx[2], pBuffHead(0x424D4A 68), pBuffer(0x42561000)
D/OMXCodec( 138): @@ Output[2] info.mData(0x42561000)
D/MtkOmxAudioDecBase( 138): UseBuffer port_idx(0x1), idx[3], pBuffHead(0x424D4B B8), pBuffer(0x42569000)
D/MtkOmxAudioDecBase( 138): signal mOutPortAllocDoneSem (0)
D/MtkOmxAudioDecBase( 138): output port populated
D/OMXCodec( 138): @@ Output[3] info.mData(0x42569000)
D/MtkOmxAudioDecBase( 138): SendCommand cmd=OMX_CommandStateSet
D/MtkOmxAudioDecBase( 138): # Got general command (OMX_CommandStateSet)
D/MtkOmxAudioDecBase( 138): Request [OMX_StateIdle]-> [OMX_StateExecuting]
D/MtkOmxAudioDecBase( 138): state changes to OMX_StateExecuting
D/AudioCache( 138): notify(0x42111880, 5, 0, 0)
D/AudioCache( 138): notify(0x42111880, 1, 0, 0)
I/AwesomePlayer( 138): play
D/AwesomePlayer( 138): @@[SF_PROPERTY]sched_setscheduler ok..., priority:95

I/AwesomePlayer( 138): play_l:mFlags=0x10
I/AwesomePlayer( 138): play_l:startAudioPlayer_l
D/MtkOmxVorbisDec( 138): DecodeAudio OMX_BUFFERFLAG_CODECCONFIG HEADERTYPE = 1
D/MtkOmxVorbisDec( 138): Vorbis SWIP : nCh : 1, nSample : 44100, ret: 0
D/MtkOmxVorbisDec( 138): out put pcm mode:channel count:1,sample rate:44100
D/MtkOmxVorbisDec( 138): DecodeAudio OMX_BUFFERFLAG_CODECCONFIG HEADERTYPE = 5
D/MtkOmxVorbisDec( 138): Vorbis SWIP get pcm output may fail!
D/AudioCache( 138): open(44100, 1, 0x0, 1, 16)
I/AwesomePlayer( 138): AudioPlayer mLatencyUs 0
D/MtkOmxVorbisDec( 138): discarding 830 frames at end of page
D/MtkOmxVorbisDec( 138): Vorbis EOS received, TS=0
D/MtkOmxVorbisDec( 138): FlushAudioDecoder(Vorbis)
D/OMXCodec( 138): OMXCodec::on_message EOS received!!!!
E/OMXCodec( 138): [OMX.MTK.AUDIO.DECODER.VORBIS] No more output data in fillOut putBuffer, mFilledBuffers size=0
E/OMXCodec( 138): [OMX.MTK.AUDIO.DECODER.VORBIS] read() final return
D/AudioPlayer( 138): postEOSDelayUs =189 ms
I/AwesomePlayer( 138): AudioCache needn't delay post EOS!!!
D/AwesomePlayer( 138): onStreamDone:mStreamDoneStatus =-1011,video EOS=0,audio EOS=256
D/AudioCache( 138): notify(0x42111880, 2, 0, 0)
D/AwesomePlayer( 138): pause_l :at_eos=1
D/MediaPlayerService( 138): return memory @ 0x427d1000, sampleRate=44100, chann elCount = 1, format = 1
I/AwesomePlayer( 138): stop extractor in reset
D/AwesomePlayer( 138): reset_l
D/MtkOmxAudioDecBase( 138): SendCommand cmd=OMX_CommandStateSet
D/MtkOmxAudioDecBase( 138): set MTK_OMX_IDLE_PENDING
D/MtkOmxAudioDecBase( 138): # Got general command (OMX_CommandStateSet)
D/MtkOmxAudioDecBase( 138): Request [OMX_StateExecuting]-> [OMX_StateIdle]
D/MtkOmxAudioDecBase( 138): FlushInputPort -> mNumPendingInput(0)
D/MtkOmxAudioDecBase( 138): -FlushInputPort
D/MtkOmxAudioDecBase( 138): mFillThisBufQ[0]=0
D/MtkOmxAudioDecBase( 138): pBuffHead(0x424D4750)
D/MtkOmxAudioDecBase( 138): mFillThisBufQ[1]=1
D/MtkOmxAudioDecBase( 138): pBuffHead(0x424D4918)
D/MtkOmxAudioDecBase( 138): FlushOutputPort -> mNumPendingOutput(0)
D/MtkOmxVorbisDec( 138): FlushAudioDecoder(Vorbis)
D/MtkOmxAudioDecBase( 138): -FlushOutputPort -> mNumPendingOutput(0)
D/MtkOmxVorbisDec( 138): DeinitAudioDecoder(Vorbis)
D/MtkOmxAudioDecBase( 138): SendCommand cmd=OMX_CommandStateSet
D/MtkOmxAudioDecBase( 138): set MTK_OMX_LOADED_PENDING
D/MtkOmxAudioDecBase( 138): FreeBuffer input (0x424D4488)
D/MtkOmxAudioDecBase( 138): # Got general command (OMX_CommandStateSet)
D/MtkOmxAudioDecBase( 138): Request [OMX_StateIdle]-> [OMX_StateLoaded]
D/MtkOmxAudioDecBase( 138): wait on mInPortFreeDoneSem(0), mOutPortFreeDoneSem( 0)
D/MtkOmxAudioDecBase( 138): FreeBuffer input (0x424D43A8)
D/MtkOmxAudioDecBase( 138): FreeBuffer input (0x424D42C8)
D/MtkOmxAudioDecBase( 138): FreeBuffer input (0x424A3CF8)
D/MtkOmxAudioDecBase( 138): FreeBuffer input (0x424D3F30)
D/MtkOmxAudioDecBase( 138): FreeBuffer all input buffers have been freed!!! sig nal mInPortFreeDoneSem(0)
D/MtkOmxAudioDecBase( 138): FreeBuffer output (0x424D4BB8)
D/MtkOmxAudioDecBase( 138): FreeBuffer output (0x424D4A68)
D/MtkOmxAudioDecBase( 138): FreeBuffer output (0x424D4918)
D/MtkOmxAudioDecBase( 138): FreeBuffer output (0x424D4750)
D/MtkOmxAudioDecBase( 138): FreeBuffer all output buffers have been freed!!! si gnal mOutPortFreeDoneSem(0)
D/MtkOmxAudioDecBase( 138): GetState (mState=OMX_StateLoaded)

D/MtkOmxCore( 138): Mtk_OMX_FreeHandle
D/MtkOmxAudioDecBase( 138): +ComponentDeInit
D/MtkOmxAudioDecBase( 138): MtkOmxAudioDecodeThread terminated pOmxAudioDec=0x4 24D2470
D/MtkOmxAudioDecBase( 138): MtkOmxAudioCommandThread terminated
D/MtkOmxAudioDecBase( 138): -ComponentDeInit
D/MtkOmxVorbisDec( 138): ~MtkOmxVorbisDec this= 0x424D2470
D/MtkOmxAudioDecBase( 138): ~MtkOmxAudioDecBase this= 0x424D2470
D/MtkOmxCore( 138): free_inst_handle dlclose(0x4002B4B4), free(0x424D2474)
D/OMX ( 138): @@ OMX::CbDisp(0x424E4BA8)::loop(989) terminated
D/OMX ( 138): @@ OMX::CbDisp::CbDisp(0x424E4BA8), tid(541), WOULD_BLOCK(0)
D/OMXCodec( 138): !@@!>> destroy tid (541)
I/AwesomePlayer( 138): set flag for stopped
D/AwesomePlayer( 138): reset_l
I/AwesomePlayer( 138): set flag for stopped
D/AwesomePlayer( 138): reset_l
D/dalvikvm( 664): create interp thread : stack size=32KB
D/dalvikvm( 664): create new thread
D/dalvikvm( 664): threadid=34: interp stack at 0x5e88e000
D/dalvikvm( 664): threadid=34: created from interp
D/dalvikvm( 664): new thread created
D/dalvikvm( 664): update thread list
D/dalvikvm( 664): start new thread
D/dalvikvm( 664): threadid=34: notify debugger
D/dalvikvm( 664): threadid=34 (BluetoothProfileState:0): calling run()
D/BluetoothService( 664): [API] registerForAirplaneMode()
D/SettingsProvider( 664): call request for 0
V/SettingsProvider( 664): call(global:airplane_mode_radios) for 0
I/BluetoothProfileState( 664): Message:Entering Stable State
D/SettingsProvider( 664): lookupValue table global cache contains Key airplane_ mode_radios , value = Bundle[{value=cell,bluetooth,wifi,nfc,wimax}]
V/Provider/Settings( 664): from db cache, name = airplane_mode_radios , value = cell,bluetooth,wifi,nfc,wimax
D/SettingsProvider( 664): call request for 0
V/SettingsProvider( 664): call(global:airplane_mode_toggleable_radios) for 0
D/SettingsProvider( 664): lookupValue table global cache contains Key airplane_ mode_toggleable_radios , value = Bundle[{value=bluetooth,wifi,nfc}]
V/Provider/Settings( 664): from db cache, name = airplane_mode_toggleable_radio s , value = bluetooth,wifi,nfc
D/BluetoothService( 664): [API] registerForAirplaneMode(): mIsAirplaneSensitive =true, mIsAirplaneToggleable=true
D/dalvikvm( 664): create interp thread : stack size=32KB
I/BluetoothProfileState( 664): Message:Entering Stable State
D/dalvikvm( 664): create new thread
D/dalvikvm( 664): threadid=35: interp stack at 0x5e896000
D/dalvikvm( 664): threadid=35: created from interp
D/dalvikvm( 664): new thread created
D/dalvikvm( 664): update thread list
D/dalvikvm( 664): start new thread
D/dalvikvm( 664): threadid=35: notify debugger
D/dalvikvm( 664): threadid=35 (BluetoothAdapterStateMachine): calling run()
D/BootAnimation( 502): [BootAnimation checkExit 714]exitnow=0
D/BootAnimation( 502): [BootAnimation movie 854]i=1,r=895,j=0,lastFrame=5268981 5159(52689 ms),file=ligo_00102.png
D/BootAnimation( 502): [BootAnimation movie 857]glBindTexture,i=1,r=895,j=0,fra me.tid=100271,name=ligo_00102.png
D/BootAnimation( 502): [BootAnimation movie 874]clearReg.isEmpty,i=1,r=895,j=0, frame.tid=100271
D/BootAnimation( 502): [BootAnimation movie 892]1,delay=40
D/AES ( 664): ExceptionLog: notify aed

D/AES ( 664): process : system_server
D/AES ( 664): module :
D/AES ( 664): cause : system_server_crash
D/AES ( 664): pid : 664
D/AEE/LIBAEE( 664): shell: raise_exp(2, 664, -1361051648, system_server, 0x0x5e 4c7d98, 0x0x0)
D/AEE/AED ( 125): $===AEE===AEE===AEE===$
D/AEE/AED ( 125): p 0 poll events 1 revents 0
D/AEE/AED ( 125): not know revents:0
D/AEE/AED ( 125): p 1 poll events 1 revents 1
D/AEE/LIBAEE( 664): shell: connected with AED OK
D/AEE/AED ( 125): aed_main_fork_worker: generator 0xa51150, worker 0xbe90da48, recv_fd 15
D/AEE/AED ( 125): p 2 poll events 1 revents 0
D/AEE/AED ( 125): not know revents:0
D/AEE/AED ( 125): p 3 poll events 1 revents 0
D/AEE/AED ( 125): not know revents:0
D/AEE/AED ( 125): p 4 poll events 1 revents 0
D/AEE/AED ( 125): not know revents:0
D/AEE/AED ( 995): read success, handling msg (Ind, AE_IND_FATAL_RAISED)
W/AEE/AED ( 995): DAL feature is off, just return
I/AEE/AED ( 995): FATAL 'Java (JE)' raised
I/AEE/AED ( 995): Dumping EXP/Java (JE)
I/AEE/AED ( 995): db base:/data/aee_exp
D/AEE/AED ( 995): aed_report_dump_open: Using /data/aee_exp/temp/db.Rmo995
I/AEE/AED ( 995): $** *** *** *** *** *** *** *** Fatal *** *** *** *** *** *** *** **$
I/AEE/AED ( 995): Build Info: 'ALPS.JB2.MP:X7 20130520-184014:MT6589:S01,iOCEAN /V9/V9:4.2.1/JOP40D/1372640270:user/release-keys'
I/AEE/AED ( 995): Flavor Info: 'mt89_v9_iocean_ousheng_jb2'
I/AEE/AED ( 995): Exception Log Time:[Sun Sep 1 15:31:21 YEKT 2013] [52.690000 ]
I/AEE/AED ( 995):
V/AEE/AED ( 995): Write: Req.AE_REQ_CLASS, seq:0
D/AEE/LIBAEE( 664): shell: got the request (cmd:Req,AE_REQ_CLASS)
V/AEE/AED ( 995): Read: Rsp.AE_REQ_CLASS, seq:0, 0, a
D/AEE/AED ( 995): Got data:Java (JE)
I/AEE/AED ( 995): Java (JE)
V/AEE/AED ( 995): Write: Req.AE_REQ_TYPE, seq:1
D/AEE/LIBAEE( 664): shell: got the request (cmd:Req,AE_REQ_TYPE)
V/AEE/AED ( 995): Read: Rsp.AE_REQ_TYPE, seq:1, 0, 14
D/AEE/AED ( 995): Type:system_server_crash
I/AEE/AED ( 995): system_server_crash
V/AEE/AED ( 995): Write: Req.AE_REQ_PROCESS, seq:2
D/AEE/LIBAEE( 664): shell: got the request (cmd:Req,AE_REQ_PROCESS)
V/AEE/AED ( 995): Read: Rsp.AE_REQ_PROCESS, seq:2, 0, e
I/BluetoothEventLoop.cpp( 664): android_server_BluetoothEventLoop.cpp: initiali zeNativeDataNative
I/BluetoothEventLoop.cpp( 664): [GAP] btmtk_host_cache_init
I/BluetoothEventLoop.cpp( 664): [GAP] btmtk_paired_dev_cache_init
D/BluetoothAdapterStateMachine( 664): Enter PowerOff: -2
I/BluetoothA2dpService.cpp( 664): [A2DP][JNI] initNative
V/BluetoothInputDevice( 664): Bind to Bluetooth HID Service
W/ApplicationContext( 664): Calling a method in the system process without a qu alified user: android.app.ContextImpl.bindService:1478 android.bluetooth.Bluetoo thInputDevice.<init>:259 android.bluetooth.BluetoothAdapter.getProfileProxy:1222
D/BTSocketService( 664): [JSR82][Service] Initialization Constructor +++
I/BluetoothSocketService.cpp( 664): [JSR82][JNI] initNative +++
E/BluetoothSocketService.cpp( 664): [JSR82] Clear context : index=0, ctx.index=

0, ctx.fd=0
E/BluetoothSocketService.cpp( 664): [JSR82] Clear context : index=1, ctx.index= 0, ctx.fd=0
E/BluetoothSocketService.cpp( 664): [JSR82] Clear context : index=2, ctx.index= 0, ctx.fd=0
E/BluetoothSocketService.cpp( 664): [JSR82] Clear context : index=3, ctx.index= 0, ctx.fd=0
E/BluetoothSocketService.cpp( 664): [JSR82] Clear context : index=4, ctx.index= 0, ctx.fd=0
E/BluetoothSocketService.cpp( 664): [JSR82] Clear context : index=5, ctx.index= 0, ctx.fd=0
E/BluetoothSocketService.cpp( 664): [JSR82] Clear context : index=6, ctx.index= 0, ctx.fd=0
E/BluetoothSocketService.cpp( 664): [JSR82] Clear context : index=7, ctx.index= 0, ctx.fd=0
E/BluetoothSocketService.cpp( 664): [JSR82] Clear context : index=8, ctx.index= 0, ctx.fd=0
E/BluetoothSocketService.cpp( 664): [JSR82] Clear context : index=9, ctx.index= 0, ctx.fd=0
E/BluetoothSocketService.cpp( 664): [JSR82] Clear context : index=10, ctx.index =0, ctx.fd=0
E/BluetoothSocketService.cpp( 664): [JSR82] Clear context : index=11, ctx.index =0, ctx.fd=0
E/BluetoothSocketService.cpp( 664): [JSR82] Clear context : index=12, ctx.index =0, ctx.fd=0
E/BluetoothSocketService.cpp( 664): [JSR82] Clear context : index=13, ctx.index =0, ctx.fd=0
E/BluetoothSocketService.cpp( 664): [JSR82] Clear context : index=14, ctx.index =0, ctx.fd=0
E/BluetoothSocketService.cpp( 664): [JSR82] Clear context : index=15, ctx.index =0, ctx.fd=0
E/BluetoothSocketService.cpp( 664): [JSR82] Clear context : index=16, ctx.index =0, ctx.fd=0
E/BluetoothSocketService.cpp( 664): [JSR82] Clear context : index=17, ctx.index =0, ctx.fd=0
E/BluetoothSocketService.cpp( 664): [JSR82] Clear context : index=18, ctx.index =0, ctx.fd=0
E/BluetoothSocketService.cpp( 664): [JSR82] Clear context : index=19, ctx.index =0, ctx.fd=0
I/BluetoothSocketService.cpp( 664): [JSR82][JNI] initNative --D/BTSocketService( 664): [JSR82][Service] Initialization Constructor --D/SettingsProvider( 664): call request for 0
V/SettingsProvider( 664): call(global:bluetooth_on) for 0
D/SettingsProvider( 664): lookupValue table global cache contains Key bluetooth _on , value = Bundle[{value=0}]
V/Provider/Settings( 664): from db cache, name = bluetooth_on , value = 0
I/SystemServer( 664): Input Method Service
D/BootAnimation( 502): [BootAnimation checkExit 714]exitnow=0
D/BootAnimation( 502): [BootAnimation movie 854]i=1,r=896,j=0,lastFrame=5273167 9005(52731 ms),file=ligo_00102.png
D/BootAnimation( 502): [BootAnimation movie 857]glBindTexture,i=1,r=896,j=0,fra me.tid=100271,name=ligo_00102.png
D/BootAnimation( 502): [BootAnimation movie 874]clearReg.isEmpty,i=1,r=896,j=0, frame.tid=100271
D/BootAnimation( 502): [BootAnimation movie 892]1,delay=40
D/EventHub( 664): No input device configuration file found for device 'mtk-tpd' .
E/filemap ( 664): mmap(0,4096) failed: No such device
W/InputMethodManagerService( 664): Couldn't create dir.: /data/system/inputmeth od

I/EventHub( 664): New device: id=3, fd=126, path='/dev/input/event3', name='mtk -tpd', classes=0x15, configuration='', keyLayout='/system/usr/keylayout/Generic. kl', keyCharacterMap='/system/usr/keychars/Generic.kcm', builtinKeyboard=false, usingSuspendBlockIoctl=true, usingClockIoctl=true
D/EventHub( 664): No input device configuration file found for device 'hwmdata' .
D/SettingsProvider( 664): call request for 0
V/SettingsProvider( 664): call(secure:default_input_method) for 0
D/SettingsProvider( 664): lookupValue table secure cache contains Key default_i nput_method , value = Bundle[{value=com.android.inputmethod.latin/.LatinIME}]
V/Provider/Settings( 664): from db cache, name = default_input_method , value = com.android.inputmethod.latin/.LatinIME
D/SettingsProvider( 664): call request for 0
V/SettingsProvider( 664): call(secure:disabled_system_input_methods) for 0
D/SettingsProvider( 664): lookupValue table secure cache contains Key disabled_ system_input_methods , value = null
D/SettingsProvider( 664): lookupValue table secure cache.fullyMatchesDisk() dis abled_system_input_methods
V/Provider/Settings( 664): from db cache, name = disabled_system_input_methods , value = null
D/SettingsProvider( 664): call request for 0
V/SettingsProvider( 664): call(secure:enabled_input_methods) for 0
D/SettingsProvider( 664): lookupValue table secure cache contains Key enabled_i nput_methods , value = Bundle[{value=com.android.inputmethod.latin/.LatinIME:com .google.android.googlequicksearchbox/com.google.android.voicesearch.ime.VoiceInp utMethodService}]
V/Provider/Settings( 664): from db cache, name = enabled_input_methods , value = com.android.inputmethod.latin/.LatinIME:com.google.android.googlequicksearchbo x/com.google.android.voicesearch.ime.VoiceInputMethodService
V/Provider/Settings( 664): from settings cache , name = default_input_method , value = com.android.inputmethod.latin/.LatinIME
V/Provider/Settings( 664): from settings cache , name = enabled_input_methods , value = com.android.inputmethod.latin/.LatinIME:com.google.android.googlequick searchbox/com.google.android.voicesearch.ime.VoiceInputMethodService
V/Provider/Settings( 664): from settings cache , name = enabled_input_methods , value = com.android.inputmethod.latin/.LatinIME:com.google.android.googlequick searchbox/com.google.android.voicesearch.ime.VoiceInputMethodService
V/Provider/Settings( 664): from settings cache , name = default_input_method , value = com.android.inputmethod.latin/.LatinIME
D/SettingsProvider( 664): call request for 0
V/SettingsProvider( 664): call(secure:selected_input_method_subtype) for 0
D/SettingsProvider( 664): lookupValue table secure cache contains Key selected_ input_method_subtype , value = Bundle[{value=1983547218}]
V/Provider/Settings( 664): from db cache, name = selected_input_method_subtype , value = 1983547218
D/SettingsProvider( 664): call request for 0
V/SettingsProvider( 664): call(secure:input_methods_subtype_history) for 0
D/SettingsProvider( 664): lookupValue table secure cache contains Key input_met hods_subtype_history , value = Bundle[{value=com.android.inputmethod.latin/.Lati nIME;-1573262419}]
V/Provider/Settings( 664): from db cache, name = input_methods_subtype_history , value = com.android.inputmethod.latin/.LatinIME;-1573262419
D/BootAnimation( 502): [BootAnimation checkExit 714]exitnow=0
D/Provider/Settings( 664): put string name = input_methods_subtype_history , va lue = com.android.inputmethod.latin/.LatinIME;-1573262419 userHandle = 0
D/BootAnimation( 502): [BootAnimation movie 854]i=1,r=897,j=0,lastFrame=5277360 7082(52773 ms),file=ligo_00102.png
D/SettingsProvider( 664): call request for 0
V/SettingsProvider( 664): call_put(secure:input_methods_subtype_history=com.and roid.inputmethod.latin/.LatinIME;-1573262419) for 0

D/BootAnimation( 502): [BootAnimation movie 857]glBindTexture,i=1,r=897,j=0,fra me.tid=100271,name=ligo_00102.png
V/SettingsProvider( 664): insert(content://settings/secure) for user 0 by 0
D/SettingsProvider( 664): insert(content://settings/secure) for user 0 by 0
D/SettingsProvider( 664): redundant, old Value: com.android.inputmethod.latin/. LatinIME;-1573262419 new value: com.android.inputmethod.latin/.LatinIME;-1573262 419
D/Provider/Settings( 664): put string name = selected_input_method_subtype , va lue = 1983547218 userHandle = 0
D/SettingsProvider( 664): call request for 0
V/SettingsProvider( 664): call_put(secure:selected_input_method_subtype=1983547 218) for 0
V/SettingsProvider( 664): insert(content://settings/secure) for user 0 by 0
D/SettingsProvider( 664): insert(content://settings/secure) for user 0 by 0
D/SettingsProvider( 664): redundant, old Value: 1983547218 new value: 198354721 8
D/BootAnimation( 502): [BootAnimation movie 874]clearReg.isEmpty,i=1,r=897,j=0, frame.tid=100271
I/SystemServer( 664): Accessibility Manager
D/BootAnimation( 502): [BootAnimation movie 892]1,delay=39
D/SettingsProvider( 664): call request for 0
V/SettingsProvider( 664): call(global:display_size_forced) for 0
D/SettingsProvider( 664): lookupValue table global cache contains Key display_s ize_forced , value = null
D/SettingsProvider( 664): lookupValue table global cache.fullyMatchesDisk() dis play_size_forced
V/Provider/Settings( 664): from db cache, name = display_size_forced , value = null
D/SettingsProvider( 664): call request for 0
V/SettingsProvider( 664): call(global:display_density_forced) for 0
D/SettingsProvider( 664): lookupValue table global cache contains Key display_d ensity_forced , value = null
D/SettingsProvider( 664): lookupValue table global cache.fullyMatchesDisk() dis play_density_forced
V/Provider/Settings( 664): from db cache, name = display_density_forced , value = null
D/InputReader( 664): InputReader:: getSwitchState lock
D/InputReader( 664): InputReader::getStateLocked:: return
W/SystemServer( 664): ***********************************************
F/SystemServer( 664): BOOT FAILURE making display ready
F/SystemServer( 664): java.lang.NullPointerException
F/SystemServer( 664): at android.content.res.Configuration.setTo(Configuration .java:581)
F/SystemServer( 664): at android.content.res.Configuration.<init>(Configuratio n.java:573)
F/SystemServer( 664): at com.android.server.am.ActivityManagerService.updateCo nfigurationLocked(ActivityManagerService.java)
F/SystemServer( 664): at com.android.server.am.ActivityManagerService.updateCo nfiguration(ActivityManagerService.java:12747)
F/SystemServer( 664): at com.android.server.wm.WindowManagerService.displayRea dy(WindowManagerService.java:7662)
F/SystemServer( 664): at com.android.server.ServerThread.run(SystemServer.java :495)
D/SettingsProvider( 664): call request for 0
V/SettingsProvider( 664): call(global:logcat_for_system_server_wtf) for 0
D/SettingsProvider( 664): lookupValue table global cache contains Key logcat_fo r_system_server_wtf , value = null
D/SettingsProvider( 664): lookupValue table global cache.fullyMatchesDisk() log cat_for_system_server_wtf
V/Provider/Settings( 664): from db cache, name = logcat_for_system_server_wtf ,

value = null
W/AES ( 664): Exception Log handling...
D/AEE/AED ( 995): Process:system_server
I/AEE/AED ( 995): system_server
V/AEE/AED ( 995): Write: Req.AE_REQ_MODULE, seq:3
D/AEE/LIBAEE( 664): shell: got the request (cmd:Req,AE_REQ_MODULE)
