I/SurfaceTextureClient( 502): [STC::queueBuffer] (this:0x41958680) fps:11.80, d ur:1017.20, max:86.49, min:83.48
I/BufferQueue( 134): [BootAnimation](this:0x4295e370,api:1) [queue] fps:11.80, dur:1017.21, max:86.48, min:83.57
D/BootAnimation( 502): [BootAnimation movie 892]85,delay=-43
D/BootAnimation( 502): [BootAnimation checkExit 714]exitnow=0
D/BootAnimation( 502): [BootAnimation movie 854]i=0,r=0,j=44,lastFrame=10076653 080(10076 ms),file=ligo_00044.png
D/BootAnimation( 502): [BootAnimation initTexture 220]start init and decode log o
D/skia ( 502): Flag is not 10
D/BootAnimation( 502): [BootAnimation initTexture 231]decode finish
D/BootAnimation( 502): [BootAnimation initTexture 246]w=720,h=580,tw=1024,th=10 24
D/BootAnimation( 502): [BootAnimation movie 870]initTexture,i=0,r=0,j=44,frame. tid=1103625536,name=ligo_00044.png
D/BootAnimation( 502): [BootAnimation movie 874]clearReg.isEmpty,i=0,r=0,j=44,f rame.tid=1103625536
D/BootAnimation( 502): [BootAnimation movie 892]85,delay=-43
D/BootAnimation( 502): [BootAnimation checkExit 714]exitnow=0
D/BootAnimation( 502): [BootAnimation movie 854]i=0,r=0,j=45,lastFrame=10162168 003(10162 ms),file=ligo_00045.png
D/BootAnimation( 502): [BootAnimation initTexture 220]start init and decode log o
D/skia ( 502): Flag is not 10
D/BootAnimation( 502): [BootAnimation initTexture 231]decode finish
D/BootAnimation( 502): [BootAnimation initTexture 246]w=720,h=580,tw=1024,th=10 24
D/BootAnimation( 502): [BootAnimation movie 870]initTexture,i=0,r=0,j=45,frame. tid=1103625536,name=ligo_00045.png
D/BootAnimation( 502): [BootAnimation movie 874]clearReg.isEmpty,i=0,r=0,j=45,f rame.tid=1103625536
D/BootAnimation( 502): [BootAnimation movie 892]83,delay=-41
D/BootAnimation( 502): [BootAnimation checkExit 714]exitnow=0
D/BootAnimation( 502): [BootAnimation movie 854]i=0,r=0,j=46,lastFrame=10245533 157(10245 ms),file=ligo_00046.png
D/BootAnimation( 502): [BootAnimation initTexture 220]start init and decode log o
D/skia ( 502): Flag is not 10
D/BootAnimation( 502): [BootAnimation initTexture 231]decode finish
D/BootAnimation( 502): [BootAnimation initTexture 246]w=720,h=580,tw=1024,th=10 24
D/BootAnimation( 502): [BootAnimation movie 870]initTexture,i=0,r=0,j=46,frame. tid=1103625536,name=ligo_00046.png
D/BootAnimation( 502): [BootAnimation movie 874]clearReg.isEmpty,i=0,r=0,j=46,f rame.tid=1103625536
D/BootAnimation( 502): [BootAnimation movie 892]83,delay=-42
D/BootAnimation( 502): [BootAnimation checkExit 714]exitnow=0
D/BootAnimation( 502): [BootAnimation movie 854]i=0,r=0,j=47,lastFrame=10329475 849(10329 ms),file=ligo_00047.png
D/BootAnimation( 502): [BootAnimation initTexture 220]start init and decode log

o
D/skia ( 502): Flag is not 10
D/BootAnimation( 502): [BootAnimation initTexture 231]decode finish
D/BootAnimation( 502): [BootAnimation initTexture 246]w=720,h=580,tw=1024,th=10 24
D/dalvikvm( 543): DexOpt: load 240ms, verify+opt 3320ms, 4748668 bytes
D/BootAnimation( 502): [BootAnimation movie 870]initTexture,i=0,r=0,j=47,frame. tid=1103625536,name=ligo_00047.png
D/BootAnimation( 502): [BootAnimation movie 874]clearReg.isEmpty,i=0,r=0,j=47,f rame.tid=1103625536
D/BootAnimation( 502): [BootAnimation movie 892]86,delay=-44
D/BootAnimation( 502): [BootAnimation checkExit 714]exitnow=0
D/BootAnimation( 502): [BootAnimation movie 854]i=0,r=0,j=48,lastFrame=10415995 464(10415 ms),file=ligo_00048.png
D/BootAnimation( 502): [BootAnimation initTexture 220]start init and decode log o
D/skia ( 502): Flag is not 10
D/BootAnimation( 502): [BootAnimation initTexture 231]decode finish
D/BootAnimation( 502): [BootAnimation initTexture 246]w=720,h=580,tw=1024,th=10 24
D/BootAnimation( 502): [BootAnimation movie 870]initTexture,i=0,r=0,j=48,frame. tid=1103625536,name=ligo_00048.png
D/BootAnimation( 502): [BootAnimation movie 874]clearReg.isEmpty,i=0,r=0,j=48,f rame.tid=1103625536
D/BootAnimation( 502): [BootAnimation movie 892]82,delay=-41
D/BootAnimation( 502): [BootAnimation checkExit 714]exitnow=0
D/BootAnimation( 502): [BootAnimation movie 854]i=0,r=0,j=49,lastFrame=10498732 387(10498 ms),file=ligo_00049.png
D/BootAnimation( 502): [BootAnimation initTexture 220]start init and decode log o
I/BufferQueue( 134): [BootAnimation](this:0x4295e370,api:1) [release] fps:11.77 , dur:1019.12, max:98.01, min:78.34
D/skia ( 502): Flag is not 10
D/BootAnimation( 502): [BootAnimation initTexture 231]decode finish
D/BootAnimation( 502): [BootAnimation initTexture 246]w=720,h=580,tw=1024,th=10 24
D/BootAnimation( 502): [BootAnimation movie 870]initTexture,i=0,r=0,j=49,frame. tid=1103625536,name=ligo_00049.png
D/BootAnimation( 502): [BootAnimation movie 874]clearReg.isEmpty,i=0,r=0,j=49,f rame.tid=1103625536
D/BootAnimation( 502): [BootAnimation movie 892]82,delay=-41
D/BootAnimation( 502): [BootAnimation checkExit 714]exitnow=0
D/BootAnimation( 502): [BootAnimation movie 854]i=0,r=0,j=50,lastFrame=10581639 234(10581 ms),file=ligo_00050.png
D/BootAnimation( 502): [BootAnimation initTexture 220]start init and decode log o
D/skia ( 502): Flag is not 10
D/BootAnimation( 502): [BootAnimation initTexture 231]decode finish
D/BootAnimation( 502): [BootAnimation initTexture 246]w=720,h=580,tw=1024,th=10 24
D/BootAnimation( 502): [BootAnimation movie 870]initTexture,i=0,r=0,j=50,frame. tid=1103625536,name=ligo_00050.png
D/BootAnimation( 502): [BootAnimation movie 874]clearReg.isEmpty,i=0,r=0,j=50,f rame.tid=1103625536
D/BootAnimation( 502): [BootAnimation movie 892]83,delay=-41
D/BootAnimation( 502): [BootAnimation checkExit 714]exitnow=0
D/BootAnimation( 502): [BootAnimation movie 854]i=0,r=0,j=51,lastFrame=10665149 695(10665 ms),file=ligo_00051.png
D/BootAnimation( 502): [BootAnimation initTexture 220]start init and decode log o

D/skia ( 502): Flag is not 10
D/BootAnimation( 502): [BootAnimation initTexture 231]decode finish
D/BootAnimation( 502): [BootAnimation initTexture 246]w=720,h=580,tw=1024,th=10 24
D/BootAnimation( 502): [BootAnimation movie 870]initTexture,i=0,r=0,j=51,frame. tid=1103625536,name=ligo_00051.png
D/BootAnimation( 502): [BootAnimation movie 874]clearReg.isEmpty,i=0,r=0,j=51,f rame.tid=1103625536
D/BootAnimation( 502): [BootAnimation movie 892]83,delay=-42
D/BootAnimation( 502): [BootAnimation checkExit 714]exitnow=0
D/BootAnimation( 502): [BootAnimation movie 854]i=0,r=0,j=52,lastFrame=10749101 695(10749 ms),file=ligo_00052.png
D/BootAnimation( 502): [BootAnimation initTexture 220]start init and decode log o
D/skia ( 502): Flag is not 10
D/BootAnimation( 502): [BootAnimation initTexture 231]decode finish
D/BootAnimation( 502): [BootAnimation initTexture 246]w=720,h=580,tw=1024,th=10 24
D/BootAnimation( 502): [BootAnimation movie 870]initTexture,i=0,r=0,j=52,frame. tid=1103625536,name=ligo_00052.png
D/BootAnimation( 502): [BootAnimation movie 874]clearReg.isEmpty,i=0,r=0,j=52,f rame.tid=1103625536
D/BootAnimation( 502): [BootAnimation movie 892]83,delay=-41
D/BootAnimation( 502): [BootAnimation checkExit 714]exitnow=0
D/BootAnimation( 502): [BootAnimation movie 854]i=0,r=0,j=53,lastFrame=10832533 695(10832 ms),file=ligo_00053.png
D/BootAnimation( 502): [BootAnimation initTexture 220]start init and decode log o
D/skia ( 502): Flag is not 10
D/BootAnimation( 502): [BootAnimation initTexture 231]decode finish
D/BootAnimation( 502): [BootAnimation initTexture 246]w=720,h=580,tw=1024,th=10 24
D/BootAnimation( 502): [BootAnimation movie 870]initTexture,i=0,r=0,j=53,frame. tid=1103625536,name=ligo_00053.png
D/BootAnimation( 502): [BootAnimation movie 874]clearReg.isEmpty,i=0,r=0,j=53,f rame.tid=1103625536
D/BootAnimation( 502): [BootAnimation movie 892]83,delay=-41
D/BootAnimation( 502): [BootAnimation checkExit 714]exitnow=0
D/BootAnimation( 502): [BootAnimation movie 854]i=0,r=0,j=54,lastFrame=10916160 772(10916 ms),file=ligo_00054.png
D/BootAnimation( 502): [BootAnimation initTexture 220]start init and decode log o
I/SurfaceFlinger( 134): [SurfaceFlinger] fps:12.013530,dur:1082.11,max:97.16,mi n:78.28
D/skia ( 502): Flag is not 10
D/BootAnimation( 502): [BootAnimation initTexture 231]decode finish
D/BootAnimation( 502): [BootAnimation initTexture 246]w=720,h=580,tw=1024,th=10 24
D/BootAnimation( 502): [BootAnimation movie 870]initTexture,i=0,r=0,j=54,frame. tid=1103625536,name=ligo_00054.png
D/BootAnimation( 502): [BootAnimation movie 874]clearReg.isEmpty,i=0,r=0,j=54,f rame.tid=1103625536
D/dalvikvm( 135): DexOpt: --- END 'framework.jar' (success) --D/dalvikvm( 135): DEX prep '/system/framework/framework.jar': unzip in 272ms, r ewrite 4772ms
D/dalvikvm( 135): open_cached_dex_file : /system/framework/telephony-common.jar /data/dalvik-cache/system@framework@telephony-common.jar@classes.dex
D/BootAnimation( 502): [BootAnimation movie 892]87,delay=-45
D/BootAnimation( 502): [BootAnimation checkExit 714]exitnow=0
D/BootAnimation( 502): [BootAnimation movie 854]i=0,r=0,j=55,lastFrame=11003336

464(11003 ms),file=ligo_00055.png
D/BootAnimation( 502): [BootAnimation initTexture 220]start init and decode log o
I/dalvikvm( 135): DexOpt: mismatch dep signature for '/data/dalvik-cache/system @framework@framework.jar@classes.dex'
D/dalvikvm( 135): == DexOpt: numDeps = 5
D/dalvikvm( 135): 0 : /data/dalvik-cache/system@framework@core.jar@classes.dex /data/dalvik-cache/system@framework@core.jar@classes.dex
D/dalvikvm( 135): 1 : /data/dalvik-cache/system@framework@core-junit.jar@classe s.dex /data/dalvik-cache/system@framework@core-junit.jar@classes.dex
D/dalvikvm( 135): 2 : /data/dalvik-cache/system@framework@bouncycastle.jar@clas ses.dex /data/dalvik-cache/system@framework@bouncycastle.jar@classes.dex
D/dalvikvm( 135): 3 : /data/dalvik-cache/system@framework@ext.jar@classes.dex / data/dalvik-cache/system@framework@ext.jar@classes.dex
D/dalvikvm( 135): 4 : /data/dalvik-cache/system@framework@framework.jar@classes .dex /data/dalvik-cache/system@framework@framework.jar@classes.dex
D/dalvikvm( 135): 5 : NULL NULL
D/dalvikvm( 135): ODEX file is stale or bad; removing and retrying (/data/dalvi k-cache/system@framework@telephony-common.jar@classes.dex)
D/skia ( 502): Flag is not 10
D/BootAnimation( 502): [BootAnimation initTexture 231]decode finish
D/BootAnimation( 502): [BootAnimation initTexture 246]w=720,h=580,tw=1024,th=10 24
D/dalvikvm( 135): DexOpt: --- BEGIN 'telephony-common.jar' (bootstrap=1) --D/dalvikvm( 596): boot class :
D/dalvikvm( 596): (0) core.jar
D/dalvikvm( 596): (1) core-junit.jar
D/dalvikvm( 596): (2) bouncycastle.jar
D/dalvikvm( 596): (3) ext.jar
D/dalvikvm( 596): (4) framework.jar
D/dalvikvm( 596): (5) telephony-common.jar
D/dalvikvm( 596): (6) mms-common.jar
D/dalvikvm( 596): (7) android.policy.jar
D/dalvikvm( 596): (8) services.jar
D/dalvikvm( 596): (9) apache-xml.jar
D/dalvikvm( 596): (10) mediatek-common.jar
D/dalvikvm( 596): (11) mediatek-framework.jar
D/dalvikvm( 596): (12) mediatek-op.jar
D/dalvikvm( 596): (13) secondary-framework.jar
D/dalvikvm( 596): (14) CustomProperties.jar
D/dalvikvm( 596): (15) am.jar
D/dalvikvm( 596): threadid=1: interp stack at 0x41652000
D/dalvikvm( 596): open_cached_dex_file : /system/framework/core.jar /data/dalvi k-cache/system@framework@core.jar@classes.dex
D/dalvikvm( 596): open_cached_dex_file : /system/framework/core-junit.jar /data /dalvik-cache/system@framework@core-junit.jar@classes.dex
D/dalvikvm( 596): open_cached_dex_file : /system/framework/bouncycastle.jar /da ta/dalvik-cache/system@framework@bouncycastle.jar@classes.dex
D/dalvikvm( 596): open_cached_dex_file : /system/framework/ext.jar /data/dalvik -cache/system@framework@ext.jar@classes.dex
D/dalvikvm( 596): open_cached_dex_file : /system/framework/framework.jar /data/ dalvik-cache/system@framework@framework.jar@classes.dex
D/BootAnimation( 502): [BootAnimation movie 870]initTexture,i=0,r=0,j=55,frame. tid=1103625536,name=ligo_00055.png
D/BootAnimation( 502): [BootAnimation movie 874]clearReg.isEmpty,i=0,r=0,j=55,f rame.tid=1103625536
I/SurfaceTextureClient( 502): [STC::queueBuffer] (this:0x41958680) fps:11.73, d ur:1023.21, max:97.43, min:82.81
I/BufferQueue( 134): [BootAnimation](this:0x4295e370,api:1) [queue] fps:11.73, dur:1023.33, max:96.71, min:82.72

D/BootAnimation( 502): [BootAnimation movie 892]96,delay=-55
D/BootAnimation( 502): [BootAnimation checkExit 714]exitnow=0
D/BootAnimation( 502): [BootAnimation movie 854]i=0,r=0,j=56,lastFrame=11100375 465(11100 ms),file=ligo_00056.png
D/BootAnimation( 502): [BootAnimation initTexture 220]start init and decode log o
D/skia ( 502): Flag is not 10
D/BootAnimation( 502): [BootAnimation initTexture 231]decode finish
D/BootAnimation( 502): [BootAnimation initTexture 246]w=720,h=580,tw=1024,th=10 24
D/dalvikvm( 596): DexOpt: 'Landroid/provider/Telephony$BaseMmsColumns;' has an earlier definition; blocking out
D/dalvikvm( 596): DexOpt: 'Landroid/provider/Telephony$CanonicalAddressesColumn s;' has an earlier definition; blocking out
D/dalvikvm( 596): DexOpt: 'Landroid/provider/Telephony$Carriers$GeminiCarriers; ' has an earlier definition; blocking out
D/dalvikvm( 596): DexOpt: 'Landroid/provider/Telephony$Carriers$SIM1Carriers;' has an earlier definition; blocking out
D/dalvikvm( 596): DexOpt: 'Landroid/provider/Telephony$Carriers$SIM2Carriers;' has an earlier definition; blocking out
D/dalvikvm( 596): DexOpt: 'Landroid/provider/Telephony$Carriers;' has an earlie r definition; blocking out
D/dalvikvm( 596): DexOpt: 'Landroid/provider/Telephony$CbSms$CanonicalAddresses Columns;' has an earlier definition; blocking out
D/dalvikvm( 596): DexOpt: 'Landroid/provider/Telephony$CbSms$CbChannel;' has an earlier definition; blocking out
D/dalvikvm( 596): DexOpt: 'Landroid/provider/Telephony$TextBasedCbSmsColumns;' has an earlier definition; blocking out
D/dalvikvm( 596): DexOpt: 'Landroid/provider/Telephony$CbSms$Conversations;' ha s an earlier definition; blocking out
D/dalvikvm( 596): DexOpt: 'Landroid/provider/Telephony$CbSms$Intents;' has an e arlier definition; blocking out
D/dalvikvm( 596): DexOpt: 'Landroid/provider/Telephony$CbSms;' has an earlier d efinition; blocking out
D/dalvikvm( 596): DexOpt: 'Landroid/provider/Telephony$CellBroadcasts;' has an earlier definition; blocking out
D/dalvikvm( 596): DexOpt: 'Landroid/provider/Telephony$GprsInfo;' has an earlie r definition; blocking out
D/dalvikvm( 596): DexOpt: 'Landroid/provider/Telephony$GPRSInfo;' has an earlie r definition; blocking out
D/dalvikvm( 596): DexOpt: 'Landroid/provider/Telephony$Intents;' has an earlier definition; blocking out
D/dalvikvm( 596): DexOpt: 'Landroid/provider/Telephony$Mms$Addr;' has an earlie r definition; blocking out
D/dalvikvm( 596): DexOpt: 'Landroid/provider/Telephony$Mms$Draft;' has an earli er definition; blocking out
D/dalvikvm( 596): DexOpt: 'Landroid/provider/Telephony$Mms$Inbox;' has an earli er definition; blocking out
D/dalvikvm( 596): DexOpt: 'Landroid/provider/Telephony$Mms$Intents;' has an ear lier definition; blocking out
D/dalvikvm( 596): DexOpt: 'Landroid/provider/Telephony$Mms$Outbox;' has an earl ier definition; blocking out
D/dalvikvm( 596): DexOpt: 'Landroid/provider/Telephony$Mms$Part;' has an earlie r definition; blocking out
D/dalvikvm( 596): DexOpt: 'Landroid/provider/Telephony$Mms$Rate;' has an earlie r definition; blocking out
D/dalvikvm( 596): DexOpt: 'Landroid/provider/Telephony$Mms$ScrapSpace;' has an earlier definition; blocking out
D/dalvikvm( 596): DexOpt: 'Landroid/provider/Telephony$Mms$Sent;' has an earlie r definition; blocking out

D/dalvikvm( 596): DexOpt: 'Landroid/provider/Telephony$Mms;' has an earlier def inition; blocking out
D/dalvikvm( 596): DexOpt: 'Landroid/provider/Telephony$MmsSms$PendingMessages;' has an earlier definition; blocking out
D/dalvikvm( 596): DexOpt: 'Landroid/provider/Telephony$MmsSms$WordsTable;' has an earlier definition; blocking out
D/dalvikvm( 596): DexOpt: 'Landroid/provider/Telephony$MmsSms;' has an earlier definition; blocking out
D/dalvikvm( 596): DexOpt: 'Landroid/provider/Telephony$SIMInfo$ErrorCode;' has an earlier definition; blocking out
D/dalvikvm( 596): DexOpt: 'Landroid/provider/Telephony$SimInfo;' has an earlier definition; blocking out
D/dalvikvm( 596): DexOpt: 'Landroid/provider/Telephony$SIMInfo;' has an earlier definition; blocking out
D/dalvikvm( 596): DexOpt: 'Landroid/provider/Telephony$TextBasedSmsColumns;' ha s an earlier definition; blocking out
D/dalvikvm( 596): DexOpt: 'Landroid/provider/Telephony$Sms$Conversations;' has an earlier definition; blocking out
D/dalvikvm( 596): DexOpt: 'Landroid/provider/Telephony$Sms$Draft;' has an earli er definition; blocking out
D/dalvikvm( 596): DexOpt: 'Landroid/provider/Telephony$Sms$Inbox;' has an earli er definition; blocking out
D/dalvikvm( 596): DexOpt: 'Landroid/provider/Telephony$Sms$Intents;' has an ear lier definition; blocking out
D/dalvikvm( 596): DexOpt: 'Landroid/provider/Telephony$Sms$Outbox;' has an earl ier definition; blocking out
D/dalvikvm( 596): DexOpt: 'Landroid/provider/Telephony$Sms$Sent;' has an earlie r definition; blocking out
D/dalvikvm( 596): DexOpt: 'Landroid/provider/Telephony$Sms;' has an earlier def inition; blocking out
D/dalvikvm( 596): DexOpt: 'Landroid/provider/Telephony$ThreadsColumns;' has an earlier definition; blocking out
D/dalvikvm( 596): DexOpt: 'Landroid/provider/Telephony$Threads;' has an earlier definition; blocking out
D/dalvikvm( 596): DexOpt: 'Landroid/provider/Telephony$ThreadSettings;' has an earlier definition; blocking out
D/dalvikvm( 596): DexOpt: 'Landroid/provider/Telephony$WapPush;' has an earlier definition; blocking out
D/dalvikvm( 596): DexOpt: 'Landroid/provider/Telephony;' has an earlier definit ion; blocking out
D/dalvikvm( 596): DexOpt: 'Landroid/telephony/CellBroadcastMessage$1;' has an e arlier definition; blocking out
D/dalvikvm( 596): DexOpt: 'Landroid/telephony/CellBroadcastMessage;' has an ear lier definition; blocking out
D/dalvikvm( 596): DexOpt: 'Landroid/telephony/gsm/SmsManager;' has an earlier d efinition; blocking out
D/dalvikvm( 596): DexOpt: 'Landroid/telephony/gsm/SmsMessage$MessageClass;' has an earlier definition; blocking out
D/dalvikvm( 596): DexOpt: 'Landroid/telephony/gsm/SmsMessage$SubmitPdu;' has an earlier definition; blocking out
D/dalvikvm( 596): DexOpt: 'Landroid/telephony/gsm/SmsMessage;' has an earlier d efinition; blocking out
D/dalvikvm( 596): DexOpt: 'Landroid/telephony/SmsCbCmasInfo$1;' has an earlier definition; blocking out
D/dalvikvm( 596): DexOpt: 'Landroid/telephony/SmsCbCmasInfo;' has an earlier de finition; blocking out
D/dalvikvm( 596): DexOpt: 'Landroid/telephony/SmsCbEtwsInfo$1;' has an earlier definition; blocking out
D/dalvikvm( 596): DexOpt: 'Landroid/telephony/SmsCbEtwsInfo;' has an earlier de finition; blocking out

D/dalvikvm( 596): DexOpt: 'Landroid/telephony/SmsCbLocation$1;' has an earlier definition; blocking out
D/dalvikvm( 596): DexOpt: 'Landroid/telephony/SmsCbLocation;' has an earlier de finition; blocking out
D/dalvikvm( 596): DexOpt: 'Landroid/telephony/SmsCbMessage$1;' has an earlier d efinition; blocking out
D/dalvikvm( 596): DexOpt: 'Landroid/telephony/SmsCbMessage;' has an earlier def inition; blocking out
D/dalvikvm( 596): DexOpt: 'Landroid/telephony/SmsManager;' has an earlier defin ition; blocking out
D/dalvikvm( 596): DexOpt: 'Landroid/telephony/SmsMessage$1;' has an earlier def inition; blocking out
D/dalvikvm( 596): DexOpt: 'Landroid/telephony/SmsMessage$MessageClass;' has an earlier definition; blocking out
D/dalvikvm( 596): DexOpt: 'Landroid/telephony/SmsMessage$SubmitPdu;' has an ear lier definition; blocking out
D/dalvikvm( 596): DexOpt: 'Landroid/telephony/SmsMessage;' has an earlier defin ition; blocking out
D/dalvikvm( 596): DexOpt: 'Lcom/android/internal/telephony/AdnRecord$1;' has an earlier definition; blocking out
D/dalvikvm( 596): DexOpt: 'Lcom/android/internal/telephony/AdnRecord;' has an e arlier definition; blocking out
D/dalvikvm( 596): DexOpt: 'Lcom/android/internal/telephony/IccConstants;' has a n earlier definition; blocking out
D/dalvikvm( 596): DexOpt: 'Lcom/android/internal/telephony/AdnRecordCache;' has an earlier definition; blocking out
D/dalvikvm( 596): DexOpt: 'Lcom/android/internal/telephony/AdnRecordLoader;' ha s an earlier definition; blocking out
D/dalvikvm( 596): DexOpt: 'Lcom/android/internal/telephony/ATParseEx;' has an e arlier definition; blocking out
D/dalvikvm( 596): DexOpt: 'Lcom/android/internal/telephony/ATResponseParser;' h as an earlier definition; blocking out
D/dalvikvm( 596): DexOpt: 'Lcom/android/internal/telephony/CommandsInterface;' has an earlier definition; blocking out
D/dalvikvm( 596): Note: class Lcom/android/internal/telephony/BaseCommands; has 157 unimplemented (abstract) methods
D/dalvikvm( 596): DexOpt: 'Lcom/android/internal/telephony/BaseCommands;' has a n earlier definition; blocking out
D/dalvikvm( 596): DexOpt: 'Lcom/android/internal/telephony/Call$State;' has an earlier definition; blocking out
D/dalvikvm( 596): DexOpt: 'Lcom/android/internal/telephony/Call;' has an earlie r definition; blocking out
D/dalvikvm( 596): DexOpt: 'Lcom/android/internal/telephony/CallForwardInfo;' ha s an earlier definition; blocking out
D/dalvikvm( 596): DexOpt: 'Lcom/android/internal/telephony/CallManager$1;' has an earlier definition; blocking out
D/dalvikvm( 596): DexOpt: 'Lcom/android/internal/telephony/CallManager$2;' has an earlier definition; blocking out
D/dalvikvm( 596): DexOpt: 'Lcom/android/internal/telephony/CallManager$3;' has an earlier definition; blocking out
D/dalvikvm( 596): DexOpt: 'Lcom/android/internal/telephony/CallManager$WaitingR easonForHold;' has an earlier definition; blocking out
D/dalvikvm( 596): DexOpt: 'Lcom/android/internal/telephony/CallManager;' has an earlier definition; blocking out
D/dalvikvm( 596): DexOpt: 'Lcom/android/internal/telephony/CallStateException;' has an earlier definition; blocking out
D/dalvikvm( 596): DexOpt: 'Lcom/android/internal/telephony/CallTracker;' has an earlier definition; blocking out
D/dalvikvm( 596): DexOpt: 'Lcom/android/internal/telephony/cat/AppInterface$Com mandType;' has an earlier definition; blocking out

D/dalvikvm( 596): DexOpt: 'Lcom/android/internal/telephony/cat/AppInterface;' h as an earlier definition; blocking out
D/dalvikvm( 596): DexOpt: 'Lcom/android/internal/telephony/cat/BerTlv;' has an earlier definition; blocking out
D/dalvikvm( 596): DexOpt: 'Lcom/android/internal/telephony/cat/CommandParams;' has an earlier definition; blocking out
D/dalvikvm( 596): DexOpt: 'Lcom/android/internal/telephony/cat/CallSetupParams; ' has an earlier definition; blocking out
D/dalvikvm( 596): DexOpt: 'Lcom/android/internal/telephony/cat/CatCmdMessage$1; ' has an earlier definition; blocking out
D/dalvikvm( 596): DexOpt: 'Lcom/android/internal/telephony/cat/CatCmdMessage$2; ' has an earlier definition; blocking out
D/dalvikvm( 596): DexOpt: 'Lcom/android/internal/telephony/cat/CatCmdMessage$Br owserSettings;' has an earlier definition; blocking out
D/dalvikvm( 596): DexOpt: 'Lcom/android/internal/telephony/cat/CatCmdMessage$Ca llSettings;' has an earlier definition; blocking out
D/dalvikvm( 596): DexOpt: 'Lcom/android/internal/telephony/cat/CatCmdMessage;' has an earlier definition; blocking out
D/dalvikvm( 596): DexOpt: 'Lcom/android/internal/telephony/cat/CatException;' h as an earlier definition; blocking out
D/dalvikvm( 596): DexOpt: 'Lcom/android/internal/telephony/cat/CatLog;' has an earlier definition; blocking out
D/dalvikvm( 596): DexOpt: 'Lcom/android/internal/telephony/cat/CatResponseMessa ge;' has an earlier definition; blocking out
D/dalvikvm( 596): DexOpt: 'Lcom/android/internal/telephony/cat/CatService$1;' h as an earlier definition; blocking out
D/dalvikvm( 596): DexOpt: 'Lcom/android/internal/telephony/cat/CatService$2;' h as an earlier definition; blocking out
D/dalvikvm( 596): DexOpt: 'Lcom/android/internal/telephony/cat/CatService$3;' h as an earlier definition; blocking out
D/dalvikvm( 596): DexOpt: 'Lcom/android/internal/telephony/cat/CatService$4;' h as an earlier definition; blocking out
D/dalvikvm( 596): DexOpt: 'Lcom/android/internal/telephony/cat/CatService;' has an earlier definition; blocking out
D/dalvikvm( 596): DexOpt: 'Lcom/android/internal/telephony/cat/CloseChannelPara ms;' has an earlier definition; blocking out
D/dalvikvm( 596): DexOpt: 'Lcom/android/internal/telephony/cat/CommandDetails$1 ;' has an earlier definition; blocking out
D/dalvikvm( 596): DexOpt: 'Lcom/android/internal/telephony/cat/ValueObject;' ha s an earlier definition; blocking out
D/dalvikvm( 596): DexOpt: 'Lcom/android/internal/telephony/cat/CommandDetails;' has an earlier definition; blocking out
D/dalvikvm( 596): DexOpt: 'Lcom/android/internal/telephony/cat/CommandParamsFac tory$1;' has an earlier definition; blocking out
D/dalvikvm( 596): DexOpt: 'Lcom/android/internal/telephony/cat/CommandParamsFac tory;' has an earlier definition; blocking out
D/dalvikvm( 596): DexOpt: 'Lcom/android/internal/telephony/cat/ComprehensionTlv ;' has an earlier definition; blocking out
D/dalvikvm( 596): DexOpt: 'Lcom/android/internal/telephony/cat/ComprehensionTlv Tag;' has an earlier definition; blocking out
D/dalvikvm( 596): DexOpt: 'Lcom/android/internal/telephony/cat/DeviceIdentities ;' has an earlier definition; blocking out
D/dalvikvm( 596): DexOpt: 'Lcom/android/internal/telephony/cat/DisplayTextParam s;' has an earlier definition; blocking out
D/dalvikvm( 596): DexOpt: 'Lcom/android/internal/telephony/cat/ResponseData;' h as an earlier definition; blocking out
D/dalvikvm( 596): DexOpt: 'Lcom/android/internal/telephony/cat/DTTZResponseData ;' has an earlier definition; blocking out
D/dalvikvm( 596): DexOpt: 'Lcom/android/internal/telephony/cat/Duration$1;' has an earlier definition; blocking out

D/dalvikvm( 596): DexOpt: 'Lcom/android/internal/telephony/cat/Duration$TimeUni t;' has an earlier definition; blocking out
D/dalvikvm( 596): DexOpt: 'Lcom/android/internal/telephony/cat/Duration;' has a n earlier definition; blocking out
D/dalvikvm( 596): DexOpt: 'Lcom/android/internal/telephony/cat/FontSize;' has a n earlier definition; blocking out
D/dalvikvm( 596): DexOpt: 'Lcom/android/internal/telephony/cat/GetChannelStatus Params;' has an earlier definition; blocking out
D/dalvikvm( 596): DexOpt: 'Lcom/android/internal/telephony/cat/GetChannelStatus ResponseData;' has an earlier definition; blocking out
D/dalvikvm( 596): DexOpt: 'Lcom/android/internal/telephony/cat/GetInkeyInputRes ponseData;' has an earlier definition; blocking out
D/dalvikvm( 596): DexOpt: 'Lcom/android/internal/telephony/cat/GetInputParams;' has an earlier definition; blocking out
D/dalvikvm( 596): DexOpt: 'Lcom/android/internal/telephony/cat/IconId;' has an earlier definition; blocking out
D/dalvikvm( 596): DexOpt: 'Lcom/android/internal/telephony/cat/IconLoader;' has an earlier definition; blocking out
D/dalvikvm( 596): DexOpt: 'Lcom/android/internal/telephony/cat/ImageDescriptor; ' has an earlier definition; blocking out
D/dalvikvm( 596): DexOpt: 'Lcom/android/internal/telephony/cat/Input$1;' has an earlier definition; blocking out
D/dalvikvm( 596): DexOpt: 'Lcom/android/internal/telephony/cat/Input;' has an e arlier definition; blocking out
D/dalvikvm( 596): DexOpt: 'Lcom/android/internal/telephony/cat/Item$1;' has an earlier definition; blocking out
D/dalvikvm( 596): DexOpt: 'Lcom/android/internal/telephony/cat/Item;' has an ea rlier definition; blocking out
D/dalvikvm( 596): DexOpt: 'Lcom/android/internal/telephony/cat/ItemsIconId;' ha s an earlier definition; blocking out
D/dalvikvm( 596): DexOpt: 'Lcom/android/internal/telephony/cat/LanguageResponse Data;' has an earlier definition; blocking out
D/dalvikvm( 596): DexOpt: 'Lcom/android/internal/telephony/cat/LaunchBrowserMod e;' has an earlier definition; blocking out
D/dalvikvm( 596): DexOpt: 'Lcom/android/internal/telephony/cat/LaunchBrowserPar ams;' has an earlier definition; blocking out
D/dalvikvm( 596): DexOpt: 'Lcom/android/internal/telephony/cat/Menu$1;' has an earlier definition; blocking out
D/dalvikvm( 596): DexOpt: 'Lcom/android/internal/telephony/cat/Menu;' has an ea rlier definition; blocking out
D/dalvikvm( 596): DexOpt: 'Lcom/android/internal/telephony/cat/OpenChannelParam s$GprsParams;' has an earlier definition; blocking out
D/dalvikvm( 596): DexOpt: 'Lcom/android/internal/telephony/cat/OpenChannelParam s;' has an earlier definition; blocking out
D/dalvikvm( 596): DexOpt: 'Lcom/android/internal/telephony/cat/OpenChannelRespo nseData;' has an earlier definition; blocking out
D/dalvikvm( 596): DexOpt: 'Lcom/android/internal/telephony/cat/PlayToneParams;' has an earlier definition; blocking out
D/dalvikvm( 596): DexOpt: 'Lcom/android/internal/telephony/cat/PresentationType ;' has an earlier definition; blocking out
D/dalvikvm( 596): DexOpt: 'Lcom/android/internal/telephony/cat/ProvideLocalInfo rmationResponseData;' has an earlier definition; blocking out
D/dalvikvm( 596): DexOpt: 'Lcom/android/internal/telephony/cat/ReceiveDataParam s;' has an earlier definition; blocking out
D/dalvikvm( 596): DexOpt: 'Lcom/android/internal/telephony/cat/ReceiveDataRespo nseData;' has an earlier definition; blocking out
D/dalvikvm( 596): DexOpt: 'Lcom/android/internal/telephony/cat/ResultCode;' has an earlier definition; blocking out
D/dalvikvm( 596): DexOpt: 'Lcom/android/internal/telephony/cat/ResultException$ 1;' has an earlier definition; blocking out

D/dalvikvm( 596): DexOpt: 'Lcom/android/internal/telephony/cat/ResultException; ' has an earlier definition; blocking out
D/dalvikvm( 596): DexOpt: 'Lcom/android/internal/telephony/cat/RilMessage;' has an earlier definition; blocking out
D/dalvikvm( 596): DexOpt: 'Lcom/android/internal/telephony/cat/RilMessageDecode r$1;' has an earlier definition; blocking out
D/dalvikvm( 596): DexOpt: 'Lcom/android/internal/telephony/cat/RilMessageDecode r$StateCmdParamsReady;' has an earlier definition; blocking out
D/dalvikvm( 596): DexOpt: 'Lcom/android/internal/telephony/cat/RilMessageDecode r$StateStart;' has an earlier definition; blocking out
D/dalvikvm( 596): DexOpt: 'Lcom/android/internal/telephony/cat/RilMessageDecode r;' has an earlier definition; blocking out
D/dalvikvm( 596): DexOpt: 'Lcom/android/internal/telephony/cat/SelectItemParams ;' has an earlier definition; blocking out
D/dalvikvm( 596): DexOpt: 'Lcom/android/internal/telephony/cat/SelectItemRespon seData;' has an earlier definition; blocking out
D/dalvikvm( 596): DexOpt: 'Lcom/android/internal/telephony/cat/SendDataParams;' has an earlier definition; blocking out
D/dalvikvm( 596): DexOpt: 'Lcom/android/internal/telephony/cat/SendDataResponse Data;' has an earlier definition; blocking out
D/dalvikvm( 596): DexOpt: 'Lcom/android/internal/telephony/cat/SetupEventListPa rams;' has an earlier definition; blocking out
D/dalvikvm( 596): DexOpt: 'Lcom/android/internal/telephony/cat/TextAlignment;' has an earlier definition; blocking out
D/dalvikvm( 596): DexOpt: 'Lcom/android/internal/telephony/cat/TextAttribute;' has an earlier definition; blocking out
D/dalvikvm( 596): DexOpt: 'Lcom/android/internal/telephony/cat/TextColor;' has an earlier definition; blocking out
D/dalvikvm( 596): DexOpt: 'Lcom/android/internal/telephony/cat/TextMessage$1;' has an earlier definition; blocking out
D/dalvikvm( 596): DexOpt: 'Lcom/android/internal/telephony/cat/TextMessage;' ha s an earlier definition; blocking out
D/dalvikvm( 596): DexOpt: 'Lcom/android/internal/telephony/cat/Tone$1;' has an earlier definition; blocking out
D/dalvikvm( 596): DexOpt: 'Lcom/android/internal/telephony/cat/Tone;' has an ea rlier definition; blocking out
D/dalvikvm( 596): DexOpt: 'Lcom/android/internal/telephony/cat/ToneSettings$1;' has an earlier definition; blocking out
D/dalvikvm( 596): DexOpt: 'Lcom/android/internal/telephony/cat/ToneSettings;' h as an earlier definition; blocking out
D/dalvikvm( 596): DexOpt: 'Lcom/android/internal/telephony/cat/ValueParser;' ha s an earlier definition; blocking out
D/dalvikvm( 596): DexOpt: 'Lcom/android/internal/telephony/cdma/CallFailCause;' has an earlier definition; blocking out
D/dalvikvm( 596): DexOpt: 'Lcom/android/internal/telephony/cdma/CdmaCall$1;' ha s an earlier definition; blocking out
D/dalvikvm( 596): DexOpt: 'Lcom/android/internal/telephony/cdma/CdmaCall;' has an earlier definition; blocking out
D/dalvikvm( 596): DexOpt: 'Lcom/android/internal/telephony/cdma/CdmaCallTracker ;' has an earlier definition; blocking out
D/dalvikvm( 596): DexOpt: 'Lcom/android/internal/telephony/cdma/CdmaCallWaiting Notification;' has an earlier definition; blocking out
D/dalvikvm( 596): DexOpt: 'Lcom/android/internal/telephony/cdma/CdmaConnection$ 1;' has an earlier definition; blocking out
D/dalvikvm( 596): DexOpt: 'Lcom/android/internal/telephony/cdma/CdmaConnection$ MyHandler;' has an earlier definition; blocking out
D/dalvikvm( 596): DexOpt: 'Lcom/android/internal/telephony/Connection;' has an earlier definition; blocking out
D/dalvikvm( 596): DexOpt: 'Lcom/android/internal/telephony/cdma/CdmaConnection; ' has an earlier definition; blocking out

D/dalvikvm( 596): DexOpt: 'Lcom/android/internal/telephony/DataConnection;' has an earlier definition; blocking out
D/dalvikvm( 596): DexOpt: 'Lcom/android/internal/telephony/cdma/CdmaDataConnect ion;' has an earlier definition; blocking out
D/dalvikvm( 596): DexOpt: 'Lcom/android/internal/telephony/DataConnectionTracke r;' has an earlier definition; blocking out
D/dalvikvm( 596): DexOpt: 'Lcom/android/internal/telephony/cdma/CdmaDataConnect ionTracker;' has an earlier definition; blocking out
D/dalvikvm( 596): DexOpt: 'Lcom/android/internal/telephony/cdma/CdmaInformation Records$CdmaDisplayInfoRec;' has an earlier definition; blocking out
D/dalvikvm( 596): DexOpt: 'Lcom/android/internal/telephony/cdma/CdmaInformation Records$CdmaLineControlInfoRec;' has an earlier definition; blocking out
D/dalvikvm( 596): DexOpt: 'Lcom/android/internal/telephony/cdma/CdmaInformation Records$CdmaNumberInfoRec;' has an earlier definition; blocking out
D/dalvikvm( 596): DexOpt: 'Lcom/android/internal/telephony/cdma/CdmaInformation Records$CdmaRedirectingNumberInfoRec;' has an earlier definition; blocking out
D/dalvikvm( 596): DexOpt: 'Lcom/android/internal/telephony/cdma/CdmaInformation Records$CdmaSignalInfoRec;' has an earlier definition; blocking out
D/dalvikvm( 596): DexOpt: 'Lcom/android/internal/telephony/cdma/CdmaInformation Records$CdmaT53AudioControlInfoRec;' has an earlier definition; blocking out
D/dalvikvm( 596): DexOpt: 'Lcom/android/internal/telephony/cdma/CdmaInformation Records$CdmaT53ClirInfoRec;' has an earlier definition; blocking out
D/dalvikvm( 596): DexOpt: 'Lcom/android/internal/telephony/cdma/CdmaInformation Records;' has an earlier definition; blocking out
D/dalvikvm( 596): DexOpt: 'Lcom/android/internal/telephony/cdma/CDMALTEPhone$1; ' has an earlier definition; blocking out
D/dalvikvm( 596): DexOpt: 'Lcom/android/internal/telephony/cdma/CDMALTEPhone$Ne tworkSelectMessage;' has an earlier definition; blocking out
D/dalvikvm( 596): DexOpt: 'Lcom/android/internal/telephony/Phone;' has an earli er definition; blocking out
D/BootAnimation( 502): [BootAnimation movie 870]initTexture,i=0,r=0,j=56,frame. tid=1103625536,name=ligo_00056.png
D/BootAnimation( 502): [BootAnimation movie 874]clearReg.isEmpty,i=0,r=0,j=56,f rame.tid=1103625536
D/dalvikvm( 596): DexOpt: 'Lcom/android/internal/telephony/PhoneBase;' has an e arlier definition; blocking out
D/dalvikvm( 596): DexOpt: 'Lcom/android/internal/telephony/cdma/CDMAPhone;' has an earlier definition; blocking out
D/dalvikvm( 596): DexOpt: 'Lcom/android/internal/telephony/cdma/CDMALTEPhone;' has an earlier definition; blocking out
D/dalvikvm( 596): DexOpt: 'Lcom/android/internal/telephony/cdma/CdmaLteServiceS tateTracker$1;' has an earlier definition; blocking out
D/dalvikvm( 596): DexOpt: 'Lcom/android/internal/telephony/ServiceStateTracker; ' has an earlier definition; blocking out
D/dalvikvm( 596): DexOpt: 'Lcom/android/internal/telephony/cdma/CdmaServiceStat eTracker;' has an earlier definition; blocking out
D/dalvikvm( 596): DexOpt: 'Lcom/android/internal/telephony/cdma/CdmaLteServiceS tateTracker;' has an earlier definition; blocking out
D/dalvikvm( 596): DexOpt: 'Lcom/android/internal/telephony/MmiCode;' has an ear lier definition; blocking out
D/dalvikvm( 596): DexOpt: 'Lcom/android/internal/telephony/cdma/CdmaMmiCode;' h as an earlier definition; blocking out
D/dalvikvm( 596): DexOpt: 'Lcom/android/internal/telephony/cdma/CDMAPhone$1;' h as an earlier definition; blocking out
D/dalvikvm( 596): DexOpt: 'Lcom/android/internal/telephony/cdma/CDMAPhone$2;' h as an earlier definition; blocking out
D/dalvikvm( 596): DexOpt: 'Lcom/android/internal/telephony/cdma/CdmaServiceStat eTracker$1;' has an earlier definition; blocking out
D/dalvikvm( 596): DexOpt: 'Lcom/android/internal/telephony/cdma/CdmaServiceStat eTracker$2;' has an earlier definition; blocking out

D/dalvikvm( 596): DexOpt: 'Lcom/android/internal/telephony/cdma/CdmaServiceStat eTracker$3;' has an earlier definition; blocking out
D/dalvikvm( 596): DexOpt: 'Lcom/android/internal/telephony/cdma/CdmaSMSDispatch er$1;' has an earlier definition; blocking out
D/dalvikvm( 596): DexOpt: 'Lcom/android/internal/telephony/SMSDispatcher;' has an earlier definition; blocking out
D/dalvikvm( 596): DexOpt: 'Lcom/android/internal/telephony/cdma/CdmaSMSDispatch er;' has an earlier definition; blocking out
D/dalvikvm( 596): DexOpt: 'Lcom/android/internal/telephony/cdma/CdmaSubscriptio nSourceManager;' has an earlier definition; blocking out
D/dalvikvm( 596): DexOpt: 'Lcom/android/internal/telephony/cdma/EriInfo;' has a n earlier definition; blocking out
D/dalvikvm( 596): DexOpt: 'Lcom/android/internal/telephony/cdma/EriManager$EriD isplayInformation;' has an earlier definition; blocking out
D/dalvikvm( 596): DexOpt: 'Lcom/android/internal/telephony/cdma/EriManager$EriF ile;' has an earlier definition; blocking out
D/dalvikvm( 596): DexOpt: 'Lcom/android/internal/telephony/cdma/EriManager;' ha s an earlier definition; blocking out
D/dalvikvm( 596): DexOpt: 'Lcom/android/internal/telephony/IccFileHandler;' has an earlier definition; blocking out
D/dalvikvm( 596): DexOpt: 'Lcom/android/internal/telephony/cdma/RuimFileHandler ;' has an earlier definition; blocking out
D/dalvikvm( 596): DexOpt: 'Lcom/android/internal/telephony/IIccPhoneBook;' has an earlier definition; blocking out
D/dalvikvm( 596): DexOpt: 'Lcom/android/internal/telephony/IIccPhoneBook$Stub;' has an earlier definition; blocking out
D/dalvikvm( 596): DexOpt: 'Lcom/android/internal/telephony/IccPhoneBookInterfac eManager;' has an earlier definition; blocking out
D/dalvikvm( 596): DexOpt: 'Lcom/android/internal/telephony/cdma/RuimPhoneBookIn terfaceManager;' has an earlier definition; blocking out
D/dalvikvm( 596): DexOpt: 'Lcom/android/internal/telephony/cdma/RuimRecords$1;' has an earlier definition; blocking out
D/dalvikvm( 596): DexOpt: 'Lcom/android/internal/telephony/IccRecords$IccRecord Loaded;' has an earlier definition; blocking out
D/dalvikvm( 596): DexOpt: 'Lcom/android/internal/telephony/cdma/RuimRecords$EfC simCdmaHomeLoaded;' has an earlier definition; blocking out
D/dalvikvm( 596): DexOpt: 'Lcom/android/internal/telephony/cdma/RuimRecords$EfC simEprlLoaded;' has an earlier definition; blocking out
D/dalvikvm( 596): DexOpt: 'Lcom/android/internal/telephony/cdma/RuimRecords$EfC simImsimLoaded;' has an earlier definition; blocking out
D/dalvikvm( 596): DexOpt: 'Lcom/android/internal/telephony/cdma/RuimRecords$EfC simLiLoaded;' has an earlier definition; blocking out
D/dalvikvm( 596): DexOpt: 'Lcom/android/internal/telephony/cdma/RuimRecords$EfC simMdnLoaded;' has an earlier definition; blocking out
D/dalvikvm( 596): DexOpt: 'Lcom/android/internal/telephony/cdma/RuimRecords$EfC simSpnLoaded;' has an earlier definition; blocking out
D/dalvikvm( 596): DexOpt: 'Lcom/android/internal/telephony/cdma/RuimRecords$EfP lLoaded;' has an earlier definition; blocking out
D/dalvikvm( 596): DexOpt: 'Lcom/android/internal/telephony/IccRecords;' has an earlier definition; blocking out
D/dalvikvm( 596): DexOpt: 'Lcom/android/internal/telephony/cdma/RuimRecords;' h as an earlier definition; blocking out
D/dalvikvm( 596): DexOpt: 'Lcom/android/internal/telephony/cdma/RuimSmsInterfac eManager$1;' has an earlier definition; blocking out
D/dalvikvm( 596): DexOpt: 'Lcom/android/internal/telephony/ISms;' has an earlie r definition; blocking out
D/dalvikvm( 596): DexOpt: 'Lcom/android/internal/telephony/ISms$Stub;' has an e arlier definition; blocking out
D/dalvikvm( 596): DexOpt: 'Lcom/android/internal/telephony/IccSmsInterfaceManag er;' has an earlier definition; blocking out

D/dalvikvm( 596): DexOpt: 'Lcom/android/internal/telephony/cdma/RuimSmsInterfac eManager;' has an earlier definition; blocking out
D/dalvikvm( 596): DexOpt: 'Lcom/android/internal/telephony/cdma/SignalToneUtil; ' has an earlier definition; blocking out
D/dalvikvm( 596): DexOpt: 'Lcom/android/internal/telephony/cdma/sms/BearerData$ 1;' has an earlier definition; blocking out
D/dalvikvm( 596): DexOpt: 'Lcom/android/internal/telephony/cdma/sms/BearerData$ CodingException;' has an earlier definition; blocking out
D/dalvikvm( 596): DexOpt: 'Lcom/android/internal/telephony/cdma/sms/BearerData$ Gsm7bitCodingResult;' has an earlier definition; blocking out
D/dalvikvm( 596): DexOpt: 'Lcom/android/internal/telephony/cdma/sms/BearerData$ TimeStamp;' has an earlier definition; blocking out
D/dalvikvm( 596): DexOpt: 'Lcom/android/internal/telephony/cdma/sms/BearerData; ' has an earlier definition; blocking out
D/dalvikvm( 596): DexOpt: 'Lcom/android/internal/telephony/SmsAddress;' has an earlier definition; blocking out
D/dalvikvm( 596): DexOpt: 'Lcom/android/internal/telephony/cdma/sms/CdmaSmsAddr ess;' has an earlier definition; blocking out
D/dalvikvm( 596): DexOpt: 'Lcom/android/internal/telephony/cdma/sms/CdmaSmsSuba ddress;' has an earlier definition; blocking out
D/dalvikvm( 596): DexOpt: 'Lcom/android/internal/telephony/cdma/sms/SmsEnvelope ;' has an earlier definition; blocking out
D/dalvikvm( 596): DexOpt: 'Lcom/android/internal/telephony/cdma/sms/UserData;' has an earlier definition; blocking out
D/dalvikvm( 596): DexOpt: 'Lcom/android/internal/telephony/SmsMessageBase$PduBa se;' has an earlier definition; blocking out
D/dalvikvm( 596): DexOpt: 'Lcom/android/internal/telephony/SmsMessageBase$Submi tPduBase;' has an earlier definition; blocking out
D/dalvikvm( 596): DexOpt: 'Lcom/android/internal/telephony/cdma/SmsMessage$Subm itPdu;' has an earlier definition; blocking out
D/dalvikvm( 596): DexOpt: 'Lcom/android/internal/telephony/SmsMessageBase;' has an earlier definition; blocking out
D/dalvikvm( 596): DexOpt: 'Lcom/android/internal/telephony/cdma/SmsMessage;' ha s an earlier definition; blocking out
D/dalvikvm( 596): DexOpt: 'Lcom/android/internal/telephony/cdma/TtyIntent;' has an earlier definition; blocking out
D/dalvikvm( 596): DexOpt: 'Lcom/android/internal/telephony/CommandException$Err or;' has an earlier definition; blocking out
D/dalvikvm( 596): DexOpt: 'Lcom/android/internal/telephony/CommandException;' h as an earlier definition; blocking out
D/dalvikvm( 596): DexOpt: 'Lcom/android/internal/telephony/CommandsInterface$Ra dioState;' has an earlier definition; blocking out
D/dalvikvm( 596): DexOpt: 'Lcom/android/internal/telephony/Connection$Disconnec tCause;' has an earlier definition; blocking out
D/dalvikvm( 596): DexOpt: 'Lcom/android/internal/telephony/Connection$PostDialS tate;' has an earlier definition; blocking out
D/dalvikvm( 596): DexOpt: 'Lcom/android/internal/telephony/CsimFileHandler;' ha s an earlier definition; blocking out
D/dalvikvm( 596): DexOpt: 'Lcom/android/internal/telephony/DataCallState$SetupR esult;' has an earlier definition; blocking out
D/dalvikvm( 596): DexOpt: 'Lcom/android/internal/telephony/DataCallState;' has an earlier definition; blocking out
D/dalvikvm( 596): DexOpt: 'Lcom/android/internal/telephony/DataConnection$1;' h as an earlier definition; blocking out
D/dalvikvm( 596): DexOpt: 'Lcom/android/internal/telephony/DataConnection$CallS etupException;' has an earlier definition; blocking out
D/dalvikvm( 596): DexOpt: 'Lcom/android/internal/telephony/DataConnection$Conne ctionParams;' has an earlier definition; blocking out
D/dalvikvm( 596): DexOpt: 'Lcom/android/internal/telephony/DataConnection$DcAct ivatingState;' has an earlier definition; blocking out

D/dalvikvm( 596): DexOpt: 'Lcom/android/internal/telephony/DataConnection$DcAct iveState;' has an earlier definition; blocking out
D/dalvikvm( 596): DexOpt: 'Lcom/android/internal/telephony/DataConnection$DcDef aultState;' has an earlier definition; blocking out
D/dalvikvm( 596): DexOpt: 'Lcom/android/internal/telephony/DataConnection$DcDis connectingState;' has an earlier definition; blocking out
D/dalvikvm( 596): DexOpt: 'Lcom/android/internal/telephony/DataConnection$DcDis connectionErrorCreatingConnection;' has an earlier definition; blocking out
D/dalvikvm( 596): DexOpt: 'Lcom/android/internal/telephony/DataConnection$DcIna ctiveState;' has an earlier definition; blocking out
D/dalvikvm( 596): DexOpt: 'Lcom/android/internal/telephony/DataConnection$Disco nnectParams;' has an earlier definition; blocking out
D/dalvikvm( 596): DexOpt: 'Lcom/android/internal/telephony/DataConnection$FailC ause;' has an earlier definition; blocking out
D/dalvikvm( 596): DexOpt: 'Lcom/android/internal/telephony/DataConnection$Updat eLinkPropertyResult;' has an earlier definition; blocking out
D/dalvikvm( 596): DexOpt: 'Lcom/android/internal/telephony/DataConnectionAc$Lin kPropertyChangeAction;' has an earlier definition; blocking out
D/dalvikvm( 596): DexOpt: 'Lcom/android/internal/telephony/DataConnectionAc;' h as an earlier definition; blocking out
D/dalvikvm( 596): DexOpt: 'Lcom/android/internal/telephony/DataConnectionTracke r$1;' has an earlier definition; blocking out
D/dalvikvm( 596): DexOpt: 'Lcom/android/internal/telephony/DataConnectionTracke r$2;' has an earlier definition; blocking out
D/dalvikvm( 596): DexOpt: 'Lcom/android/internal/telephony/DataConnectionTracke r$3;' has an earlier definition; blocking out
D/dalvikvm( 596): DexOpt: 'Lcom/android/internal/telephony/DataConnectionTracke r$Activity;' has an earlier definition; blocking out
D/dalvikvm( 596): DexOpt: 'Lcom/android/internal/telephony/DataConnectionTracke r$DataRoamingSettingObserver;' has an earlier definition; blocking out
D/dalvikvm( 596): DexOpt: 'Lcom/android/internal/telephony/DataConnectionTracke r$RecoveryAction;' has an earlier definition; blocking out
D/dalvikvm( 596): DexOpt: 'Lcom/android/internal/telephony/DataConnectionTracke r$State;' has an earlier definition; blocking out
D/dalvikvm( 596): DexOpt: 'Lcom/android/internal/telephony/DataConnectionTracke r$TxRxSum;' has an earlier definition; blocking out
D/dalvikvm( 596): DexOpt: 'Lcom/android/internal/telephony/DebugService;' has a n earlier definition; blocking out
D/dalvikvm( 596): DexOpt: 'Lcom/android/internal/telephony/DefaultPhoneNotifier $1;' has an earlier definition; blocking out
D/dalvikvm( 596): DexOpt: 'Lcom/android/internal/telephony/DefaultPhoneNotifier $IDataStateChangedCallback;' has an earlier definition; blocking out
D/dalvikvm( 596): DexOpt: 'Lcom/android/internal/telephony/PhoneNotifier;' has an earlier definition; blocking out
D/dalvikvm( 596): DexOpt: 'Lcom/android/internal/telephony/DefaultPhoneNotifier ;' has an earlier definition; blocking out
D/dalvikvm( 596): DexOpt: 'Lcom/android/internal/telephony/DriverCall$State;' h as an earlier definition; blocking out
D/dalvikvm( 596): DexOpt: 'Lcom/android/internal/telephony/DriverCall;' has an earlier definition; blocking out
D/dalvikvm( 596): DexOpt: 'Lcom/android/internal/telephony/EventLogTags;' has a n earlier definition; blocking out
D/dalvikvm( 596): DexOpt: 'Lcom/android/internal/telephony/gsm/CallFailCause;' has an earlier definition; blocking out
D/dalvikvm( 596): DexOpt: 'Lcom/android/internal/telephony/gsm/FDModeType;' has an earlier definition; blocking out
D/dalvikvm( 596): DexOpt: 'Lcom/android/internal/telephony/gsm/FDTimer;' has an earlier definition; blocking out
D/dalvikvm( 596): DexOpt: 'Lcom/android/internal/telephony/gsm/FDTimerType;' ha s an earlier definition; blocking out

D/dalvikvm( 596): DexOpt: 'Lcom/android/internal/telephony/gsm/GsmCall$1;' has an earlier definition; blocking out
D/dalvikvm( 596): DexOpt: 'Lcom/android/internal/telephony/gsm/GsmCall;' has an earlier definition; blocking out
D/dalvikvm( 596): DexOpt: 'Lcom/android/internal/telephony/gsm/GsmCallTracker$1 ;' has an earlier definition; blocking out
D/dalvikvm( 596): DexOpt: 'Lcom/android/internal/telephony/gsm/GsmCallTracker$C rssAction;' has an earlier definition; blocking out
D/dalvikvm( 596): DexOpt: 'Lcom/android/internal/telephony/gsm/GsmCallTracker$G smCallTrackerReceiver;' has an earlier definition; blocking out
D/dalvikvm( 596): DexOpt: 'Lcom/android/internal/telephony/gsm/GsmCallTracker;' has an earlier definition; blocking out
D/dalvikvm( 596): DexOpt: 'Lcom/android/internal/telephony/gsm/GsmConnection$1; ' has an earlier definition; blocking out
D/dalvikvm( 596): DexOpt: 'Lcom/android/internal/telephony/gsm/GsmConnection$My Handler;' has an earlier definition; blocking out
D/dalvikvm( 596): DexOpt: 'Lcom/android/internal/telephony/gsm/GsmConnection;' has an earlier definition; blocking out
D/dalvikvm( 596): DexOpt: 'Lcom/android/internal/telephony/gsm/GsmDataConnectio n;' has an earlier definition; blocking out
D/dalvikvm( 596): DexOpt: 'Lcom/android/internal/telephony/gsm/GsmDataConnectio nTracker$1;' has an earlier definition; blocking out
D/dalvikvm( 596): DexOpt: 'Lcom/android/internal/telephony/gsm/GsmDataConnectio nTracker$2;' has an earlier definition; blocking out
D/dalvikvm( 596): DexOpt: 'Lcom/android/internal/telephony/gsm/GsmDataConnectio nTracker$3;' has an earlier definition; blocking out
