D/dalvikvm( 1322): 4 : /data/dalvik-cache/system@framework@framework.jar@classes .dex /data/dalvik-cache/system@framework@framework.jar@classes.dex
D/dalvikvm( 1322): 5 : NULL NULL
D/PackageManager( 1322): scan package: /system/app/GoogleServicesFramework.apk , end at: 66951ms. elapsed time = 44ms.
D/PackageManager( 1322): scan package: /system/app/GuardProvider.apk , start at: 66951ms.
I/PackageManager( 1322): Perform pre-dex opt for package: com.tencent.tmsprovide r
D/dalvikvm( 1322): open_cached_dex_file : /system/app/GuardProvider.apk /data/da lvik-cache/system@app@GuardProvider.apk@classes.dex
D/PackageManager( 1322): scan package: /system/app/GuardProvider.apk , end at: 6 6956ms. elapsed time = 5ms.
D/PackageManager( 1322): scan package: /system/app/HoloSpiralWallpaper.apk , sta rt at: 66956ms.
I/PackageManager( 1322): Perform pre-dex opt for package: com.android.wallpaper. holospiral
D/dalvikvm( 1322): open_cached_dex_file : /system/app/HoloSpiralWallpaper.apk /d ata/dalvik-cache/system@app@HoloSpiralWallpaper.apk@classes.dex
I/dalvikvm( 1322): DexOpt: source file mod time mismatch (42ea5583 vs 38f8273d)
D/PackageManager( 1322): scan package: /system/app/HoloSpiralWallpaper.apk , end at: 66962ms. elapsed time = 6ms.
D/PackageManager( 1322): scan package: /system/app/HTMLViewer.apk , start at: 66 962ms.
I/PackageManager( 1322): Perform pre-dex opt for package: com.android.htmlviewer
D/dalvikvm( 1322): open_cached_dex_file : /system/app/HTMLViewer.apk /data/dalvi k-cache/system@app@HTMLViewer.apk@classes.dex
I/dalvikvm( 1322): DexOpt: mismatch dep signature for '/data/dalvik-cache/system @framework@framework.jar@classes.dex'
D/dalvikvm( 1322): == DexOpt: numDeps = 15
D/dalvikvm( 1322): 0 : /data/dalvik-cache/system@framework@core.jar@classes.dex /data/dalvik-cache/system@framework@core.jar@classes.dex
D/dalvikvm( 1322): 1 : /data/dalvik-cache/system@framework@core-junit.jar@classe s.dex /data/dalvik-cache/system@framework@core-junit.jar@classes.dex
D/dalvikvm( 1322): 2 : /data/dalvik-cache/system@framework@bouncycastle.jar@clas ses.dex /data/dalvik-cache/system@framework@bouncycastle.jar@classes.dex
D/dalvikvm( 1322): 3 : /data/dalvik-cache/system@framework@ext.jar@classes.dex / data/dalvik-cache/system@framework@ext.jar@classes.dex
D/dalvikvm( 1322): 4 : /data/dalvik-cache/system@framework@framework.jar@classes .dex /data/dalvik-cache/system@framework@framework.jar@classes.dex
D/dalvikvm( 1322): 5 : NULL NULL
D/PackageManager( 1322): scan package: /system/app/HTMLViewer.apk , end at: 6696 5ms. elapsed time = 3ms.
D/PackageManager( 1322): scan package: /system/app/KeyChain.apk , start at: 6696 5ms.
I/PackageManager( 1322): Perform pre-dex opt for package: com.android.keychain
D/dalvikvm( 1322): open_cached_dex_file : /system/app/KeyChain.apk /data/dalvikcache/system@app@KeyChain.apk@classes.dex
I/dalvikvm( 1322): DexOpt: source file mod time mismatch (42ea5585 vs 38902d19)
D/PackageManager( 1322): scan package: /system/app/KeyChain.apk , end at: 66968m s. elapsed time = 3ms.
D/PackageManager( 1322): scan package: /system/app/LatinIME.apk , start at: 6696 9ms.

D/BootAnimation( 502): [BootAnimation checkExit 714]exitnow=0
D/BootAnimation( 502): [BootAnimation movie 854]i=1,r=1165,j=0,lastFrame=669704 06698(66970 ms),file=ligo_00102.png
D/BootAnimation( 502): [BootAnimation movie 857]glBindTexture,i=1,r=1165,j=0,fr ame.tid=100271,name=ligo_00102.png
D/BootAnimation( 502): [BootAnimation movie 874]clearReg.isEmpty,i=1,r=1165,j=0 ,frame.tid=100271
D/BootAnimation( 502): [BootAnimation movie 892]2,delay=39
D/BootAnimation( 502): [BootAnimation checkExit 714]exitnow=0
D/BootAnimation( 502): [BootAnimation movie 854]i=1,r=1166,j=0,lastFrame=670122 55698(67012 ms),file=ligo_00102.png
D/BootAnimation( 502): [BootAnimation movie 857]glBindTexture,i=1,r=1166,j=0,fr ame.tid=100271,name=ligo_00102.png
D/BootAnimation( 502): [BootAnimation movie 874]clearReg.isEmpty,i=1,r=1166,j=0 ,frame.tid=100271
D/BootAnimation( 502): [BootAnimation movie 892]0,delay=40
D/BootAnimation( 502): [BootAnimation checkExit 714]exitnow=0
D/BootAnimation( 502): [BootAnimation movie 854]i=1,r=1167,j=0,lastFrame=670540 94237(67054 ms),file=ligo_00102.png
D/BootAnimation( 502): [BootAnimation movie 857]glBindTexture,i=1,r=1167,j=0,fr ame.tid=100271,name=ligo_00102.png
D/BootAnimation( 502): [BootAnimation movie 874]clearReg.isEmpty,i=1,r=1167,j=0 ,frame.tid=100271
D/BootAnimation( 502): [BootAnimation movie 892]0,delay=40
I/PackageManager( 1322): Perform pre-dex opt for package: com.android.inputmetho d.latin
D/dalvikvm( 1322): open_cached_dex_file : /system/app/LatinIME.apk /data/dalvikcache/system@app@LatinIME.apk@classes.dex
I/dalvikvm( 1322): DexOpt: source file mod time mismatch (42e86ec4 vs 38f8273d)
D/BootAnimation( 502): [BootAnimation checkExit 714]exitnow=0
D/PackageManager( 1322): scan package: /system/app/LatinIME.apk , end at: 67095m s. elapsed time = 126ms.
D/PackageManager( 1322): scan package: /system/app/LBESEC_MIUI.apk , start at: 6 7095ms.
D/BootAnimation( 502): [BootAnimation movie 854]i=1,r=1168,j=0,lastFrame=670961 75468(67096 ms),file=ligo_00102.png
D/BootAnimation( 502): [BootAnimation movie 857]glBindTexture,i=1,r=1168,j=0,fr ame.tid=100271,name=ligo_00102.png
D/BootAnimation( 502): [BootAnimation movie 874]clearReg.isEmpty,i=1,r=1168,j=0 ,frame.tid=100271
I/SurfaceTextureClient( 502): [STC::queueBuffer] (this:0x41958680) fps:23.88, d ur:1005.00, max:42.32, min:41.41
I/BufferQueue( 134): [BootAnimation](this:0x4295e370,api:1) [queue] fps:23.88, dur:1005.18, max:42.76, min:40.71
D/BootAnimation( 502): [BootAnimation movie 892]1,delay=40
I/PackageManager( 1322): Perform pre-dex opt for package: com.lbe.security.miui
D/dalvikvm( 1322): open_cached_dex_file : /system/app/LBESEC_MIUI.apk /data/dalv ik-cache/system@app@LBESEC_MIUI.apk@classes.dex
D/PackageManager( 1322): scan package: /system/app/LBESEC_MIUI.apk , end at: 671 01ms. elapsed time = 6ms.
D/PackageManager( 1322): scan package: /system/app/LiveWallpapers.apk , start at : 67102ms.
I/PackageManager( 1322): Perform pre-dex opt for package: com.android.wallpaper
D/dalvikvm( 1322): open_cached_dex_file : /system/app/LiveWallpapers.apk /data/d alvik-cache/system@app@LiveWallpapers.apk@classes.dex
I/dalvikvm( 1322): DexOpt: source file mod time mismatch (42ea558d vs 38f8273d)
D/PackageManager( 1322): scan package: /system/app/LiveWallpapers.apk , end at: 67108ms. elapsed time = 6ms.
D/PackageManager( 1322): scan package: /system/app/LiveWallpapersPicker.apk , st art at: 67108ms.

I/PackageManager( 1322): Perform pre-dex opt for package: com.android.wallpaper. livepicker
D/dalvikvm( 1322): open_cached_dex_file : /system/app/LiveWallpapersPicker.apk / data/dalvik-cache/system@app@LiveWallpapersPicker.apk@classes.dex
I/dalvikvm( 1322): DexOpt: source file mod time mismatch (42ea558e vs 38902d19)
D/PackageManager( 1322): scan package: /system/app/LiveWallpapersPicker.apk , en d at: 67112ms. elapsed time = 4ms.
D/PackageManager( 1322): scan package: /system/app/LocationEM.apk , start at: 67 112ms.
I/PackageManager( 1322): Perform pre-dex opt for package: com.mediatek.lbs.em
D/dalvikvm( 1322): open_cached_dex_file : /system/app/LocationEM.apk /data/dalvi k-cache/system@app@LocationEM.apk@classes.dex
I/dalvikvm( 1322): DexOpt: source file mod time mismatch (38903d19 vs 38902d19)
D/PackageManager( 1322): scan package: /system/app/LocationEM.apk , end at: 6711 9ms. elapsed time = 7ms.
D/PackageManager( 1322): scan package: /system/app/MagicSmokeWallpapers.apk , st art at: 67119ms.
I/PackageManager( 1322): Perform pre-dex opt for package: com.android.magicsmoke
D/dalvikvm( 1322): open_cached_dex_file : /system/app/MagicSmokeWallpapers.apk / data/dalvik-cache/system@app@MagicSmokeWallpapers.apk@classes.dex
I/dalvikvm( 1322): DexOpt: source file mod time mismatch (42ea558f vs 38f8273d)
D/PackageManager( 1322): scan package: /system/app/MagicSmokeWallpapers.apk , en d at: 67123ms. elapsed time = 4ms.
D/PackageManager( 1322): scan package: /system/app/MediaProvider.apk , start at: 67123ms.
I/PackageManager( 1322): Perform pre-dex opt for package: com.android.providers. media
D/dalvikvm( 1322): open_cached_dex_file : /system/app/MediaProvider.apk /data/da lvik-cache/system@app@MediaProvider.apk@classes.dex
I/dalvikvm( 1322): DexOpt: source file mod time mismatch (42ea5590 vs 3890351c)
D/PackageManager( 1322): scan package: /system/app/MediaProvider.apk , end at: 6 7130ms. elapsed time = 7ms.
D/PackageManager( 1322): scan package: /system/app/MediaUploader.apk , start at: 67130ms.
I/PackageManager( 1322): Perform pre-dex opt for package: com.google.android.app s.uploader
D/dalvikvm( 1322): open_cached_dex_file : /system/app/MediaUploader.apk /data/da lvik-cache/system@app@MediaUploader.apk@classes.dex
I/dalvikvm( 1322): DexOpt: mismatch dep signature for '/data/dalvik-cache/system @framework@framework.jar@classes.dex'
D/dalvikvm( 1322): == DexOpt: numDeps = 15
D/dalvikvm( 1322): 0 : /data/dalvik-cache/system@framework@core.jar@classes.dex /data/dalvik-cache/system@framework@core.jar@classes.dex
D/dalvikvm( 1322): 1 : /data/dalvik-cache/system@framework@core-junit.jar@classe s.dex /data/dalvik-cache/system@framework@core-junit.jar@classes.dex
D/dalvikvm( 1322): 2 : /data/dalvik-cache/system@framework@bouncycastle.jar@clas ses.dex /data/dalvik-cache/system@framework@bouncycastle.jar@classes.dex
D/dalvikvm( 1322): 3 : /data/dalvik-cache/system@framework@ext.jar@classes.dex / data/dalvik-cache/system@framework@ext.jar@classes.dex
D/dalvikvm( 1322): 4 : /data/dalvik-cache/system@framework@framework.jar@classes .dex /data/dalvik-cache/system@framework@framework.jar@classes.dex
D/dalvikvm( 1322): 5 : NULL NULL
D/PackageManager( 1322): scan package: /system/app/MediaUploader.apk , end at: 6 7136ms. elapsed time = 6ms.
D/PackageManager( 1322): scan package: /system/app/MiuiCompass.apk , start at: 6 7136ms.
D/BootAnimation( 502): [BootAnimation checkExit 714]exitnow=0
D/BootAnimation( 502): [BootAnimation movie 854]i=1,r=1169,j=0,lastFrame=671380 55852(67138 ms),file=ligo_00102.png
D/BootAnimation( 502): [BootAnimation movie 857]glBindTexture,i=1,r=1169,j=0,fr

ame.tid=100271,name=ligo_00102.png
D/BootAnimation( 502): [BootAnimation movie 874]clearReg.isEmpty,i=1,r=1169,j=0 ,frame.tid=100271
D/BootAnimation( 502): [BootAnimation movie 892]1,delay=40
I/PackageManager( 1322): Perform pre-dex opt for package: com.miui.compass
D/dalvikvm( 1322): open_cached_dex_file : /system/app/MiuiCompass.apk /data/dalv ik-cache/system@app@MiuiCompass.apk@classes.dex
D/PackageManager( 1322): scan package: /system/app/MiuiCompass.apk , end at: 671 40ms. elapsed time = 4ms.
D/PackageManager( 1322): scan package: /system/app/MiuiGallery.apk , start at: 6 7140ms.
D/BootAnimation( 502): [BootAnimation checkExit 714]exitnow=0
D/BootAnimation( 502): [BootAnimation movie 854]i=1,r=1170,j=0,lastFrame=671799 09314(67179 ms),file=ligo_00102.png
D/BootAnimation( 502): [BootAnimation movie 857]glBindTexture,i=1,r=1170,j=0,fr ame.tid=100271,name=ligo_00102.png
D/BootAnimation( 502): [BootAnimation movie 874]clearReg.isEmpty,i=1,r=1170,j=0 ,frame.tid=100271
D/BootAnimation( 502): [BootAnimation movie 892]0,delay=40
I/PackageManager( 1322): Perform pre-dex opt for package: com.miui.gallery
D/dalvikvm( 1322): open_cached_dex_file : /system/app/MiuiGallery.apk /data/dalv ik-cache/system@app@MiuiGallery.apk@classes.dex
D/PackageManager( 1322): scan package: /system/app/MiuiGallery.apk , end at: 671 93ms. elapsed time = 53ms.
D/PackageManager( 1322): scan package: /system/app/MiuiHome.apk , start at: 6719 3ms.
D/BootAnimation( 502): [BootAnimation checkExit 714]exitnow=0
D/BootAnimation( 502): [BootAnimation movie 854]i=1,r=1171,j=0,lastFrame=672217 56237(67221 ms),file=ligo_00102.png
D/BootAnimation( 502): [BootAnimation movie 857]glBindTexture,i=1,r=1171,j=0,fr ame.tid=100271,name=ligo_00102.png
D/BootAnimation( 502): [BootAnimation movie 874]clearReg.isEmpty,i=1,r=1171,j=0 ,frame.tid=100271
D/BootAnimation( 502): [BootAnimation movie 892]0,delay=40
I/PackageManager( 1322): Perform pre-dex opt for package: com.miui.home
D/dalvikvm( 1322): open_cached_dex_file : /system/app/MiuiHome.apk /data/dalvikcache/system@app@MiuiHome.apk@classes.dex
W/PackageManager( 1322): Permission com.android.launcher.permission.INSTALL_SHOR TCUT from package com.miui.home ignored: original from com.anddoes.launcher
W/PackageManager( 1322): Permission com.android.launcher.permission.UNINSTALL_SH ORTCUT from package com.miui.home ignored: original from com.anddoes.launcher
D/PackageManager( 1322): scan package: /system/app/MiuiHome.apk , end at: 67240m s. elapsed time = 47ms.
D/PackageManager( 1322): scan package: /system/app/MiuiSystemUI.apk , start at: 67240ms.
D/BootAnimation( 502): [BootAnimation checkExit 714]exitnow=0
D/BootAnimation( 502): [BootAnimation movie 854]i=1,r=1172,j=0,lastFrame=672636 02160(67263 ms),file=ligo_00102.png
D/BootAnimation( 502): [BootAnimation movie 857]glBindTexture,i=1,r=1172,j=0,fr ame.tid=100271,name=ligo_00102.png
D/BootAnimation( 502): [BootAnimation movie 874]clearReg.isEmpty,i=1,r=1172,j=0 ,frame.tid=100271
D/BootAnimation( 502): [BootAnimation movie 892]0,delay=40
I/SurfaceFlinger( 134): [SurfaceFlinger] fps:23.922726,dur:1003.23,max:55.26,mi n:39.11
I/PackageManager( 1322): Perform pre-dex opt for package: com.android.systemui
D/dalvikvm( 1322): open_cached_dex_file : /system/app/MiuiSystemUI.apk /data/dal vik-cache/system@app@MiuiSystemUI.apk@classes.dex
D/PackageManager( 1322): scan package: /system/app/MiuiSystemUI.apk , end at: 67 281ms. elapsed time = 41ms.

D/PackageManager( 1322): scan package: /system/app/MiuiVideoPlayer.apk , start a t: 67282ms.
I/PackageManager( 1322): Perform pre-dex opt for package: com.miui.videoplayer
D/dalvikvm( 1322): open_cached_dex_file : /system/app/MiuiVideoPlayer.apk /data/ dalvik-cache/system@app@MiuiVideoPlayer.apk@classes.dex
D/PackageManager( 1322): scan package: /system/app/MiuiVideoPlayer.apk , end at: 67304ms. elapsed time = 22ms.
D/PackageManager( 1322): scan package: /system/app/Mms.apk , start at: 67304ms.
D/BootAnimation( 502): [BootAnimation checkExit 714]exitnow=0
D/BootAnimation( 502): [BootAnimation movie 854]i=1,r=1173,j=0,lastFrame=673054 47544(67305 ms),file=ligo_00102.png
D/BootAnimation( 502): [BootAnimation movie 857]glBindTexture,i=1,r=1173,j=0,fr ame.tid=100271,name=ligo_00102.png
D/BootAnimation( 502): [BootAnimation movie 874]clearReg.isEmpty,i=1,r=1173,j=0 ,frame.tid=100271
D/BootAnimation( 502): [BootAnimation movie 892]0,delay=40
D/BootAnimation( 502): [BootAnimation checkExit 714]exitnow=0
D/BootAnimation( 502): [BootAnimation movie 854]i=1,r=1174,j=0,lastFrame=673472 92314(67347 ms),file=ligo_00102.png
D/BootAnimation( 502): [BootAnimation movie 857]glBindTexture,i=1,r=1174,j=0,fr ame.tid=100271,name=ligo_00102.png
D/BootAnimation( 502): [BootAnimation movie 874]clearReg.isEmpty,i=1,r=1174,j=0 ,frame.tid=100271
D/BootAnimation( 502): [BootAnimation movie 892]0,delay=40
I/PackageManager( 1322): Perform pre-dex opt for package: com.android.mms
D/dalvikvm( 1322): open_cached_dex_file : /system/app/Mms.apk /data/dalvik-cache /system@app@Mms.apk@classes.dex
I/dalvikvm( 1322): DexOpt: source file mod time mismatch (42ee88e6 vs 385d3c37)
D/PackageManager( 1322): scan package: /system/app/Mms.apk , end at: 67361ms. el apsed time = 57ms.
D/PackageManager( 1322): scan package: /system/app/MtkBt.apk , start at: 67361ms .
I/BufferQueue( 134): [BootAnimation](this:0x4295e370,api:1) [release] fps:23.55 , dur:1019.25, max:58.87, min:39.14
I/PackageManager( 1322): Perform pre-dex opt for package: com.mediatek.bluetooth
D/dalvikvm( 1322): open_cached_dex_file : /system/app/MtkBt.apk /data/dalvik-cac he/system@app@MtkBt.apk@classes.dex
I/dalvikvm( 1322): DexOpt: source file mod time mismatch (42ea559b vs 38902d19)
D/PackageManager( 1322): scan package: /system/app/MtkBt.apk , end at: 67381ms. elapsed time = 20ms.
D/PackageManager( 1322): scan package: /system/app/MTKLogger.apk , start at: 673 81ms.
I/PackageManager( 1322): Perform pre-dex opt for package: com.mediatek.mtklogger
D/dalvikvm( 1322): open_cached_dex_file : /system/app/MTKLogger.apk /data/dalvik -cache/system@app@MTKLogger.apk@classes.dex
I/dalvikvm( 1322): DexOpt: source file mod time mismatch (38903d19 vs 38902d19)
D/BootAnimation( 502): [BootAnimation checkExit 714]exitnow=0
D/BootAnimation( 502): [BootAnimation movie 854]i=1,r=1175,j=0,lastFrame=673891 41698(67389 ms),file=ligo_00102.png
D/BootAnimation( 502): [BootAnimation movie 857]glBindTexture,i=1,r=1175,j=0,fr ame.tid=100271,name=ligo_00102.png
D/BootAnimation( 502): [BootAnimation movie 874]clearReg.isEmpty,i=1,r=1175,j=0 ,frame.tid=100271
D/PackageManager( 1322): scan package: /system/app/MTKLogger.apk , end at: 67389 ms. elapsed time = 8ms.
D/PackageManager( 1322): scan package: /system/app/MTKThermalManager.apk , start at: 67389ms.
D/BootAnimation( 502): [BootAnimation movie 892]0,delay=40
I/PackageManager( 1322): Perform pre-dex opt for package: com.mediatek.thermalma nager

D/dalvikvm( 1322): open_cached_dex_file : /system/app/MTKThermalManager.apk /dat a/dalvik-cache/system@app@MTKThermalManager.apk@classes.dex
I/dalvikvm( 1322): DexOpt: source file mod time mismatch (42ea559c vs 38902d19)
D/PackageManager( 1322): scan package: /system/app/MTKThermalManager.apk , end a t: 67395ms. elapsed time = 6ms.
D/PackageManager( 1322): scan package: /system/app/Music.apk , start at: 67395ms .
D/dalvikvm( 1322): GC_CONCURRENT freed 994K (16177), 17% free 6841K/8188K, pause d 1ms+4ms, total 34ms
D/BootAnimation( 502): [BootAnimation checkExit 714]exitnow=0
D/BootAnimation( 502): [BootAnimation movie 854]i=1,r=1176,j=0,lastFrame=674309 93698(67430 ms),file=ligo_00102.png
D/BootAnimation( 502): [BootAnimation movie 857]glBindTexture,i=1,r=1176,j=0,fr ame.tid=100271,name=ligo_00102.png
D/BootAnimation( 502): [BootAnimation movie 874]clearReg.isEmpty,i=1,r=1176,j=0 ,frame.tid=100271
D/BootAnimation( 502): [BootAnimation movie 892]1,delay=40
I/PackageManager( 1322): Perform pre-dex opt for package: com.miui.player
D/dalvikvm( 1322): open_cached_dex_file : /system/app/Music.apk /data/dalvik-cac he/system@app@Music.apk@classes.dex
D/PackageManager( 1322): scan package: /system/app/Music.apk , end at: 67447ms. elapsed time = 52ms.
D/PackageManager( 1322): scan package: /system/app/NetworkAssistant.apk , start at: 67447ms.
I/PackageManager( 1322): Perform pre-dex opt for package: com.wali.miui.networka ssistant
D/dalvikvm( 1322): open_cached_dex_file : /system/app/NetworkAssistant.apk /data /dalvik-cache/system@app@NetworkAssistant.apk@classes.dex
D/PackageManager( 1322): scan package: /system/app/NetworkAssistant.apk , end at : 67453ms. elapsed time = 6ms.
D/PackageManager( 1322): scan package: /system/app/NetworkLocation.apk , start a t: 67453ms.
I/PackageManager( 1322): Perform pre-dex opt for package: com.google.android.loc ation
D/dalvikvm( 1322): open_cached_dex_file : /system/app/NetworkLocation.apk /data/ dalvik-cache/system@app@NetworkLocation.apk@classes.dex
I/dalvikvm( 1322): DexOpt: mismatch dep signature for '/data/dalvik-cache/system @framework@framework.jar@classes.dex'
D/dalvikvm( 1322): == DexOpt: numDeps = 15
D/dalvikvm( 1322): 0 : /data/dalvik-cache/system@framework@core.jar@classes.dex /data/dalvik-cache/system@framework@core.jar@classes.dex
D/dalvikvm( 1322): 1 : /data/dalvik-cache/system@framework@core-junit.jar@classe s.dex /data/dalvik-cache/system@framework@core-junit.jar@classes.dex
D/dalvikvm( 1322): 2 : /data/dalvik-cache/system@framework@bouncycastle.jar@clas ses.dex /data/dalvik-cache/system@framework@bouncycastle.jar@classes.dex
D/dalvikvm( 1322): 3 : /data/dalvik-cache/system@framework@ext.jar@classes.dex / data/dalvik-cache/system@framework@ext.jar@classes.dex
D/dalvikvm( 1322): 4 : /data/dalvik-cache/system@framework@framework.jar@classes .dex /data/dalvik-cache/system@framework@framework.jar@classes.dex
D/dalvikvm( 1322): 5 : NULL NULL
D/PackageManager( 1322): scan package: /system/app/NetworkLocation.apk , end at: 67459ms. elapsed time = 6ms.
D/PackageManager( 1322): scan package: /system/app/NoiseField.apk , start at: 67 459ms.
I/PackageManager( 1322): Perform pre-dex opt for package: com.android.noisefield
D/dalvikvm( 1322): open_cached_dex_file : /system/app/NoiseField.apk /data/dalvi k-cache/system@app@NoiseField.apk@classes.dex
I/dalvikvm( 1322): DexOpt: source file mod time mismatch (42ea55a3 vs 38f8273d)
D/PackageManager( 1322): scan package: /system/app/NoiseField.apk , end at: 6746 2ms. elapsed time = 3ms.

D/PackageManager( 1322): scan package: /system/app/Notes.apk , start at: 67463ms .
D/BootAnimation( 502): [BootAnimation checkExit 714]exitnow=0
D/BootAnimation( 502): [BootAnimation movie 854]i=1,r=1177,j=0,lastFrame=674728 48391(67472 ms),file=ligo_00102.png
D/BootAnimation( 502): [BootAnimation movie 857]glBindTexture,i=1,r=1177,j=0,fr ame.tid=100271,name=ligo_00102.png
D/BootAnimation( 502): [BootAnimation movie 874]clearReg.isEmpty,i=1,r=1177,j=0 ,frame.tid=100271
D/BootAnimation( 502): [BootAnimation movie 892]0,delay=40
I/PackageManager( 1322): Perform pre-dex opt for package: com.miui.notes
D/dalvikvm( 1322): open_cached_dex_file : /system/app/Notes.apk /data/dalvik-cac he/system@app@Notes.apk@classes.dex
D/PackageManager( 1322): scan package: /system/app/Notes.apk , end at: 67509ms. elapsed time = 46ms.
D/PackageManager( 1322): scan package: /system/app/OGBatteryMod.apk , start at: 67509ms.
D/BootAnimation( 502): [BootAnimation checkExit 714]exitnow=0
D/BootAnimation( 502): [BootAnimation movie 854]i=1,r=1178,j=0,lastFrame=675147 41852(67514 ms),file=ligo_00102.png
D/BootAnimation( 502): [BootAnimation movie 857]glBindTexture,i=1,r=1178,j=0,fr ame.tid=100271,name=ligo_00102.png
D/BootAnimation( 502): [BootAnimation movie 874]clearReg.isEmpty,i=1,r=1178,j=0 ,frame.tid=100271
D/BootAnimation( 502): [BootAnimation movie 892]1,delay=40
I/PackageManager( 1322): Perform pre-dex opt for package: com.ghareeb.battery
D/dalvikvm( 1322): open_cached_dex_file : /system/app/OGBatteryMod.apk /data/dal vik-cache/system@app@OGBatteryMod.apk@classes.dex
D/BootAnimation( 502): [BootAnimation checkExit 714]exitnow=0
D/BootAnimation( 502): [BootAnimation movie 854]i=1,r=1179,j=0,lastFrame=675566 07468(67556 ms),file=ligo_00102.png
D/BootAnimation( 502): [BootAnimation movie 857]glBindTexture,i=1,r=1179,j=0,fr ame.tid=100271,name=ligo_00102.png
D/BootAnimation( 502): [BootAnimation movie 874]clearReg.isEmpty,i=1,r=1179,j=0 ,frame.tid=100271
D/BootAnimation( 502): [BootAnimation movie 892]0,delay=40
I/dalvikvm( 1322): DexOpt: mismatch dep signature for '/data/dalvik-cache/system @framework@framework.jar@classes.dex'
D/dalvikvm( 1322): == DexOpt: numDeps = 15
D/dalvikvm( 1322): 0 : /data/dalvik-cache/system@framework@core.jar@classes.dex /data/dalvik-cache/system@framework@core.jar@classes.dex
D/dalvikvm( 1322): 1 : /data/dalvik-cache/system@framework@core-junit.jar@classe s.dex /data/dalvik-cache/system@framework@core-junit.jar@classes.dex
D/dalvikvm( 1322): 2 : /data/dalvik-cache/system@framework@bouncycastle.jar@clas ses.dex /data/dalvik-cache/system@framework@bouncycastle.jar@classes.dex
D/dalvikvm( 1322): 3 : /data/dalvik-cache/system@framework@ext.jar@classes.dex / data/dalvik-cache/system@framework@ext.jar@classes.dex
D/dalvikvm( 1322): 4 : /data/dalvik-cache/system@framework@framework.jar@classes .dex /data/dalvik-cache/system@framework@framework.jar@classes.dex
D/dalvikvm( 1322): 5 : NULL NULL
D/PackageManager( 1322): scan package: /system/app/OGBatteryMod.apk , end at: 67 595ms. elapsed time = 86ms.
D/PackageManager( 1322): scan package: /system/app/Omacp.apk , start at: 67595ms .
D/BootAnimation( 502): [BootAnimation checkExit 714]exitnow=0
D/BootAnimation( 502): [BootAnimation movie 854]i=1,r=1180,j=0,lastFrame=675984 54852(67598 ms),file=ligo_00102.png
D/BootAnimation( 502): [BootAnimation movie 857]glBindTexture,i=1,r=1180,j=0,fr ame.tid=100271,name=ligo_00102.png
D/BootAnimation( 502): [BootAnimation movie 874]clearReg.isEmpty,i=1,r=1180,j=0

,frame.tid=100271
D/BootAnimation( 502): [BootAnimation movie 892]1,delay=40
I/PackageManager( 1322): Perform pre-dex opt for package: com.mediatek.omacp
D/dalvikvm( 1322): open_cached_dex_file : /system/app/Omacp.apk /data/dalvik-cac he/system@app@Omacp.apk@classes.dex
I/dalvikvm( 1322): DexOpt: mismatch dep signature for '/data/dalvik-cache/system @framework@framework.jar@classes.dex'
D/dalvikvm( 1322): == DexOpt: numDeps = 15
D/dalvikvm( 1322): 0 : /data/dalvik-cache/system@framework@core.jar@classes.dex /data/dalvik-cache/system@framework@core.jar@classes.dex
D/dalvikvm( 1322): 1 : /data/dalvik-cache/system@framework@core-junit.jar@classe s.dex /data/dalvik-cache/system@framework@core-junit.jar@classes.dex
D/dalvikvm( 1322): 2 : /data/dalvik-cache/system@framework@bouncycastle.jar@clas ses.dex /data/dalvik-cache/system@framework@bouncycastle.jar@classes.dex
D/dalvikvm( 1322): 3 : /data/dalvik-cache/system@framework@ext.jar@classes.dex / data/dalvik-cache/system@framework@ext.jar@classes.dex
D/dalvikvm( 1322): 4 : /data/dalvik-cache/system@framework@framework.jar@classes .dex /data/dalvik-cache/system@framework@framework.jar@classes.dex
D/dalvikvm( 1322): 5 : NULL NULL
D/PackageManager( 1322): scan package: /system/app/Omacp.apk , end at: 67603ms. elapsed time = 8ms.
D/PackageManager( 1322): scan package: /system/app/PackageInstaller.apk , start at: 67603ms.
I/PackageManager( 1322): Perform pre-dex opt for package: com.android.packageins taller
D/dalvikvm( 1322): open_cached_dex_file : /system/app/PackageInstaller.apk /data /dalvik-cache/system@app@PackageInstaller.apk@classes.dex
I/dalvikvm( 1322): DexOpt: source file mod time mismatch (42ea55a6 vs 38902d19)
D/PackageManager( 1322): scan package: /system/app/PackageInstaller.apk , end at : 67613ms. elapsed time = 10ms.
D/PackageManager( 1322): scan package: /system/app/PhaseBeam.apk , start at: 676 13ms.
I/PackageManager( 1322): Perform pre-dex opt for package: com.android.phasebeam
D/dalvikvm( 1322): open_cached_dex_file : /system/app/PhaseBeam.apk /data/dalvik -cache/system@app@PhaseBeam.apk@classes.dex
I/dalvikvm( 1322): DexOpt: source file mod time mismatch (42ea55a7 vs 38f8273d)
D/PackageManager( 1322): scan package: /system/app/PhaseBeam.apk , end at: 67617 ms. elapsed time = 4ms.
D/PackageManager( 1322): scan package: /system/app/Phone.apk , start at: 67617ms .
D/BootAnimation( 502): [BootAnimation checkExit 714]exitnow=0
D/BootAnimation( 502): [BootAnimation movie 854]i=1,r=1181,j=0,lastFrame=676403 01545(67640 ms),file=ligo_00102.png
D/BootAnimation( 502): [BootAnimation movie 857]glBindTexture,i=1,r=1181,j=0,fr ame.tid=100271,name=ligo_00102.png
D/BootAnimation( 502): [BootAnimation movie 874]clearReg.isEmpty,i=1,r=1181,j=0 ,frame.tid=100271
D/BootAnimation( 502): [BootAnimation movie 892]0,delay=40
D/BootAnimation( 502): [BootAnimation checkExit 714]exitnow=0
D/BootAnimation( 502): [BootAnimation movie 854]i=1,r=1182,j=0,lastFrame=676821 50621(67682 ms),file=ligo_00102.png
D/BootAnimation( 502): [BootAnimation movie 857]glBindTexture,i=1,r=1182,j=0,fr ame.tid=100271,name=ligo_00102.png
D/BootAnimation( 502): [BootAnimation movie 874]clearReg.isEmpty,i=1,r=1182,j=0 ,frame.tid=100271
D/BootAnimation( 502): [BootAnimation movie 892]0,delay=40
W/PackageParser( 1322): No actions in intent filter at /system/app/Phone.apk Bin ary XML file line #941
W/PackageParser( 1322): No actions in intent filter at /system/app/Phone.apk Bin ary XML file line #962

W/PackageParser( 1322): No actions in intent filter at /system/app/Phone.apk Bin ary XML file line #996
W/PackageParser( 1322): No actions in intent filter at /system/app/Phone.apk Bin ary XML file line #1005
W/PackageParser( 1322): No actions in intent filter at /system/app/Phone.apk Bin ary XML file line #1030
W/PackageParser( 1322): No actions in intent filter at /system/app/Phone.apk Bin ary XML file line #1039
I/PackageManager( 1322): Perform pre-dex opt for package: com.android.phone
D/dalvikvm( 1322): open_cached_dex_file : /system/app/Phone.apk /data/dalvik-cac he/system@app@Phone.apk@classes.dex
I/dalvikvm( 1322): DexOpt: source file mod time mismatch (42ee6e97 vs 38902d19)
D/PackageManager( 1322): scan package: /system/app/Phone.apk , end at: 67709ms. elapsed time = 92ms.
D/PackageManager( 1322): scan package: /system/app/PicoTts.apk , start at: 67709 ms.
I/PackageManager( 1322): Perform pre-dex opt for package: com.svox.pico
D/dalvikvm( 1322): open_cached_dex_file : /system/app/PicoTts.apk /data/dalvik-c ache/system@app@PicoTts.apk@classes.dex
I/dalvikvm( 1322): DexOpt: mismatch dep signature for '/data/dalvik-cache/system @framework@framework.jar@classes.dex'
D/dalvikvm( 1322): == DexOpt: numDeps = 15
D/dalvikvm( 1322): 0 : /data/dalvik-cache/system@framework@core.jar@classes.dex /data/dalvik-cache/system@framework@core.jar@classes.dex
D/dalvikvm( 1322): 1 : /data/dalvik-cache/system@framework@core-junit.jar@classe s.dex /data/dalvik-cache/system@framework@core-junit.jar@classes.dex
D/dalvikvm( 1322): 2 : /data/dalvik-cache/system@framework@bouncycastle.jar@clas ses.dex /data/dalvik-cache/system@framework@bouncycastle.jar@classes.dex
D/dalvikvm( 1322): 3 : /data/dalvik-cache/system@framework@ext.jar@classes.dex / data/dalvik-cache/system@framework@ext.jar@classes.dex
D/dalvikvm( 1322): 4 : /data/dalvik-cache/system@framework@framework.jar@classes .dex /data/dalvik-cache/system@framework@framework.jar@classes.dex
D/dalvikvm( 1322): 5 : NULL NULL
D/PackageManager( 1322): scan package: /system/app/PicoTts.apk , end at: 67714ms . elapsed time = 5ms.
D/PackageManager( 1322): scan package: /system/app/Provision.apk , start at: 677 14ms.
D/BootAnimation( 502): [BootAnimation checkExit 714]exitnow=0
D/BootAnimation( 502): [BootAnimation movie 854]i=1,r=1183,j=0,lastFrame=677240 00929(67724 ms),file=ligo_00102.png
D/BootAnimation( 502): [BootAnimation movie 857]glBindTexture,i=1,r=1183,j=0,fr ame.tid=100271,name=ligo_00102.png
D/BootAnimation( 502): [BootAnimation movie 874]clearReg.isEmpty,i=1,r=1183,j=0 ,frame.tid=100271
D/BootAnimation( 502): [BootAnimation movie 892]1,delay=40
I/PackageManager( 1322): Perform pre-dex opt for package: com.android.provision
D/dalvikvm( 1322): open_cached_dex_file : /system/app/Provision.apk /data/dalvik -cache/system@app@Provision.apk@classes.dex
I/dalvikvm( 1322): DexOpt: source file mod time mismatch (42ea55b0 vs 38902d19)
D/PackageManager( 1322): scan package: /system/app/Provision.apk , end at: 67735 ms. elapsed time = 21ms.
D/PackageManager( 1322): scan package: /system/app/QuickSearchBox.apk , start at : 67735ms.
I/PackageManager( 1322): Perform pre-dex opt for package: com.android.quicksearc hbox
D/dalvikvm( 1322): open_cached_dex_file : /system/app/QuickSearchBox.apk /data/d alvik-cache/system@app@QuickSearchBox.apk@classes.dex
D/PackageManager( 1322): scan package: /system/app/QuickSearchBox.apk , end at: 67740ms. elapsed time = 5ms.
D/PackageManager( 1322): scan package: /system/app/Ringdroid.apk , start at: 677

41ms.
I/PackageManager( 1322): Perform pre-dex opt for package: com.zzz.ringdroid
D/dalvikvm( 1322): open_cached_dex_file : /system/app/Ringdroid.apk /data/dalvik -cache/system@app@Ringdroid.apk@classes.dex
I/dalvikvm( 1322): DexOpt: source file mod time mismatch (42ea55b1 vs 38f8273d)
D/PackageManager( 1322): scan package: /system/app/Ringdroid.apk , end at: 67746 ms. elapsed time = 5ms.
D/PackageManager( 1322): scan package: /system/app/SchedulePowerOnOff.apk , star t at: 67746ms.
I/PackageManager( 1322): Perform pre-dex opt for package: com.mediatek.schpwrono ff
D/dalvikvm( 1322): open_cached_dex_file : /system/app/SchedulePowerOnOff.apk /da ta/dalvik-cache/system@app@SchedulePowerOnOff.apk@classes.dex
I/dalvikvm( 1322): DexOpt: source file mod time mismatch (42ea55b2 vs 38902d19)
D/PackageManager( 1322): scan package: /system/app/SchedulePowerOnOff.apk , end at: 67754ms. elapsed time = 8ms.
D/PackageManager( 1322): scan package: /system/app/Settings.apk , start at: 6775 4ms.
D/BootAnimation( 502): [BootAnimation checkExit 714]exitnow=0
D/BootAnimation( 502): [BootAnimation movie 854]i=1,r=1184,j=0,lastFrame=677658 53391(67765 ms),file=ligo_00102.png
D/BootAnimation( 502): [BootAnimation movie 857]glBindTexture,i=1,r=1184,j=0,fr ame.tid=100271,name=ligo_00102.png
D/BootAnimation( 502): [BootAnimation movie 874]clearReg.isEmpty,i=1,r=1184,j=0 ,frame.tid=100271
D/BootAnimation( 502): [BootAnimation movie 892]0,delay=40
D/BootAnimation( 502): [BootAnimation checkExit 714]exitnow=0
D/BootAnimation( 502): [BootAnimation movie 854]i=1,r=1185,j=0,lastFrame=678077 04852(67807 ms),file=ligo_00102.png
D/BootAnimation( 502): [BootAnimation movie 857]glBindTexture,i=1,r=1185,j=0,fr ame.tid=100271,name=ligo_00102.png
D/BootAnimation( 502): [BootAnimation movie 874]clearReg.isEmpty,i=1,r=1185,j=0 ,frame.tid=100271
D/BootAnimation( 502): [BootAnimation movie 892]0,delay=40
I/PackageManager( 1322): Perform pre-dex opt for package: com.android.settings
D/dalvikvm( 1322): open_cached_dex_file : /system/app/Settings.apk /data/dalvikcache/system@app@Settings.apk@classes.dex
D/BootAnimation( 502): [BootAnimation checkExit 714]exitnow=0
D/BootAnimation( 502): [BootAnimation movie 854]i=1,r=1186,j=0,lastFrame=678496 40775(67849 ms),file=ligo_00102.png
D/BootAnimation( 502): [BootAnimation movie 857]glBindTexture,i=1,r=1186,j=0,fr ame.tid=100271,name=ligo_00102.png
D/BootAnimation( 502): [BootAnimation movie 874]clearReg.isEmpty,i=1,r=1186,j=0 ,frame.tid=100271
D/BootAnimation( 502): [BootAnimation movie 892]1,delay=40
I/dalvikvm( 1322): DexOpt: source file mod time mismatch (42ee79f8 vs 38902d19)
D/PackageManager( 1322): scan package: /system/app/Settings.apk , end at: 67879m s. elapsed time = 125ms.
D/PackageManager( 1322): scan package: /system/app/SettingsProvider.apk , start at: 67879ms.
I/PackageManager( 1322): Perform pre-dex opt for package: com.android.providers. settings
D/dalvikvm( 1322): open_cached_dex_file : /system/app/SettingsProvider.apk /data /dalvik-cache/system@app@SettingsProvider.apk@classes.dex
D/PackageManager( 1322): scan package: /system/app/SettingsProvider.apk , end at : 67882ms. elapsed time = 3ms.
D/PackageManager( 1322): scan package: /system/app/SetupWizard.apk , start at: 6 7882ms.
D/BootAnimation( 502): [BootAnimation checkExit 714]exitnow=0
D/BootAnimation( 502): [BootAnimation movie 854]i=1,r=1187,j=0,lastFrame=678914

86929(67891 ms),file=ligo_00102.png
D/BootAnimation( 502): [BootAnimation movie 857]glBindTexture,i=1,r=1187,j=0,fr ame.tid=100271,name=ligo_00102.png
D/BootAnimation( 502): [BootAnimation movie 874]clearReg.isEmpty,i=1,r=1187,j=0 ,frame.tid=100271
D/BootAnimation( 502): [BootAnimation movie 892]1,delay=39
I/PackageManager( 1322): Perform pre-dex opt for package: com.google.android.set upwizard
D/dalvikvm( 1322): open_cached_dex_file : /system/app/SetupWizard.apk /data/dalv ik-cache/system@app@SetupWizard.apk@classes.dex
I/dalvikvm( 1322): DexOpt: mismatch dep signature for '/data/dalvik-cache/system @framework@framework.jar@classes.dex'
D/dalvikvm( 1322): == DexOpt: numDeps = 15
D/dalvikvm( 1322): 0 : /data/dalvik-cache/system@framework@core.jar@classes.dex /data/dalvik-cache/system@framework@core.jar@classes.dex
D/dalvikvm( 1322): 1 : /data/dalvik-cache/system@framework@core-junit.jar@classe s.dex /data/dalvik-cache/system@framework@core-junit.jar@classes.dex
D/dalvikvm( 1322): 2 : /data/dalvik-cache/system@framework@bouncycastle.jar@clas ses.dex /data/dalvik-cache/system@framework@bouncycastle.jar@classes.dex
D/dalvikvm( 1322): 3 : /data/dalvik-cache/system@framework@ext.jar@classes.dex / data/dalvik-cache/system@framework@ext.jar@classes.dex
D/dalvikvm( 1322): 4 : /data/dalvik-cache/system@framework@framework.jar@classes .dex /data/dalvik-cache/system@framework@framework.jar@classes.dex
D/dalvikvm( 1322): 5 : NULL NULL
D/PackageManager( 1322): scan package: /system/app/SetupWizard.apk , end at: 679 06ms. elapsed time = 24ms.
D/PackageManager( 1322): scan package: /system/app/SharedStorageBackup.apk , sta rt at: 67906ms.
I/PackageManager( 1322): Perform pre-dex opt for package: com.android.sharedstor agebackup
D/dalvikvm( 1322): open_cached_dex_file : /system/app/SharedStorageBackup.apk /d ata/dalvik-cache/system@app@SharedStorageBackup.apk@classes.dex
I/dalvikvm( 1322): DexOpt: source file mod time mismatch (42ea55bd vs 38902d19)
D/PackageManager( 1322): scan package: /system/app/SharedStorageBackup.apk , end at: 67909ms. elapsed time = 3ms.
D/PackageManager( 1322): scan package: /system/app/SoundRecorder.apk , start at: 67909ms.
I/PackageManager( 1322): Perform pre-dex opt for package: com.android.soundrecor der
D/dalvikvm( 1322): open_cached_dex_file : /system/app/SoundRecorder.apk /data/da lvik-cache/system@app@SoundRecorder.apk@classes.dex
I/dalvikvm( 1322): DexOpt: source file mod time mismatch (42ea55c0 vs 38902d19)
D/PackageManager( 1322): scan package: /system/app/SoundRecorder.apk , end at: 6 7915ms. elapsed time = 6ms.
D/PackageManager( 1322): scan package: /system/app/Stk1.apk , start at: 67915ms.
I/PackageManager( 1322): Perform pre-dex opt for package: com.android.stk
D/dalvikvm( 1322): open_cached_dex_file : /system/app/Stk1.apk /data/dalvik-cach e/system@app@Stk1.apk@classes.dex
I/dalvikvm( 1322): DexOpt: source file mod time mismatch (42ea55c1 vs 38902d19)
D/PackageManager( 1322): scan package: /system/app/Stk1.apk , end at: 67923ms. e lapsed time = 8ms.
D/PackageManager( 1322): scan package: /system/app/StkSelection.apk , start at: 67923ms.
I/PackageManager( 1322): Perform pre-dex opt for package: com.mediatek.StkSelect ion
D/dalvikvm( 1322): open_cached_dex_file : /system/app/StkSelection.apk /data/dal vik-cache/system@app@StkSelection.apk@classes.dex
I/dalvikvm( 1322): DexOpt: source file mod time mismatch (42ea55c2 vs 38902d19)
D/PackageManager( 1322): scan package: /system/app/StkSelection.apk , end at: 67 926ms. elapsed time = 3ms.

D/PackageManager( 1322): scan package: /system/app/SuperMarket.apk , start at: 6 7927ms.
D/BootAnimation( 502): [BootAnimation checkExit 714]exitnow=0
D/BootAnimation( 502): [BootAnimation movie 854]i=1,r=1188,j=0,lastFrame=679333 34314(67933 ms),file=ligo_00102.png
D/BootAnimation( 502): [BootAnimation movie 857]glBindTexture,i=1,r=1188,j=0,fr ame.tid=100271,name=ligo_00102.png
D/BootAnimation( 502): [BootAnimation movie 874]clearReg.isEmpty,i=1,r=1188,j=0 ,frame.tid=100271
D/BootAnimation( 502): [BootAnimation movie 892]1,delay=40
I/PackageManager( 1322): Perform pre-dex opt for package: com.xiaomi.market
D/dalvikvm( 1322): open_cached_dex_file : /system/app/SuperMarket.apk /data/dalv ik-cache/system@app@SuperMarket.apk@classes.dex
D/PackageManager( 1322): scan package: /system/app/SuperMarket.apk , end at: 679 44ms. elapsed time = 17ms.
D/PackageManager( 1322): scan package: /system/app/SystemUI.apk , start at: 6794 4ms.
D/BootAnimation( 502): [BootAnimation checkExit 714]exitnow=0
D/BootAnimation( 502): [BootAnimation movie 854]i=1,r=1189,j=0,lastFrame=679751 92852(67975 ms),file=ligo_00102.png
D/BootAnimation( 502): [BootAnimation movie 857]glBindTexture,i=1,r=1189,j=0,fr ame.tid=100271,name=ligo_00102.png
D/BootAnimation( 502): [BootAnimation movie 874]clearReg.isEmpty,i=1,r=1189,j=0 ,frame.tid=100271
D/BootAnimation( 502): [BootAnimation movie 892]0,delay=40
I/PackageManager( 1322): /system/app/SystemUI.apk changed; collecting certs
D/BootAnimation( 502): [BootAnimation checkExit 714]exitnow=0
D/BootAnimation( 502): [BootAnimation movie 854]i=1,r=1190,j=0,lastFrame=680170 53391(68017 ms),file=ligo_00102.png
D/BootAnimation( 502): [BootAnimation movie 857]glBindTexture,i=1,r=1190,j=0,fr ame.tid=100271,name=ligo_00102.png
D/BootAnimation( 502): [BootAnimation movie 874]clearReg.isEmpty,i=1,r=1190,j=0 ,frame.tid=100271
D/BootAnimation( 502): [BootAnimation movie 892]1,delay=40
D/BootAnimation( 502): [BootAnimation checkExit 714]exitnow=0
D/BootAnimation( 502): [BootAnimation movie 854]i=1,r=1191,j=0,lastFrame=680589 90468(68058 ms),file=ligo_00102.png
D/BootAnimation( 502): [BootAnimation movie 857]glBindTexture,i=1,r=1191,j=0,fr ame.tid=100271,name=ligo_00102.png
D/BootAnimation( 502): [BootAnimation movie 874]clearReg.isEmpty,i=1,r=1191,j=0 ,frame.tid=100271
D/BootAnimation( 502): [BootAnimation movie 892]1,delay=40
D/dalvikvm( 1322): GC_CONCURRENT freed 1334K (15726), 19% free 7520K/9216K, paus ed 2ms+2ms, total 36ms
D/dalvikvm( 1322): WAIT_FOR_CONCURRENT_GC blocked 32ms
D/BootAnimation( 502): [BootAnimation checkExit 714]exitnow=0
D/BootAnimation( 502): [BootAnimation movie 854]i=1,r=1192,j=0,lastFrame=681008 89929(68100 ms),file=ligo_00102.png
D/BootAnimation( 502): [BootAnimation movie 857]glBindTexture,i=1,r=1192,j=0,fr ame.tid=100271,name=ligo_00102.png
D/BootAnimation( 502): [BootAnimation movie 874]clearReg.isEmpty,i=1,r=1192,j=0 ,frame.tid=100271
I/SurfaceTextureClient( 502): [STC::queueBuffer] (this:0x41958680) fps:23.88, d ur:1005.10, max:42.26, min:41.34
I/BufferQueue( 134): [BootAnimation](this:0x4295e370,api:1) [queue] fps:23.88, dur:1005.13, max:42.35, min:41.38
D/BootAnimation( 502): [BootAnimation movie 892]1,delay=39
D/BootAnimation( 502): [BootAnimation checkExit 714]exitnow=0
D/BootAnimation( 502): [BootAnimation movie 854]i=1,r=1193,j=0,lastFrame=681427 57160(68142 ms),file=ligo_00102.png

D/BootAnimation( 502): [BootAnimation movie 857]glBindTexture,i=1,r=1193,j=0,fr ame.tid=100271,name=ligo_00102.png
D/BootAnimation( 502): [BootAnimation movie 874]clearReg.isEmpty,i=1,r=1193,j=0 ,frame.tid=100271
D/BootAnimation( 502): [BootAnimation movie 892]1,delay=40
D/NativeCrypto( 1322): NativeCrypto_EVP_VerifyInit ctx=0x5cf3ff10
D/NativeCrypto( 1322): NativeCrypto_EVP_VerifyInit algorithmChars=RSA-SHA1
D/BootAnimation( 502): [BootAnimation checkExit 714]exitnow=0
D/BootAnimation( 502): [BootAnimation movie 854]i=1,r=1194,j=0,lastFrame=681846 32929(68184 ms),file=ligo_00102.png
D/BootAnimation( 502): [BootAnimation movie 857]glBindTexture,i=1,r=1194,j=0,fr ame.tid=100271,name=ligo_00102.png
D/BootAnimation( 502): [BootAnimation movie 874]clearReg.isEmpty,i=1,r=1194,j=0 ,frame.tid=100271
D/BootAnimation( 502): [BootAnimation movie 892]1,delay=40
D/BootAnimation( 502): [BootAnimation checkExit 714]exitnow=0
D/BootAnimation( 502): [BootAnimation movie 854]i=1,r=1195,j=0,lastFrame=682264 89160(68226 ms),file=ligo_00102.png
D/BootAnimation( 502): [BootAnimation movie 857]glBindTexture,i=1,r=1195,j=0,fr ame.tid=100271,name=ligo_00102.png
D/BootAnimation( 502): [BootAnimation movie 874]clearReg.isEmpty,i=1,r=1195,j=0 ,frame.tid=100271
D/BootAnimation( 502): [BootAnimation movie 892]0,delay=40
W/PackageManager( 1322): Application package com.android.systemui already instal led. Skipping duplicate.
D/PackageManager( 1322): scan package: /system/app/SystemUI.apk , end at: 68266m s. elapsed time = 322ms.
D/PackageManager( 1322): scan package: /system/app/SystemUpdate.apk , start at: 68266ms.
D/BootAnimation( 502): [BootAnimation checkExit 714]exitnow=0
D/BootAnimation( 502): [BootAnimation movie 854]i=1,r=1196,j=0,lastFrame=682683 54929(68268 ms),file=ligo_00102.png
D/BootAnimation( 502): [BootAnimation movie 857]glBindTexture,i=1,r=1196,j=0,fr ame.tid=100271,name=ligo_00102.png
D/BootAnimation( 502): [BootAnimation movie 874]clearReg.isEmpty,i=1,r=1196,j=0 ,frame.tid=100271
D/BootAnimation( 502): [BootAnimation movie 892]0,delay=40
W/PackageParser( 1322): No actions in intent filter at /system/app/SystemUpdate. apk Binary XML file line #62
I/PackageManager( 1322): Perform pre-dex opt for package: com.mediatek.systemupd ate
D/dalvikvm( 1322): open_cached_dex_file : /system/app/SystemUpdate.apk /data/dal vik-cache/system@app@SystemUpdate.apk@classes.dex
I/dalvikvm( 1322): DexOpt: source file mod time mismatch (42ea55c6 vs 38902d19)
D/PackageManager( 1322): scan package: /system/app/SystemUpdate.apk , end at: 68 275ms. elapsed time = 9ms.
D/PackageManager( 1322): scan package: /system/app/SystemUpdateAssistant.apk , s tart at: 68275ms.
I/PackageManager( 1322): Perform pre-dex opt for package: com.mediatek.systemupd ate.sysoper
D/dalvikvm( 1322): open_cached_dex_file : /system/app/SystemUpdateAssistant.apk /data/dalvik-cache/system@app@SystemUpdateAssistant.apk@classes.dex
I/dalvikvm( 1322): DexOpt: source file mod time mismatch (42ea55c7 vs 38902d19)
D/PackageManager( 1322): scan package: /system/app/SystemUpdateAssistant.apk , e nd at: 68278ms. elapsed time = 3ms.
D/PackageManager( 1322): scan package: /system/app/TelephonyProvider.apk , start at: 68278ms.
I/PackageManager( 1322): Perform pre-dex opt for package: com.android.providers. telephony
D/dalvikvm( 1322): open_cached_dex_file : /system/app/TelephonyProvider.apk /dat

a/dalvik-cache/system@app@TelephonyProvider.apk@classes.dex
I/dalvikvm( 1322): DexOpt: source file mod time mismatch (42ea55c8 vs 38902d19)
D/PackageManager( 1322): scan package: /system/app/TelephonyProvider.apk , end a t: 68283ms. elapsed time = 5ms.
D/PackageManager( 1322): scan package: /system/app/ThemeManager.apk , start at: 68283ms.
I/SurfaceFlinger( 134): [SurfaceFlinger] fps:23.629181,dur:1015.69,max:55.27,mi n:39.11
I/PackageManager( 1322): /system/app/ThemeManager.apk changed; collecting certs
D/BootAnimation( 502): [BootAnimation checkExit 714]exitnow=0
D/BootAnimation( 502): [BootAnimation movie 854]i=1,r=1197,j=0,lastFrame=683102 93545(68310 ms),file=ligo_00102.png
D/BootAnimation( 502): [BootAnimation movie 857]glBindTexture,i=1,r=1197,j=0,fr ame.tid=100271,name=ligo_00102.png
D/BootAnimation( 502): [BootAnimation movie 874]clearReg.isEmpty,i=1,r=1197,j=0 ,frame.tid=100271
D/BootAnimation( 502): [BootAnimation movie 892]1,delay=40
D/dalvikvm( 1322): GC_CONCURRENT freed 1406K (15379), 18% free 8152K/9920K, paus ed 1ms+8ms, total 40ms
D/dalvikvm( 1322): WAIT_FOR_CONCURRENT_GC blocked 36ms
D/BootAnimation( 502): [BootAnimation checkExit 714]exitnow=0
D/BootAnimation( 502): [BootAnimation movie 854]i=1,r=1198,j=0,lastFrame=683521 49852(68352 ms),file=ligo_00102.png
D/BootAnimation( 502): [BootAnimation movie 857]glBindTexture,i=1,r=1198,j=0,fr ame.tid=100271,name=ligo_00102.png
D/BootAnimation( 502): [BootAnimation movie 874]clearReg.isEmpty,i=1,r=1198,j=0 ,frame.tid=100271
D/BootAnimation( 502): [BootAnimation movie 892]1,delay=40
D/NativeCrypto( 1322): NativeCrypto_EVP_VerifyInit ctx=0x5ced8f20
D/NativeCrypto( 1322): NativeCrypto_EVP_VerifyInit algorithmChars=RSA-SHA1
D/BootAnimation( 502): [BootAnimation checkExit 714]exitnow=0
D/BootAnimation( 502): [BootAnimation movie 854]i=1,r=1199,j=0,lastFrame=683940 01929(68394 ms),file=ligo_00102.png
D/BootAnimation( 502): [BootAnimation movie 857]glBindTexture,i=1,r=1199,j=0,fr ame.tid=100271,name=ligo_00102.png
D/BootAnimation( 502): [BootAnimation movie 874]clearReg.isEmpty,i=1,r=1199,j=0 ,frame.tid=100271
D/BootAnimation( 502): [BootAnimation movie 892]0,delay=40
I/BufferQueue( 134): [BootAnimation](this:0x4295e370,api:1) [release] fps:24.07 , dur:1038.76, max:58.81, min:39.12
E/PackageManager( 1322): Package com.android.thememanager has no signatures that match those in shared user android.uid.theme; ignoring!
W/PackageManager( 1322): Signature mismatch for shared user : SharedUserSetting{ 416a2160 android.uid.theme/9801}
D/PackageManager( 1322): scan package: /system/app/ThemeManager.apk , end at: 68 420ms. elapsed time = 137ms.
D/PackageManager( 1322): scan package: /system/app/Torch.apk , start at: 68420ms .
I/PackageManager( 1322): Perform pre-dex opt for package: net.cactii.flash2
D/dalvikvm( 1322): open_cached_dex_file : /system/app/Torch.apk /data/dalvik-cac he/system@app@Torch.apk@classes.dex
D/BootAnimation( 502): [BootAnimation checkExit 714]exitnow=0
D/BootAnimation( 502): [BootAnimation movie 854]i=1,r=1200,j=0,lastFrame=684358 59391(68435 ms),file=ligo_00102.png
D/BootAnimation( 502): [BootAnimation movie 857]glBindTexture,i=1,r=1200,j=0,fr ame.tid=100271,name=ligo_00102.png
D/BootAnimation( 502): [BootAnimation movie 874]clearReg.isEmpty,i=1,r=1200,j=0 ,frame.tid=100271
D/BootAnimation( 502): [BootAnimation movie 892]0,delay=40
I/dalvikvm( 1322): DexOpt: source file mod time mismatch (425300b9 vs 38902d19)

D/PackageManager( 1322): scan package: /system/app/Torch.apk , end at: 68452ms. elapsed time = 32ms.
D/PackageManager( 1322): scan package: /system/app/Transfer.apk , start at: 6845 2ms.
I/PackageManager( 1322): Perform pre-dex opt for package: com.miui.transfer
D/dalvikvm( 1322): open_cached_dex_file : /system/app/Transfer.apk /data/dalvikcache/system@app@Transfer.apk@classes.dex
D/PackageManager( 1322): scan package: /system/app/Transfer.apk , end at: 68458m s. elapsed time = 6ms.
D/PackageManager( 1322): scan package: /system/app/Updater.apk , start at: 68458 ms.
I/PackageManager( 1322): /system/app/Updater.apk changed; collecting certs
D/BootAnimation( 502): [BootAnimation checkExit 714]exitnow=0
D/BootAnimation( 502): [BootAnimation movie 854]i=1,r=1201,j=0,lastFrame=684777 77544(68477 ms),file=ligo_00102.png
D/BootAnimation( 502): [BootAnimation movie 857]glBindTexture,i=1,r=1201,j=0,fr ame.tid=100271,name=ligo_00102.png
D/BootAnimation( 502): [BootAnimation movie 874]clearReg.isEmpty,i=1,r=1201,j=0 ,frame.tid=100271
D/BootAnimation( 502): [BootAnimation movie 892]1,delay=40
D/NativeCrypto( 1322): NativeCrypto_EVP_VerifyInit ctx=0x5cee4648
D/NativeCrypto( 1322): NativeCrypto_EVP_VerifyInit algorithmChars=RSA-SHA1
D/BootAnimation( 502): [BootAnimation checkExit 714]exitnow=0
D/BootAnimation( 502): [BootAnimation movie 854]i=1,r=1202,j=0,lastFrame=685196 37237(68519 ms),file=ligo_00102.png
D/BootAnimation( 502): [BootAnimation movie 857]glBindTexture,i=1,r=1202,j=0,fr ame.tid=100271,name=ligo_00102.png
D/BootAnimation( 502): [BootAnimation movie 874]clearReg.isEmpty,i=1,r=1202,j=0 ,frame.tid=100271
D/BootAnimation( 502): [BootAnimation movie 892]1,delay=40
