I/busybox ( 117): Vacuum /data/data/com.android.vending/databases/library.db
I/busybox ( 117): /system/etc/init.d/16sqlite_optimize[55]: /system/xbin/sqlite 3: not found
I/busybox ( 117): /system/etc/init.d/16sqlite_optimize[55]: /system/xbin/sqlite 3: not found
I/busybox ( 117): Vacuum /data/data/com.android.vending/databases/localappstate .db
I/busybox ( 117): /system/etc/init.d/16sqlite_optimize[55]: /system/xbin/sqlite 3: not found
I/busybox ( 117): /system/etc/init.d/16sqlite_optimize[55]: /system/xbin/sqlite 3: not found
I/busybox ( 117): Vacuum /data/data/com.android.vending/databases/suggestions.d b
I/busybox ( 117): /system/etc/init.d/16sqlite_optimize[55]: /system/xbin/sqlite 3: not found
I/busybox ( 117): /system/etc/init.d/16sqlite_optimize[55]: /system/xbin/sqlite 3: not found
I/busybox ( 117): Vacuum /data/data/com.jrummy.root.browserfree/databases/file_ activites.db
I/busybox ( 117): /system/etc/init.d/16sqlite_optimize[55]: /system/xbin/sqlite 3: not found
I/busybox ( 117): /system/etc/init.d/16sqlite_optimize[55]: /system/xbin/sqlite 3: not found
I/busybox ( 117): Vacuum /data/data/com.jrummy.root.browserfree/databases/webvi ewCookiesChromium.db
I/busybox ( 117): /system/etc/init.d/16sqlite_optimize[55]: /system/xbin/sqlite 3: not found
I/busybox ( 117): /system/etc/init.d/16sqlite_optimize[55]: /system/xbin/sqlite 3: not found
I/busybox ( 117): Vacuum /data/data/com.jrummy.root.browserfree/databases/webvi ewCookiesChromiumPrivate.db
I/busybox ( 117): /system/etc/init.d/16sqlite_optimize[55]: /system/xbin/sqlite 3: not found
I/busybox ( 117): /system/etc/init.d/16sqlite_optimize[55]: /system/xbin/sqlite 3: not found
I/busybox ( 117): Vacuum /data/data/com.jrummy.root.browserfree/databases/webvi ew.db
D/BootAnimation( 502): [BootAnimation checkExit 714]exitnow=0
D/BootAnimation( 502): [BootAnimation movie 854]i=1,r=841,j=0,lastFrame=5042851 6159(50428 ms),file=ligo_00102.png
D/BootAnimation( 502): [BootAnimation movie 857]glBindTexture,i=1,r=841,j=0,fra me.tid=100271,name=ligo_00102.png
D/BootAnimation( 502): [BootAnimation movie 874]clearReg.isEmpty,i=1,r=841,j=0, frame.tid=100271
I/SurfaceTextureClient( 502): [STC::queueBuffer] (this:0x41958680) fps:23.86, d ur:1005.82, max:42.51, min:41.27
I/BufferQueue( 134): [BootAnimation](this:0x4295e370,api:1) [queue] fps:23.86, dur:1005.75, max:42.50, min:41.21
D/BootAnimation( 502): [BootAnimation movie 892]1,delay=40
D/BootAnimation( 502): [BootAnimation checkExit 714]exitnow=0
D/BootAnimation( 502): [BootAnimation movie 854]i=1,r=842,j=0,lastFrame=5047036 3005(50470 ms),file=ligo_00102.png
D/BootAnimation( 502): [BootAnimation movie 857]glBindTexture,i=1,r=842,j=0,fra me.tid=100271,name=ligo_00102.png
D/BootAnimation( 502): [BootAnimation movie 874]clearReg.isEmpty,i=1,r=842,j=0, frame.tid=100271
D/BootAnimation( 502): [BootAnimation movie 892]0,delay=40
D/BootAnimation( 502): [BootAnimation checkExit 714]exitnow=0

D/BootAnimation( 502): [BootAnimation movie 854]i=1,r=843,j=0,lastFrame=5051219 6313(50512 ms),file=ligo_00102.png
D/BootAnimation( 502): [BootAnimation movie 857]glBindTexture,i=1,r=843,j=0,fra me.tid=100271,name=ligo_00102.png
D/BootAnimation( 502): [BootAnimation movie 874]clearReg.isEmpty,i=1,r=843,j=0, frame.tid=100271
D/BootAnimation( 502): [BootAnimation movie 892]0,delay=40
I/PackageManager( 664): Perform pre-dex opt for package: org.zwanoo.android.spe edtest
D/dalvikvm( 664): open_cached_dex_file : /data/app/org.zwanoo.android.speedtest -1.apk /data/dalvik-cache/data@app@org.zwanoo.android.speedtest-1.apk@classes.de x
D/PackageManager( 664): scan package: /data/app/org.zwanoo.android.speedtest-1. apk , end at: 50521ms. elapsed time = 129ms.
D/PackageManager( 664): scan package: /data/app/ru.dublgis.dgismobile-2.apk , s tart at: 50521ms.
D/BootAnimation( 502): [BootAnimation checkExit 714]exitnow=0
D/BootAnimation( 502): [BootAnimation movie 854]i=1,r=844,j=0,lastFrame=5055404 8928(50554 ms),file=ligo_00102.png
D/BootAnimation( 502): [BootAnimation movie 857]glBindTexture,i=1,r=844,j=0,fra me.tid=100271,name=ligo_00102.png
D/BootAnimation( 502): [BootAnimation movie 874]clearReg.isEmpty,i=1,r=844,j=0, frame.tid=100271
D/BootAnimation( 502): [BootAnimation movie 892]0,delay=40
D/BootAnimation( 502): [BootAnimation checkExit 714]exitnow=0
D/BootAnimation( 502): [BootAnimation movie 854]i=1,r=845,j=0,lastFrame=5059589 2543(50595 ms),file=ligo_00102.png
D/BootAnimation( 502): [BootAnimation movie 857]glBindTexture,i=1,r=845,j=0,fra me.tid=100271,name=ligo_00102.png
D/BootAnimation( 502): [BootAnimation movie 874]clearReg.isEmpty,i=1,r=845,j=0, frame.tid=100271
D/BootAnimation( 502): [BootAnimation movie 892]0,delay=40
D/BootAnimation( 502): [BootAnimation checkExit 714]exitnow=0
D/BootAnimation( 502): [BootAnimation movie 854]i=1,r=846,j=0,lastFrame=5063773 2236(50637 ms),file=ligo_00102.png
D/BootAnimation( 502): [BootAnimation movie 857]glBindTexture,i=1,r=846,j=0,fra me.tid=100271,name=ligo_00102.png
D/BootAnimation( 502): [BootAnimation movie 874]clearReg.isEmpty,i=1,r=846,j=0, frame.tid=100271
D/BootAnimation( 502): [BootAnimation movie 892]0,delay=41
D/AudioHeadsetDetect( 138): thread to exit
D/BootAnimation( 502): [BootAnimation checkExit 714]exitnow=0
D/BootAnimation( 502): [BootAnimation movie 854]i=1,r=847,j=0,lastFrame=5067959 9236(50679 ms),file=ligo_00102.png
D/BootAnimation( 502): [BootAnimation movie 857]glBindTexture,i=1,r=847,j=0,fra me.tid=100271,name=ligo_00102.png
D/BootAnimation( 502): [BootAnimation movie 874]clearReg.isEmpty,i=1,r=847,j=0, frame.tid=100271
D/BootAnimation( 502): [BootAnimation movie 892]0,delay=40
D/BootAnimation( 502): [BootAnimation checkExit 714]exitnow=0
D/BootAnimation( 502): [BootAnimation movie 854]i=1,r=848,j=0,lastFrame=5072153 5082(50721 ms),file=ligo_00102.png
D/BootAnimation( 502): [BootAnimation movie 857]glBindTexture,i=1,r=848,j=0,fra me.tid=100271,name=ligo_00102.png
D/BootAnimation( 502): [BootAnimation movie 874]clearReg.isEmpty,i=1,r=848,j=0, frame.tid=100271
D/BootAnimation( 502): [BootAnimation movie 892]1,delay=40
D/BootAnimation( 502): [BootAnimation checkExit 714]exitnow=0
D/BootAnimation( 502): [BootAnimation movie 854]i=1,r=849,j=0,lastFrame=5076350 3005(50763 ms),file=ligo_00102.png

D/BootAnimation( 502): [BootAnimation movie 857]glBindTexture,i=1,r=849,j=0,fra me.tid=100271,name=ligo_00102.png
D/BootAnimation( 502): [BootAnimation movie 874]clearReg.isEmpty,i=1,r=849,j=0, frame.tid=100271
D/BootAnimation( 502): [BootAnimation movie 892]1,delay=40
D/BootAnimation( 502): [BootAnimation checkExit 714]exitnow=0
D/BootAnimation( 502): [BootAnimation movie 854]i=1,r=850,j=0,lastFrame=5080544 5082(50805 ms),file=ligo_00102.png
D/BootAnimation( 502): [BootAnimation movie 857]glBindTexture,i=1,r=850,j=0,fra me.tid=100271,name=ligo_00102.png
D/BootAnimation( 502): [BootAnimation movie 874]clearReg.isEmpty,i=1,r=850,j=0, frame.tid=100271
D/BootAnimation( 502): [BootAnimation movie 892]1,delay=40
I/SurfaceFlinger( 134): [SurfaceFlinger] fps:23.635502,dur:1015.42,max:55.13,mi n:39.07
D/BootAnimation( 502): [BootAnimation checkExit 714]exitnow=0
D/BootAnimation( 502): [BootAnimation movie 854]i=1,r=851,j=0,lastFrame=5084728 1851(50847 ms),file=ligo_00102.png
D/BootAnimation( 502): [BootAnimation movie 857]glBindTexture,i=1,r=851,j=0,fra me.tid=100271,name=ligo_00102.png
D/BootAnimation( 502): [BootAnimation movie 874]clearReg.isEmpty,i=1,r=851,j=0, frame.tid=100271
D/BootAnimation( 502): [BootAnimation movie 892]0,delay=40
D/BootAnimation( 502): [BootAnimation checkExit 714]exitnow=0
D/BootAnimation( 502): [BootAnimation movie 854]i=1,r=852,j=0,lastFrame=5088912 6390(50889 ms),file=ligo_00102.png
D/BootAnimation( 502): [BootAnimation movie 857]glBindTexture,i=1,r=852,j=0,fra me.tid=100271,name=ligo_00102.png
D/BootAnimation( 502): [BootAnimation movie 874]clearReg.isEmpty,i=1,r=852,j=0, frame.tid=100271
D/BootAnimation( 502): [BootAnimation movie 892]0,delay=40
I/BufferQueue( 134): [BootAnimation](this:0x4295e370,api:1) [release] fps:24.07 , dur:1038.75, max:58.88, min:39.02
D/BootAnimation( 502): [BootAnimation checkExit 714]exitnow=0
D/BootAnimation( 502): [BootAnimation movie 854]i=1,r=853,j=0,lastFrame=5093100 9851(50931 ms),file=ligo_00102.png
D/BootAnimation( 502): [BootAnimation movie 857]glBindTexture,i=1,r=853,j=0,fra me.tid=100271,name=ligo_00102.png
D/BootAnimation( 502): [BootAnimation movie 874]clearReg.isEmpty,i=1,r=853,j=0, frame.tid=100271
D/BootAnimation( 502): [BootAnimation movie 892]1,delay=40
D/BootAnimation( 502): [BootAnimation checkExit 714]exitnow=0
D/BootAnimation( 502): [BootAnimation movie 854]i=1,r=854,j=0,lastFrame=5097289 7620(50972 ms),file=ligo_00102.png
D/BootAnimation( 502): [BootAnimation movie 857]glBindTexture,i=1,r=854,j=0,fra me.tid=100271,name=ligo_00102.png
D/BootAnimation( 502): [BootAnimation movie 874]clearReg.isEmpty,i=1,r=854,j=0, frame.tid=100271
D/BootAnimation( 502): [BootAnimation movie 892]1,delay=40
D/BootAnimation( 502): [BootAnimation checkExit 714]exitnow=0
D/BootAnimation( 502): [BootAnimation movie 854]i=1,r=855,j=0,lastFrame=5101478 8620(51014 ms),file=ligo_00102.png
D/BootAnimation( 502): [BootAnimation movie 857]glBindTexture,i=1,r=855,j=0,fra me.tid=100271,name=ligo_00102.png
D/BootAnimation( 502): [BootAnimation movie 874]clearReg.isEmpty,i=1,r=855,j=0, frame.tid=100271
D/BootAnimation( 502): [BootAnimation movie 892]1,delay=40
D/BootAnimation( 502): [BootAnimation checkExit 714]exitnow=0
D/BootAnimation( 502): [BootAnimation movie 854]i=1,r=856,j=0,lastFrame=5105667 2313(51056 ms),file=ligo_00102.png

D/BootAnimation( 502): [BootAnimation movie 857]glBindTexture,i=1,r=856,j=0,fra me.tid=100271,name=ligo_00102.png
D/BootAnimation( 502): [BootAnimation movie 874]clearReg.isEmpty,i=1,r=856,j=0, frame.tid=100271
D/BootAnimation( 502): [BootAnimation movie 892]1,delay=40
D/BootAnimation( 502): [BootAnimation checkExit 714]exitnow=0
D/BootAnimation( 502): [BootAnimation movie 854]i=1,r=857,j=0,lastFrame=5109856 4467(51098 ms),file=ligo_00102.png
D/BootAnimation( 502): [BootAnimation movie 857]glBindTexture,i=1,r=857,j=0,fra me.tid=100271,name=ligo_00102.png
D/BootAnimation( 502): [BootAnimation movie 874]clearReg.isEmpty,i=1,r=857,j=0, frame.tid=100271
D/BootAnimation( 502): [BootAnimation movie 892]1,delay=40
D/BootAnimation( 502): [BootAnimation checkExit 714]exitnow=0
D/BootAnimation( 502): [BootAnimation movie 854]i=1,r=858,j=0,lastFrame=5114045 5928(51140 ms),file=ligo_00102.png
D/BootAnimation( 502): [BootAnimation movie 857]glBindTexture,i=1,r=858,j=0,fra me.tid=100271,name=ligo_00102.png
D/BootAnimation( 502): [BootAnimation movie 874]clearReg.isEmpty,i=1,r=858,j=0, frame.tid=100271
D/BootAnimation( 502): [BootAnimation movie 892]1,delay=40
D/BootAnimation( 502): [BootAnimation checkExit 714]exitnow=0
D/BootAnimation( 502): [BootAnimation movie 854]i=1,r=859,j=0,lastFrame=5118233 9851(51182 ms),file=ligo_00102.png
D/BootAnimation( 502): [BootAnimation movie 857]glBindTexture,i=1,r=859,j=0,fra me.tid=100271,name=ligo_00102.png
D/BootAnimation( 502): [BootAnimation movie 874]clearReg.isEmpty,i=1,r=859,j=0, frame.tid=100271
D/BootAnimation( 502): [BootAnimation movie 892]1,delay=40
I/PackageManager( 664): Perform pre-dex opt for package: ru.dublgis.dgismobile
D/dalvikvm( 664): open_cached_dex_file : /data/app/ru.dublgis.dgismobile-2.apk /data/dalvik-cache/data@app@ru.dublgis.dgismobile-2.apk@classes.dex
D/PackageManager( 664): scan package: /data/app/ru.dublgis.dgismobile-2.apk , e nd at: 51209ms. elapsed time = 688ms.
D/PackageManager( 664): scan package: /data/app/ru.yandex.disk-1.apk , start at : 51209ms.
D/BootAnimation( 502): [BootAnimation checkExit 714]exitnow=0
D/BootAnimation( 502): [BootAnimation movie 854]i=1,r=860,j=0,lastFrame=5122419 5697(51224 ms),file=ligo_00102.png
D/BootAnimation( 502): [BootAnimation movie 857]glBindTexture,i=1,r=860,j=0,fra me.tid=100271,name=ligo_00102.png
D/BootAnimation( 502): [BootAnimation movie 874]clearReg.isEmpty,i=1,r=860,j=0, frame.tid=100271
D/BootAnimation( 502): [BootAnimation movie 892]0,delay=40
D/BootAnimation( 502): [BootAnimation checkExit 714]exitnow=0
D/BootAnimation( 502): [BootAnimation movie 854]i=1,r=861,j=0,lastFrame=5126604 0082(51266 ms),file=ligo_00102.png
D/BootAnimation( 502): [BootAnimation movie 857]glBindTexture,i=1,r=861,j=0,fra me.tid=100271,name=ligo_00102.png
D/BootAnimation( 502): [BootAnimation movie 874]clearReg.isEmpty,i=1,r=861,j=0, frame.tid=100271
D/BootAnimation( 502): [BootAnimation movie 892]0,delay=40
D/BootAnimation( 502): [BootAnimation checkExit 714]exitnow=0
D/BootAnimation( 502): [BootAnimation movie 854]i=1,r=862,j=0,lastFrame=5130791 7005(51307 ms),file=ligo_00102.png
D/BootAnimation( 502): [BootAnimation movie 857]glBindTexture,i=1,r=862,j=0,fra me.tid=100271,name=ligo_00102.png
D/BootAnimation( 502): [BootAnimation movie 874]clearReg.isEmpty,i=1,r=862,j=0, frame.tid=100271
D/BootAnimation( 502): [BootAnimation movie 892]0,delay=40

I/PackageManager( 664): Perform pre-dex opt for package: ru.yandex.disk
D/dalvikvm( 664): open_cached_dex_file : /data/app/ru.yandex.disk-1.apk /data/d alvik-cache/data@app@ru.yandex.disk-1.apk@classes.dex
D/PackageManager( 664): scan package: /data/app/ru.yandex.disk-1.apk , end at: 51316ms. elapsed time = 107ms.
D/PackageManager( 664): scan package: /data/app/Userbook.apk , start at: 51316m s.
D/BootAnimation( 502): [BootAnimation checkExit 714]exitnow=0
D/BootAnimation( 502): [BootAnimation movie 854]i=1,r=863,j=0,lastFrame=5134977 1543(51349 ms),file=ligo_00102.png
D/BootAnimation( 502): [BootAnimation movie 857]glBindTexture,i=1,r=863,j=0,fra me.tid=100271,name=ligo_00102.png
D/BootAnimation( 502): [BootAnimation movie 874]clearReg.isEmpty,i=1,r=863,j=0, frame.tid=100271
D/BootAnimation( 502): [BootAnimation movie 892]0,delay=40
I/PackageManager( 664): Perform pre-dex opt for package: com.miui.userbook
D/dalvikvm( 664): open_cached_dex_file : /data/app/Userbook.apk /data/dalvik-ca che/data@app@Userbook.apk@classes.dex
D/PackageManager( 664): scan package: /data/app/Userbook.apk , end at: 51379ms. elapsed time = 63ms.
D/PackageManager( 664): scan package: /data/app/VoiceAssist.apk , start at: 513 79ms.
D/BootAnimation( 502): [BootAnimation checkExit 714]exitnow=0
D/BootAnimation( 502): [BootAnimation movie 854]i=1,r=864,j=0,lastFrame=5139162 0928(51391 ms),file=ligo_00102.png
D/BootAnimation( 502): [BootAnimation movie 857]glBindTexture,i=1,r=864,j=0,fra me.tid=100271,name=ligo_00102.png
D/BootAnimation( 502): [BootAnimation movie 874]clearReg.isEmpty,i=1,r=864,j=0, frame.tid=100271
D/BootAnimation( 502): [BootAnimation movie 892]0,delay=40
D/BootAnimation( 502): [BootAnimation checkExit 714]exitnow=0
D/BootAnimation( 502): [BootAnimation movie 854]i=1,r=865,j=0,lastFrame=5143348 3236(51433 ms),file=ligo_00102.png
D/BootAnimation( 502): [BootAnimation movie 857]glBindTexture,i=1,r=865,j=0,fra me.tid=100271,name=ligo_00102.png
D/BootAnimation( 502): [BootAnimation movie 874]clearReg.isEmpty,i=1,r=865,j=0, frame.tid=100271
I/SurfaceTextureClient( 502): [STC::queueBuffer] (this:0x41958680) fps:23.88, d ur:1004.87, max:42.08, min:41.47
I/BufferQueue( 134): [BootAnimation](this:0x4295e370,api:1) [queue] fps:23.89, dur:1004.75, max:42.22, min:41.29
D/BootAnimation( 502): [BootAnimation movie 892]0,delay=40
I/PackageManager( 664): Perform pre-dex opt for package: com.miui.voiceassist
D/dalvikvm( 664): open_cached_dex_file : /data/app/VoiceAssist.apk /data/dalvik -cache/data@app@VoiceAssist.apk@classes.dex
D/PackageManager( 664): scan package: /data/app/VoiceAssist.apk , end at: 51464 ms. elapsed time = 85ms.
W/PackageManager( 664): Updated system app + com.google.android.gms no longer p resent; removing system privileges for com.google.android.gms
W/PackageManager( 664): Updated system app + com.anddoes.launcher no longer pre sent; removing system privileges for com.anddoes.launcher
W/PackageManager( 664): Updated system app + eu.chainfire.supersu no longer pre sent; removing system privileges for eu.chainfire.supersu
W/PackageManager( 664): Updated system app + com.omichsoft.player no longer pre sent; removing system privileges for com.omichsoft.player
I/PackageManager( 664): Time to scan packages: 27.835 seconds
D/BootAnimation( 502): [BootAnimation checkExit 714]exitnow=0
W/PackageManager( 664): Not granting permission android.permission.DEVICE_POWER to package com.miui.gallery (protectionLevel=2 flags=0x8bc45)
D/BootAnimation( 502): [BootAnimation movie 854]i=1,r=866,j=0,lastFrame=5147533

4313(51475 ms),file=ligo_00102.png
D/BootAnimation( 502): [BootAnimation movie 857]glBindTexture,i=1,r=866,j=0,fra me.tid=100271,name=ligo_00102.png
D/BootAnimation( 502): [BootAnimation movie 874]clearReg.isEmpty,i=1,r=866,j=0, frame.tid=100271
D/BootAnimation( 502): [BootAnimation movie 892]1,delay=40
W/PackageManager( 664): Not granting permission android.permission.SEND_DOWNLOA D_COMPLETED_INTENTS to package com.android.contacts (protectionLevel=2 flags=0x8 be45)
W/PackageManager( 664): Unknown permission android.permission.ADD_SYSTEM_SERVIC E in package com.android.phone
W/PackageManager( 664): Unknown permission com.android.smspush.WAPPUSH_MANAGER_ BIND in package com.android.phone
W/PackageManager( 664): Unknown permission com.orangelabs.rcs.permission.RCS in package com.android.phone
W/PackageManager( 664): Unknown permission com.orangelabs.rcs.permission.RCS_EX TENSION in package com.android.phone
W/PackageManager( 664): Unknown permission android.permission.WRITE_INTERNAL_ST ORAGE in package com.miui.player
W/PackageManager( 664): Not granting permission android.permission.MOUNT_UNMOUN T_FILESYSTEMS to package doopp.mob.ggplay.zhanhunru (protectionLevel=18 flags=0x ae44)
W/PackageManager( 664): Not granting permission android.permission.READ_LOGS to package doopp.mob.ggplay.zhanhunru (protectionLevel=50 flags=0xae44)
W/PackageManager( 664): Unknown permission com.android.vending.billing.IBilling AccountService.BIND2 in package com.google.android.gsf.login
W/PackageManager( 664): Unknown permission android.Manifest.permission.RECEIVE_ BOOT_COMPLETED in package com.android.browser
W/PackageManager( 664): Not granting permission com.xiaomi.permission.SEND_PUSH to package com.xiaomi.shop (protectionLevel=2 flags=0x8be44)
W/PackageManager( 664): Not granting permission android.permission.MOUNT_UNMOUN T_FILESYSTEMS to package com.xiaomi.shop (protectionLevel=18 flags=0x8be44)
W/PackageManager( 664): Not granting permission android.permission.READ_LOGS to package com.xiaomi.shop (protectionLevel=50 flags=0x8be44)
W/PackageManager( 664): Unknown permission android.permission.ACCESS_COARSE_UPD ATES in package com.miui.cloudservice
W/PackageManager( 664): Unknown permission android.permission.LOCATION_HARDWARE in package com.google.android.gms
W/PackageManager( 664): Unknown permission android.permission.WRITE_WAPPUSH in package com.mediatek.bluetooth
W/PackageManager( 664): Unknown permission android.permission.READ_WAPPUSH in p ackage com.mediatek.bluetooth
W/PackageManager( 664): Unknown permission android.permission.READ_OWNER_DATA i n package com.google.android.setupwizard
W/PackageManager( 664): Unknown permission android.permission.WRITE_OWNER_DATA in package com.google.android.setupwizard
W/PackageManager( 664): Not granting permission android.permission.READ_LOGS to package org.softeg.slartus.forpda (protectionLevel=50 flags=0x4008be44)
W/PackageManager( 664): Unknown permission com.android.alarm.permission.WRITE_S ETTINGS in package com.mediatek.thermalmanager
W/PackageManager( 664): Unknown permission com.google.android.voicesearch.SHORT CUTS_ACCESS in package com.google.android.googlequicksearchbox
W/PackageManager( 664): Unknown permission com.google.android.voicesearch.ACCES S_SETTINGS in package com.google.android.googlequicksearchbox
W/PackageManager( 664): Unknown permission com.google.android.ears.permission.W RITE in package com.google.android.googlequicksearchbox
W/PackageManager( 664): Unknown permission com.google.googlenav.friend.permissi on.OPT_IN in package com.google.android.googlequicksearchbox
W/PackageManager( 664): Unknown permission com.google.android.apps.maps.permiss ion.PREFETCH in package com.google.android.googlequicksearchbox

W/PackageManager( 664): Unknown permission com.google.android.apps.googlevoice. permission.AUTO_SEND in package com.google.android.googlequicksearchbox
W/PackageManager( 664): Not granting permission android.permission.READ_LOGS to package com.perm.kate (protectionLevel=50 flags=0x8be44)
W/PackageManager( 664): Unknown permission com.google.android.gallery3d.permiss ion.GALLERY_PROVIDER in package com.android.exchange
W/PackageManager( 664): Unknown permission android.Manifest.permission.MANAGE_N ETWORK_POLICY in package com.mediatek.DataUsageLockScreenClient
W/PackageManager( 664): Unknown permission android.Manifest.permission.READ_PHO NE_STATE in package com.mediatek.DataUsageLockScreenClient
W/PackageManager( 664): Unknown permission android.Manifest.permission.READ_NET WORK_USAGE_HISTORY in package com.mediatek.DataUsageLockScreenClient
W/PackageManager( 664): Unknown permission android.permission.READ_SECURE_SETTI NGS in package com.wali.miui.networkassistant
W/PackageManager( 664): Unknown permission android.permission.READ_SETTINGS in package com.wali.miui.networkassistant
W/PackageManager( 664): Not granting permission android.permission.BIND_APPWIDG ET to package com.anddoes.launcher (protectionLevel=18 flags=0x58bec4)
W/PackageManager( 664): Unknown permission com.htc.launcher.permission.READ_SET TINGS in package com.anddoes.launcher
W/PackageManager( 664): Unknown permission org.adwfreak.launcher.permission.REA D_SETTINGS in package com.anddoes.launcher
W/PackageManager( 664): Unknown permission com.fede.launcher.permission.READ_SE TTINGS in package com.anddoes.launcher
W/PackageManager( 664): Unknown permission com.cyanogenmod.trebuchet.permission .READ_SETTINGS in package com.anddoes.launcher
W/PackageManager( 664): Unknown permission com.teslacoilsw.launcher.permission. READ_SETTINGS in package com.anddoes.launcher
W/PackageManager( 664): Unknown permission android.permission.READ_SETTINGS in package com.mediatek.factorymode
W/PackageManager( 664): Unknown permission android.permission.ACCESS_BLUETOOTH_ SHARE in package com.mediatek.factorymode
D/BootAnimation( 502): [BootAnimation checkExit 714]exitnow=0
W/PackageManager( 664): Not granting permission android.permission.ACCESS_CACHE _FILESYSTEM to package com.mobileuncle.toolbox (protectionLevel=18 flags=0x4008b e46)
W/PackageManager( 664): Not granting permission android.permission.REBOOT to pa ckage com.mobileuncle.toolbox (protectionLevel=18 flags=0x4008be46)
D/BootAnimation( 502): [BootAnimation movie 854]i=1,r=867,j=0,lastFrame=5151728 4620(51517 ms),file=ligo_00102.png
D/BootAnimation( 502): [BootAnimation movie 857]glBindTexture,i=1,r=867,j=0,fra me.tid=100271,name=ligo_00102.png
D/BootAnimation( 502): [BootAnimation movie 874]clearReg.isEmpty,i=1,r=867,j=0, frame.tid=100271
W/PackageManager( 664): Unknown permission android.permission.READ_OWNER_DATA i n package com.mobileuncle.toolbox
W/PackageManager( 664): Unknown permission android.permission.WRITE_OWNER_DATA in package com.mobileuncle.toolbox
W/PackageManager( 664): Not granting permission android.permission.DIAGNOSTIC t o package com.mobileuncle.toolbox (protectionLevel=2 flags=0x4008be46)
W/PackageManager( 664): Not granting permission android.permission.HARDWARE_TES T to package com.mobileuncle.toolbox (protectionLevel=2 flags=0x4008be46)
W/PackageManager( 664): Not granting permission android.permission.MASTER_CLEAR to package com.mobileuncle.toolbox (protectionLevel=18 flags=0x4008be46)
W/PackageManager( 664): Not granting permission android.permission.INSTALL_PACK AGES to package com.mobileuncle.toolbox (protectionLevel=18 flags=0x4008be46)
D/BootAnimation( 502): [BootAnimation movie 892]1,delay=40
W/PackageManager( 664): Not granting permission com.google.android.providers.se ttings.permission.READ_GSETTINGS to package com.baidu.map.location (protectionLe vel=2 flags=0xbe45)

W/PackageManager( 664): Not granting permission com.google.android.providers.se ttings.permission.WRITE_GSETTINGS to package com.baidu.map.location (protectionL evel=2 flags=0xbe45)
W/PackageManager( 664): Unknown permission adnroid.permission.CHANGE_WIFI_STATE in package com.tencent.tmsprovider
W/PackageManager( 664): Unknown permission .PERMISSION in package com.estrongs. android.pop
W/PackageManager( 664): Not granting permission android.permission.REBOOT to pa ckage eu.chainfire.supersu (protectionLevel=18 flags=0x83e84)
W/PackageManager( 664): Unknown permission android.permission.READ_SETTINGS in package com.mediatek.engineermode
W/PackageManager( 664): Unknown permission android.permission.ACCESS_BLUETOOTH_ SHARE in package com.mediatek.engineermode
W/PackageManager( 664): Unknown permission android.permission.VIBRATION in pack age com.baidu.input
W/PackageManager( 664): Not granting permission android.permission.READ_LOGS to package com.baidu.input (protectionLevel=50 flags=0x8be44)
W/PackageManager( 664): Unknown permission android.permission.RECEIVE_USER_PRES ENT in package com.alipay.android.app
W/PackageManager( 664): Unknown permission com.alipay.android.permission.BOOT_C OMPLETED in package com.alipay.android.app
W/PackageManager( 664): Unknown permission com.alipay.android.app.gphone.SHARE in package com.alipay.android.app
W/PackageManager( 664): Unknown permission archos.permission.FULLSCREEN.FULL in package org.ppsspp.ppsspp
D/BootAnimation( 502): [BootAnimation checkExit 714]exitnow=0
D/BootAnimation( 502): [BootAnimation movie 854]i=1,r=868,j=0,lastFrame=5155914 3774(51559 ms),file=ligo_00102.png
D/BootAnimation( 502): [BootAnimation movie 857]glBindTexture,i=1,r=868,j=0,fra me.tid=100271,name=ligo_00102.png
D/BootAnimation( 502): [BootAnimation movie 874]clearReg.isEmpty,i=1,r=868,j=0, frame.tid=100271
D/BootAnimation( 502): [BootAnimation movie 892]0,delay=40
D/BootAnimation( 502): [BootAnimation checkExit 714]exitnow=0
D/BootAnimation( 502): [BootAnimation movie 854]i=1,r=869,j=0,lastFrame=5160099 7313(51600 ms),file=ligo_00102.png
D/BootAnimation( 502): [BootAnimation movie 857]glBindTexture,i=1,r=869,j=0,fra me.tid=100271,name=ligo_00102.png
D/BootAnimation( 502): [BootAnimation movie 874]clearReg.isEmpty,i=1,r=869,j=0, frame.tid=100271
D/BootAnimation( 502): [BootAnimation movie 892]0,delay=40
D/BootAnimation( 502): [BootAnimation checkExit 714]exitnow=0
D/BootAnimation( 502): [BootAnimation movie 854]i=1,r=870,j=0,lastFrame=5164285 5082(51642 ms),file=ligo_00102.png
D/BootAnimation( 502): [BootAnimation movie 857]glBindTexture,i=1,r=870,j=0,fra me.tid=100271,name=ligo_00102.png
D/BootAnimation( 502): [BootAnimation movie 874]clearReg.isEmpty,i=1,r=870,j=0, frame.tid=100271
D/BootAnimation( 502): [BootAnimation movie 892]0,delay=40
D/BootAnimation( 502): [BootAnimation checkExit 714]exitnow=0
D/BootAnimation( 502): [BootAnimation movie 854]i=1,r=871,j=0,lastFrame=5168470 7467(51684 ms),file=ligo_00102.png
D/BootAnimation( 502): [BootAnimation movie 857]glBindTexture,i=1,r=871,j=0,fra me.tid=100271,name=ligo_00102.png
D/BootAnimation( 502): [BootAnimation movie 874]clearReg.isEmpty,i=1,r=871,j=0, frame.tid=100271
D/BootAnimation( 502): [BootAnimation movie 892]0,delay=40
I/PackageSettings( 664): Writing package restrictions for user=0
I/PackageSettings( 664): pkg=com.mediatek.atci.service, state=0
I/PackageSettings( 664): pkg=com.xiaomi.shop, state=0

I/PackageSettings( 664): pkg=com.aqsector.slthemefox, state=0
I/PackageSettings( 664): pkg=com.android.provision, state=0
I/PackageSettings( 664): pkg=com.google.android.gms, state=0
I/PackageSettings( 664): pkg=com.google.android.setupwizard, state=0
D/BootAnimation( 502): [BootAnimation checkExit 714]exitnow=0
I/PackageSettings( 664): pkg=org.softeg.slartus.forpda, state=0
I/PackageSettings( 664): pkg=com.android.settings, state=0
D/BootAnimation( 502): [BootAnimation movie 854]i=1,r=872,j=0,lastFrame=5172653 9082(51726 ms),file=ligo_00102.png
D/BootAnimation( 502): [BootAnimation movie 857]glBindTexture,i=1,r=872,j=0,fra me.tid=100271,name=ligo_00102.png
D/BootAnimation( 502): [BootAnimation movie 874]clearReg.isEmpty,i=1,r=872,j=0, frame.tid=100271
I/PackageSettings( 664): pkg=com.android.gallery3d, state=0
I/PackageSettings( 664): pkg=com.android.email, state=0
I/PackageSettings( 664): pkg=com.ryanolson.adw.ubuntu, state=0
I/PackageSettings( 664): pkg=com.antutu.CpuMasterFree, state=0
I/PackageSettings( 664): pkg=com.mxtech.videoplayer.ad, state=0
D/BootAnimation( 502): [BootAnimation movie 892]0,delay=40
I/PackageSettings( 664): pkg=com.mobileuncle.toolbox, state=0
I/PackageSettings( 664): pkg=com.android.stk, state=0
I/PackageSettings( 664): pkg=com.google.android.keep, state=0
I/PackageSettings( 664): pkg=org.adaway, state=0
I/PackageSettings( 664): pkg=com.android.providers.contacts, state=0
I/PackageSettings( 664): pkg=ru.dublgis.dgismobile, state=0
I/PackageSettings( 664): pkg=ru.yandex.disk, state=0
I/PackageSettings( 664): pkg=com.android.vending, state=0
I/PackageSettings( 664): pkg=com.google.android.gm, state=0
I/PackageSettings( 664): pkg=com.miui.userbook, state=0
I/PackageSettings( 664): pkg=com.estrongs.android.pop, state=0
I/PackageSettings( 664): pkg=com.google.android.gsf, state=0
I/PackageSettings( 664): pkg=com.android.chrome, state=0
I/PackageSettings( 664): pkg=com.baidu.input, state=0
I/PackageSettings( 664): pkg=com.alipay.android.app, state=0
D/BootAnimation( 502): [BootAnimation checkExit 714]exitnow=0
D/BootAnimation( 502): [BootAnimation movie 854]i=1,r=873,j=0,lastFrame=5176845 1082(51768 ms),file=ligo_00102.png
D/BootAnimation( 502): [BootAnimation movie 857]glBindTexture,i=1,r=873,j=0,fra me.tid=100271,name=ligo_00102.png
D/BootAnimation( 502): [BootAnimation movie 874]clearReg.isEmpty,i=1,r=873,j=0, frame.tid=100271
D/BootAnimation( 502): [BootAnimation movie 892]1,delay=40
D/BootAnimation( 502): [BootAnimation checkExit 714]exitnow=0
D/BootAnimation( 502): [BootAnimation movie 854]i=1,r=874,j=0,lastFrame=5181035 2928(51810 ms),file=ligo_00102.png
D/BootAnimation( 502): [BootAnimation movie 857]glBindTexture,i=1,r=874,j=0,fra me.tid=100271,name=ligo_00102.png
D/BootAnimation( 502): [BootAnimation movie 874]clearReg.isEmpty,i=1,r=874,j=0, frame.tid=100271
D/BootAnimation( 502): [BootAnimation movie 892]1,delay=40
D/dalvikvm( 664): GC_EXPLICIT freed 1379K (21061), 24% free 9187K/12080K, pause d 2ms+14ms, total 73ms
D/BootAnimation( 502): [BootAnimation checkExit 714]exitnow=0
D/BootAnimation( 502): [BootAnimation movie 854]i=1,r=875,j=0,lastFrame=5185223 4313(51852 ms),file=ligo_00102.png
D/BootAnimation( 502): [BootAnimation movie 857]glBindTexture,i=1,r=875,j=0,fra me.tid=100271,name=ligo_00102.png
D/BootAnimation( 502): [BootAnimation movie 874]clearReg.isEmpty,i=1,r=875,j=0, frame.tid=100271
D/BootAnimation( 502): [BootAnimation movie 892]1,delay=40

I/SystemServer( 664): User Service
I/SystemServer( 664): Account Manager
I/SurfaceFlinger( 134): [SurfaceFlinger] fps:24.071970,dur:1038.55,max:55.04,mi n:38.87
D/dalvikvm( 664): create interp thread : stack size=32KB
D/dalvikvm( 664): create new thread
D/dalvikvm( 664): new thread created
D/dalvikvm( 664): update thread list
D/dalvikvm( 664): threadid=22: interp stack at 0x5dee7000
D/dalvikvm( 664): threadid=22: created from interp
D/dalvikvm( 664): start new thread
D/dalvikvm( 664): threadid=22: notify debugger
D/dalvikvm( 664): threadid=22 (AccountManagerService): calling run()
I/SystemServer( 664): Content Manager
I/SystemServer( 664): System Content Providers
I/ActivityThread( 664): Pub settings: com.android.providers.settings.SettingsPr ovider
D/BootAnimation( 502): [BootAnimation checkExit 714]exitnow=0
D/BootAnimation( 502): [BootAnimation movie 854]i=1,r=876,j=0,lastFrame=5189408 4005(51894 ms),file=ligo_00102.png
D/BootAnimation( 502): [BootAnimation movie 857]glBindTexture,i=1,r=876,j=0,fra me.tid=100271,name=ligo_00102.png
D/BootAnimation( 502): [BootAnimation movie 874]clearReg.isEmpty,i=1,r=876,j=0, frame.tid=100271
D/BootAnimation( 502): [BootAnimation movie 892]0,delay=40
D/dalvikvm( 664): open_cached_dex_file : /system/app/SettingsProvider.apk /data /dalvik-cache/system@app@SettingsProvider.apk@classes.dex
I/dalvikvm( 664): DexOpt: source file mod time mismatch (42ea55bc vs 38902d19)
D/dalvikvm( 664): ODEX file is stale or bad; removing and retrying (/data/dalvi k-cache/system@app@SettingsProvider.apk@classes.dex)
D/dalvikvm( 664): DexOpt: --- BEGIN 'SettingsProvider.apk' (bootstrap=0) --D/BootAnimation( 502): [BootAnimation checkExit 714]exitnow=0
D/BootAnimation( 502): [BootAnimation movie 854]i=1,r=877,j=0,lastFrame=5193595 8236(51935 ms),file=ligo_00102.png
D/BootAnimation( 502): [BootAnimation movie 857]glBindTexture,i=1,r=877,j=0,fra me.tid=100271,name=ligo_00102.png
D/BootAnimation( 502): [BootAnimation movie 874]clearReg.isEmpty,i=1,r=877,j=0, frame.tid=100271
D/BootAnimation( 502): [BootAnimation movie 892]1,delay=40
I/BufferQueue( 134): [BootAnimation](this:0x4295e370,api:1) [release] fps:24.07 , dur:1038.82, max:58.87, min:39.12
D/BootAnimation( 502): [BootAnimation checkExit 714]exitnow=0
D/BootAnimation( 502): [BootAnimation movie 854]i=1,r=878,j=0,lastFrame=5197783 1005(51977 ms),file=ligo_00102.png
D/BootAnimation( 502): [BootAnimation movie 857]glBindTexture,i=1,r=878,j=0,fra me.tid=100271,name=ligo_00102.png
D/BootAnimation( 502): [BootAnimation movie 874]clearReg.isEmpty,i=1,r=878,j=0, frame.tid=100271
D/BootAnimation( 502): [BootAnimation movie 892]1,delay=40
D/dalvikvm( 965): boot class :
D/dalvikvm( 965): (0) core.jar
D/dalvikvm( 965): (1) core-junit.jar
D/dalvikvm( 965): (2) bouncycastle.jar
D/dalvikvm( 965): (3) ext.jar
D/dalvikvm( 965): (4) framework.jar
D/dalvikvm( 965): (5) telephony-common.jar
D/dalvikvm( 965): (6) mms-common.jar
D/dalvikvm( 965): (7) android.policy.jar
D/dalvikvm( 965): (8) services.jar
D/dalvikvm( 965): (9) apache-xml.jar

D/dalvikvm( 965): (10) mediatek-common.jar
D/dalvikvm( 965): (11) mediatek-framework.jar
D/dalvikvm( 965): (12) mediatek-op.jar
D/dalvikvm( 965): (13) secondary-framework.jar
D/dalvikvm( 965): (14) CustomProperties.jar
D/dalvikvm( 965): (15) am.jar
D/dalvikvm( 965): threadid=1: interp stack at 0x41b63000
D/dalvikvm( 965): open_cached_dex_file : /system/framework/core.jar /data/dalvi k-cache/system@framework@core.jar@classes.dex
D/dalvikvm( 965): open_cached_dex_file : /system/framework/core-junit.jar /data /dalvik-cache/system@framework@core-junit.jar@classes.dex
D/dalvikvm( 965): open_cached_dex_file : /system/framework/bouncycastle.jar /da ta/dalvik-cache/system@framework@bouncycastle.jar@classes.dex
D/dalvikvm( 965): open_cached_dex_file : /system/framework/ext.jar /data/dalvik -cache/system@framework@ext.jar@classes.dex
D/dalvikvm( 965): open_cached_dex_file : /system/framework/framework.jar /data/ dalvik-cache/system@framework@framework.jar@classes.dex
D/dalvikvm( 965): open_cached_dex_file : /system/framework/telephony-common.jar /data/dalvik-cache/system@framework@telephony-common.jar@classes.dex
D/dalvikvm( 965): open_cached_dex_file : /system/framework/mms-common.jar /data /dalvik-cache/system@framework@mms-common.jar@classes.dex
D/dalvikvm( 965): open_cached_dex_file : /system/framework/android.policy.jar / data/dalvik-cache/system@framework@android.policy.jar@classes.dex
D/dalvikvm( 965): open_cached_dex_file : /system/framework/services.jar /data/d alvik-cache/system@framework@services.jar@classes.dex
D/dalvikvm( 965): open_cached_dex_file : /system/framework/apache-xml.jar /data /dalvik-cache/system@framework@apache-xml.jar@classes.dex
D/dalvikvm( 965): open_cached_dex_file : /system/framework/mediatek-common.jar /data/dalvik-cache/system@framework@mediatek-common.jar@classes.dex
D/dalvikvm( 965): open_cached_dex_file : /system/framework/mediatek-framework.j ar /data/dalvik-cache/system@framework@mediatek-framework.jar@classes.dex
D/dalvikvm( 965): open_cached_dex_file : /system/framework/mediatek-op.jar /dat a/dalvik-cache/system@framework@mediatek-op.jar@classes.dex
D/dalvikvm( 965): open_cached_dex_file : /system/framework/secondary-framework. jar /data/dalvik-cache/system@framework@secondary-framework.jar@classes.dex
D/dalvikvm( 965): open_cached_dex_file : /system/framework/CustomProperties.jar /data/dalvik-cache/system@framework@CustomProperties.jar@classes.dex
D/BootAnimation( 502): [BootAnimation checkExit 714]exitnow=0
D/BootAnimation( 502): [BootAnimation movie 854]i=1,r=879,j=0,lastFrame=5201973 2313(52019 ms),file=ligo_00102.png
D/BootAnimation( 502): [BootAnimation movie 857]glBindTexture,i=1,r=879,j=0,fra me.tid=100271,name=ligo_00102.png
D/BootAnimation( 502): [BootAnimation movie 874]clearReg.isEmpty,i=1,r=879,j=0, frame.tid=100271
D/BootAnimation( 502): [BootAnimation movie 892]1,delay=40
D/dalvikvm( 965): Note: class Landroid/app/ActivityManagerNative; has 159 unimp lemented (abstract) methods
D/dalvikvm( 965): DexOpt: load 5ms, verify+opt 44ms, 383236 bytes
D/BootAnimation( 502): [BootAnimation checkExit 714]exitnow=0
D/BootAnimation( 502): [BootAnimation movie 854]i=1,r=880,j=0,lastFrame=5206158 3774(52061 ms),file=ligo_00102.png
D/BootAnimation( 502): [BootAnimation movie 857]glBindTexture,i=1,r=880,j=0,fra me.tid=100271,name=ligo_00102.png
D/BootAnimation( 502): [BootAnimation movie 874]clearReg.isEmpty,i=1,r=880,j=0, frame.tid=100271
D/BootAnimation( 502): [BootAnimation movie 892]0,delay=40
D/dalvikvm( 664): DexOpt: --- END 'SettingsProvider.apk' (success) --D/dalvikvm( 664): DEX prep '/system/app/SettingsProvider.apk': unzip in 2ms, re write 187ms
I/SettingsProvider( 664): Installing settings db helper and caches for user 0

D/BootAnimation( 502): [BootAnimation checkExit 714]exitnow=0
D/BootAnimation( 502): [BootAnimation movie 854]i=1,r=881,j=0,lastFrame=5210344 5313(52103 ms),file=ligo_00102.png
D/BootAnimation( 502): [BootAnimation movie 857]glBindTexture,i=1,r=881,j=0,fra me.tid=100271,name=ligo_00102.png
D/BootAnimation( 502): [BootAnimation movie 874]clearReg.isEmpty,i=1,r=881,j=0, frame.tid=100271
D/BootAnimation( 502): [BootAnimation movie 892]0,delay=40
D/BootAnimation( 502): [BootAnimation checkExit 714]exitnow=0
D/BootAnimation( 502): [BootAnimation movie 854]i=1,r=882,j=0,lastFrame=5214530 1697(52145 ms),file=ligo_00102.png
D/BootAnimation( 502): [BootAnimation movie 857]glBindTexture,i=1,r=882,j=0,fra me.tid=100271,name=ligo_00102.png
D/BootAnimation( 502): [BootAnimation movie 874]clearReg.isEmpty,i=1,r=882,j=0, frame.tid=100271
D/BootAnimation( 502): [BootAnimation movie 892]0,delay=40
D/BootAnimation( 502): [BootAnimation checkExit 714]exitnow=0
D/BootAnimation( 502): [BootAnimation movie 854]i=1,r=883,j=0,lastFrame=5218715 2005(52187 ms),file=ligo_00102.png
D/BootAnimation( 502): [BootAnimation movie 857]glBindTexture,i=1,r=883,j=0,fra me.tid=100271,name=ligo_00102.png
D/BootAnimation( 502): [BootAnimation movie 874]clearReg.isEmpty,i=1,r=883,j=0, frame.tid=100271
D/BootAnimation( 502): [BootAnimation movie 892]0,delay=40
V/SettingsProvider( 664): query(content://settings/secure) for user 0
V/SettingsProvider( 664): query(content://settings/system) for user 0
V/SettingsProvider( 664): query(content://settings/system) for user 0
D/dalvikvm( 664): create interp thread : stack size=32KB
D/dalvikvm( 664): create new thread
D/dalvikvm( 664): new thread created
D/dalvikvm( 664): update thread list
D/dalvikvm( 664): threadid=23: interp stack at 0x5e604000
D/dalvikvm( 664): threadid=23: created from interp
D/dalvikvm( 664): start new thread
D/dalvikvm( 664): threadid=23: notify debugger
D/dalvikvm( 664): threadid=23 (populate-settings-caches): calling run()
D/SettingsProvider( 664): call request for 0
V/SettingsProvider( 664): call(secure:long_press_timeout) for 0
D/SettingsProvider( 664): lookupValue table secure cache contains Key long_pres s_timeout , value = null
D/SettingsProvider( 664): lookupValue table secure Not get value from cache lon g_press_timeout
V/Provider/Settings( 664): from db cache, name = long_press_timeout , value = 5 00
D/dalvikvm( 664): create interp thread : stack size=32KB
D/dalvikvm( 664): create new thread
D/SettingsProvider( 664): cache for settings table 'global' rows=53; fullycache d=true
D/dalvikvm( 664): new thread created
D/dalvikvm( 664): threadid=24: interp stack at 0x5e90c000
D/dalvikvm( 664): threadid=24: created from interp
D/dalvikvm( 664): update thread list
D/dalvikvm( 664): start new thread
D/dalvikvm( 664): threadid=24: notify debugger
D/dalvikvm( 664): threadid=24 (PackageMonitor): calling run()
D/SettingsProvider( 664): cache for settings table 'secure' rows=68; fullycache d=true
D/BootAnimation( 502): [BootAnimation checkExit 714]exitnow=0
D/BootAnimation( 502): [BootAnimation movie 854]i=1,r=884,j=0,lastFrame=5222903 2082(52229 ms),file=ligo_00102.png

D/BootAnimation( 502): [BootAnimation movie 857]glBindTexture,i=1,r=884,j=0,fra me.tid=100271,name=ligo_00102.png
D/BootAnimation( 502): [BootAnimation movie 874]clearReg.isEmpty,i=1,r=884,j=0, frame.tid=100271
D/BootAnimation( 502): [BootAnimation movie 892]1,delay=40
D/SettingsProvider( 664): cache for settings table 'system' rows=115; fullycach ed=true
D/dalvikvm( 664): threadid=23: exiting
D/dalvikvm( 664): threadid=23: bye!
I/SystemServer( 664): Lights Service
D/Provider/Settings( 664): put string name = screen_buttons_state , value = 0 u serHandle = 0
D/SettingsProvider( 664): call request for 0
V/SettingsProvider( 664): call_put(secure:screen_buttons_state=0) for 0
V/SettingsProvider( 664): insert(content://settings/secure) for user 0 by 0
D/SettingsProvider( 664): insert(content://settings/secure) for user 0 by 0
D/SettingsProvider( 664): redundant, old Value: 0 new value: 0
D/SettingsProvider( 664): call request for 0
V/SettingsProvider( 664): call(secure:screen_buttons_turn_on) for 0
D/SettingsProvider( 664): lookupValue table secure cache contains Key screen_bu ttons_turn_on , value = null
D/SettingsProvider( 664): lookupValue table secure cache.fullyMatchesDisk() scr een_buttons_turn_on
V/Provider/Settings( 664): from db cache, name = screen_buttons_turn_on , value = null
I/SystemServer( 664): Battery Service
D/dalvikvm( 664): create interp thread : stack size=32KB
D/dalvikvm( 664): create new thread
D/dalvikvm( 664): new thread created
D/dalvikvm( 664): update thread list
D/dalvikvm( 664): threadid=23: interp stack at 0x5e608000
D/dalvikvm( 664): threadid=23: created from interp
D/dalvikvm( 664): start new thread
D/dalvikvm( 664): threadid=23: notify debugger
D/dalvikvm( 664): threadid=23 (UEventObserver): calling run()
D/BatteryService( 664): mBatteryVoltage=3728
D/LightsService( 664): setLight_native: light=3, colorARGB=0xffffff00, flashMod e=0, onMS=0, offMS=0, brightnessMode=0
D/lights ( 664): set_led_state colorRGB=FFFFFF00, onMS=0, offMS=0
D/lights ( 664): blink_red, level=255, onMS=0, offMS=0
D/lights ( 664): write_int open fd=87
I/SystemServer( 664): Vibrator Service
D/dalvikvm( 664): create interp thread : stack size=32KB
D/dalvikvm( 664): create new thread
D/dalvikvm( 664): threadid=25: interp stack at 0x5e710000
D/dalvikvm( 664): threadid=25: created from interp
D/dalvikvm( 664): new thread created
D/dalvikvm( 664): update thread list
D/dalvikvm( 664): start new thread
D/dalvikvm( 664): threadid=25: notify debugger
D/dalvikvm( 664): threadid=25 (PowerManagerService): calling run()
D/PowerManagerService( 664): PowerManagerService: Init
D/PowerManagerService( 664): unblankAllDisplays in ...
I/libsuspend( 664): Selected early suspend
I/libsuspend( 664): Starting early suspend unblocker thread
D/PowerManagerService( 664): unblankAllDisplays 1
D/PermissionCache( 134): checking android.permission.ACCESS_SURFACE_FLINGER for uid=1000 => granted (384 us)
D/SurfaceFlinger( 134): Screen acquired, type=0 flinger=0x41374510
D/SurfaceFlinger( 134): screen was previously acquired

D/BootAnimation( 502): [BootAnimation checkExit 714]exitnow=0
D/BootAnimation( 502): [BootAnimation movie 854]i=1,r=885,j=0,lastFrame=5227087 4236(52270 ms),file=ligo_00102.png
D/BootAnimation( 502): [BootAnimation movie 857]glBindTexture,i=1,r=885,j=0,fra me.tid=100271,name=ligo_00102.png
D/BootAnimation( 502): [BootAnimation movie 874]clearReg.isEmpty,i=1,r=885,j=0, frame.tid=100271
D/BootAnimation( 502): [BootAnimation movie 892]0,delay=40
D/PowerManagerService( 664): unblankAllDisplays 2
I/TV/JNI ( 664): [TVOut] jboolean tvoutPowerEnable(JNIEnv*, jobject, jboolean) (1) ret = 0
I/hdmi ( 664): [HDMI] JNI com.mediatek.hdmi.HDMINative.enableHDMIPOWER(1)
D/PowerManager_performance( 664): unblankAllDisplays out ...
I/SystemServer( 664): Alarm Manager
I/AlarmManager( 664): mDescriptor is 92
D/AlarmManagerService( 664): Kernel timezone updated to -360 minutes west of GM T
D/SettingsProvider( 664): call request for 0
V/SettingsProvider( 664): call(system:power_off_alarm_package_name) for 0
D/SettingsProvider( 664): lookupValue table system cache contains Key power_off _alarm_package_name , value = Bundle[{value=com.android.deskclock}]
V/Provider/Settings( 664): from db cache, name = power_off_alarm_package_name , value = com.android.deskclock
V/AlarmManager( 664): Native set alarm :Alarm{429cddb0 type 3 android}
V/AlarmManager( 664): Native set alarm :Alarm{429fba90 type 1 android}
D/dalvikvm( 664): create interp thread : stack size=32KB
D/dalvikvm( 664): create new thread
D/dalvikvm( 664): new thread created
D/dalvikvm( 664): update thread list
D/dalvikvm( 664): threadid=26: interp stack at 0x5e818000
D/dalvikvm( 664): threadid=26: created from interp
D/dalvikvm( 664): start new thread
D/dalvikvm( 664): threadid=26: notify debugger
D/dalvikvm( 664): threadid=26 (AlarmManager): calling run()
I/SystemServer( 664): Init Watchdog
I/SystemServer( 664): Input Manager
I/InputManager( 664): Initializing input manager, mUseDevInputEventForAudioJack =false
D/BootAnimation( 502): [BootAnimation checkExit 714]exitnow=0
D/BootAnimation( 502): [BootAnimation movie 854]i=1,r=886,j=0,lastFrame=5231271 5467(52312 ms),file=ligo_00102.png
D/BootAnimation( 502): [BootAnimation movie 857]glBindTexture,i=1,r=886,j=0,fra me.tid=100271,name=ligo_00102.png
D/BootAnimation( 502): [BootAnimation movie 874]clearReg.isEmpty,i=1,r=886,j=0, frame.tid=100271
D/BootAnimation( 502): [BootAnimation movie 892]0,delay=40
D/InputReader( 664): InputReader:: InputReader lock
D/InputReader( 664): InputReader:: InputReader unlock
I/SystemServer( 664): Window Manager
D/BootAnimation( 502): [BootAnimation checkExit 714]exitnow=0
D/BootAnimation( 502): [BootAnimation movie 854]i=1,r=887,j=0,lastFrame=5235458 7928(52354 ms),file=ligo_00102.png
D/BootAnimation( 502): [BootAnimation movie 857]glBindTexture,i=1,r=887,j=0,fra me.tid=100271,name=ligo_00102.png
D/BootAnimation( 502): [BootAnimation movie 874]clearReg.isEmpty,i=1,r=887,j=0, frame.tid=100271
D/BootAnimation( 502): [BootAnimation movie 892]1,delay=40
D/BootAnimation( 502): [BootAnimation checkExit 714]exitnow=0
D/BootAnimation( 502): [BootAnimation movie 854]i=1,r=888,j=0,lastFrame=5239645 7774(52396 ms),file=ligo_00102.png

D/BootAnimation( 502): [BootAnimation movie 857]glBindTexture,i=1,r=888,j=0,fra me.tid=100271,name=ligo_00102.png
D/BootAnimation( 502): [BootAnimation movie 874]clearReg.isEmpty,i=1,r=888,j=0, frame.tid=100271
D/BootAnimation( 502): [BootAnimation movie 892]1,delay=40
D/dalvikvm( 664): DexOpt: couldn't find field Lcom/android/internal/policy/impl /PhoneWindowManager;.mKeyguardMediator
W/dalvikvm( 664): VFY: unable to resolve instance field 1359
D/dalvikvm( 664): VFY: replacing opcode 0x5b at 0x0024
D/BootAnimation( 502): [BootAnimation checkExit 714]exitnow=0
D/BootAnimation( 502): [BootAnimation movie 854]i=1,r=889,j=0,lastFrame=5243835 4928(52438 ms),file=ligo_00102.png
D/BootAnimation( 502): [BootAnimation movie 857]glBindTexture,i=1,r=889,j=0,fra me.tid=100271,name=ligo_00102.png
D/BootAnimation( 502): [BootAnimation movie 874]clearReg.isEmpty,i=1,r=889,j=0, frame.tid=100271
I/SurfaceTextureClient( 502): [STC::queueBuffer] (this:0x41958680) fps:23.88, d ur:1004.94, max:42.06, min:41.60
I/BufferQueue( 134): [BootAnimation](this:0x4295e370,api:1) [queue] fps:23.88, dur:1005.06, max:42.18, min:41.43
D/BootAnimation( 502): [BootAnimation movie 892]1,delay=40
I/dalvikvm( 664): Could not find method com.android.internal.policy.impl.Keygua rdViewMediator.doKeyguardTimeout, referenced from method com.android.internal.po licy.impl.PhoneWindowManager$ScreenLockTimeout.run
W/dalvikvm( 664): VFY: unable to resolve virtual method 1997: Lcom/android/inte rnal/policy/impl/KeyguardViewMediator;.doKeyguardTimeout (Landroid/os/Bundle;)V
D/dalvikvm( 664): VFY: replacing opcode 0x6e at 0x0018
I/SurfaceFlinger( 134): EventThread Client Pid (664) created
D/SettingsProvider( 664): call request for 0
V/SettingsProvider( 664): call(global:window_animation_scale) for 0
D/SettingsProvider( 664): lookupValue table global cache contains Key window_an imation_scale , value = null
D/SettingsProvider( 664): lookupValue table global cache.fullyMatchesDisk() win dow_animation_scale
V/Provider/Settings( 664): from db cache, name = window_animation_scale , value = null
D/SettingsProvider( 664): call request for 0
V/SettingsProvider( 664): call(global:transition_animation_scale) for 0
D/SettingsProvider( 664): lookupValue table global cache contains Key transitio n_animation_scale , value = null
D/SettingsProvider( 664): lookupValue table global cache.fullyMatchesDisk() tra nsition_animation_scale
V/Provider/Settings( 664): from db cache, name = transition_animation_scale , v alue = null
D/SettingsProvider( 664): call request for 0
V/SettingsProvider( 664): call(global:animator_duration_scale) for 0
D/SettingsProvider( 664): lookupValue table global cache contains Key animator_ duration_scale , value = null
