D/BootAnimation( 502): [BootAnimation movie 854]i=1,r=796,j=0,lastFrame=4854315 1390(48543 ms),file=ligo_00102.png

D/BootAnimation( 502): [BootAnimation movie 857]glBindTexture,i=1,r=796,j=0,fra me.tid=100271,name=ligo_00102.png
D/BootAnimation( 502): [BootAnimation movie 874]clearReg.isEmpty,i=1,r=796,j=0, frame.tid=100271
D/BootAnimation( 502): [BootAnimation movie 892]0,delay=40
I/PackageManager( 664): Perform pre-dex opt for package: com.xiaomi.shop
D/dalvikvm( 664): open_cached_dex_file : /data/app/MiShop.apk /data/dalvik-cach e/data@app@MiShop.apk@classes.dex
D/PackageManager( 664): scan package: /data/app/MiShop.apk , end at: 48582ms. e lapsed time = 139ms.
D/PackageManager( 664): scan package: /data/app/org.adw.launcher-1.apk , start at: 48582ms.
D/BootAnimation( 502): [BootAnimation checkExit 714]exitnow=0
D/BootAnimation( 502): [BootAnimation movie 854]i=1,r=797,j=0,lastFrame=4858503 5774(48585 ms),file=ligo_00102.png
D/BootAnimation( 502): [BootAnimation movie 857]glBindTexture,i=1,r=797,j=0,fra me.tid=100271,name=ligo_00102.png
D/BootAnimation( 502): [BootAnimation movie 874]clearReg.isEmpty,i=1,r=797,j=0, frame.tid=100271
D/BootAnimation( 502): [BootAnimation movie 892]0,delay=40
I/PackageManager( 664): Perform pre-dex opt for package: org.adw.launcher
D/dalvikvm( 664): open_cached_dex_file : /data/app/org.adw.launcher-1.apk /data /dalvik-cache/data@app@org.adw.launcher-1.apk@classes.dex
D/PackageManager( 664): scan package: /data/app/org.adw.launcher-1.apk , end at : 48625ms. elapsed time = 43ms.
D/PackageManager( 664): scan package: /data/app/org.ppsspp.ppsspp-2.apk , start at: 48625ms.
D/BootAnimation( 502): [BootAnimation checkExit 714]exitnow=0
D/BootAnimation( 502): [BootAnimation movie 854]i=1,r=798,j=0,lastFrame=4862688 9390(48626 ms),file=ligo_00102.png
D/BootAnimation( 502): [BootAnimation movie 857]glBindTexture,i=1,r=798,j=0,fra me.tid=100271,name=ligo_00102.png
D/BootAnimation( 502): [BootAnimation movie 874]clearReg.isEmpty,i=1,r=798,j=0, frame.tid=100271
D/BootAnimation( 502): [BootAnimation movie 892]0,delay=40
D/BootAnimation( 502): [BootAnimation checkExit 714]exitnow=0
D/BootAnimation( 502): [BootAnimation movie 854]i=1,r=799,j=0,lastFrame=4866875 3928(48668 ms),file=ligo_00102.png
D/BootAnimation( 502): [BootAnimation movie 857]glBindTexture,i=1,r=799,j=0,fra me.tid=100271,name=ligo_00102.png
D/BootAnimation( 502): [BootAnimation movie 874]clearReg.isEmpty,i=1,r=799,j=0, frame.tid=100271
D/BootAnimation( 502): [BootAnimation movie 892]0,delay=40
D/BootAnimation( 502): [BootAnimation checkExit 714]exitnow=0
D/BootAnimation( 502): [BootAnimation movie 854]i=1,r=800,j=0,lastFrame=4871059 7390(48710 ms),file=ligo_00102.png
D/BootAnimation( 502): [BootAnimation movie 857]glBindTexture,i=1,r=800,j=0,fra me.tid=100271,name=ligo_00102.png
D/BootAnimation( 502): [BootAnimation movie 874]clearReg.isEmpty,i=1,r=800,j=0, frame.tid=100271
D/BootAnimation( 502): [BootAnimation movie 892]0,delay=40
D/BootAnimation( 502): [BootAnimation checkExit 714]exitnow=0
D/BootAnimation( 502): [BootAnimation movie 854]i=1,r=801,j=0,lastFrame=4875243 8467(48752 ms),file=ligo_00102.png
D/BootAnimation( 502): [BootAnimation movie 857]glBindTexture,i=1,r=801,j=0,fra me.tid=100271,name=ligo_00102.png
D/BootAnimation( 502): [BootAnimation movie 874]clearReg.isEmpty,i=1,r=801,j=0, frame.tid=100271
D/BootAnimation( 502): [BootAnimation movie 892]0,delay=40
D/BootAnimation( 502): [BootAnimation checkExit 714]exitnow=0

D/BootAnimation( 502): [BootAnimation movie 854]i=1,r=802,j=0,lastFrame=4879428 0313(48794 ms),file=ligo_00102.png
D/BootAnimation( 502): [BootAnimation movie 857]glBindTexture,i=1,r=802,j=0,fra me.tid=100271,name=ligo_00102.png
D/BootAnimation( 502): [BootAnimation movie 874]clearReg.isEmpty,i=1,r=802,j=0, frame.tid=100271
D/BootAnimation( 502): [BootAnimation movie 892]0,delay=40
I/SurfaceFlinger( 134): [SurfaceFlinger] fps:24.067675,dur:1038.74,max:55.26,mi n:39.12
D/BootAnimation( 502): [BootAnimation checkExit 714]exitnow=0
D/BootAnimation( 502): [BootAnimation movie 854]i=1,r=803,j=0,lastFrame=4883614 8851(48836 ms),file=ligo_00102.png
D/BootAnimation( 502): [BootAnimation movie 857]glBindTexture,i=1,r=803,j=0,fra me.tid=100271,name=ligo_00102.png
D/BootAnimation( 502): [BootAnimation movie 874]clearReg.isEmpty,i=1,r=803,j=0, frame.tid=100271
D/BootAnimation( 502): [BootAnimation movie 892]1,delay=40
I/BufferQueue( 134): [BootAnimation](this:0x4295e370,api:1) [release] fps:24.06 , dur:1038.90, max:58.93, min:39.10
D/BootAnimation( 502): [BootAnimation checkExit 714]exitnow=0
D/BootAnimation( 502): [BootAnimation movie 854]i=1,r=804,j=0,lastFrame=4887807 7466(48878 ms),file=ligo_00102.png
D/BootAnimation( 502): [BootAnimation movie 857]glBindTexture,i=1,r=804,j=0,fra me.tid=100271,name=ligo_00102.png
D/BootAnimation( 502): [BootAnimation movie 874]clearReg.isEmpty,i=1,r=804,j=0, frame.tid=100271
D/BootAnimation( 502): [BootAnimation movie 892]1,delay=40
D/BootAnimation( 502): [BootAnimation checkExit 714]exitnow=0
D/BootAnimation( 502): [BootAnimation movie 854]i=1,r=805,j=0,lastFrame=4892006 6236(48920 ms),file=ligo_00102.png
D/BootAnimation( 502): [BootAnimation movie 857]glBindTexture,i=1,r=805,j=0,fra me.tid=100271,name=ligo_00102.png
D/BootAnimation( 502): [BootAnimation movie 874]clearReg.isEmpty,i=1,r=805,j=0, frame.tid=100271
D/BootAnimation( 502): [BootAnimation movie 892]1,delay=40
D/BootAnimation( 502): [BootAnimation checkExit 714]exitnow=0
D/BootAnimation( 502): [BootAnimation movie 854]i=1,r=806,j=0,lastFrame=4896193 1082(48961 ms),file=ligo_00102.png
D/BootAnimation( 502): [BootAnimation movie 857]glBindTexture,i=1,r=806,j=0,fra me.tid=100271,name=ligo_00102.png
D/BootAnimation( 502): [BootAnimation movie 874]clearReg.isEmpty,i=1,r=806,j=0, frame.tid=100271
D/BootAnimation( 502): [BootAnimation movie 892]1,delay=40
D/BootAnimation( 502): [BootAnimation checkExit 714]exitnow=0
D/BootAnimation( 502): [BootAnimation movie 854]i=1,r=807,j=0,lastFrame=4900380 2467(49003 ms),file=ligo_00102.png
D/BootAnimation( 502): [BootAnimation movie 857]glBindTexture,i=1,r=807,j=0,fra me.tid=100271,name=ligo_00102.png
D/BootAnimation( 502): [BootAnimation movie 874]clearReg.isEmpty,i=1,r=807,j=0, frame.tid=100271
D/BootAnimation( 502): [BootAnimation movie 892]1,delay=40
D/BootAnimation( 502): [BootAnimation checkExit 714]exitnow=0
D/BootAnimation( 502): [BootAnimation movie 854]i=1,r=808,j=0,lastFrame=4904567 4620(49045 ms),file=ligo_00102.png
D/BootAnimation( 502): [BootAnimation movie 857]glBindTexture,i=1,r=808,j=0,fra me.tid=100271,name=ligo_00102.png
D/BootAnimation( 502): [BootAnimation movie 874]clearReg.isEmpty,i=1,r=808,j=0, frame.tid=100271
D/BootAnimation( 502): [BootAnimation movie 892]1,delay=40
D/BootAnimation( 502): [BootAnimation checkExit 714]exitnow=0

D/BootAnimation( 502): [BootAnimation movie 854]i=1,r=809,j=0,lastFrame=4908755 6005(49087 ms),file=ligo_00102.png
D/BootAnimation( 502): [BootAnimation movie 857]glBindTexture,i=1,r=809,j=0,fra me.tid=100271,name=ligo_00102.png
D/BootAnimation( 502): [BootAnimation movie 874]clearReg.isEmpty,i=1,r=809,j=0, frame.tid=100271
D/BootAnimation( 502): [BootAnimation movie 892]1,delay=40
D/BootAnimation( 502): [BootAnimation checkExit 714]exitnow=0
D/BootAnimation( 502): [BootAnimation movie 854]i=1,r=810,j=0,lastFrame=4912942 4697(49129 ms),file=ligo_00102.png
D/BootAnimation( 502): [BootAnimation movie 857]glBindTexture,i=1,r=810,j=0,fra me.tid=100271,name=ligo_00102.png
D/BootAnimation( 502): [BootAnimation movie 874]clearReg.isEmpty,i=1,r=810,j=0, frame.tid=100271
D/BootAnimation( 502): [BootAnimation movie 892]1,delay=40
I/PackageManager( 664): Perform pre-dex opt for package: org.ppsspp.ppsspp
D/dalvikvm( 664): open_cached_dex_file : /data/app/org.ppsspp.ppsspp-2.apk /dat a/dalvik-cache/data@app@org.ppsspp.ppsspp-2.apk@classes.dex
D/PackageManager( 664): scan package: /data/app/org.ppsspp.ppsspp-2.apk , end a t: 49137ms. elapsed time = 512ms.
D/PackageManager( 664): scan package: /data/app/org.softeg.slartus.forpda-2.apk , start at: 49137ms.
D/BootAnimation( 502): [BootAnimation checkExit 714]exitnow=0
D/BootAnimation( 502): [BootAnimation movie 854]i=1,r=811,j=0,lastFrame=4917127 7620(49171 ms),file=ligo_00102.png
D/BootAnimation( 502): [BootAnimation movie 857]glBindTexture,i=1,r=811,j=0,fra me.tid=100271,name=ligo_00102.png
D/BootAnimation( 502): [BootAnimation movie 874]clearReg.isEmpty,i=1,r=811,j=0, frame.tid=100271
D/BootAnimation( 502): [BootAnimation movie 892]1,delay=40
D/BootAnimation( 502): [BootAnimation checkExit 714]exitnow=0
D/BootAnimation( 502): [BootAnimation movie 854]i=1,r=812,j=0,lastFrame=4921313 5697(49213 ms),file=ligo_00102.png
D/BootAnimation( 502): [BootAnimation movie 857]glBindTexture,i=1,r=812,j=0,fra me.tid=100271,name=ligo_00102.png
D/BootAnimation( 502): [BootAnimation movie 874]clearReg.isEmpty,i=1,r=812,j=0, frame.tid=100271
D/BootAnimation( 502): [BootAnimation movie 892]0,delay=40
I/PackageManager( 664): /data/app/org.softeg.slartus.forpda-2.apk changed; coll ecting certs
D/BootAnimation( 502): [BootAnimation checkExit 714]exitnow=0
D/BootAnimation( 502): [BootAnimation movie 854]i=1,r=813,j=0,lastFrame=4925501 7159(49255 ms),file=ligo_00102.png
D/BootAnimation( 502): [BootAnimation movie 857]glBindTexture,i=1,r=813,j=0,fra me.tid=100271,name=ligo_00102.png
D/BootAnimation( 502): [BootAnimation movie 874]clearReg.isEmpty,i=1,r=813,j=0, frame.tid=100271
D/BootAnimation( 502): [BootAnimation movie 892]1,delay=40
D/BootAnimation( 502): [BootAnimation checkExit 714]exitnow=0
D/BootAnimation( 502): [BootAnimation movie 854]i=1,r=814,j=0,lastFrame=4929692 0313(49296 ms),file=ligo_00102.png
D/BootAnimation( 502): [BootAnimation movie 857]glBindTexture,i=1,r=814,j=0,fra me.tid=100271,name=ligo_00102.png
D/BootAnimation( 502): [BootAnimation movie 874]clearReg.isEmpty,i=1,r=814,j=0, frame.tid=100271
D/BootAnimation( 502): [BootAnimation movie 892]1,delay=40
D/BootAnimation( 502): [BootAnimation checkExit 714]exitnow=0
D/BootAnimation( 502): [BootAnimation movie 854]i=1,r=815,j=0,lastFrame=4933884 1466(49338 ms),file=ligo_00102.png
D/BootAnimation( 502): [BootAnimation movie 857]glBindTexture,i=1,r=815,j=0,fra

me.tid=100271,name=ligo_00102.png
D/BootAnimation( 502): [BootAnimation movie 874]clearReg.isEmpty,i=1,r=815,j=0, frame.tid=100271
D/BootAnimation( 502): [BootAnimation movie 892]1,delay=40
D/dalvikvm( 664): GC_CONCURRENT freed 1308K (8981), 27% free 8828K/12080K, paus ed 3ms+7ms, total 51ms
D/dalvikvm( 664): WAIT_FOR_CONCURRENT_GC blocked 44ms
D/BootAnimation( 502): [BootAnimation checkExit 714]exitnow=0
D/BootAnimation( 502): [BootAnimation movie 854]i=1,r=816,j=0,lastFrame=4938075 2928(49380 ms),file=ligo_00102.png
D/BootAnimation( 502): [BootAnimation movie 857]glBindTexture,i=1,r=816,j=0,fra me.tid=100271,name=ligo_00102.png
D/BootAnimation( 502): [BootAnimation movie 874]clearReg.isEmpty,i=1,r=816,j=0, frame.tid=100271
D/BootAnimation( 502): [BootAnimation movie 892]1,delay=40
D/BootAnimation( 502): [BootAnimation checkExit 714]exitnow=0
D/BootAnimation( 502): [BootAnimation movie 854]i=1,r=817,j=0,lastFrame=4942261 1544(49422 ms),file=ligo_00102.png
D/BootAnimation( 502): [BootAnimation movie 857]glBindTexture,i=1,r=817,j=0,fra me.tid=100271,name=ligo_00102.png
D/BootAnimation( 502): [BootAnimation movie 874]clearReg.isEmpty,i=1,r=817,j=0, frame.tid=100271
I/SurfaceTextureClient( 502): [STC::queueBuffer] (this:0x41958680) fps:23.88, d ur:1005.14, max:42.37, min:41.48
I/BufferQueue( 134): [BootAnimation](this:0x4295e370,api:1) [queue] fps:23.87, dur:1005.25, max:42.32, min:41.49
D/BootAnimation( 502): [BootAnimation movie 892]1,delay=40
D/BootAnimation( 502): [BootAnimation checkExit 714]exitnow=0
D/BootAnimation( 502): [BootAnimation movie 854]i=1,r=818,j=0,lastFrame=4946453 3620(49464 ms),file=ligo_00102.png
D/BootAnimation( 502): [BootAnimation movie 857]glBindTexture,i=1,r=818,j=0,fra me.tid=100271,name=ligo_00102.png
D/BootAnimation( 502): [BootAnimation movie 874]clearReg.isEmpty,i=1,r=818,j=0, frame.tid=100271
D/BootAnimation( 502): [BootAnimation movie 892]1,delay=40
D/BootAnimation( 502): [BootAnimation checkExit 714]exitnow=0
D/BootAnimation( 502): [BootAnimation movie 854]i=1,r=819,j=0,lastFrame=4950650 8159(49506 ms),file=ligo_00102.png
D/BootAnimation( 502): [BootAnimation movie 857]glBindTexture,i=1,r=819,j=0,fra me.tid=100271,name=ligo_00102.png
D/BootAnimation( 502): [BootAnimation movie 874]clearReg.isEmpty,i=1,r=819,j=0, frame.tid=100271
D/BootAnimation( 502): [BootAnimation movie 892]1,delay=39
D/dalvikvm( 664): GC_FOR_ALLOC freed 1118K (16233), 29% free 8674K/12080K, paus ed 48ms, total 48ms
D/NativeCrypto( 664): NativeCrypto_EVP_VerifyInit ctx=0x5cf41c10
D/NativeCrypto( 664): NativeCrypto_EVP_VerifyInit algorithmChars=RSA-SHA1
D/BootAnimation( 502): [BootAnimation checkExit 714]exitnow=0
D/BootAnimation( 502): [BootAnimation movie 854]i=1,r=820,j=0,lastFrame=4954839 2774(49548 ms),file=ligo_00102.png
D/BootAnimation( 502): [BootAnimation movie 857]glBindTexture,i=1,r=820,j=0,fra me.tid=100271,name=ligo_00102.png
D/BootAnimation( 502): [BootAnimation movie 874]clearReg.isEmpty,i=1,r=820,j=0, frame.tid=100271
D/BootAnimation( 502): [BootAnimation movie 892]1,delay=40
D/BootAnimation( 502): [BootAnimation checkExit 714]exitnow=0
D/BootAnimation( 502): [BootAnimation movie 854]i=1,r=821,j=0,lastFrame=4959025 6082(49590 ms),file=ligo_00102.png
D/BootAnimation( 502): [BootAnimation movie 857]glBindTexture,i=1,r=821,j=0,fra me.tid=100271,name=ligo_00102.png

D/BootAnimation( 502): [BootAnimation movie 874]clearReg.isEmpty,i=1,r=821,j=0, frame.tid=100271
D/BootAnimation( 502): [BootAnimation movie 892]1,delay=40
D/BootAnimation( 502): [BootAnimation checkExit 714]exitnow=0
D/BootAnimation( 502): [BootAnimation movie 854]i=1,r=822,j=0,lastFrame=4963211 3620(49632 ms),file=ligo_00102.png
D/BootAnimation( 502): [BootAnimation movie 857]glBindTexture,i=1,r=822,j=0,fra me.tid=100271,name=ligo_00102.png
D/BootAnimation( 502): [BootAnimation movie 874]clearReg.isEmpty,i=1,r=822,j=0, frame.tid=100271
D/BootAnimation( 502): [BootAnimation movie 892]1,delay=40
D/BootAnimation( 502): [BootAnimation checkExit 714]exitnow=0
D/BootAnimation( 502): [BootAnimation movie 854]i=1,r=823,j=0,lastFrame=4967403 8774(49674 ms),file=ligo_00102.png
D/BootAnimation( 502): [BootAnimation movie 857]glBindTexture,i=1,r=823,j=0,fra me.tid=100271,name=ligo_00102.png
D/BootAnimation( 502): [BootAnimation movie 874]clearReg.isEmpty,i=1,r=823,j=0, frame.tid=100271
D/BootAnimation( 502): [BootAnimation movie 892]2,delay=38
D/BootAnimation( 502): [BootAnimation checkExit 714]exitnow=0
D/BootAnimation( 502): [BootAnimation movie 854]i=1,r=824,j=0,lastFrame=4971595 6313(49715 ms),file=ligo_00102.png
D/BootAnimation( 502): [BootAnimation movie 857]glBindTexture,i=1,r=824,j=0,fra me.tid=100271,name=ligo_00102.png
D/BootAnimation( 502): [BootAnimation movie 874]clearReg.isEmpty,i=1,r=824,j=0, frame.tid=100271
D/BootAnimation( 502): [BootAnimation movie 892]1,delay=40
D/dalvikvm( 664): GC_FOR_ALLOC freed 1557K (10719), 26% free 8966K/12080K, paus ed 50ms, total 50ms
D/BootAnimation( 502): [BootAnimation checkExit 714]exitnow=0
D/BootAnimation( 502): [BootAnimation movie 854]i=1,r=825,j=0,lastFrame=4975782 8774(49757 ms),file=ligo_00102.png
D/BootAnimation( 502): [BootAnimation movie 857]glBindTexture,i=1,r=825,j=0,fra me.tid=100271,name=ligo_00102.png
D/BootAnimation( 502): [BootAnimation movie 874]clearReg.isEmpty,i=1,r=825,j=0, frame.tid=100271
D/BootAnimation( 502): [BootAnimation movie 892]1,delay=40
D/BootAnimation( 502): [BootAnimation checkExit 714]exitnow=0
D/BootAnimation( 502): [BootAnimation movie 854]i=1,r=826,j=0,lastFrame=4979977 3313(49799 ms),file=ligo_00102.png
D/BootAnimation( 502): [BootAnimation movie 857]glBindTexture,i=1,r=826,j=0,fra me.tid=100271,name=ligo_00102.png
D/BootAnimation( 502): [BootAnimation movie 874]clearReg.isEmpty,i=1,r=826,j=0, frame.tid=100271
D/BootAnimation( 502): [BootAnimation movie 892]1,delay=40
I/SurfaceFlinger( 134): [SurfaceFlinger] fps:23.911709,dur:1003.69,max:55.63,mi n:39.09
D/BootAnimation( 502): [BootAnimation checkExit 714]exitnow=0
D/BootAnimation( 502): [BootAnimation movie 854]i=1,r=827,j=0,lastFrame=4984173 8236(49841 ms),file=ligo_00102.png
D/BootAnimation( 502): [BootAnimation movie 857]glBindTexture,i=1,r=827,j=0,fra me.tid=100271,name=ligo_00102.png
D/BootAnimation( 502): [BootAnimation movie 874]clearReg.isEmpty,i=1,r=827,j=0, frame.tid=100271
D/BootAnimation( 502): [BootAnimation movie 892]1,delay=40
D/dalvikvm( 664): GC_FOR_ALLOC freed 1426K (6231), 26% free 8979K/12080K, pause d 49ms, total 50ms
I/BufferQueue( 134): [BootAnimation](this:0x4295e370,api:1) [release] fps:23.55 , dur:1019.16, max:58.89, min:39.11
D/BootAnimation( 502): [BootAnimation checkExit 714]exitnow=0

D/BootAnimation( 502): [BootAnimation movie 854]i=1,r=828,j=0,lastFrame=4988360 5851(49883 ms),file=ligo_00102.png
D/BootAnimation( 502): [BootAnimation movie 857]glBindTexture,i=1,r=828,j=0,fra me.tid=100271,name=ligo_00102.png
D/BootAnimation( 502): [BootAnimation movie 874]clearReg.isEmpty,i=1,r=828,j=0, frame.tid=100271
D/BootAnimation( 502): [BootAnimation movie 892]0,delay=40
D/BootAnimation( 502): [BootAnimation checkExit 714]exitnow=0
D/BootAnimation( 502): [BootAnimation movie 854]i=1,r=829,j=0,lastFrame=4992552 9313(49925 ms),file=ligo_00102.png
D/BootAnimation( 502): [BootAnimation movie 857]glBindTexture,i=1,r=829,j=0,fra me.tid=100271,name=ligo_00102.png
D/BootAnimation( 502): [BootAnimation movie 874]clearReg.isEmpty,i=1,r=829,j=0, frame.tid=100271
D/BootAnimation( 502): [BootAnimation movie 892]1,delay=40
D/dalvikvm( 664): GC_FOR_ALLOC freed 1433K (6373), 26% free 8994K/12080K, pause d 45ms, total 45ms
D/BootAnimation( 502): [BootAnimation checkExit 714]exitnow=0
D/BootAnimation( 502): [BootAnimation movie 854]i=1,r=830,j=0,lastFrame=4996740 7466(49967 ms),file=ligo_00102.png
D/BootAnimation( 502): [BootAnimation movie 857]glBindTexture,i=1,r=830,j=0,fra me.tid=100271,name=ligo_00102.png
D/BootAnimation( 502): [BootAnimation movie 874]clearReg.isEmpty,i=1,r=830,j=0, frame.tid=100271
D/BootAnimation( 502): [BootAnimation movie 892]1,delay=40
D/BootAnimation( 502): [BootAnimation checkExit 714]exitnow=0
D/BootAnimation( 502): [BootAnimation movie 854]i=1,r=831,j=0,lastFrame=5000933 0390(50009 ms),file=ligo_00102.png
D/BootAnimation( 502): [BootAnimation movie 857]glBindTexture,i=1,r=831,j=0,fra me.tid=100271,name=ligo_00102.png
D/BootAnimation( 502): [BootAnimation movie 874]clearReg.isEmpty,i=1,r=831,j=0, frame.tid=100271
D/BootAnimation( 502): [BootAnimation movie 892]1,delay=40
D/dalvikvm( 664): GC_FOR_ALLOC freed 1438K (6544), 26% free 9007K/12080K, pause d 44ms, total 44ms
D/BootAnimation( 502): [BootAnimation checkExit 714]exitnow=0
D/BootAnimation( 502): [BootAnimation movie 854]i=1,r=832,j=0,lastFrame=5005119 3697(50051 ms),file=ligo_00102.png
D/BootAnimation( 502): [BootAnimation movie 857]glBindTexture,i=1,r=832,j=0,fra me.tid=100271,name=ligo_00102.png
D/BootAnimation( 502): [BootAnimation movie 874]clearReg.isEmpty,i=1,r=832,j=0, frame.tid=100271
D/BootAnimation( 502): [BootAnimation movie 892]1,delay=40
D/BootAnimation( 502): [BootAnimation checkExit 714]exitnow=0
D/BootAnimation( 502): [BootAnimation movie 854]i=1,r=833,j=0,lastFrame=5009308 6390(50093 ms),file=ligo_00102.png
D/BootAnimation( 502): [BootAnimation movie 857]glBindTexture,i=1,r=833,j=0,fra me.tid=100271,name=ligo_00102.png
D/BootAnimation( 502): [BootAnimation movie 874]clearReg.isEmpty,i=1,r=833,j=0, frame.tid=100271
D/BootAnimation( 502): [BootAnimation movie 892]1,delay=40
I/busybox ( 117): /system/etc/init.d/16sqlite_optimize[55]: /system/xbin/sqlite 3: not found
I/busybox ( 117): /system/etc/init.d/16sqlite_optimize[55]: /system/xbin/sqlite 3: not found
D/BootAnimation( 502): [BootAnimation checkExit 714]exitnow=0
D/BootAnimation( 502): [BootAnimation movie 854]i=1,r=834,j=0,lastFrame=5013499 3774(50134 ms),file=ligo_00102.png
D/BootAnimation( 502): [BootAnimation movie 857]glBindTexture,i=1,r=834,j=0,fra me.tid=100271,name=ligo_00102.png

D/BootAnimation( 502): [BootAnimation movie 874]clearReg.isEmpty,i=1,r=834,j=0, frame.tid=100271
D/BootAnimation( 502): [BootAnimation movie 892]1,delay=40
D/dalvikvm( 664): GC_FOR_ALLOC freed 1437K (6545), 26% free 9006K/12080K, pause d 46ms, total 46ms
I/busybox ( 117): Vacuum /data/system/users/0/accounts.db
I/busybox ( 117): /system/etc/init.d/16sqlite_optimize[55]: /system/xbin/sqlite 3: not found
I/busybox ( 117): /system/etc/init.d/16sqlite_optimize[55]: /system/xbin/sqlite 3: not found
I/busybox ( 117): Vacuum /data/system/locksettings.db
I/busybox ( 117): /system/etc/init.d/16sqlite_optimize[55]: /system/xbin/sqlite 3: not found
I/busybox ( 117): /system/etc/init.d/16sqlite_optimize[55]: /system/xbin/sqlite 3: not found
I/busybox ( 117): Vacuum /data/data/com.android.browser/databases/webviewCookie sChromium.db
I/busybox ( 117): /system/etc/init.d/16sqlite_optimize[55]: /system/xbin/sqlite 3: not found
I/busybox ( 117): /system/etc/init.d/16sqlite_optimize[55]: /system/xbin/sqlite 3: not found
I/busybox ( 117): Vacuum /data/data/com.android.browser/databases/webview.db
I/busybox ( 117): /system/etc/init.d/16sqlite_optimize[55]: /system/xbin/sqlite 3: not found
I/busybox ( 117): /system/etc/init.d/16sqlite_optimize[55]: /system/xbin/sqlite 3: not found
I/busybox ( 117): Vacuum /data/data/com.android.browser/databases/autofill.db
I/busybox ( 117): /system/etc/init.d/16sqlite_optimize[55]: /system/xbin/sqlite 3: not found
I/busybox ( 117): /system/etc/init.d/16sqlite_optimize[55]: /system/xbin/sqlite 3: not found
I/busybox ( 117): Vacuum /data/data/com.android.browser/databases/browser2.db
I/busybox ( 117): /system/etc/init.d/16sqlite_optimize[55]: /system/xbin/sqlite 3: not found
I/busybox ( 117): /system/etc/init.d/16sqlite_optimize[55]: /system/xbin/sqlite 3: not found
I/busybox ( 117): Vacuum /data/data/com.android.browser/databases/webviewCookie sChromiumPrivate.db
I/busybox ( 117): /system/etc/init.d/16sqlite_optimize[55]: /system/xbin/sqlite 3: not found
I/busybox ( 117): /system/etc/init.d/16sqlite_optimize[55]: /system/xbin/sqlite 3: not found
I/busybox ( 117): Vacuum /data/data/com.android.browser/databases/websites.db
I/busybox ( 117): /system/etc/init.d/16sqlite_optimize[55]: /system/xbin/sqlite 3: not found
I/busybox ( 117): /system/etc/init.d/16sqlite_optimize[55]: /system/xbin/sqlite 3: not found
I/busybox ( 117): Vacuum /data/data/com.android.browser/app_appcache/Applicatio nCache.db
I/busybox ( 117): /system/etc/init.d/16sqlite_optimize[55]: /system/xbin/sqlite 3: not found
I/busybox ( 117): /system/etc/init.d/16sqlite_optimize[55]: /system/xbin/sqlite 3: not found
I/busybox ( 117): Vacuum /data/data/com.android.browser/app_icons/WebpageIcons. db
I/busybox ( 117): /system/etc/init.d/16sqlite_optimize[55]: /system/xbin/sqlite 3: not found
I/busybox ( 117): /system/etc/init.d/16sqlite_optimize[55]: /system/xbin/sqlite 3: not found
I/busybox ( 117): Vacuum /data/data/com.android.browser/app_databases/Databases

.db
I/busybox ( 117): /system/etc/init.d/16sqlite_optimize[55]: /system/xbin/sqlite 3: not found
I/busybox ( 117): /system/etc/init.d/16sqlite_optimize[55]: /system/xbin/sqlite 3: not found
I/busybox ( 117): Vacuum /data/data/com.android.browser/app_geolocation/CachedG eoposition.db
I/busybox ( 117): /system/etc/init.d/16sqlite_optimize[55]: /system/xbin/sqlite 3: not found
I/busybox ( 117): /system/etc/init.d/16sqlite_optimize[55]: /system/xbin/sqlite 3: not found
D/BootAnimation( 502): [BootAnimation checkExit 714]exitnow=0
D/BootAnimation( 502): [BootAnimation movie 854]i=1,r=835,j=0,lastFrame=5017684 2313(50176 ms),file=ligo_00102.png
D/BootAnimation( 502): [BootAnimation movie 857]glBindTexture,i=1,r=835,j=0,fra me.tid=100271,name=ligo_00102.png
D/BootAnimation( 502): [BootAnimation movie 874]clearReg.isEmpty,i=1,r=835,j=0, frame.tid=100271
D/BootAnimation( 502): [BootAnimation movie 892]1,delay=40
I/busybox ( 117): Vacuum /data/data/com.android.browser/app_geolocation/Geoloca tionPermissions.db
I/busybox ( 117): /system/etc/init.d/16sqlite_optimize[55]: /system/xbin/sqlite 3: not found
I/busybox ( 117): /system/etc/init.d/16sqlite_optimize[55]: /system/xbin/sqlite 3: not found
I/busybox ( 117): Vacuum /data/data/com.android.browser/app_webnotification/Not ificationPermissions.db
I/busybox ( 117): /system/etc/init.d/16sqlite_optimize[55]: /system/xbin/sqlite 3: not found
I/busybox ( 117): /system/etc/init.d/16sqlite_optimize[55]: /system/xbin/sqlite 3: not found
I/busybox ( 117): Vacuum /data/data/com.google.android.googlequicksearchbox/dat abases/icingcorpora.db
I/busybox ( 117): /system/etc/init.d/16sqlite_optimize[55]: /system/xbin/sqlite 3: not found
I/busybox ( 117): /system/etc/init.d/16sqlite_optimize[55]: /system/xbin/sqlite 3: not found
I/busybox ( 117): Vacuum /data/data/com.google.android.googlequicksearchbox/dat abases/webview.db
I/busybox ( 117): /system/etc/init.d/16sqlite_optimize[55]: /system/xbin/sqlite 3: not found
I/busybox ( 117): /system/etc/init.d/16sqlite_optimize[55]: /system/xbin/sqlite 3: not found
I/busybox ( 117): Vacuum /data/data/com.google.android.googlequicksearchbox/dat abases/webviewCookiesChromium.db
I/busybox ( 117): /system/etc/init.d/16sqlite_optimize[55]: /system/xbin/sqlite 3: not found
I/busybox ( 117): /system/etc/init.d/16sqlite_optimize[55]: /system/xbin/sqlite 3: not found
I/busybox ( 117): Vacuum /data/data/com.google.android.googlequicksearchbox/dat abases/webviewCookiesChromiumPrivate.db
I/busybox ( 117): /system/etc/init.d/16sqlite_optimize[55]: /system/xbin/sqlite 3: not found
I/busybox ( 117): /system/etc/init.d/16sqlite_optimize[55]: /system/xbin/sqlite 3: not found
I/busybox ( 117): Vacuum /data/data/com.google.android.googlequicksearchbox/dat abases/google_analytics_v2.db
I/busybox ( 117): /system/etc/init.d/16sqlite_optimize[55]: /system/xbin/sqlite 3: not found
I/busybox ( 117): /system/etc/init.d/16sqlite_optimize[55]: /system/xbin/sqlite

3: not found
I/busybox ( 117): Vacuum /data/data/com.android.providers.calendar/databases/ca lendar.db
I/busybox ( 117): /system/etc/init.d/16sqlite_optimize[55]: /system/xbin/sqlite 3: not found
I/busybox ( 117): /system/etc/init.d/16sqlite_optimize[55]: /system/xbin/sqlite 3: not found
I/busybox ( 117): Vacuum /data/data/com.anddoes.launcher/cache/widgetpreviews.d b
I/busybox ( 117): /system/etc/init.d/16sqlite_optimize[55]: /system/xbin/sqlite 3: not found
I/busybox ( 117): /system/etc/init.d/16sqlite_optimize[55]: /system/xbin/sqlite 3: not found
I/busybox ( 117): Vacuum /data/data/com.anddoes.launcher/databases/launcher.db
I/busybox ( 117): /system/etc/init.d/16sqlite_optimize[55]: /system/xbin/sqlite 3: not found
I/busybox ( 117): /system/etc/init.d/16sqlite_optimize[55]: /system/xbin/sqlite 3: not found
I/busybox ( 117): Vacuum /data/data/com.anddoes.launcher/databases/google_analy tics.db
I/busybox ( 117): /system/etc/init.d/16sqlite_optimize[55]: /system/xbin/sqlite 3: not found
I/busybox ( 117): /system/etc/init.d/16sqlite_optimize[55]: /system/xbin/sqlite 3: not found
I/busybox ( 117): Vacuum /data/data/com.google.android.gms/databases/plus.db
I/busybox ( 117): /system/etc/init.d/16sqlite_optimize[55]: /system/xbin/sqlite 3: not found
I/busybox ( 117): /system/etc/init.d/16sqlite_optimize[55]: /system/xbin/sqlite 3: not found
I/busybox ( 117): Vacuum /data/data/com.google.android.gms/databases/rmq.db
I/busybox ( 117): /system/etc/init.d/16sqlite_optimize[55]: /system/xbin/sqlite 3: not found
I/busybox ( 117): /system/etc/init.d/16sqlite_optimize[55]: /system/xbin/sqlite 3: not found
I/busybox ( 117): Vacuum /data/data/com.google.android.gms/databases/gcore_ulr_ UlrLocation.db
I/busybox ( 117): /system/etc/init.d/16sqlite_optimize[55]: /system/xbin/sqlite 3: not found
I/busybox ( 117): /system/etc/init.d/16sqlite_optimize[55]: /system/xbin/sqlite 3: not found
D/BootAnimation( 502): [BootAnimation checkExit 714]exitnow=0
D/BootAnimation( 502): [BootAnimation movie 854]i=1,r=836,j=0,lastFrame=5021915 5082(50219 ms),file=ligo_00102.png
D/BootAnimation( 502): [BootAnimation movie 857]glBindTexture,i=1,r=836,j=0,fra me.tid=100271,name=ligo_00102.png
D/BootAnimation( 502): [BootAnimation movie 874]clearReg.isEmpty,i=1,r=836,j=0, frame.tid=100271
D/BootAnimation( 502): [BootAnimation movie 892]1,delay=40
I/busybox ( 117): Vacuum /data/data/com.google.android.gms/databases/gcore_ulr_ ActivityDetection.db
I/busybox ( 117): /system/etc/init.d/16sqlite_optimize[55]: /system/xbin/sqlite 3: not found
I/busybox ( 117): /system/etc/init.d/16sqlite_optimize[55]: /system/xbin/sqlite 3: not found
I/busybox ( 117): Vacuum /data/data/com.google.android.gms/databases/peoplelog. db
I/busybox ( 117): /system/etc/init.d/16sqlite_optimize[55]: /system/xbin/sqlite 3: not found
I/busybox ( 117): /system/etc/init.d/16sqlite_optimize[55]: /system/xbin/sqlite 3: not found

I/busybox ( ts.db I/busybox ( 3: not found I/busybox ( 3: not found I/busybox ( c58d.db I/busybox ( 3: not found I/busybox ( 3: not found I/busybox ( db I/busybox ( 3: not found I/busybox ( 3: not found I/busybox ( I/busybox ( 3: not found I/busybox ( 3: not found I/busybox ( ofile.db I/busybox ( 3: not found I/busybox ( 3: not found I/busybox ( ntacts2.db I/busybox ( 3: not found I/busybox ( 3: not found I/busybox ( I/busybox ( 3: not found I/busybox ( 3: not found I/busybox ( ownloads.db I/busybox ( 3: not found I/busybox ( 3: not found I/busybox ( Providers.db I/busybox ( 3: not found I/busybox ( 3: not found I/busybox ( b I/busybox ( 3: not found I/busybox ( 3: not found I/busybox ( dy.db

117): Vacuum /data/data/com.google.android.gms/databases/pluscontac 117): /system/etc/init.d/16sqlite_optimize[55]: /system/xbin/sqlite 117): /system/etc/init.d/16sqlite_optimize[55]: /system/xbin/sqlite 117): Vacuum /data/data/com.google.android.gms/databases/games_dfaf 117): /system/etc/init.d/16sqlite_optimize[55]: /system/xbin/sqlite 117): /system/etc/init.d/16sqlite_optimize[55]: /system/xbin/sqlite 117): Vacuum /data/data/com.google.android.gms/databases/app_state. 117): /system/etc/init.d/16sqlite_optimize[55]: /system/xbin/sqlite 117): /system/etc/init.d/16sqlite_optimize[55]: /system/xbin/sqlite 117): Vacuum /data/data/com.omichsoft.player/databases/playlists.db 117): /system/etc/init.d/16sqlite_optimize[55]: /system/xbin/sqlite 117): /system/etc/init.d/16sqlite_optimize[55]: /system/xbin/sqlite 117): Vacuum /data/data/com.android.providers.contacts/databases/pr 117): /system/etc/init.d/16sqlite_optimize[55]: /system/xbin/sqlite 117): /system/etc/init.d/16sqlite_optimize[55]: /system/xbin/sqlite 117): Vacuum /data/data/com.android.providers.contacts/databases/co 117): /system/etc/init.d/16sqlite_optimize[55]: /system/xbin/sqlite 117): /system/etc/init.d/16sqlite_optimize[55]: /system/xbin/sqlite 117): Vacuum /data/data/com.android.deskclock/databases/alarms.db 117): /system/etc/init.d/16sqlite_optimize[55]: /system/xbin/sqlite 117): /system/etc/init.d/16sqlite_optimize[55]: /system/xbin/sqlite 117): Vacuum /data/data/com.android.providers.downloads/databases/d 117): /system/etc/init.d/16sqlite_optimize[55]: /system/xbin/sqlite 117): /system/etc/init.d/16sqlite_optimize[55]: /system/xbin/sqlite 117): Vacuum /data/data/com.android.email/databases/EmailAddressHis 117): /system/etc/init.d/16sqlite_optimize[55]: /system/xbin/sqlite 117): /system/etc/init.d/16sqlite_optimize[55]: /system/xbin/sqlite 117): Vacuum /data/data/com.android.email/databases/EmailProvider.d 117): /system/etc/init.d/16sqlite_optimize[55]: /system/xbin/sqlite 117): /system/etc/init.d/16sqlite_optimize[55]: /system/xbin/sqlite 117): Vacuum /data/data/com.android.email/databases/EmailProviderBo

I/busybox ( 117): /system/etc/init.d/16sqlite_optimize[55]: /system/xbin/sqlite 3: not found
I/busybox ( 117): /system/etc/init.d/16sqlite_optimize[55]: /system/xbin/sqlite 3: not found
D/dalvikvm( 664): GC_FOR_ALLOC freed 1423K (6283), 26% free 9019K/12080K, pause d 55ms, total 55ms
I/busybox ( 117): Vacuum /data/data/com.android.email/databases/EmailProviderBa ckup.db
I/busybox ( 117): /system/etc/init.d/16sqlite_optimize[55]: /system/xbin/sqlite 3: not found
I/busybox ( 117): /system/etc/init.d/16sqlite_optimize[55]: /system/xbin/sqlite 3: not found
D/BootAnimation( 502): [BootAnimation checkExit 714]exitnow=0
D/BootAnimation( 502): [BootAnimation movie 854]i=1,r=837,j=0,lastFrame=5026104 4851(50261 ms),file=ligo_00102.png
D/BootAnimation( 502): [BootAnimation movie 857]glBindTexture,i=1,r=837,j=0,fra me.tid=100271,name=ligo_00102.png
D/BootAnimation( 502): [BootAnimation movie 874]clearReg.isEmpty,i=1,r=837,j=0, frame.tid=100271
D/BootAnimation( 502): [BootAnimation movie 892]1,delay=40
I/busybox ( 117): Vacuum /data/data/com.android.keychain/databases/grants.db
I/busybox ( 117): /system/etc/init.d/16sqlite_optimize[55]: /system/xbin/sqlite 3: not found
I/busybox ( 117): /system/etc/init.d/16sqlite_optimize[55]: /system/xbin/sqlite 3: not found
I/busybox ( 117): Vacuum /data/data/com.mediatek.FMRadio/databases/FMRadio.db
I/busybox ( 117): /system/etc/init.d/16sqlite_optimize[55]: /system/xbin/sqlite 3: not found
I/busybox ( 117): /system/etc/init.d/16sqlite_optimize[55]: /system/xbin/sqlite 3: not found
I/busybox ( 117): Vacuum /data/data/com.android.providers.media/databases/exter nal-46991def.db
I/busybox ( 117): /system/etc/init.d/16sqlite_optimize[55]: /system/xbin/sqlite 3: not found
I/busybox ( 117): /system/etc/init.d/16sqlite_optimize[55]: /system/xbin/sqlite 3: not found
I/busybox ( 117): Vacuum /data/data/com.android.providers.media/databases/inter nal.db
I/busybox ( 117): /system/etc/init.d/16sqlite_optimize[55]: /system/xbin/sqlite 3: not found
I/busybox ( 117): /system/etc/init.d/16sqlite_optimize[55]: /system/xbin/sqlite 3: not found
I/busybox ( 117): Vacuum /data/data/com.android.providers.media/databases/exter nal-ffffffff.db
I/busybox ( 117): /system/etc/init.d/16sqlite_optimize[55]: /system/xbin/sqlite 3: not found
I/busybox ( 117): /system/etc/init.d/16sqlite_optimize[55]: /system/xbin/sqlite 3: not found
I/busybox ( 117): Vacuum /data/data/com.mediatek.bluetooth/databases/share.db
I/busybox ( 117): /system/etc/init.d/16sqlite_optimize[55]: /system/xbin/sqlite 3: not found
I/busybox ( 117): /system/etc/init.d/16sqlite_optimize[55]: /system/xbin/sqlite 3: not found
I/busybox ( 117): Vacuum /data/data/com.android.phone/databases/phone.db
I/busybox ( 117): /system/etc/init.d/16sqlite_optimize[55]: /system/xbin/sqlite 3: not found
I/busybox ( 117): /system/etc/init.d/16sqlite_optimize[55]: /system/xbin/sqlite 3: not found
I/busybox ( 117): Vacuum /data/data/com.android.phone/databases/setupMenu.db
I/busybox ( 117): /system/etc/init.d/16sqlite_optimize[55]: /system/xbin/sqlite

3: not found
I/busybox ( 117): /system/etc/init.d/16sqlite_optimize[55]: /system/xbin/sqlite 3: not found
I/busybox ( 117): Vacuum /data/data/com.google.android.gsf/databases/gservices. db
I/busybox ( 117): /system/etc/init.d/16sqlite_optimize[55]: /system/xbin/sqlite 3: not found
I/busybox ( 117): /system/etc/init.d/16sqlite_optimize[55]: /system/xbin/sqlite 3: not found
I/busybox ( 117): Vacuum /data/data/com.google.android.gsf/databases/googlesett ings.db
I/busybox ( 117): /system/etc/init.d/16sqlite_optimize[55]: /system/xbin/sqlite 3: not found
I/busybox ( 117): /system/etc/init.d/16sqlite_optimize[55]: /system/xbin/sqlite 3: not found
I/busybox ( 117): Vacuum /data/data/com.google.android.gsf/databases/subscribed feeds.db
I/busybox ( 117): /system/etc/init.d/16sqlite_optimize[55]: /system/xbin/sqlite 3: not found
I/busybox ( 117): /system/etc/init.d/16sqlite_optimize[55]: /system/xbin/sqlite 3: not found
I/busybox ( 117): Vacuum /data/data/com.google.android.gsf/databases/talk.db
I/busybox ( 117): /system/etc/init.d/16sqlite_optimize[55]: /system/xbin/sqlite 3: not found
I/busybox ( 117): /system/etc/init.d/16sqlite_optimize[55]: /system/xbin/sqlite 3: not found
I/busybox ( 117): Vacuum /data/data/com.mediatek.schpwronoff/databases/schpwrs. db
I/busybox ( 117): /system/etc/init.d/16sqlite_optimize[55]: /system/xbin/sqlite 3: not found
I/busybox ( 117): /system/etc/init.d/16sqlite_optimize[55]: /system/xbin/sqlite 3: not found
I/busybox ( 117): Vacuum /data/data/com.android.settings/databases/share.db
I/busybox ( 117): /system/etc/init.d/16sqlite_optimize[55]: /system/xbin/sqlite 3: not found
I/busybox ( 117): /system/etc/init.d/16sqlite_optimize[55]: /system/xbin/sqlite 3: not found
I/busybox ( 117): Vacuum /data/data/com.android.settings/databases/themes.db
I/busybox ( 117): /system/etc/init.d/16sqlite_optimize[55]: /system/xbin/sqlite 3: not found
I/busybox ( 117): /system/etc/init.d/16sqlite_optimize[55]: /system/xbin/sqlite 3: not found
I/busybox ( 117): Vacuum /data/data/com.android.settings/databases/miui_setting s.db
I/busybox ( 117): /system/etc/init.d/16sqlite_optimize[55]: /system/xbin/sqlite 3: not found
I/busybox ( 117): /system/etc/init.d/16sqlite_optimize[55]: /system/xbin/sqlite 3: not found
D/BootAnimation( 502): [BootAnimation checkExit 714]exitnow=0
D/BootAnimation( 502): [BootAnimation movie 854]i=1,r=838,j=0,lastFrame=5030291 0005(50302 ms),file=ligo_00102.png
D/BootAnimation( 502): [BootAnimation movie 857]glBindTexture,i=1,r=838,j=0,fra me.tid=100271,name=ligo_00102.png
D/BootAnimation( 502): [BootAnimation movie 874]clearReg.isEmpty,i=1,r=838,j=0, frame.tid=100271
I/busybox ( 117): Vacuum /data/data/com.android.settings/databases/wifi_setting s.db
I/busybox ( 117): /system/etc/init.d/16sqlite_optimize[55]: /system/xbin/sqlite 3: not found
I/busybox ( 117): /system/etc/init.d/16sqlite_optimize[55]: /system/xbin/sqlite

3: not found
D/BootAnimation( 502): [BootAnimation movie 892]1,delay=40
I/busybox ( 117): Vacuum /data/data/com.android.providers.settings/databases/se ttings.db
I/busybox ( 117): /system/etc/init.d/16sqlite_optimize[55]: /system/xbin/sqlite 3: not found
I/busybox ( 117): /system/etc/init.d/16sqlite_optimize[55]: /system/xbin/sqlite 3: not found
I/busybox ( 117): Vacuum /data/data/com.android.providers.telephony/databases/t elephony.db
I/busybox ( 117): /system/etc/init.d/16sqlite_optimize[55]: /system/xbin/sqlite 3: not found
I/busybox ( 117): /system/etc/init.d/16sqlite_optimize[55]: /system/xbin/sqlite 3: not found
I/busybox ( 117): Vacuum /data/data/com.android.providers.telephony/databases/m mssms.db
I/busybox ( 117): /system/etc/init.d/16sqlite_optimize[55]: /system/xbin/sqlite 3: not found
I/busybox ( 117): /system/etc/init.d/16sqlite_optimize[55]: /system/xbin/sqlite 3: not found
I/busybox ( 117): Vacuum /data/data/com.google.android.apps.uploader/databases/ picasa.upload.db
I/busybox ( 117): /system/etc/init.d/16sqlite_optimize[55]: /system/xbin/sqlite 3: not found
I/busybox ( 117): /system/etc/init.d/16sqlite_optimize[55]: /system/xbin/sqlite 3: not found
I/busybox ( 117): Vacuum /data/data/com.google.android.apps.uploader/databases/ picasa.db
I/busybox ( 117): /system/etc/init.d/16sqlite_optimize[55]: /system/xbin/sqlite 3: not found
I/busybox ( 117): /system/etc/init.d/16sqlite_optimize[55]: /system/xbin/sqlite 3: not found
I/busybox ( 117): Vacuum /data/data/com.android.providers.userdictionary/databa ses/user_dict.db
I/busybox ( 117): /system/etc/init.d/16sqlite_optimize[55]: /system/xbin/sqlite 3: not found
I/busybox ( 117): /system/etc/init.d/16sqlite_optimize[55]: /system/xbin/sqlite 3: not found
I/busybox ( 117): Vacuum /data/data/com.mediatek.omacp/databases/omacp.db
I/busybox ( 117): /system/etc/init.d/16sqlite_optimize[55]: /system/xbin/sqlite 3: not found
I/busybox ( 117): /system/etc/init.d/16sqlite_optimize[55]: /system/xbin/sqlite 3: not found
I/busybox ( 117): Vacuum /data/data/com.perm.kate/databases/webview.db
I/busybox ( 117): /system/etc/init.d/16sqlite_optimize[55]: /system/xbin/sqlite 3: not found
I/busybox ( 117): /system/etc/init.d/16sqlite_optimize[55]: /system/xbin/sqlite 3: not found
I/busybox ( 117): Vacuum /data/data/com.perm.kate/databases/webviewCookiesChrom ium.db
I/busybox ( 117): /system/etc/init.d/16sqlite_optimize[55]: /system/xbin/sqlite 3: not found
I/busybox ( 117): /system/etc/init.d/16sqlite_optimize[55]: /system/xbin/sqlite 3: not found
I/busybox ( 117): Vacuum /data/data/com.perm.kate/databases/webviewCookiesChrom iumPrivate.db
I/busybox ( 117): /system/etc/init.d/16sqlite_optimize[55]: /system/xbin/sqlite 3: not found
I/busybox ( 117): /system/etc/init.d/16sqlite_optimize[55]: /system/xbin/sqlite 3: not found

I/busybox ( 117): Vacuum /data/data/com.perm.kate/databases/kate.db
I/busybox ( 117): /system/etc/init.d/16sqlite_optimize[55]: /system/xbin/sqlite 3: not found
I/busybox ( 117): /system/etc/init.d/16sqlite_optimize[55]: /system/xbin/sqlite 3: not found
I/busybox ( 117): Vacuum /data/data/org.zwanoo.android.speedtest/databases/goog le_analytics.db
I/busybox ( 117): /system/etc/init.d/16sqlite_optimize[55]: /system/xbin/sqlite 3: not found
I/busybox ( 117): /system/etc/init.d/16sqlite_optimize[55]: /system/xbin/sqlite 3: not found
I/busybox ( 117): Vacuum /data/data/com.android.chrome/app_chrome/Default/datab ases/Databases.db
I/busybox ( 117): /system/etc/init.d/16sqlite_optimize[55]: /system/xbin/sqlite 3: not found
I/busybox ( 117): /system/etc/init.d/16sqlite_optimize[55]: /system/xbin/sqlite 3: not found
I/busybox ( 117): Vacuum /data/data/com.android.chrome/databases/snapshots.db
D/BootAnimation( 502): [BootAnimation checkExit 714]exitnow=0
D/BootAnimation( 502): [BootAnimation movie 854]i=1,r=839,j=0,lastFrame=5034477 2851(50344 ms),file=ligo_00102.png
D/BootAnimation( 502): [BootAnimation movie 857]glBindTexture,i=1,r=839,j=0,fra me.tid=100271,name=ligo_00102.png
D/BootAnimation( 502): [BootAnimation movie 874]clearReg.isEmpty,i=1,r=839,j=0, frame.tid=100271
I/busybox ( 117): /system/etc/init.d/16sqlite_optimize[55]: /system/xbin/sqlite 3: not found
I/busybox ( 117): /system/etc/init.d/16sqlite_optimize[55]: /system/xbin/sqlite 3: not found
D/BootAnimation( 502): [BootAnimation movie 892]1,delay=40
I/busybox ( 117): Vacuum /data/data/ru.yandex.disk/databases/acc.db
I/busybox ( 117): /system/etc/init.d/16sqlite_optimize[55]: /system/xbin/sqlite 3: not found
I/busybox ( 117): /system/etc/init.d/16sqlite_optimize[55]: /system/xbin/sqlite 3: not found
I/busybox ( 117): Vacuum /data/data/ru.yandex.disk/databases/am_accounts.db
I/busybox ( 117): /system/etc/init.d/16sqlite_optimize[55]: /system/xbin/sqlite 3: not found
I/busybox ( 117): /system/etc/init.d/16sqlite_optimize[55]: /system/xbin/sqlite 3: not found
I/busybox ( 117): Vacuum /data/data/ru.yandex.disk/databases/capptain.connectio n.db
I/busybox ( 117): /system/etc/init.d/16sqlite_optimize[55]: /system/xbin/sqlite 3: not found
I/busybox ( 117): /system/etc/init.d/16sqlite_optimize[55]: /system/xbin/sqlite 3: not found
I/busybox ( 117): Vacuum /data/data/ru.yandex.disk/databases/device_id.db
I/busybox ( 117): /system/etc/init.d/16sqlite_optimize[55]: /system/xbin/sqlite 3: not found
I/busybox ( 117): /system/etc/init.d/16sqlite_optimize[55]: /system/xbin/sqlite 3: not found
I/busybox ( 117): Vacuum /data/data/ru.yandex.disk/databases/capptain.channel.r u.yandex.disk.db
I/busybox ( 117): /system/etc/init.d/16sqlite_optimize[55]: /system/xbin/sqlite 3: not found
I/busybox ( 117): /system/etc/init.d/16sqlite_optimize[55]: /system/xbin/sqlite 3: not found
I/busybox ( 117): Vacuum /data/data/ru.yandex.disk/databases/capptain.reach.db
I/busybox ( 117): /system/etc/init.d/16sqlite_optimize[55]: /system/xbin/sqlite 3: not found

I/busybox ( 117): /system/etc/init.d/16sqlite_optimize[55]: /system/xbin/sqlite 3: not found
I/busybox ( 117): Vacuum /data/data/com.citc.weather/databases/webview.db
I/busybox ( 117): /system/etc/init.d/16sqlite_optimize[55]: /system/xbin/sqlite 3: not found
I/busybox ( 117): /system/etc/init.d/16sqlite_optimize[55]: /system/xbin/sqlite 3: not found
I/busybox ( 117): Vacuum /data/data/com.citc.weather/databases/webviewCookiesCh romium.db
I/busybox ( 117): /system/etc/init.d/16sqlite_optimize[55]: /system/xbin/sqlite 3: not found
I/busybox ( 117): /system/etc/init.d/16sqlite_optimize[55]: /system/xbin/sqlite 3: not found
I/busybox ( 117): Vacuum /data/data/com.futuremark.dmandroid.application/databa ses/3dmark_local_results.db
I/busybox ( 117): /system/etc/init.d/16sqlite_optimize[55]: /system/xbin/sqlite 3: not found
I/busybox ( 117): /system/etc/init.d/16sqlite_optimize[55]: /system/xbin/sqlite 3: not found
I/PackageManager( 664): Package org.softeg.slartus.forpda codePath changed from /vendor/operator/app/org.softeg.slartus.forpda-1.apk to /data/app/org.softeg.sl artus.forpda-2.apk; Retaining data and using new
I/busybox ( 117): Vacuum /data/data/com.futuremark.dmandroid.application/databa ses/webview.db
I/busybox ( 117): /system/etc/init.d/16sqlite_optimize[55]: /system/xbin/sqlite 3: not found
I/busybox ( 117): /system/etc/init.d/16sqlite_optimize[55]: /system/xbin/sqlite 3: not found
I/busybox ( 117): Vacuum /data/data/com.futuremark.dmandroid.application/databa ses/webviewCookiesChromium.db
I/busybox ( 117): /system/etc/init.d/16sqlite_optimize[55]: /system/xbin/sqlite 3: not found
I/busybox ( 117): /system/etc/init.d/16sqlite_optimize[55]: /system/xbin/sqlite 3: not found
I/busybox ( 117): Vacuum /data/data/com.futuremark.dmandroid.application/databa ses/webviewCookiesChromiumPrivate.db
I/busybox ( 117): /system/etc/init.d/16sqlite_optimize[55]: /system/xbin/sqlite 3: not found
I/busybox ( 117): /system/etc/init.d/16sqlite_optimize[55]: /system/xbin/sqlite 3: not found
I/busybox ( 117): Vacuum /data/data/pl.idreams.CanKnockdown3/databases/ua_prefe rences.db
I/busybox ( 117): /system/etc/init.d/16sqlite_optimize[55]: /system/xbin/sqlite 3: not found
I/busybox ( 117): /system/etc/init.d/16sqlite_optimize[55]: /system/xbin/sqlite 3: not found
I/busybox ( 117): Vacuum /data/data/pl.idreams.CanKnockdown3/databases/ua_analy tics.db
I/busybox ( 117): /system/etc/init.d/16sqlite_optimize[55]: /system/xbin/sqlite 3: not found
I/busybox ( 117): /system/etc/init.d/16sqlite_optimize[55]: /system/xbin/sqlite 3: not found
D/BootAnimation( 502): [BootAnimation checkExit 714]exitnow=0
I/PackageManager( 664): Perform pre-dex opt for package: org.softeg.slartus.for pda
D/BootAnimation( 502): [BootAnimation movie 854]i=1,r=840,j=0,lastFrame=5038666 2774(50386 ms),file=ligo_00102.png
D/BootAnimation( 502): [BootAnimation movie 857]glBindTexture,i=1,r=840,j=0,fra me.tid=100271,name=ligo_00102.png
D/BootAnimation( 502): [BootAnimation movie 874]clearReg.isEmpty,i=1,r=840,j=0,

frame.tid=100271
D/dalvikvm( 664): open_cached_dex_file : /data/app/org.softeg.slartus.forpda-2. apk /data/dalvik-cache/data@app@org.softeg.slartus.forpda-2.apk@classes.dex
W/PackageManager( 664): Code path for pkg : org.softeg.slartus.forpda changing from /vendor/operator/app/org.softeg.slartus.forpda-1.apk to /data/app/org.softe g.slartus.forpda-2.apk
W/PackageManager( 664): Resource path for pkg : org.softeg.slartus.forpda chang ing from /vendor/operator/app/org.softeg.slartus.forpda-1.apk to /data/app/org.s ofteg.slartus.forpda-2.apk
I/busybox ( 117): Vacuum /data/data/pl.idreams.CanKnockdown3/databases/webview. db
I/busybox ( 117): /system/etc/init.d/16sqlite_optimize[55]: /system/xbin/sqlite 3: not found
I/busybox ( 117): /system/etc/init.d/16sqlite_optimize[55]: /system/xbin/sqlite 3: not found
I/PackageSettings( 664): Stopping package org.softeg.slartus.forpda
I/PackageSettings( 664): java.lang.RuntimeException: here
I/PackageSettings( 664): at com.android.server.pm.Settings.setPackageStop pedStateLPw(Settings.java:2478)
I/PackageSettings( 664): at com.android.server.pm.ExtraPackageManagerServ ices.blockAutoStartedAppInternal(ExtraPackageManagerServices.java:249)
I/PackageSettings( 664): at com.android.server.pm.ExtraPackageManagerServ ices.blockAutoStartedApp(ExtraPackageManagerServices.java:255)
I/PackageSettings( 664): at com.android.server.pm.PackageManagerService.s canPackageLI(PackageManagerService.java:4487)
I/PackageSettings( 664): at com.android.server.pm.PackageManagerService.s canPackageLI(PackageManagerService.java:3580)
I/PackageSettings( 664): at com.android.server.pm.PackageManagerService.s canDirLI(PackageManagerService.java:3315)
I/PackageSettings( 664): at com.android.server.pm.PackageManagerService.< init>(PackageManagerService.java:1345)
I/PackageSettings( 664): at com.android.server.pm.PackageManagerService.m ain(PackageManagerService.java:956)
I/PackageSettings( 664): at com.android.server.ServerThread.run(SystemSer ver.java:334)
D/BootAnimation( 502): [BootAnimation movie 892]2,delay=38
I/busybox ( 117): Vacuum /data/data/pl.idreams.CanKnockdown3/databases/webviewC ookiesChromium.db
D/PackageManager( 664): scan package: /data/app/org.softeg.slartus.forpda-2.apk , end at: 50391ms. elapsed time = 1254ms.
I/busybox ( 117): /system/etc/init.d/16sqlite_optimize[55]: /system/xbin/sqlite 3: not found
I/busybox ( 117): /system/etc/init.d/16sqlite_optimize[55]: /system/xbin/sqlite 3: not found
D/PackageManager( 664): scan package: /data/app/org.zwanoo.android.speedtest-1. apk , start at: 50392ms.
I/busybox ( 117): Vacuum /data/data/org.adw.launcher/databases/webview.db
I/busybox ( 117): /system/etc/init.d/16sqlite_optimize[55]: /system/xbin/sqlite 3: not found
I/busybox ( 117): /system/etc/init.d/16sqlite_optimize[55]: /system/xbin/sqlite 3: not found
I/busybox ( 117): Vacuum /data/data/org.adw.launcher/databases/launcher.db
I/busybox ( 117): /system/etc/init.d/16sqlite_optimize[55]: /system/xbin/sqlite 3: not found
I/busybox ( 117): /system/etc/init.d/16sqlite_optimize[55]: /system/xbin/sqlite 3: not found
I/busybox ( 117): Vacuum /data/data/org.adw.launcher/databases/webviewCookiesCh romium.db
I/busybox ( 117): /system/etc/init.d/16sqlite_optimize[55]: /system/xbin/sqlite 3: not found

I/busybox ( 117): /system/etc/init.d/16sqlite_optimize[55]: /system/xbin/sqlite 3: not found
