D/BootAnimation( 502): [BootAnimation ,frame.tid=100271
D/BootAnimation( 502): [BootAnimation
D/BootAnimation( 502): [BootAnimation
D/BootAnimation( 502): [BootAnimation 89775(71744 ms),file=ligo_00102.png
D/BootAnimation( 502): [BootAnimation ame.tid=100271,name=ligo_00102.png
D/BootAnimation( 502): [BootAnimation ,frame.tid=100271
D/BootAnimation( 502): [BootAnimation
D/BootAnimation( 502): [BootAnimation
D/BootAnimation( 502): [BootAnimation 57160(71786 ms),file=ligo_00102.png
D/BootAnimation( 502): [BootAnimation ame.tid=100271,name=ligo_00102.png
D/BootAnimation( 502): [BootAnimation ,frame.tid=100271
D/BootAnimation( 502): [BootAnimation
D/BootAnimation( 502): [BootAnimation
D/BootAnimation( 502): [BootAnimation 32621(71828 ms),file=ligo_00102.png
D/BootAnimation( 502): [BootAnimation ame.tid=100271,name=ligo_00102.png
D/BootAnimation( 502): [BootAnimation ,frame.tid=100271
D/BootAnimation( 502): [BootAnimation
D/BootAnimation( 502): [BootAnimation
D/BootAnimation( 502): [BootAnimation 05698(71870 ms),file=ligo_00102.png
D/BootAnimation( 502): [BootAnimation ame.tid=100271,name=ligo_00102.png
D/BootAnimation( 502): [BootAnimation ,frame.tid=100271
D/BootAnimation( 502): [BootAnimation
D/BootAnimation( 502): [BootAnimation
D/BootAnimation( 502): [BootAnimation 69622(71912 ms),file=ligo_00102.png
D/BootAnimation( 502): [BootAnimation ame.tid=100271,name=ligo_00102.png
D/BootAnimation( 502): [BootAnimation

movie 857]glBindTexture,i=1,r=1276,j=0,fr movie 874]clearReg.isEmpty,i=1,r=1276,j=0 movie 892]1,delay=40 checkExit 714]exitnow=0 movie 854]i=1,r=1277,j=0,lastFrame=716609 movie 857]glBindTexture,i=1,r=1277,j=0,fr movie 874]clearReg.isEmpty,i=1,r=1277,j=0 movie 892]1,delay=40 checkExit 714]exitnow=0 movie 854]i=1,r=1278,j=0,lastFrame=717028 movie 857]glBindTexture,i=1,r=1278,j=0,fr movie 874]clearReg.isEmpty,i=1,r=1278,j=0 movie 892]1,delay=40 checkExit 714]exitnow=0 movie 854]i=1,r=1279,j=0,lastFrame=717446 movie 857]glBindTexture,i=1,r=1279,j=0,fr movie 874]clearReg.isEmpty,i=1,r=1279,j=0 movie 892]1,delay=40 checkExit 714]exitnow=0 movie 854]i=1,r=1280,j=0,lastFrame=717865 movie 857]glBindTexture,i=1,r=1280,j=0,fr movie 874]clearReg.isEmpty,i=1,r=1280,j=0 movie 892]1,delay=40 checkExit 714]exitnow=0 movie 854]i=1,r=1281,j=0,lastFrame=718284 movie 857]glBindTexture,i=1,r=1281,j=0,fr movie 874]clearReg.isEmpty,i=1,r=1281,j=0 movie 892]1,delay=40 checkExit 714]exitnow=0 movie 854]i=1,r=1282,j=0,lastFrame=718703 movie 857]glBindTexture,i=1,r=1282,j=0,fr movie 874]clearReg.isEmpty,i=1,r=1282,j=0 movie 892]1,delay=40 checkExit 714]exitnow=0 movie 854]i=1,r=1283,j=0,lastFrame=719121 movie 857]glBindTexture,i=1,r=1283,j=0,fr movie 874]clearReg.isEmpty,i=1,r=1283,j=0

,frame.tid=100271
D/BootAnimation( 502): [BootAnimation movie 892]1,delay=40
D/BootAnimation( 502): [BootAnimation checkExit 714]exitnow=0
D/BootAnimation( 502): [BootAnimation movie 854]i=1,r=1284,j=0,lastFrame=719540 81391(71954 ms),file=ligo_00102.png
D/BootAnimation( 502): [BootAnimation movie 857]glBindTexture,i=1,r=1284,j=0,fr ame.tid=100271,name=ligo_00102.png
D/BootAnimation( 502): [BootAnimation movie 874]clearReg.isEmpty,i=1,r=1284,j=0 ,frame.tid=100271
D/BootAnimation( 502): [BootAnimation movie 892]1,delay=40
D/BootAnimation( 502): [BootAnimation checkExit 714]exitnow=0
D/BootAnimation( 502): [BootAnimation movie 854]i=1,r=1285,j=0,lastFrame=719959 55621(71995 ms),file=ligo_00102.png
D/BootAnimation( 502): [BootAnimation movie 857]glBindTexture,i=1,r=1285,j=0,fr ame.tid=100271,name=ligo_00102.png
D/BootAnimation( 502): [BootAnimation movie 874]clearReg.isEmpty,i=1,r=1285,j=0 ,frame.tid=100271
D/BootAnimation( 502): [BootAnimation movie 892]1,delay=40
D/BootAnimation( 502): [BootAnimation checkExit 714]exitnow=0
D/BootAnimation( 502): [BootAnimation movie 854]i=1,r=1286,j=0,lastFrame=720378 21237(72037 ms),file=ligo_00102.png
D/BootAnimation( 502): [BootAnimation movie 857]glBindTexture,i=1,r=1286,j=0,fr ame.tid=100271,name=ligo_00102.png
D/BootAnimation( 502): [BootAnimation movie 874]clearReg.isEmpty,i=1,r=1286,j=0 ,frame.tid=100271
D/BootAnimation( 502): [BootAnimation movie 892]1,delay=40
D/BootAnimation( 502): [BootAnimation checkExit 714]exitnow=0
D/BootAnimation( 502): [BootAnimation movie 854]i=1,r=1287,j=0,lastFrame=720796 96468(72079 ms),file=ligo_00102.png
D/BootAnimation( 502): [BootAnimation movie 857]glBindTexture,i=1,r=1287,j=0,fr ame.tid=100271,name=ligo_00102.png
D/BootAnimation( 502): [BootAnimation movie 874]clearReg.isEmpty,i=1,r=1287,j=0 ,frame.tid=100271
D/BootAnimation( 502): [BootAnimation movie 892]1,delay=40
D/BootAnimation( 502): [BootAnimation checkExit 714]exitnow=0
D/BootAnimation( 502): [BootAnimation movie 854]i=1,r=1288,j=0,lastFrame=721216 09852(72121 ms),file=ligo_00102.png
D/BootAnimation( 502): [BootAnimation movie 857]glBindTexture,i=1,r=1288,j=0,fr ame.tid=100271,name=ligo_00102.png
D/BootAnimation( 502): [BootAnimation movie 874]clearReg.isEmpty,i=1,r=1288,j=0 ,frame.tid=100271
I/SurfaceTextureClient( 502): [STC::queueBuffer] (this:0x41958680) fps:23.87, d ur:1005.32, max:42.38, min:41.34
I/BufferQueue( 134): [BootAnimation](this:0x4295e370,api:1) [queue] fps:23.88, dur:1004.98, max:42.46, min:41.05
D/BootAnimation( 502): [BootAnimation movie 892]1,delay=39
D/BootAnimation( 502): [BootAnimation checkExit 714]exitnow=0
D/BootAnimation( 502): [BootAnimation movie 854]i=1,r=1289,j=0,lastFrame=721634 72698(72163 ms),file=ligo_00102.png
D/BootAnimation( 502): [BootAnimation movie 857]glBindTexture,i=1,r=1289,j=0,fr ame.tid=100271,name=ligo_00102.png
D/BootAnimation( 502): [BootAnimation movie 874]clearReg.isEmpty,i=1,r=1289,j=0 ,frame.tid=100271
D/BootAnimation( 502): [BootAnimation movie 892]1,delay=40
D/BootAnimation( 502): [BootAnimation checkExit 714]exitnow=0
D/BootAnimation( 502): [BootAnimation movie 854]i=1,r=1290,j=0,lastFrame=722053 69083(72205 ms),file=ligo_00102.png
D/BootAnimation( 502): [BootAnimation movie 857]glBindTexture,i=1,r=1290,j=0,fr ame.tid=100271,name=ligo_00102.png
D/BootAnimation( 502): [BootAnimation movie 874]clearReg.isEmpty,i=1,r=1290,j=0

,frame.tid=100271
D/BootAnimation( 502): [BootAnimation movie 892]1,delay=40
D/BootAnimation( 502): [BootAnimation checkExit 714]exitnow=0
D/BootAnimation( 502): [BootAnimation movie 854]i=1,r=1291,j=0,lastFrame=722472 26160(72247 ms),file=ligo_00102.png
D/BootAnimation( 502): [BootAnimation movie 857]glBindTexture,i=1,r=1291,j=0,fr ame.tid=100271,name=ligo_00102.png
D/BootAnimation( 502): [BootAnimation movie 874]clearReg.isEmpty,i=1,r=1291,j=0 ,frame.tid=100271
D/BootAnimation( 502): [BootAnimation movie 892]1,delay=40
D/BootAnimation( 502): [BootAnimation checkExit 714]exitnow=0
D/BootAnimation( 502): [BootAnimation movie 854]i=1,r=1292,j=0,lastFrame=722890 96545(72289 ms),file=ligo_00102.png
D/BootAnimation( 502): [BootAnimation movie 857]glBindTexture,i=1,r=1292,j=0,fr ame.tid=100271,name=ligo_00102.png
D/BootAnimation( 502): [BootAnimation movie 874]clearReg.isEmpty,i=1,r=1292,j=0 ,frame.tid=100271
D/BootAnimation( 502): [BootAnimation movie 892]1,delay=40
D/BootAnimation( 502): [BootAnimation checkExit 714]exitnow=0
D/BootAnimation( 502): [BootAnimation movie 854]i=1,r=1293,j=0,lastFrame=723309 55545(72330 ms),file=ligo_00102.png
D/BootAnimation( 502): [BootAnimation movie 857]glBindTexture,i=1,r=1293,j=0,fr ame.tid=100271,name=ligo_00102.png
D/BootAnimation( 502): [BootAnimation movie 874]clearReg.isEmpty,i=1,r=1293,j=0 ,frame.tid=100271
D/BootAnimation( 502): [BootAnimation movie 892]1,delay=40
D/BootAnimation( 502): [BootAnimation checkExit 714]exitnow=0
D/BootAnimation( 502): [BootAnimation movie 854]i=1,r=1294,j=0,lastFrame=723728 02929(72372 ms),file=ligo_00102.png
D/BootAnimation( 502): [BootAnimation movie 857]glBindTexture,i=1,r=1294,j=0,fr ame.tid=100271,name=ligo_00102.png
D/BootAnimation( 502): [BootAnimation movie 874]clearReg.isEmpty,i=1,r=1294,j=0 ,frame.tid=100271
D/BootAnimation( 502): [BootAnimation movie 892]0,delay=40
I/SurfaceFlinger( 134): [SurfaceFlinger] fps:24.068220,dur:1038.71,max:55.74,mi n:39.14
D/BootAnimation( 502): [BootAnimation checkExit 714]exitnow=0
D/BootAnimation( 502): [BootAnimation movie 854]i=1,r=1295,j=0,lastFrame=724146 59237(72414 ms),file=ligo_00102.png
D/BootAnimation( 502): [BootAnimation movie 857]glBindTexture,i=1,r=1295,j=0,fr ame.tid=100271,name=ligo_00102.png
D/BootAnimation( 502): [BootAnimation movie 874]clearReg.isEmpty,i=1,r=1295,j=0 ,frame.tid=100271
D/BootAnimation( 502): [BootAnimation movie 892]0,delay=40
D/BootAnimation( 502): [BootAnimation checkExit 714]exitnow=0
D/BootAnimation( 502): [BootAnimation movie 854]i=1,r=1296,j=0,lastFrame=724565 09314(72456 ms),file=ligo_00102.png
D/BootAnimation( 502): [BootAnimation movie 857]glBindTexture,i=1,r=1296,j=0,fr ame.tid=100271,name=ligo_00102.png
D/BootAnimation( 502): [BootAnimation movie 874]clearReg.isEmpty,i=1,r=1296,j=0 ,frame.tid=100271
D/BootAnimation( 502): [BootAnimation movie 892]1,delay=40
D/BootAnimation( 502): [BootAnimation checkExit 714]exitnow=0
D/BootAnimation( 502): [BootAnimation movie 854]i=1,r=1297,j=0,lastFrame=724984 13314(72498 ms),file=ligo_00102.png
D/BootAnimation( 502): [BootAnimation movie 857]glBindTexture,i=1,r=1297,j=0,fr ame.tid=100271,name=ligo_00102.png
D/BootAnimation( 502): [BootAnimation movie 874]clearReg.isEmpty,i=1,r=1297,j=0 ,frame.tid=100271
D/BootAnimation( 502): [BootAnimation movie 892]1,delay=40

D/BootAnimation( 502): [BootAnimation checkExit 714]exitnow=0
D/BootAnimation( 502): [BootAnimation movie 854]i=1,r=1298,j=0,lastFrame=725403 02160(72540 ms),file=ligo_00102.png
D/BootAnimation( 502): [BootAnimation movie 857]glBindTexture,i=1,r=1298,j=0,fr ame.tid=100271,name=ligo_00102.png
D/BootAnimation( 502): [BootAnimation movie 874]clearReg.isEmpty,i=1,r=1298,j=0 ,frame.tid=100271
D/BootAnimation( 502): [BootAnimation movie 892]1,delay=40
I/BufferQueue( 134): [BootAnimation](this:0x4295e370,api:1) [release] fps:23.62 , dur:1058.35, max:58.81, min:39.17
D/BootAnimation( 502): [BootAnimation checkExit 714]exitnow=0
D/BootAnimation( 502): [BootAnimation movie 854]i=1,r=1299,j=0,lastFrame=725821 49622(72582 ms),file=ligo_00102.png
D/BootAnimation( 502): [BootAnimation movie 857]glBindTexture,i=1,r=1299,j=0,fr ame.tid=100271,name=ligo_00102.png
D/BootAnimation( 502): [BootAnimation movie 874]clearReg.isEmpty,i=1,r=1299,j=0 ,frame.tid=100271
D/BootAnimation( 502): [BootAnimation movie 892]0,delay=40
D/BootAnimation( 502): [BootAnimation checkExit 714]exitnow=0
D/BootAnimation( 502): [BootAnimation movie 854]i=1,r=1300,j=0,lastFrame=726240 11237(72624 ms),file=ligo_00102.png
D/BootAnimation( 502): [BootAnimation movie 857]glBindTexture,i=1,r=1300,j=0,fr ame.tid=100271,name=ligo_00102.png
D/BootAnimation( 502): [BootAnimation movie 874]clearReg.isEmpty,i=1,r=1300,j=0 ,frame.tid=100271
D/BootAnimation( 502): [BootAnimation movie 892]1,delay=40
D/BootAnimation( 502): [BootAnimation checkExit 714]exitnow=0
D/BootAnimation( 502): [BootAnimation movie 854]i=1,r=1301,j=0,lastFrame=726658 97545(72665 ms),file=ligo_00102.png
D/BootAnimation( 502): [BootAnimation movie 857]glBindTexture,i=1,r=1301,j=0,fr ame.tid=100271,name=ligo_00102.png
D/BootAnimation( 502): [BootAnimation movie 874]clearReg.isEmpty,i=1,r=1301,j=0 ,frame.tid=100271
D/BootAnimation( 502): [BootAnimation movie 892]1,delay=40
D/BootAnimation( 502): [BootAnimation checkExit 714]exitnow=0
D/BootAnimation( 502): [BootAnimation movie 854]i=1,r=1302,j=0,lastFrame=727078 93852(72707 ms),file=ligo_00102.png
D/BootAnimation( 502): [BootAnimation movie 857]glBindTexture,i=1,r=1302,j=0,fr ame.tid=100271,name=ligo_00102.png
D/BootAnimation( 502): [BootAnimation movie 874]clearReg.isEmpty,i=1,r=1302,j=0 ,frame.tid=100271
D/BootAnimation( 502): [BootAnimation movie 892]1,delay=39
D/dalvikvm( 1322): GC_FOR_ALLOC freed 1615K (6658), 22% free 8532K/10912K, pause d 40ms, total 40ms
D/BootAnimation( 502): [BootAnimation checkExit 714]exitnow=0
D/BootAnimation( 502): [BootAnimation movie 854]i=1,r=1303,j=0,lastFrame=727498 07852(72749 ms),file=ligo_00102.png
D/BootAnimation( 502): [BootAnimation movie 857]glBindTexture,i=1,r=1303,j=0,fr ame.tid=100271,name=ligo_00102.png
D/BootAnimation( 502): [BootAnimation movie 874]clearReg.isEmpty,i=1,r=1303,j=0 ,frame.tid=100271
D/BootAnimation( 502): [BootAnimation movie 892]1,delay=40
D/BootAnimation( 502): [BootAnimation checkExit 714]exitnow=0
D/BootAnimation( 502): [BootAnimation movie 854]i=1,r=1304,j=0,lastFrame=727917 26775(72791 ms),file=ligo_00102.png
D/BootAnimation( 502): [BootAnimation movie 857]glBindTexture,i=1,r=1304,j=0,fr ame.tid=100271,name=ligo_00102.png
D/BootAnimation( 502): [BootAnimation movie 874]clearReg.isEmpty,i=1,r=1304,j=0 ,frame.tid=100271
D/BootAnimation( 502): [BootAnimation movie 892]1,delay=40

D/dalvikvm( 1322): GC_FOR_ALLOC freed 1658K (7423), 22% free 8541K/10924K, pause d 40ms, total 40ms
D/BootAnimation( 502): [BootAnimation checkExit 714]exitnow=0
D/BootAnimation( 502): [BootAnimation movie 854]i=1,r=1305,j=0,lastFrame=728336 24006(72833 ms),file=ligo_00102.png
D/BootAnimation( 502): [BootAnimation movie 857]glBindTexture,i=1,r=1305,j=0,fr ame.tid=100271,name=ligo_00102.png
D/BootAnimation( 502): [BootAnimation movie 874]clearReg.isEmpty,i=1,r=1305,j=0 ,frame.tid=100271
D/BootAnimation( 502): [BootAnimation movie 892]1,delay=40
D/BootAnimation( 502): [BootAnimation checkExit 714]exitnow=0
D/BootAnimation( 502): [BootAnimation movie 854]i=1,r=1306,j=0,lastFrame=728755 02314(72875 ms),file=ligo_00102.png
D/BootAnimation( 502): [BootAnimation movie 857]glBindTexture,i=1,r=1306,j=0,fr ame.tid=100271,name=ligo_00102.png
D/BootAnimation( 502): [BootAnimation movie 874]clearReg.isEmpty,i=1,r=1306,j=0 ,frame.tid=100271
D/BootAnimation( 502): [BootAnimation movie 892]1,delay=40
D/dalvikvm( 1322): GC_FOR_ALLOC freed 1666K (7400), 22% free 8551K/10936K, pause d 39ms, total 39ms
D/BootAnimation( 502): [BootAnimation checkExit 714]exitnow=0
D/BootAnimation( 502): [BootAnimation movie 854]i=1,r=1307,j=0,lastFrame=729173 54621(72917 ms),file=ligo_00102.png
D/BootAnimation( 502): [BootAnimation movie 857]glBindTexture,i=1,r=1307,j=0,fr ame.tid=100271,name=ligo_00102.png
D/BootAnimation( 502): [BootAnimation movie 874]clearReg.isEmpty,i=1,r=1307,j=0 ,frame.tid=100271
D/BootAnimation( 502): [BootAnimation movie 892]1,delay=40
D/BootAnimation( 502): [BootAnimation checkExit 714]exitnow=0
D/BootAnimation( 502): [BootAnimation movie 854]i=1,r=1308,j=0,lastFrame=729592 30006(72959 ms),file=ligo_00102.png
D/BootAnimation( 502): [BootAnimation movie 857]glBindTexture,i=1,r=1308,j=0,fr ame.tid=100271,name=ligo_00102.png
D/BootAnimation( 502): [BootAnimation movie 874]clearReg.isEmpty,i=1,r=1308,j=0 ,frame.tid=100271
D/BootAnimation( 502): [BootAnimation movie 892]2,delay=39
D/BootAnimation( 502): [BootAnimation checkExit 714]exitnow=0
D/BootAnimation( 502): [BootAnimation movie 854]i=1,r=1309,j=0,lastFrame=730012 13852(73001 ms),file=ligo_00102.png
D/BootAnimation( 502): [BootAnimation movie 857]glBindTexture,i=1,r=1309,j=0,fr ame.tid=100271,name=ligo_00102.png
D/BootAnimation( 502): [BootAnimation movie 874]clearReg.isEmpty,i=1,r=1309,j=0 ,frame.tid=100271
D/BootAnimation( 502): [BootAnimation movie 892]1,delay=40
D/dalvikvm( 1322): GC_FOR_ALLOC freed 1682K (7454), 22% free 8562K/10948K, pause d 40ms, total 40ms
D/BootAnimation( 502): [BootAnimation checkExit 714]exitnow=0
D/BootAnimation( 502): [BootAnimation movie 854]i=1,r=1310,j=0,lastFrame=730431 40698(73043 ms),file=ligo_00102.png
D/BootAnimation( 502): [BootAnimation movie 857]glBindTexture,i=1,r=1310,j=0,fr ame.tid=100271,name=ligo_00102.png
D/BootAnimation( 502): [BootAnimation movie 874]clearReg.isEmpty,i=1,r=1310,j=0 ,frame.tid=100271
D/BootAnimation( 502): [BootAnimation movie 892]1,delay=40
D/BootAnimation( 502): [BootAnimation checkExit 714]exitnow=0
D/BootAnimation( 502): [BootAnimation movie 854]i=1,r=1311,j=0,lastFrame=730851 26006(73085 ms),file=ligo_00102.png
D/BootAnimation( 502): [BootAnimation movie 857]glBindTexture,i=1,r=1311,j=0,fr ame.tid=100271,name=ligo_00102.png
D/BootAnimation( 502): [BootAnimation movie 874]clearReg.isEmpty,i=1,r=1311,j=0

,frame.tid=100271
D/BootAnimation( 502): [BootAnimation movie 892]1,delay=40
D/dalvikvm( 1322): GC_FOR_ALLOC freed 1689K (7503), 22% free 8578K/10960K, pause d 40ms, total 40ms
D/BootAnimation( 502): [BootAnimation checkExit 714]exitnow=0
D/BootAnimation( 502): [BootAnimation movie 854]i=1,r=1312,j=0,lastFrame=731270 46468(73127 ms),file=ligo_00102.png
D/BootAnimation( 502): [BootAnimation movie 857]glBindTexture,i=1,r=1312,j=0,fr ame.tid=100271,name=ligo_00102.png
D/BootAnimation( 502): [BootAnimation movie 874]clearReg.isEmpty,i=1,r=1312,j=0 ,frame.tid=100271
I/SurfaceTextureClient( 502): [STC::queueBuffer] (this:0x41958680) fps:23.87, d ur:1005.46, max:42.47, min:41.39
I/BufferQueue( 134): [BootAnimation](this:0x4295e370,api:1) [queue] fps:23.87, dur:1005.53, max:42.56, min:41.25
D/BootAnimation( 502): [BootAnimation movie 892]2,delay=39
D/BootAnimation( 502): [BootAnimation checkExit 714]exitnow=0
D/BootAnimation( 502): [BootAnimation movie 854]i=1,r=1313,j=0,lastFrame=731689 24314(73168 ms),file=ligo_00102.png
D/BootAnimation( 502): [BootAnimation movie 857]glBindTexture,i=1,r=1313,j=0,fr ame.tid=100271,name=ligo_00102.png
D/BootAnimation( 502): [BootAnimation movie 874]clearReg.isEmpty,i=1,r=1313,j=0 ,frame.tid=100271
D/BootAnimation( 502): [BootAnimation movie 892]1,delay=40
D/BootAnimation( 502): [BootAnimation checkExit 714]exitnow=0
D/BootAnimation( 502): [BootAnimation movie 854]i=1,r=1314,j=0,lastFrame=732108 35083(73210 ms),file=ligo_00102.png
D/BootAnimation( 502): [BootAnimation movie 857]glBindTexture,i=1,r=1314,j=0,fr ame.tid=100271,name=ligo_00102.png
D/BootAnimation( 502): [BootAnimation movie 874]clearReg.isEmpty,i=1,r=1314,j=0 ,frame.tid=100271
D/BootAnimation( 502): [BootAnimation movie 892]1,delay=40
D/dalvikvm( 1322): GC_FOR_ALLOC freed 1713K (7756), 22% free 8598K/10972K, pause d 46ms, total 46ms
D/BootAnimation( 502): [BootAnimation checkExit 714]exitnow=0
D/BootAnimation( 502): [BootAnimation movie 854]i=1,r=1315,j=0,lastFrame=732527 89314(73252 ms),file=ligo_00102.png
D/BootAnimation( 502): [BootAnimation movie 857]glBindTexture,i=1,r=1315,j=0,fr ame.tid=100271,name=ligo_00102.png
D/BootAnimation( 502): [BootAnimation movie 874]clearReg.isEmpty,i=1,r=1315,j=0 ,frame.tid=100271
D/BootAnimation( 502): [BootAnimation movie 892]1,delay=39
W/PackageManager( 1322): Application package com.android.chrome already installe d. Skipping duplicate.
D/PackageManager( 1322): scan package: /data/app/com.android.chrome-2.apk , end at: 73270ms. elapsed time = 3418ms.
D/PackageManager( 1322): scan package: /data/app/com.android.vending-2.apk , sta rt at: 73270ms.
D/BootAnimation( 502): [BootAnimation checkExit 714]exitnow=0
D/BootAnimation( 502): [BootAnimation movie 854]i=1,r=1316,j=0,lastFrame=732946 52622(73294 ms),file=ligo_00102.png
D/BootAnimation( 502): [BootAnimation movie 857]glBindTexture,i=1,r=1316,j=0,fr ame.tid=100271,name=ligo_00102.png
D/BootAnimation( 502): [BootAnimation movie 874]clearReg.isEmpty,i=1,r=1316,j=0 ,frame.tid=100271
D/BootAnimation( 502): [BootAnimation movie 892]1,delay=40
D/BootAnimation( 502): [BootAnimation checkExit 714]exitnow=0
D/BootAnimation( 502): [BootAnimation movie 854]i=1,r=1317,j=0,lastFrame=733365 12698(73336 ms),file=ligo_00102.png
D/BootAnimation( 502): [BootAnimation movie 857]glBindTexture,i=1,r=1317,j=0,fr

ame.tid=100271,name=ligo_00102.png
D/BootAnimation( 502): [BootAnimation movie 874]clearReg.isEmpty,i=1,r=1317,j=0 ,frame.tid=100271
D/BootAnimation( 502): [BootAnimation movie 892]0,delay=40
I/PackageManager( 1322): Perform pre-dex opt for package: com.android.vending
D/dalvikvm( 1322): open_cached_dex_file : /data/app/com.android.vending-2.apk /d ata/dalvik-cache/data@app@com.android.vending-2.apk@classes.dex
D/PackageManager( 1322): scan package: /data/app/com.android.vending-2.apk , end at: 73371ms. elapsed time = 101ms.
D/PackageManager( 1322): scan package: /data/app/com.antutu.CpuMasterFree-1.apk , start at: 73371ms.
D/BootAnimation( 502): [BootAnimation checkExit 714]exitnow=0
D/BootAnimation( 502): [BootAnimation movie 854]i=1,r=1318,j=0,lastFrame=733783 65391(73378 ms),file=ligo_00102.png
D/BootAnimation( 502): [BootAnimation movie 857]glBindTexture,i=1,r=1318,j=0,fr ame.tid=100271,name=ligo_00102.png
D/BootAnimation( 502): [BootAnimation movie 874]clearReg.isEmpty,i=1,r=1318,j=0 ,frame.tid=100271
D/BootAnimation( 502): [BootAnimation movie 892]1,delay=40
I/SurfaceFlinger( 134): [SurfaceFlinger] fps:23.926823,dur:1003.06,max:54.03,mi n:39.13
I/PackageManager( 1322): Perform pre-dex opt for package: com.antutu.CpuMasterFr ee
D/dalvikvm( 1322): open_cached_dex_file : /data/app/com.antutu.CpuMasterFree-1.a pk /data/dalvik-cache/data@app@com.antutu.CpuMasterFree-1.apk@classes.dex
D/PackageManager( 1322): scan package: /data/app/com.antutu.CpuMasterFree-1.apk , end at: 73389ms. elapsed time = 18ms.
D/PackageManager( 1322): scan package: /data/app/com.aqsector.slthemefox-1.apk , start at: 73389ms.
I/PackageManager( 1322): Perform pre-dex opt for package: com.aqsector.slthemefo x
D/dalvikvm( 1322): open_cached_dex_file : /data/app/com.aqsector.slthemefox-1.ap k /data/dalvik-cache/data@app@com.aqsector.slthemefox-1.apk@classes.dex
D/PackageManager( 1322): scan package: /data/app/com.aqsector.slthemefox-1.apk , end at: 73394ms. elapsed time = 5ms.
D/PackageManager( 1322): scan package: /data/app/com.citc.weather-1.apk , start at: 73394ms.
D/BootAnimation( 502): [BootAnimation checkExit 714]exitnow=0
D/BootAnimation( 502): [BootAnimation movie 854]i=1,r=1319,j=0,lastFrame=734202 20006(73420 ms),file=ligo_00102.png
D/BootAnimation( 502): [BootAnimation movie 857]glBindTexture,i=1,r=1319,j=0,fr ame.tid=100271,name=ligo_00102.png
D/BootAnimation( 502): [BootAnimation movie 874]clearReg.isEmpty,i=1,r=1319,j=0 ,frame.tid=100271
D/BootAnimation( 502): [BootAnimation movie 892]1,delay=40
I/PackageManager( 1322): Perform pre-dex opt for package: com.citc.weather
D/dalvikvm( 1322): open_cached_dex_file : /data/app/com.citc.weather-1.apk /data /dalvik-cache/data@app@com.citc.weather-1.apk@classes.dex
D/PackageManager( 1322): scan package: /data/app/com.citc.weather-1.apk , end at : 73431ms. elapsed time = 37ms.
D/PackageManager( 1322): scan package: /data/app/com.estrongs.android.pop-1.apk , start at: 73431ms.
I/PackageManager( 1322): Perform pre-dex opt for package: com.estrongs.android.p op
D/dalvikvm( 1322): open_cached_dex_file : /data/app/com.estrongs.android.pop-1.a pk /data/dalvik-cache/data@app@com.estrongs.android.pop-1.apk@classes.dex
I/PackageSettings( 1322): Stopping package com.estrongs.android.pop
I/PackageSettings( 1322): java.lang.RuntimeException: here
I/PackageSettings( 1322): at com.android.server.pm.Settings.setPackageStop pedStateLPw(Settings.java:2478)

I/PackageSettings( 1322): at com.android.server.pm.ExtraPackageManagerServ ices.blockAutoStartedAppInternal(ExtraPackageManagerServices.java:249)
I/PackageSettings( 1322): at com.android.server.pm.ExtraPackageManagerServ ices.blockAutoStartedApp(ExtraPackageManagerServices.java:255)
I/PackageSettings( 1322): at com.android.server.pm.PackageManagerService.s canPackageLI(PackageManagerService.java:4487)
I/PackageSettings( 1322): at com.android.server.pm.PackageManagerService.s canPackageLI(PackageManagerService.java:3580)
I/PackageSettings( 1322): at com.android.server.pm.PackageManagerService.s canDirLI(PackageManagerService.java:3315)
I/PackageSettings( 1322): at com.android.server.pm.PackageManagerService.< init>(PackageManagerService.java:1345)
I/PackageSettings( 1322): at com.android.server.pm.PackageManagerService.m ain(PackageManagerService.java:956)
I/PackageSettings( 1322): at com.android.server.ServerThread.run(SystemSer ver.java:334)
D/PackageManager( 1322): scan package: /data/app/com.estrongs.android.pop-1.apk , end at: 73460ms. elapsed time = 29ms.
D/PackageManager( 1322): scan package: /data/app/com.estrongs.android.pop-2.apk , start at: 73460ms.
D/BootAnimation( 502): [BootAnimation checkExit 714]exitnow=0
D/BootAnimation( 502): [BootAnimation movie 854]i=1,r=1320,j=0,lastFrame=734620 74391(73462 ms),file=ligo_00102.png
D/BootAnimation( 502): [BootAnimation movie 857]glBindTexture,i=1,r=1320,j=0,fr ame.tid=100271,name=ligo_00102.png
D/BootAnimation( 502): [BootAnimation movie 874]clearReg.isEmpty,i=1,r=1320,j=0 ,frame.tid=100271
D/BootAnimation( 502): [BootAnimation movie 892]1,delay=40
I/PackageManager( 1322): /data/app/com.estrongs.android.pop-2.apk changed; colle cting certs
D/BootAnimation( 502): [BootAnimation checkExit 714]exitnow=0
D/BootAnimation( 502): [BootAnimation movie 854]i=1,r=1321,j=0,lastFrame=735039 92391(73503 ms),file=ligo_00102.png
D/BootAnimation( 502): [BootAnimation movie 857]glBindTexture,i=1,r=1321,j=0,fr ame.tid=100271,name=ligo_00102.png
D/BootAnimation( 502): [BootAnimation movie 874]clearReg.isEmpty,i=1,r=1321,j=0 ,frame.tid=100271
D/BootAnimation( 502): [BootAnimation movie 892]1,delay=40
D/BootAnimation( 502): [BootAnimation checkExit 714]exitnow=0
D/BootAnimation( 502): [BootAnimation movie 854]i=1,r=1322,j=0,lastFrame=735459 15006(73545 ms),file=ligo_00102.png
D/BootAnimation( 502): [BootAnimation movie 857]glBindTexture,i=1,r=1322,j=0,fr ame.tid=100271,name=ligo_00102.png
D/BootAnimation( 502): [BootAnimation movie 874]clearReg.isEmpty,i=1,r=1322,j=0 ,frame.tid=100271
D/BootAnimation( 502): [BootAnimation movie 892]1,delay=40
D/dalvikvm( 1322): GC_FOR_ALLOC freed 1131K (6712), 16% free 9288K/10972K, pause d 44ms, total 44ms
D/BootAnimation( 502): [BootAnimation checkExit 714]exitnow=0
D/BootAnimation( 502): [BootAnimation movie 854]i=1,r=1323,j=0,lastFrame=735878 24468(73587 ms),file=ligo_00102.png
D/BootAnimation( 502): [BootAnimation movie 857]glBindTexture,i=1,r=1323,j=0,fr ame.tid=100271,name=ligo_00102.png
D/BootAnimation( 502): [BootAnimation movie 874]clearReg.isEmpty,i=1,r=1323,j=0 ,frame.tid=100271
D/BootAnimation( 502): [BootAnimation movie 892]1,delay=40
I/BufferQueue( 134): [BootAnimation](this:0x4295e370,api:1) [release] fps:24.07 , dur:1038.79, max:58.78, min:39.11
D/BootAnimation( 502): [BootAnimation checkExit 714]exitnow=0
D/BootAnimation( 502): [BootAnimation movie 854]i=1,r=1324,j=0,lastFrame=736297

14391(73629 ms),file=ligo_00102.png
D/BootAnimation( 502): [BootAnimation movie 857]glBindTexture,i=1,r=1324,j=0,fr ame.tid=100271,name=ligo_00102.png
D/BootAnimation( 502): [BootAnimation movie 874]clearReg.isEmpty,i=1,r=1324,j=0 ,frame.tid=100271
D/BootAnimation( 502): [BootAnimation movie 892]1,delay=40
D/BootAnimation( 502): [BootAnimation checkExit 714]exitnow=0
D/BootAnimation( 502): [BootAnimation movie 854]i=1,r=1325,j=0,lastFrame=736715 74314(73671 ms),file=ligo_00102.png
D/BootAnimation( 502): [BootAnimation movie 857]glBindTexture,i=1,r=1325,j=0,fr ame.tid=100271,name=ligo_00102.png
D/BootAnimation( 502): [BootAnimation movie 874]clearReg.isEmpty,i=1,r=1325,j=0 ,frame.tid=100271
D/BootAnimation( 502): [BootAnimation movie 892]0,delay=40
D/NativeCrypto( 1322): NativeCrypto_EVP_VerifyInit ctx=0x5cf35258
D/NativeCrypto( 1322): NativeCrypto_EVP_VerifyInit algorithmChars=RSA-SHA1
D/BootAnimation( 502): [BootAnimation checkExit 714]exitnow=0
D/BootAnimation( 502): [BootAnimation movie 854]i=1,r=1326,j=0,lastFrame=737134 65622(73713 ms),file=ligo_00102.png
D/BootAnimation( 502): [BootAnimation movie 857]glBindTexture,i=1,r=1326,j=0,fr ame.tid=100271,name=ligo_00102.png
D/BootAnimation( 502): [BootAnimation movie 874]clearReg.isEmpty,i=1,r=1326,j=0 ,frame.tid=100271
D/BootAnimation( 502): [BootAnimation movie 892]1,delay=40
D/BootAnimation( 502): [BootAnimation checkExit 714]exitnow=0
D/BootAnimation( 502): [BootAnimation movie 854]i=1,r=1327,j=0,lastFrame=737553 55545(73755 ms),file=ligo_00102.png
D/BootAnimation( 502): [BootAnimation movie 857]glBindTexture,i=1,r=1327,j=0,fr ame.tid=100271,name=ligo_00102.png
D/BootAnimation( 502): [BootAnimation movie 874]clearReg.isEmpty,i=1,r=1327,j=0 ,frame.tid=100271
D/BootAnimation( 502): [BootAnimation movie 892]1,delay=40
D/BootAnimation( 502): [BootAnimation checkExit 714]exitnow=0
D/BootAnimation( 502): [BootAnimation movie 854]i=1,r=1328,j=0,lastFrame=737972 42852(73797 ms),file=ligo_00102.png
D/BootAnimation( 502): [BootAnimation movie 857]glBindTexture,i=1,r=1328,j=0,fr ame.tid=100271,name=ligo_00102.png
D/BootAnimation( 502): [BootAnimation movie 874]clearReg.isEmpty,i=1,r=1328,j=0 ,frame.tid=100271
D/BootAnimation( 502): [BootAnimation movie 892]1,delay=40
D/BootAnimation( 502): [BootAnimation checkExit 714]exitnow=0
D/BootAnimation( 502): [BootAnimation movie 854]i=1,r=1329,j=0,lastFrame=738392 39852(73839 ms),file=ligo_00102.png
D/BootAnimation( 502): [BootAnimation movie 857]glBindTexture,i=1,r=1329,j=0,fr ame.tid=100271,name=ligo_00102.png
D/BootAnimation( 502): [BootAnimation movie 874]clearReg.isEmpty,i=1,r=1329,j=0 ,frame.tid=100271
D/BootAnimation( 502): [BootAnimation movie 892]1,delay=40
D/dalvikvm( 1322): GC_CONCURRENT freed 2782K (47034), 27% free 8549K/11684K, pau sed 1ms+2ms, total 51ms
D/dalvikvm( 1322): WAIT_FOR_CONCURRENT_GC blocked 42ms
D/BootAnimation( 502): [BootAnimation checkExit 714]exitnow=0
D/BootAnimation( 502): [BootAnimation movie 854]i=1,r=1330,j=0,lastFrame=738811 70545(73881 ms),file=ligo_00102.png
D/BootAnimation( 502): [BootAnimation movie 857]glBindTexture,i=1,r=1330,j=0,fr ame.tid=100271,name=ligo_00102.png
D/BootAnimation( 502): [BootAnimation movie 874]clearReg.isEmpty,i=1,r=1330,j=0 ,frame.tid=100271
D/BootAnimation( 502): [BootAnimation movie 892]1,delay=40
D/BootAnimation( 502): [BootAnimation checkExit 714]exitnow=0

D/BootAnimation( 502): [BootAnimation movie 854]i=1,r=1331,j=0,lastFrame=739230 94545(73923 ms),file=ligo_00102.png
D/BootAnimation( 502): [BootAnimation movie 857]glBindTexture,i=1,r=1331,j=0,fr ame.tid=100271,name=ligo_00102.png
D/BootAnimation( 502): [BootAnimation movie 874]clearReg.isEmpty,i=1,r=1331,j=0 ,frame.tid=100271
D/BootAnimation( 502): [BootAnimation movie 892]1,delay=40
D/dalvikvm( 1322): GC_FOR_ALLOC freed 1017K (4287), 27% free 8566K/11684K, pause d 39ms, total 39ms
D/BootAnimation( 502): [BootAnimation checkExit 714]exitnow=0
D/BootAnimation( 502): [BootAnimation movie 854]i=1,r=1332,j=0,lastFrame=739649 78775(73964 ms),file=ligo_00102.png
D/BootAnimation( 502): [BootAnimation movie 857]glBindTexture,i=1,r=1332,j=0,fr ame.tid=100271,name=ligo_00102.png
D/BootAnimation( 502): [BootAnimation movie 874]clearReg.isEmpty,i=1,r=1332,j=0 ,frame.tid=100271
D/BootAnimation( 502): [BootAnimation movie 892]1,delay=40
D/BootAnimation( 502): [BootAnimation checkExit 714]exitnow=0
D/BootAnimation( 502): [BootAnimation movie 854]i=1,r=1333,j=0,lastFrame=740069 61622(74006 ms),file=ligo_00102.png
D/BootAnimation( 502): [BootAnimation movie 857]glBindTexture,i=1,r=1333,j=0,fr ame.tid=100271,name=ligo_00102.png
D/BootAnimation( 502): [BootAnimation movie 874]clearReg.isEmpty,i=1,r=1333,j=0 ,frame.tid=100271
D/BootAnimation( 502): [BootAnimation movie 892]1,delay=40
D/dalvikvm( 1322): GC_FOR_ALLOC freed 1047K (4869), 27% free 8573K/11684K, pause d 39ms, total 39ms
D/BootAnimation( 502): [BootAnimation checkExit 714]exitnow=0
D/BootAnimation( 502): [BootAnimation movie 854]i=1,r=1334,j=0,lastFrame=740488 38775(74048 ms),file=ligo_00102.png
D/BootAnimation( 502): [BootAnimation movie 857]glBindTexture,i=1,r=1334,j=0,fr ame.tid=100271,name=ligo_00102.png
D/BootAnimation( 502): [BootAnimation movie 874]clearReg.isEmpty,i=1,r=1334,j=0 ,frame.tid=100271
D/BootAnimation( 502): [BootAnimation movie 892]1,delay=40
D/BootAnimation( 502): [BootAnimation checkExit 714]exitnow=0
D/BootAnimation( 502): [BootAnimation movie 854]i=1,r=1335,j=0,lastFrame=740907 98698(74090 ms),file=ligo_00102.png
D/BootAnimation( 502): [BootAnimation movie 857]glBindTexture,i=1,r=1335,j=0,fr ame.tid=100271,name=ligo_00102.png
D/BootAnimation( 502): [BootAnimation movie 874]clearReg.isEmpty,i=1,r=1335,j=0 ,frame.tid=100271
D/BootAnimation( 502): [BootAnimation movie 892]1,delay=40
D/dalvikvm( 1322): GC_FOR_ALLOC freed 1045K (4866), 27% free 8579K/11684K, pause d 40ms, total 40ms
D/BootAnimation( 502): [BootAnimation checkExit 714]exitnow=0
D/BootAnimation( 502): [BootAnimation movie 854]i=1,r=1336,j=0,lastFrame=741326 70545(74132 ms),file=ligo_00102.png
D/BootAnimation( 502): [BootAnimation movie 857]glBindTexture,i=1,r=1336,j=0,fr ame.tid=100271,name=ligo_00102.png
D/BootAnimation( 502): [BootAnimation movie 874]clearReg.isEmpty,i=1,r=1336,j=0 ,frame.tid=100271
I/SurfaceTextureClient( 502): [STC::queueBuffer] (this:0x41958680) fps:23.88, d ur:1005.09, max:42.56, min:41.15
I/BufferQueue( 134): [BootAnimation](this:0x4295e370,api:1) [queue] fps:23.88, dur:1004.89, max:42.43, min:41.23
D/BootAnimation( 502): [BootAnimation movie 892]1,delay=40
D/BootAnimation( 502): [BootAnimation checkExit 714]exitnow=0
D/BootAnimation( 502): [BootAnimation movie 854]i=1,r=1337,j=0,lastFrame=741746 73314(74174 ms),file=ligo_00102.png

D/BootAnimation( 502): [BootAnimation movie 857]glBindTexture,i=1,r=1337,j=0,fr ame.tid=100271,name=ligo_00102.png
D/BootAnimation( 502): [BootAnimation movie 874]clearReg.isEmpty,i=1,r=1337,j=0 ,frame.tid=100271
D/BootAnimation( 502): [BootAnimation movie 892]1,delay=40
D/dalvikvm( 1322): GC_FOR_ALLOC freed 1042K (4754), 27% free 8580K/11684K, pause d 40ms, total 40ms
D/BootAnimation( 502): [BootAnimation checkExit 714]exitnow=0
D/BootAnimation( 502): [BootAnimation movie 854]i=1,r=1338,j=0,lastFrame=742165 48391(74216 ms),file=ligo_00102.png
D/BootAnimation( 502): [BootAnimation movie 857]glBindTexture,i=1,r=1338,j=0,fr ame.tid=100271,name=ligo_00102.png
D/BootAnimation( 502): [BootAnimation movie 874]clearReg.isEmpty,i=1,r=1338,j=0 ,frame.tid=100271
D/BootAnimation( 502): [BootAnimation movie 892]1,delay=40
D/BootAnimation( 502): [BootAnimation checkExit 714]exitnow=0
D/BootAnimation( 502): [BootAnimation movie 854]i=1,r=1339,j=0,lastFrame=742584 89160(74258 ms),file=ligo_00102.png
D/BootAnimation( 502): [BootAnimation movie 857]glBindTexture,i=1,r=1339,j=0,fr ame.tid=100271,name=ligo_00102.png
D/BootAnimation( 502): [BootAnimation movie 874]clearReg.isEmpty,i=1,r=1339,j=0 ,frame.tid=100271
D/BootAnimation( 502): [BootAnimation movie 892]1,delay=40
D/dalvikvm( 1322): GC_FOR_ALLOC freed 1032K (4562), 27% free 8586K/11684K, pause d 40ms, total 40ms
D/BootAnimation( 502): [BootAnimation checkExit 714]exitnow=0
D/BootAnimation( 502): [BootAnimation movie 854]i=1,r=1340,j=0,lastFrame=743003 63929(74300 ms),file=ligo_00102.png
D/BootAnimation( 502): [BootAnimation movie 857]glBindTexture,i=1,r=1340,j=0,fr ame.tid=100271,name=ligo_00102.png
D/BootAnimation( 502): [BootAnimation movie 874]clearReg.isEmpty,i=1,r=1340,j=0 ,frame.tid=100271
D/BootAnimation( 502): [BootAnimation movie 892]1,delay=40
D/BootAnimation( 502): [BootAnimation checkExit 714]exitnow=0
D/BootAnimation( 502): [BootAnimation movie 854]i=1,r=1341,j=0,lastFrame=743422 85622(74342 ms),file=ligo_00102.png
D/BootAnimation( 502): [BootAnimation movie 857]glBindTexture,i=1,r=1341,j=0,fr ame.tid=100271,name=ligo_00102.png
D/BootAnimation( 502): [BootAnimation movie 874]clearReg.isEmpty,i=1,r=1341,j=0 ,frame.tid=100271
D/BootAnimation( 502): [BootAnimation movie 892]1,delay=40
D/dalvikvm( 1322): GC_FOR_ALLOC freed 1032K (4558), 27% free 8592K/11684K, pause d 40ms, total 40ms
D/BootAnimation( 502): [BootAnimation checkExit 714]exitnow=0
D/BootAnimation( 502): [BootAnimation movie 854]i=1,r=1342,j=0,lastFrame=743842 61160(74384 ms),file=ligo_00102.png
D/BootAnimation( 502): [BootAnimation movie 857]glBindTexture,i=1,r=1342,j=0,fr ame.tid=100271,name=ligo_00102.png
D/BootAnimation( 502): [BootAnimation movie 874]clearReg.isEmpty,i=1,r=1342,j=0 ,frame.tid=100271
D/BootAnimation( 502): [BootAnimation movie 892]1,delay=40
I/SurfaceFlinger( 134): [SurfaceFlinger] fps:23.624725,dur:1015.88,max:55.42,mi n:39.13
D/dalvikvm( 1322): GC_FOR_ALLOC freed 1031K (4558), 27% free 8598K/11684K, pause d 41ms, total 41ms
D/BootAnimation( 502): [BootAnimation checkExit 714]exitnow=0
D/BootAnimation( 502): [BootAnimation movie 854]i=1,r=1343,j=0,lastFrame=744261 30698(74426 ms),file=ligo_00102.png
D/BootAnimation( 502): [BootAnimation movie 857]glBindTexture,i=1,r=1343,j=0,fr ame.tid=100271,name=ligo_00102.png

D/BootAnimation( 502): [BootAnimation movie 874]clearReg.isEmpty,i=1,r=1343,j=0 ,frame.tid=100271
D/BootAnimation( 502): [BootAnimation movie 892]1,delay=40
D/BootAnimation( 502): [BootAnimation checkExit 714]exitnow=0
D/BootAnimation( 502): [BootAnimation movie 854]i=1,r=1344,j=0,lastFrame=744680 61237(74468 ms),file=ligo_00102.png
D/BootAnimation( 502): [BootAnimation movie 857]glBindTexture,i=1,r=1344,j=0,fr ame.tid=100271,name=ligo_00102.png
D/BootAnimation( 502): [BootAnimation movie 874]clearReg.isEmpty,i=1,r=1344,j=0 ,frame.tid=100271
D/BootAnimation( 502): [BootAnimation movie 892]1,delay=40
D/dalvikvm( 1322): GC_FOR_ALLOC freed 1025K (4520), 27% free 8608K/11684K, pause d 41ms, total 41ms
D/BootAnimation( 502): [BootAnimation checkExit 714]exitnow=0
D/BootAnimation( 502): [BootAnimation movie 854]i=1,r=1345,j=0,lastFrame=745099 37006(74509 ms),file=ligo_00102.png
D/BootAnimation( 502): [BootAnimation movie 857]glBindTexture,i=1,r=1345,j=0,fr ame.tid=100271,name=ligo_00102.png
D/BootAnimation( 502): [BootAnimation movie 874]clearReg.isEmpty,i=1,r=1345,j=0 ,frame.tid=100271
D/BootAnimation( 502): [BootAnimation movie 892]1,delay=40
D/BootAnimation( 502): [BootAnimation checkExit 714]exitnow=0
D/BootAnimation( 502): [BootAnimation movie 854]i=1,r=1346,j=0,lastFrame=745518 55929(74551 ms),file=ligo_00102.png
D/BootAnimation( 502): [BootAnimation movie 857]glBindTexture,i=1,r=1346,j=0,fr ame.tid=100271,name=ligo_00102.png
D/BootAnimation( 502): [BootAnimation movie 874]clearReg.isEmpty,i=1,r=1346,j=0 ,frame.tid=100271
D/BootAnimation( 502): [BootAnimation movie 892]1,delay=40
D/dalvikvm( 1322): GC_FOR_ALLOC freed 1021K (4517), 27% free 8615K/11684K, pause d 40ms, total 40ms
D/BootAnimation( 502): [BootAnimation checkExit 714]exitnow=0
D/BootAnimation( 502): [BootAnimation movie 854]i=1,r=1347,j=0,lastFrame=745937 19160(74593 ms),file=ligo_00102.png
D/BootAnimation( 502): [BootAnimation movie 857]glBindTexture,i=1,r=1347,j=0,fr ame.tid=100271,name=ligo_00102.png
D/BootAnimation( 502): [BootAnimation movie 874]clearReg.isEmpty,i=1,r=1347,j=0 ,frame.tid=100271
D/BootAnimation( 502): [BootAnimation movie 892]1,delay=40
D/BootAnimation( 502): [BootAnimation checkExit 714]exitnow=0
D/BootAnimation( 502): [BootAnimation movie 854]i=1,r=1348,j=0,lastFrame=746356 24391(74635 ms),file=ligo_00102.png
D/BootAnimation( 502): [BootAnimation movie 857]glBindTexture,i=1,r=1348,j=0,fr ame.tid=100271,name=ligo_00102.png
D/BootAnimation( 502): [BootAnimation movie 874]clearReg.isEmpty,i=1,r=1348,j=0 ,frame.tid=100271
D/BootAnimation( 502): [BootAnimation movie 892]1,delay=40
I/BufferQueue( 134): [BootAnimation](this:0x4295e370,api:1) [release] fps:23.62 , dur:1058.37, max:58.82, min:39.11
D/BootAnimation( 502): [BootAnimation checkExit 714]exitnow=0
D/BootAnimation( 502): [BootAnimation movie 854]i=1,r=1349,j=0,lastFrame=746775 10083(74677 ms),file=ligo_00102.png
D/BootAnimation( 502): [BootAnimation movie 857]glBindTexture,i=1,r=1349,j=0,fr ame.tid=100271,name=ligo_00102.png
D/BootAnimation( 502): [BootAnimation movie 874]clearReg.isEmpty,i=1,r=1349,j=0 ,frame.tid=100271
D/BootAnimation( 502): [BootAnimation movie 892]1,delay=40
D/BootAnimation( 502): [BootAnimation checkExit 714]exitnow=0
D/BootAnimation( 502): [BootAnimation movie 854]i=1,r=1350,j=0,lastFrame=747193 71698(74719 ms),file=ligo_00102.png

D/BootAnimation( 502): [BootAnimation movie 857]glBindTexture,i=1,r=1350,j=0,fr ame.tid=100271,name=ligo_00102.png
D/BootAnimation( 502): [BootAnimation movie 874]clearReg.isEmpty,i=1,r=1350,j=0 ,frame.tid=100271
D/BootAnimation( 502): [BootAnimation movie 892]1,delay=40
D/BootAnimation( 502): [BootAnimation checkExit 714]exitnow=0
D/BootAnimation( 502): [BootAnimation movie 854]i=1,r=1351,j=0,lastFrame=747612 25314(74761 ms),file=ligo_00102.png
D/BootAnimation( 502): [BootAnimation movie 857]glBindTexture,i=1,r=1351,j=0,fr ame.tid=100271,name=ligo_00102.png
D/BootAnimation( 502): [BootAnimation movie 874]clearReg.isEmpty,i=1,r=1351,j=0 ,frame.tid=100271
D/BootAnimation( 502): [BootAnimation movie 892]1,delay=40
W/PackageManager( 1322): Application package com.estrongs.android.pop already in stalled. Skipping duplicate.
D/PackageManager( 1322): scan package: /data/app/com.estrongs.android.pop-2.apk , end at: 74775ms. elapsed time = 1315ms.
D/PackageManager( 1322): scan package: /data/app/com.google.android.gms-2.apk , start at: 74775ms.
D/BootAnimation( 502): [BootAnimation checkExit 714]exitnow=0
D/BootAnimation( 502): [BootAnimation movie 854]i=1,r=1352,j=0,lastFrame=748030 74852(74803 ms),file=ligo_00102.png
D/BootAnimation( 502): [BootAnimation movie 857]glBindTexture,i=1,r=1352,j=0,fr ame.tid=100271,name=ligo_00102.png
D/BootAnimation( 502): [BootAnimation movie 874]clearReg.isEmpty,i=1,r=1352,j=0 ,frame.tid=100271
D/BootAnimation( 502): [BootAnimation movie 892]0,delay=40
D/BootAnimation( 502): [BootAnimation checkExit 714]exitnow=0
D/BootAnimation( 502): [BootAnimation movie 854]i=1,r=1353,j=0,lastFrame=748449 38775(74844 ms),file=ligo_00102.png
D/BootAnimation( 502): [BootAnimation movie 857]glBindTexture,i=1,r=1353,j=0,fr ame.tid=100271,name=ligo_00102.png
D/BootAnimation( 502): [BootAnimation movie 874]clearReg.isEmpty,i=1,r=1353,j=0 ,frame.tid=100271
D/BootAnimation( 502): [BootAnimation movie 892]0,delay=40
D/BootAnimation( 502): [BootAnimation checkExit 714]exitnow=0
D/BootAnimation( 502): [BootAnimation movie 854]i=1,r=1354,j=0,lastFrame=748868 39083(74886 ms),file=ligo_00102.png
D/BootAnimation( 502): [BootAnimation movie 857]glBindTexture,i=1,r=1354,j=0,fr ame.tid=100271,name=ligo_00102.png
D/BootAnimation( 502): [BootAnimation movie 874]clearReg.isEmpty,i=1,r=1354,j=0 ,frame.tid=100271
D/BootAnimation( 502): [BootAnimation movie 892]1,delay=40
I/PackageManager( 1322): Perform pre-dex opt for package: com.google.android.gms
D/dalvikvm( 1322): open_cached_dex_file : /data/app/com.google.android.gms-2.apk /data/dalvik-cache/data@app@com.google.android.gms-2.apk@classes.dex
D/BootAnimation( 502): [BootAnimation checkExit 714]exitnow=0
D/BootAnimation( 502): [BootAnimation movie 854]i=1,r=1355,j=0,lastFrame=749286 95237(74928 ms),file=ligo_00102.png
D/BootAnimation( 502): [BootAnimation movie 857]glBindTexture,i=1,r=1355,j=0,fr ame.tid=100271,name=ligo_00102.png
D/BootAnimation( 502): [BootAnimation movie 874]clearReg.isEmpty,i=1,r=1355,j=0 ,frame.tid=100271
D/BootAnimation( 502): [BootAnimation movie 892]0,delay=40
D/PackageManager( 1322): scan package: /data/app/com.google.android.gms-2.apk , end at: 74932ms. elapsed time = 157ms.
D/PackageManager( 1322): scan package: /data/app/com.google.android.googlequicks earchbox-2.apk , start at: 74932ms.
D/BootAnimation( 502): [BootAnimation checkExit 714]exitnow=0
D/BootAnimation( 502): [BootAnimation movie 854]i=1,r=1356,j=0,lastFrame=749705

53083(74970 ms),file=ligo_00102.png
D/BootAnimation( 502): [BootAnimation movie 857]glBindTexture,i=1,r=1356,j=0,fr ame.tid=100271,name=ligo_00102.png
D/BootAnimation( 502): [BootAnimation movie 874]clearReg.isEmpty,i=1,r=1356,j=0 ,frame.tid=100271
D/BootAnimation( 502): [BootAnimation movie 892]1,delay=40
D/BootAnimation( 502): [BootAnimation checkExit 714]exitnow=0
D/BootAnimation( 502): [BootAnimation movie 854]i=1,r=1357,j=0,lastFrame=750124 05852(75012 ms),file=ligo_00102.png
D/BootAnimation( 502): [BootAnimation movie 857]glBindTexture,i=1,r=1357,j=0,fr ame.tid=100271,name=ligo_00102.png
D/BootAnimation( 502): [BootAnimation movie 874]clearReg.isEmpty,i=1,r=1357,j=0 ,frame.tid=100271
D/BootAnimation( 502): [BootAnimation movie 892]0,delay=40
D/BootAnimation( 502): [BootAnimation checkExit 714]exitnow=0
D/BootAnimation( 502): [BootAnimation movie 854]i=1,r=1358,j=0,lastFrame=750543 31314(75054 ms),file=ligo_00102.png
D/BootAnimation( 502): [BootAnimation movie 857]glBindTexture,i=1,r=1358,j=0,fr ame.tid=100271,name=ligo_00102.png
D/BootAnimation( 502): [BootAnimation movie 874]clearReg.isEmpty,i=1,r=1358,j=0 ,frame.tid=100271
D/BootAnimation( 502): [BootAnimation movie 892]1,delay=40
D/BootAnimation( 502): [BootAnimation checkExit 714]exitnow=0
D/BootAnimation( 502): [BootAnimation movie 854]i=1,r=1359,j=0,lastFrame=750962 12468(75096 ms),file=ligo_00102.png
D/BootAnimation( 502): [BootAnimation movie 857]glBindTexture,i=1,r=1359,j=0,fr ame.tid=100271,name=ligo_00102.png
D/BootAnimation( 502): [BootAnimation movie 874]clearReg.isEmpty,i=1,r=1359,j=0 ,frame.tid=100271
D/BootAnimation( 502): [BootAnimation movie 892]1,delay=40
D/BootAnimation( 502): [BootAnimation checkExit 714]exitnow=0
D/BootAnimation( 502): [BootAnimation movie 854]i=1,r=1360,j=0,lastFrame=751390 75314(75139 ms),file=ligo_00102.png
D/BootAnimation( 502): [BootAnimation movie 857]glBindTexture,i=1,r=1360,j=0,fr ame.tid=100271,name=ligo_00102.png
D/BootAnimation( 502): [BootAnimation movie 874]clearReg.isEmpty,i=1,r=1360,j=0 ,frame.tid=100271
I/SurfaceTextureClient( 502): [STC::queueBuffer] (this:0x41958680) fps:23.85, d ur:1006.44, max:42.78, min:41.34
I/BufferQueue( 134): [BootAnimation](this:0x4295e370,api:1) [queue] fps:23.85, dur:1006.43, max:42.70, min:41.40
D/BootAnimation( 502): [BootAnimation movie 892]1,delay=40
D/BootAnimation( 502): [BootAnimation checkExit 714]exitnow=0
D/BootAnimation( 502): [BootAnimation movie 854]i=1,r=1361,j=0,lastFrame=751809 59468(75180 ms),file=ligo_00102.png
D/BootAnimation( 502): [BootAnimation movie 857]glBindTexture,i=1,r=1361,j=0,fr ame.tid=100271,name=ligo_00102.png
D/BootAnimation( 502): [BootAnimation movie 874]clearReg.isEmpty,i=1,r=1361,j=0 ,frame.tid=100271
D/BootAnimation( 502): [BootAnimation movie 892]0,delay=40
D/BootAnimation( 502): [BootAnimation checkExit 714]exitnow=0
D/BootAnimation( 502): [BootAnimation movie 854]i=1,r=1362,j=0,lastFrame=752228 41468(75222 ms),file=ligo_00102.png
D/BootAnimation( 502): [BootAnimation movie 857]glBindTexture,i=1,r=1362,j=0,fr ame.tid=100271,name=ligo_00102.png
D/BootAnimation( 502): [BootAnimation movie 874]clearReg.isEmpty,i=1,r=1362,j=0 ,frame.tid=100271
D/BootAnimation( 502): [BootAnimation movie 892]1,delay=40
D/BootAnimation( 502): [BootAnimation checkExit 714]exitnow=0
D/BootAnimation( 502): [BootAnimation movie 854]i=1,r=1363,j=0,lastFrame=752647

17160(75264 ms),file=ligo_00102.png
D/BootAnimation( 502): [BootAnimation movie 857]glBindTexture,i=1,r=1363,j=0,fr ame.tid=100271,name=ligo_00102.png
D/BootAnimation( 502): [BootAnimation movie 874]clearReg.isEmpty,i=1,r=1363,j=0 ,frame.tid=100271
D/BootAnimation( 502): [BootAnimation movie 892]1,delay=40
I/PackageManager( 1322): Perform pre-dex opt for package: com.google.android.goo glequicksearchbox
D/dalvikvm( 1322): open_cached_dex_file : /data/app/com.google.android.googlequi cksearchbox-2.apk /data/dalvik-cache/data@app@com.google.android.googlequicksear chbox-2.apk@classes.dex
D/PackageManager( 1322): scan package: /data/app/com.google.android.googlequicks earchbox-2.apk , end at: 75288ms. elapsed time = 356ms.
D/PackageManager( 1322): scan package: /data/app/com.jrummy.root.browserfree-1.a pk , start at: 75289ms.
D/BootAnimation( 502): [BootAnimation checkExit 714]exitnow=0
D/BootAnimation( 502): [BootAnimation movie 854]i=1,r=1364,j=0,lastFrame=753065 94006(75306 ms),file=ligo_00102.png
D/BootAnimation( 502): [BootAnimation movie 857]glBindTexture,i=1,r=1364,j=0,fr ame.tid=100271,name=ligo_00102.png
D/BootAnimation( 502): [BootAnimation movie 874]clearReg.isEmpty,i=1,r=1364,j=0 ,frame.tid=100271
D/BootAnimation( 502): [BootAnimation movie 892]0,delay=40
I/PackageManager( 1322): Perform pre-dex opt for package: com.jrummy.root.browse rfree
D/dalvikvm( 1322): open_cached_dex_file : /data/app/com.jrummy.root.browserfree1.apk /data/dalvik-cache/data@app@com.jrummy.root.browserfree-1.apk@classes.dex
D/PackageManager( 1322): scan package: /data/app/com.jrummy.root.browserfree-1.a pk , end at: 75320ms. elapsed time = 31ms.
D/PackageManager( 1322): scan package: /data/app/com.mobileuncle.toolbox-2.apk , start at: 75320ms.
I/PackageManager( 1322): Perform pre-dex opt for package: com.mobileuncle.toolbo x
D/dalvikvm( 1322): open_cached_dex_file : /data/app/com.mobileuncle.toolbox-2.ap k /data/dalvik-cache/data@app@com.mobileuncle.toolbox-2.apk@classes.dex
I/PackageSettings( 1322): Stopping package com.mobileuncle.toolbox
I/PackageSettings( 1322): java.lang.RuntimeException: here
I/PackageSettings( 1322): at com.android.server.pm.Settings.setPackageStop pedStateLPw(Settings.java:2478)
I/PackageSettings( 1322): at com.android.server.pm.ExtraPackageManagerServ ices.blockAutoStartedAppInternal(ExtraPackageManagerServices.java:249)
I/PackageSettings( 1322): at com.android.server.pm.ExtraPackageManagerServ ices.blockAutoStartedApp(ExtraPackageManagerServices.java:255)
I/PackageSettings( 1322): at com.android.server.pm.PackageManagerService.s canPackageLI(PackageManagerService.java:4487)
I/PackageSettings( 1322): at com.android.server.pm.PackageManagerService.s canPackageLI(PackageManagerService.java:3580)
I/PackageSettings( 1322): at com.android.server.pm.PackageManagerService.s canDirLI(PackageManagerService.java:3315)
I/PackageSettings( 1322): at com.android.server.pm.PackageManagerService.< init>(PackageManagerService.java:1345)
I/PackageSettings( 1322): at com.android.server.pm.PackageManagerService.m ain(PackageManagerService.java:956)
I/PackageSettings( 1322): at com.android.server.ServerThread.run(SystemSer ver.java:334)
D/PackageManager( 1322): scan package: /data/app/com.mobileuncle.toolbox-2.apk , end at: 75335ms. elapsed time = 15ms.
D/PackageManager( 1322): scan package: /data/app/com.mxtech.videoplayer.ad-1.apk , start at: 75335ms.
