I/SensorService( 664): BMM050 3-axis Magnetic Field sensor
I/sysproc ( 664): System server: starting Android runtime.
I/sysproc ( 664): System server: starting Android services.
I/SystemServer( 664): Entered the Android system server!
D/dalvikvm( 664): threadid=11: interp stack at 0x5d997000
D/dalvikvm( 664): create interp thread : stack size=32KB
D/SensorService( 664): nuSensorService thread starting...
D/dalvikvm( 664): create new thread
D/dalvikvm( 664): new thread created
D/dalvikvm( 664): threadid=12: interp stack at 0x5d99f000
D/dalvikvm( 664): threadid=12: created from interp
D/dalvikvm( 664): update thread list
D/dalvikvm( 664): start new thread
D/dalvikvm( 664): threadid=12: notify debugger
D/dalvikvm( 664): threadid=12 (java.lang.ProcessManager): calling run()
D/BootAnimation( 502): [BootAnimation checkExit 714]exitnow=0
D/BootAnimation( 502): [BootAnimation movie 854]i=1,r=175,j=0,lastFrame=2253150 2619(22531 ms),file=ligo_00102.png
D/BootAnimation( 502): [BootAnimation movie 857]glBindTexture,i=1,r=175,j=0,fra me.tid=100271,name=ligo_00102.png
D/BootAnimation( 502): [BootAnimation movie 874]clearReg.isEmpty,i=1,r=175,j=0, frame.tid=100271
D/BootAnimation( 502): [BootAnimation movie 892]1,delay=39
D/dalvikvm( 664): threadid=13: interp stack at 0x5dba7000
D/BootAnimation( 502): [BootAnimation checkExit 714]exitnow=0
D/BootAnimation( 502): [BootAnimation movie 854]i=1,r=176,j=0,lastFrame=2257347 5695(22573 ms),file=ligo_00102.png
D/BootAnimation( 502): [BootAnimation movie 857]glBindTexture,i=1,r=176,j=0,fra me.tid=100271,name=ligo_00102.png
D/BootAnimation( 502): [BootAnimation movie 874]clearReg.isEmpty,i=1,r=176,j=0, frame.tid=100271
D/BootAnimation( 502): [BootAnimation movie 892]2,delay=39
D/BootAnimation( 502): [BootAnimation checkExit 714]exitnow=0
D/BootAnimation( 502): [BootAnimation movie 854]i=1,r=177,j=0,lastFrame=2261536 2619(22615 ms),file=ligo_00102.png
D/BootAnimation( 502): [BootAnimation movie 857]glBindTexture,i=1,r=177,j=0,fra me.tid=100271,name=ligo_00102.png
D/BootAnimation( 502): [BootAnimation movie 874]clearReg.isEmpty,i=1,r=177,j=0,

frame.tid=100271
D/BootAnimation( 502): [BootAnimation movie 892]1,delay=40
D/BootAnimation( 502): [BootAnimation checkExit 714]exitnow=0
D/BootAnimation( 502): [BootAnimation movie 854]i=1,r=178,j=0,lastFrame=2265727 5234(22657 ms),file=ligo_00102.png
D/BootAnimation( 502): [BootAnimation movie 857]glBindTexture,i=1,r=178,j=0,fra me.tid=100271,name=ligo_00102.png
D/BootAnimation( 502): [BootAnimation movie 874]clearReg.isEmpty,i=1,r=178,j=0, frame.tid=100271
D/BootAnimation( 502): [BootAnimation movie 892]1,delay=40
D/dalvikvm( 664): create interp thread : stack size=32KB
D/dalvikvm( 664): create new thread
D/dalvikvm( 664): new thread created
D/dalvikvm( 664): threadid=14: interp stack at 0x5dbc2000
D/dalvikvm( 664): threadid=14: created from interp
D/dalvikvm( 664): update thread list
D/dalvikvm( 664): start new thread
I/sysproc ( 664): System server: entering thread pool.
D/dalvikvm( 664): threadid=14: notify debugger
D/dalvikvm( 664): threadid=14 (android.server.ServerThread): calling run()
D/BootAnimation( 502): [BootAnimation checkExit 714]exitnow=0
D/BootAnimation( 502): [BootAnimation movie 854]i=1,r=179,j=0,lastFrame=2269920 2695(22699 ms),file=ligo_00102.png
D/BootAnimation( 502): [BootAnimation movie 857]glBindTexture,i=1,r=179,j=0,fra me.tid=100271,name=ligo_00102.png
D/BootAnimation( 502): [BootAnimation movie 874]clearReg.isEmpty,i=1,r=179,j=0, frame.tid=100271
D/BootAnimation( 502): [BootAnimation movie 892]1,delay=40
D/dalvikvm( 664): create interp thread : stack size=32KB
D/dalvikvm( 664): create new thread
D/dalvikvm( 664): new thread created
D/dalvikvm( 664): update thread list
D/dalvikvm( 664): threadid=15: interp stack at 0x5dcca000
D/dalvikvm( 664): threadid=15: created from interp
D/dalvikvm( 664): start new thread
D/dalvikvm( 664): threadid=15: notify debugger
D/dalvikvm( 664): threadid=15 (UI): calling run()
D/dalvikvm( 664): create interp thread : stack size=32KB
D/dalvikvm( 664): create new thread
D/dalvikvm( 664): new thread created
D/dalvikvm( 664): threadid=16: interp stack at 0x5ddd2000
D/dalvikvm( 664): threadid=16: created from interp
D/dalvikvm( 664): update thread list
D/dalvikvm( 664): start new thread
D/dalvikvm( 664): threadid=16: notify debugger
D/dalvikvm( 664): threadid=16 (WindowManager): calling run()
I/SystemServer( 664): Waiting for installd to be ready.
I/Installer( 664): connecting...
I/installd( 143): new connection
I/SystemServer( 664): Entropy Mixer
D/BootAnimation( 502): [BootAnimation checkExit 714]exitnow=0
D/BootAnimation( 502): [BootAnimation movie 854]i=1,r=180,j=0,lastFrame=2274108 9003(22741 ms),file=ligo_00102.png
D/BootAnimation( 502): [BootAnimation movie 857]glBindTexture,i=1,r=180,j=0,fra me.tid=100271,name=ligo_00102.png
D/BootAnimation( 502): [BootAnimation movie 874]clearReg.isEmpty,i=1,r=180,j=0, frame.tid=100271
D/BootAnimation( 502): [BootAnimation movie 892]0,delay=40
I/SystemServer( 664): Power Manager
D/MediatekClassFactory( 664): createInstance(): Begin = 22748

D/MediatekClassFactory( 664): create Instance with : interface com.mediatek.co mmon.hdmi.IHDMINative
D/MediatekClassFactory( 664): create Instance from mediatek-framework library : com.mediatek.hdmi.HDMINative
W/hdmi ( 664): load libhdminative_jni.so
D/MediatekClassFactory( 664): createInstance(): End = 22750
D/MediatekClassFactory( 664): createInstance(): Begin = 22750
D/MediatekClassFactory( 664): create Instance with : interface com.mediatek.co mmon.tvout.ITVOUTNative
D/MediatekClassFactory( 664): create Instance from mediatek-framework library : com.mediatek.tvout.TVOUTNative
D/TV/JAV ( 664): com.mediatek.TvOut
D/TV/JAV ( 664): load libtvoutjni.so
D/MediatekClassFactory( 664): createInstance(): End = 22752
I/SystemServer( 664): Activity Manager
D/BootAnimation( 502): [BootAnimation checkExit 714]exitnow=0
D/BootAnimation( 502): [BootAnimation movie 854]i=1,r=181,j=0,lastFrame=2278296 8157(22782 ms),file=ligo_00102.png
D/BootAnimation( 502): [BootAnimation movie 857]glBindTexture,i=1,r=181,j=0,fra me.tid=100271,name=ligo_00102.png
D/BootAnimation( 502): [BootAnimation movie 874]clearReg.isEmpty,i=1,r=181,j=0, frame.tid=100271
D/BootAnimation( 502): [BootAnimation movie 892]1,delay=40
I/dalvikvm( 664): Could not find method com.vladium.emma.rt.RT.resetCoverageDat a, referenced from method com.android.server.am.ActivityManagerService.dump
W/dalvikvm( 664): VFY: unable to resolve static method 12353: Lcom/vladium/emma /rt/RT;.resetCoverageData ()V
D/dalvikvm( 664): VFY: replacing opcode 0x71 at 0x01d2
I/dalvikvm( 664): Could not find method com.vladium.emma.rt.RT.dumpCoverageData , referenced from method com.android.server.am.ActivityManagerService.dump
W/dalvikvm( 664): VFY: unable to resolve static method 12352: Lcom/vladium/emma /rt/RT;.dumpCoverageData (Ljava/io/File;Z)V
D/dalvikvm( 664): VFY: replacing opcode 0x71 at 0x01e9
D/BootAnimation( 502): [BootAnimation checkExit 714]exitnow=0
D/BootAnimation( 502): [BootAnimation movie 854]i=1,r=182,j=0,lastFrame=2282481 6772(22824 ms),file=ligo_00102.png
D/BootAnimation( 502): [BootAnimation movie 857]glBindTexture,i=1,r=182,j=0,fra me.tid=100271,name=ligo_00102.png
D/BootAnimation( 502): [BootAnimation movie 874]clearReg.isEmpty,i=1,r=182,j=0, frame.tid=100271
D/BootAnimation( 502): [BootAnimation movie 892]1,delay=40
D/BootAnimation( 502): [BootAnimation checkExit 714]exitnow=0
D/BootAnimation( 502): [BootAnimation movie 854]i=1,r=183,j=0,lastFrame=2286670 5311(22866 ms),file=ligo_00102.png
D/BootAnimation( 502): [BootAnimation movie 857]glBindTexture,i=1,r=183,j=0,fra me.tid=100271,name=ligo_00102.png
D/BootAnimation( 502): [BootAnimation movie 874]clearReg.isEmpty,i=1,r=183,j=0, frame.tid=100271
D/BootAnimation( 502): [BootAnimation movie 892]1,delay=40
D/dalvikvm( 664): create interp thread : stack size=32KB
D/dalvikvm( 664): create new thread
D/dalvikvm( 664): new thread created
D/dalvikvm( 664): update thread list
D/dalvikvm( 664): threadid=17: interp stack at 0x5df12000
D/dalvikvm( 664): threadid=17: created from interp
D/dalvikvm( 664): start new thread
D/dalvikvm( 664): threadid=17: notify debugger
D/dalvikvm( 664): threadid=17 (ActivityManager): calling run()
I/ActivityManager( 664): Memory class: 128
D/BootAnimation( 502): [BootAnimation checkExit 714]exitnow=0

D/BootAnimation( 502): [BootAnimation movie 854]i=1,r=184,j=0,lastFrame=2290861 8772(22908 ms),file=ligo_00102.png
D/BootAnimation( 502): [BootAnimation movie 857]glBindTexture,i=1,r=184,j=0,fra me.tid=100271,name=ligo_00102.png
D/BootAnimation( 502): [BootAnimation movie 874]clearReg.isEmpty,i=1,r=184,j=0, frame.tid=100271
D/BootAnimation( 502): [BootAnimation movie 892]1,delay=40
D/MediatekClassFactory( 664): createInstance(): Begin = 22933
D/MediatekClassFactory( 664): create Instance with : interface com.mediatek.co mmon.aee.IExceptionLog
D/MediatekClassFactory( 664): create Instance from mediatek-framework library : com.mediatek.exceptionlog.ExceptionLog
I/AES ( 664): load Exception Log jni
D/MediatekClassFactory( 664): createInstance(): End = 22935
D/BootAnimation( 502): [BootAnimation checkExit 714]exitnow=0
D/BootAnimation( 502): [BootAnimation movie 854]i=1,r=185,j=0,lastFrame=2295048 6157(22950 ms),file=ligo_00102.png
D/BootAnimation( 502): [BootAnimation movie 857]glBindTexture,i=1,r=185,j=0,fra me.tid=100271,name=ligo_00102.png
D/BootAnimation( 502): [BootAnimation movie 874]clearReg.isEmpty,i=1,r=185,j=0, frame.tid=100271
D/BootAnimation( 502): [BootAnimation movie 892]1,delay=40
I/BufferQueue( 134): [BootAnimation](this:0x4295e370,api:1) [release] fps:24.07 , dur:1038.69, max:58.80, min:39.03
W/BatteryStatsImpl( 664): Couldn't get kernel wake lock stats
D/dalvikvm( 664): create interp thread : stack size=32KB
D/dalvikvm( 664): create new thread
D/dalvikvm( 664): new thread created
D/dalvikvm( 664): threadid=18: interp stack at 0x5e01d000
D/dalvikvm( 664): threadid=18: created from interp
D/dalvikvm( 664): update thread list
D/dalvikvm( 664): start new thread
D/dalvikvm( 664): threadid=18: notify debugger
D/dalvikvm( 664): threadid=18 (BatteryStats-Write): calling run()
D/BootAnimation( 502): [BootAnimation checkExit 714]exitnow=0
D/BootAnimation( 502): [BootAnimation movie 854]i=1,r=186,j=0,lastFrame=2299233 8003(22992 ms),file=ligo_00102.png
D/BootAnimation( 502): [BootAnimation movie 857]glBindTexture,i=1,r=186,j=0,fra me.tid=100271,name=ligo_00102.png
D/BootAnimation( 502): [BootAnimation movie 874]clearReg.isEmpty,i=1,r=186,j=0, frame.tid=100271
D/BootAnimation( 502): [BootAnimation movie 892]1,delay=40
D/dalvikvm( 664): threadid=18: exiting
D/dalvikvm( 664): threadid=18: bye!
D/BootAnimation( 502): [BootAnimation checkExit 714]exitnow=0
D/BootAnimation( 502): [BootAnimation movie 854]i=1,r=187,j=0,lastFrame=2303421 5542(23034 ms),file=ligo_00102.png
D/BootAnimation( 502): [BootAnimation movie 857]glBindTexture,i=1,r=187,j=0,fra me.tid=100271,name=ligo_00102.png
D/BootAnimation( 502): [BootAnimation movie 874]clearReg.isEmpty,i=1,r=187,j=0, frame.tid=100271
D/BootAnimation( 502): [BootAnimation movie 892]1,delay=40
D/dalvikvm( 664): create interp thread : stack size=32KB
D/dalvikvm( 664): create new thread
D/dalvikvm( 664): new thread created
D/dalvikvm( 664): threadid=18: interp stack at 0x5e01d000
D/dalvikvm( 664): threadid=18: created from interp
D/dalvikvm( 664): update thread list
D/dalvikvm( 664): start new thread
D/dalvikvm( 664): threadid=18: notify debugger

D/dalvikvm( 664): threadid=18 (ProcessStats): calling run()
D/BootAnimation( 502): [BootAnimation checkExit 714]exitnow=0
D/BootAnimation( 502): [BootAnimation movie 854]i=1,r=188,j=0,lastFrame=2307609 8157(23076 ms),file=ligo_00102.png
D/BootAnimation( 502): [BootAnimation movie 857]glBindTexture,i=1,r=188,j=0,fra me.tid=100271,name=ligo_00102.png
D/BootAnimation( 502): [BootAnimation movie 874]clearReg.isEmpty,i=1,r=188,j=0, frame.tid=100271
D/BootAnimation( 502): [BootAnimation movie 892]1,delay=40
E/dalvikvm( 664): Could not find class 'android.app.ANRManagerProxy', reference d from method android.app.ANRManagerNative.asInterface
W/dalvikvm( 664): VFY: unable to resolve new-instance 41 (Landroid/app/ANRManag erProxy;) in Landroid/app/ANRManagerNative;
D/dalvikvm( 664): VFY: replacing opcode 0x22 at 0x000e
D/dalvikvm( 664): DexOpt: unable to opt direct call 0x0084 at 0x10 in Landroid/ app/ANRManagerNative;.asInterface
D/dalvikvm( 664): create interp thread : stack size=32KB
D/dalvikvm( 664): create new thread
D/dalvikvm( 664): new thread created
D/dalvikvm( 664): update thread list
D/dalvikvm( 664): threadid=19: interp stack at 0x5e139000
D/dalvikvm( 664): threadid=19: created from interp
D/dalvikvm( 664): start new thread
D/dalvikvm( 664): threadid=19: notify debugger
D/dalvikvm( 664): threadid=19 (AnrMonitorThread): calling run()
D/BootAnimation( 502): [BootAnimation checkExit 714]exitnow=0
D/BootAnimation( 502): [BootAnimation movie 854]i=1,r=189,j=0,lastFrame=2311797 7311(23117 ms),file=ligo_00102.png
D/BootAnimation( 502): [BootAnimation movie 857]glBindTexture,i=1,r=189,j=0,fra me.tid=100271,name=ligo_00102.png
D/BootAnimation( 502): [BootAnimation movie 874]clearReg.isEmpty,i=1,r=189,j=0, frame.tid=100271
D/BootAnimation( 502): [BootAnimation movie 892]1,delay=40
I/ANRManager( 664): prepareStackTraceFile: /data/anr/mtk_traces.txt
I/ANRManager( 664): prepareStackTraceFile: /data/anr/traces.txt
I/ANRManager( 664): prepareStackTraceFile: data/anr/native1.txt
I/ANRManager( 664): prepareStackTraceFile: data/anr/native2.txt
I/ANRManager( 664): prepareStackTraceFile: data/anr/native3.txt
I/SystemServer( 664): Display Manager
I/SystemServer( 664): Telephony Registry Phone1
I/SurfaceFlinger( 134): EventThread Client Pid (664) created
I/DisplayManagerService( 664): Display device added: DisplayDeviceInfo{" 80, 480.0 x 480.0 dpi, touch INTERNAL, FLAG_DEFAULT_DISPLAY, FLAG_ROTATES_WITH_C ONTENT, FLAG_SECURE, FLAG_SUPPORTS_PROTECTED_BUFFERS, rotation 0, type BUILT_IN, address null}
I/SystemServer( 664): Telephony Registry Phone2
I/SystemServer( 664): Scheduling Policy
I/SystemServer( 664): Package Manager
D/BootAnimation( 502): [BootAnimation checkExit 714]exitnow=0
D/BootAnimation( 502): [BootAnimation movie 854]i=1,r=190,j=0,lastFrame=2315985 9542(23159 ms),file=ligo_00102.png
D/BootAnimation( 502): [BootAnimation movie 857]glBindTexture,i=1,r=190,j=0,fra me.tid=100271,name=ligo_00102.png
D/BootAnimation( 502): [BootAnimation movie 874]clearReg.isEmpty,i=1,r=190,j=0, frame.tid=100271
D/BootAnimation( 502): [BootAnimation movie 892]1,delay=40
D/BootAnimation( 502): [BootAnimation checkExit 714]exitnow=0
D/BootAnimation( 502): [BootAnimation movie 854]i=1,r=191,j=0,lastFrame=2320175 2234(23201 ms),file=ligo_00102.png
D/BootAnimation( 502): [BootAnimation movie 857]glBindTexture,i=1,r=191,j=0,fra

me.tid=100271,name=ligo_00102.png
D/BootAnimation( 502): [BootAnimation movie 874]clearReg.isEmpty,i=1,r=191,j=0, frame.tid=100271
D/BootAnimation( 502): [BootAnimation movie 892]1,delay=40
D/dalvikvm( 664): create interp thread : stack size=32KB
D/dalvikvm( 664): create new thread
D/dalvikvm( 664): new thread created
D/dalvikvm( 664): update thread list
D/dalvikvm( 664): threadid=20: interp stack at 0x5e26c000
D/dalvikvm( 664): threadid=20: created from interp
D/dalvikvm( 664): start new thread
D/dalvikvm( 664): threadid=20: notify debugger
D/dalvikvm( 664): threadid=20 (PackageManager): calling run()
D/BootAnimation( 502): [BootAnimation checkExit 714]exitnow=0
D/BootAnimation( 502): [BootAnimation movie 854]i=1,r=192,j=0,lastFrame=2324362 2849(23243 ms),file=ligo_00102.png
D/BootAnimation( 502): [BootAnimation movie 857]glBindTexture,i=1,r=192,j=0,fra me.tid=100271,name=ligo_00102.png
D/BootAnimation( 502): [BootAnimation movie 874]clearReg.isEmpty,i=1,r=192,j=0, frame.tid=100271
D/BootAnimation( 502): [BootAnimation movie 892]1,delay=40
I/SurfaceFlinger( 134): [SurfaceFlinger] fps:23.905945,dur:1003.93,max:55.28,mi n:39.16
D/BootAnimation( 502): [BootAnimation checkExit 714]exitnow=0
D/BootAnimation( 502): [BootAnimation movie 854]i=1,r=193,j=0,lastFrame=2328547 9542(23285 ms),file=ligo_00102.png
D/BootAnimation( 502): [BootAnimation movie 857]glBindTexture,i=1,r=193,j=0,fra me.tid=100271,name=ligo_00102.png
D/BootAnimation( 502): [BootAnimation movie 874]clearReg.isEmpty,i=1,r=193,j=0, frame.tid=100271
I/SurfaceTextureClient( 502): [STC::queueBuffer] (this:0x41958680) fps:23.88, d ur:1005.19, max:42.28, min:41.42
I/BufferQueue( 134): [BootAnimation](this:0x4295e370,api:1) [queue] fps:23.88, dur:1005.16, max:42.30, min:41.26
D/BootAnimation( 502): [BootAnimation movie 892]1,delay=40
D/dalvikvm( 664): GC_CONCURRENT freed 1243K (8821), 24% free 5189K/6788K, pause d 1ms+2ms, total 18ms
D/dalvikvm( 664): WAIT_FOR_CONCURRENT_GC blocked 12ms
D/BootAnimation( 502): [BootAnimation checkExit 714]exitnow=0
D/BootAnimation( 502): [BootAnimation movie 854]i=1,r=194,j=0,lastFrame=2332733 0926(23327 ms),file=ligo_00102.png
D/BootAnimation( 502): [BootAnimation movie 857]glBindTexture,i=1,r=194,j=0,fra me.tid=100271,name=ligo_00102.png
D/BootAnimation( 502): [BootAnimation movie 874]clearReg.isEmpty,i=1,r=194,j=0, frame.tid=100271
D/BootAnimation( 502): [BootAnimation movie 892]1,delay=40
W/PackageManager( 664): Got execption parsing permissions.
W/PackageManager( 664): org.xmlpull.v1.XmlPullParserException: Unexpected start tag: found MediaCodecs, expected permissions
W/PackageManager( 664): at com.android.internal.util.XmlUtils.beginDocum ent(XmlUtils.java:878)
W/PackageManager( 664): at com.android.server.pm.PackageManagerService.r eadPermissionsFromXml(PackageManagerService.java:1567)
W/PackageManager( 664): at com.android.server.pm.PackageManagerService.r eadPermissions(PackageManagerService.java:1545)
W/PackageManager( 664): at com.android.server.pm.PackageManagerService.< init>(PackageManagerService.java:1072)
W/PackageManager( 664): at com.android.server.pm.PackageManagerService.m ain(PackageManagerService.java:956)
W/PackageManager( 664): at com.android.server.ServerThread.run(SystemSer

ver.java:334)
D/BootAnimation( 502): [BootAnimation checkExit 714]exitnow=0
D/BootAnimation( 502): [BootAnimation movie 854]i=1,r=195,j=0,lastFrame=2336918 7003(23369 ms),file=ligo_00102.png
D/BootAnimation( 502): [BootAnimation movie 857]glBindTexture,i=1,r=195,j=0,fra me.tid=100271,name=ligo_00102.png
D/BootAnimation( 502): [BootAnimation movie 874]clearReg.isEmpty,i=1,r=195,j=0, frame.tid=100271
D/BootAnimation( 502): [BootAnimation movie 892]1,delay=40
D/BootAnimation( 502): [BootAnimation checkExit 714]exitnow=0
D/BootAnimation( 502): [BootAnimation movie 854]i=1,r=196,j=0,lastFrame=2341103 5003(23411 ms),file=ligo_00102.png
D/BootAnimation( 502): [BootAnimation movie 857]glBindTexture,i=1,r=196,j=0,fra me.tid=100271,name=ligo_00102.png
D/BootAnimation( 502): [BootAnimation movie 874]clearReg.isEmpty,i=1,r=196,j=0, frame.tid=100271
D/BootAnimation( 502): [BootAnimation movie 892]0,delay=40
D/BootAnimation( 502): [BootAnimation checkExit 714]exitnow=0
D/BootAnimation( 502): [BootAnimation movie 854]i=1,r=197,j=0,lastFrame=2345288 1311(23452 ms),file=ligo_00102.png
D/BootAnimation( 502): [BootAnimation movie 857]glBindTexture,i=1,r=197,j=0,fra me.tid=100271,name=ligo_00102.png
D/BootAnimation( 502): [BootAnimation movie 874]clearReg.isEmpty,i=1,r=197,j=0, frame.tid=100271
D/BootAnimation( 502): [BootAnimation movie 892]0,delay=40
D/BootAnimation( 502): [BootAnimation checkExit 714]exitnow=0
D/BootAnimation( 502): [BootAnimation movie 854]i=1,r=198,j=0,lastFrame=2349473 2003(23494 ms),file=ligo_00102.png
D/BootAnimation( 502): [BootAnimation movie 857]glBindTexture,i=1,r=198,j=0,fra me.tid=100271,name=ligo_00102.png
D/BootAnimation( 502): [BootAnimation movie 874]clearReg.isEmpty,i=1,r=198,j=0, frame.tid=100271
D/BootAnimation( 502): [BootAnimation movie 892]0,delay=40
D/BootAnimation( 502): [BootAnimation checkExit 714]exitnow=0
D/BootAnimation( 502): [BootAnimation movie 854]i=1,r=199,j=0,lastFrame=2353657 8695(23536 ms),file=ligo_00102.png
D/BootAnimation( 502): [BootAnimation movie 857]glBindTexture,i=1,r=199,j=0,fra me.tid=100271,name=ligo_00102.png
D/BootAnimation( 502): [BootAnimation movie 874]clearReg.isEmpty,i=1,r=199,j=0, frame.tid=100271
D/BootAnimation( 502): [BootAnimation movie 892]0,delay=40
D/BootAnimation( 502): [BootAnimation checkExit 714]exitnow=0
D/BootAnimation( 502): [BootAnimation movie 854]i=1,r=200,j=0,lastFrame=2357842 3619(23578 ms),file=ligo_00102.png
D/BootAnimation( 502): [BootAnimation movie 857]glBindTexture,i=1,r=200,j=0,fra me.tid=100271,name=ligo_00102.png
D/BootAnimation( 502): [BootAnimation movie 874]clearReg.isEmpty,i=1,r=200,j=0, frame.tid=100271
D/BootAnimation( 502): [BootAnimation movie 892]0,delay=40
I/PackageManager( 664): Stopping package com.mediatek.atci.service
I/PackageManager( 664): java.lang.RuntimeException: here
I/PackageManager( 664): at com.android.server.pm.Settings.getPackageLPw( Settings.java:431)
I/PackageManager( 664): at com.android.server.pm.Settings.readLPw(Settin gs.java:1716)
I/PackageManager( 664): at com.android.server.pm.PackageManagerService.< init>(PackageManagerService.java:1074)
I/PackageManager( 664): at com.android.server.pm.PackageManagerService.m ain(PackageManagerService.java:956)
I/PackageManager( 664): at com.android.server.ServerThread.run(SystemSer

ver.java:334)
I/PackageManager( 664): Stopping package com.mxtech.videoplayer.ad
I/PackageManager( 664): java.lang.RuntimeException: here
I/PackageManager( 664): at com.android.server.pm.Settings.getPackageLPw( Settings.java:431)
I/PackageManager( 664): at com.android.server.pm.Settings.readLPw(Settin gs.java:1716)
I/PackageManager( 664): at com.android.server.pm.PackageManagerService.< init>(PackageManagerService.java:1074)
I/PackageManager( 664): at com.android.server.pm.PackageManagerService.m ain(PackageManagerService.java:956)
I/PackageManager( 664): at com.android.server.ServerThread.run(SystemSer ver.java:334)
I/PackageSettings( 664): Reading package restrictions for user=0
D/BootAnimation( 502): [BootAnimation checkExit 714]exitnow=0
D/BootAnimation( 502): [BootAnimation movie 854]i=1,r=201,j=0,lastFrame=2362026 6311(23620 ms),file=ligo_00102.png
D/BootAnimation( 502): [BootAnimation movie 857]glBindTexture,i=1,r=201,j=0,fra me.tid=100271,name=ligo_00102.png
D/BootAnimation( 502): [BootAnimation movie 874]clearReg.isEmpty,i=1,r=201,j=0, frame.tid=100271
D/BootAnimation( 502): [BootAnimation movie 892]0,delay=40
D/dalvikvm( 664): open_cached_dex_file : /system/framework/javax.obex.jar /data /dalvik-cache/system@framework@javax.obex.jar@classes.dex
I/dalvikvm( 664): DexOpt: mismatch dep signature for '/data/dalvik-cache/system @framework@framework.jar@classes.dex'
D/dalvikvm( 664): == DexOpt: numDeps = 15
D/dalvikvm( 664): 0 : /data/dalvik-cache/system@framework@core.jar@classes.dex /data/dalvik-cache/system@framework@core.jar@classes.dex
D/dalvikvm( 664): 1 : /data/dalvik-cache/system@framework@core-junit.jar@classe s.dex /data/dalvik-cache/system@framework@core-junit.jar@classes.dex
D/dalvikvm( 664): 2 : /data/dalvik-cache/system@framework@bouncycastle.jar@clas ses.dex /data/dalvik-cache/system@framework@bouncycastle.jar@classes.dex
D/dalvikvm( 664): 3 : /data/dalvik-cache/system@framework@ext.jar@classes.dex / data/dalvik-cache/system@framework@ext.jar@classes.dex
D/dalvikvm( 664): 4 : /data/dalvik-cache/system@framework@framework.jar@classes .dex /data/dalvik-cache/system@framework@framework.jar@classes.dex
D/dalvikvm( 664): 5 : NULL NULL
D/dalvikvm( 689): boot class :
D/dalvikvm( 689): (0) core.jar
D/dalvikvm( 689): (1) core-junit.jar
D/dalvikvm( 689): (2) bouncycastle.jar
D/dalvikvm( 689): (3) ext.jar
D/dalvikvm( 689): (4) framework.jar
D/dalvikvm( 689): (5) telephony-common.jar
D/dalvikvm( 689): (6) mms-common.jar
D/dalvikvm( 689): (7) android.policy.jar
D/dalvikvm( 689): (8) services.jar
D/dalvikvm( 689): (9) apache-xml.jar
D/dalvikvm( 689): (10) mediatek-common.jar
D/dalvikvm( 689): (11) mediatek-framework.jar
D/dalvikvm( 689): (12) mediatek-op.jar
D/dalvikvm( 689): (13) secondary-framework.jar
D/dalvikvm( 689): (14) CustomProperties.jar
D/dalvikvm( 689): (15) am.jar
D/dalvikvm( 689): threadid=1: interp stack at 0x41c31000
D/dalvikvm( 689): open_cached_dex_file : /system/framework/core.jar /data/dalvi k-cache/system@framework@core.jar@classes.dex
D/dalvikvm( 689): open_cached_dex_file : /system/framework/core-junit.jar /data /dalvik-cache/system@framework@core-junit.jar@classes.dex

D/dalvikvm( 689): open_cached_dex_file : /system/framework/bouncycastle.jar /da ta/dalvik-cache/system@framework@bouncycastle.jar@classes.dex
D/dalvikvm( 689): open_cached_dex_file : /system/framework/ext.jar /data/dalvik -cache/system@framework@ext.jar@classes.dex
D/dalvikvm( 689): open_cached_dex_file : /system/framework/framework.jar /data/ dalvik-cache/system@framework@framework.jar@classes.dex
D/dalvikvm( 689): open_cached_dex_file : /system/framework/telephony-common.jar /data/dalvik-cache/system@framework@telephony-common.jar@classes.dex
D/dalvikvm( 689): open_cached_dex_file : /system/framework/mms-common.jar /data /dalvik-cache/system@framework@mms-common.jar@classes.dex
D/dalvikvm( 689): open_cached_dex_file : /system/framework/android.policy.jar / data/dalvik-cache/system@framework@android.policy.jar@classes.dex
D/dalvikvm( 689): open_cached_dex_file : /system/framework/services.jar /data/d alvik-cache/system@framework@services.jar@classes.dex
D/dalvikvm( 689): open_cached_dex_file : /system/framework/apache-xml.jar /data /dalvik-cache/system@framework@apache-xml.jar@classes.dex
D/dalvikvm( 689): open_cached_dex_file : /system/framework/mediatek-common.jar /data/dalvik-cache/system@framework@mediatek-common.jar@classes.dex
D/dalvikvm( 689): open_cached_dex_file : /system/framework/mediatek-framework.j ar /data/dalvik-cache/system@framework@mediatek-framework.jar@classes.dex
D/dalvikvm( 689): open_cached_dex_file : /system/framework/mediatek-op.jar /dat a/dalvik-cache/system@framework@mediatek-op.jar@classes.dex
D/dalvikvm( 689): open_cached_dex_file : /system/framework/secondary-framework. jar /data/dalvik-cache/system@framework@secondary-framework.jar@classes.dex
D/dalvikvm( 689): open_cached_dex_file : /system/framework/CustomProperties.jar /data/dalvik-cache/system@framework@CustomProperties.jar@classes.dex
D/BootAnimation( 502): [BootAnimation checkExit 714]exitnow=0
D/BootAnimation( 502): [BootAnimation movie 854]i=1,r=202,j=0,lastFrame=2366216 5157(23662 ms),file=ligo_00102.png
D/BootAnimation( 502): [BootAnimation movie 857]glBindTexture,i=1,r=202,j=0,fra me.tid=100271,name=ligo_00102.png
D/BootAnimation( 502): [BootAnimation movie 874]clearReg.isEmpty,i=1,r=202,j=0, frame.tid=100271
D/BootAnimation( 502): [BootAnimation movie 892]1,delay=40
D/dalvikvm( 689): DexOpt: load 4ms, verify+opt 14ms, 134548 bytes
D/BootAnimation( 502): [BootAnimation checkExit 714]exitnow=0
D/BootAnimation( 502): [BootAnimation movie 854]i=1,r=203,j=0,lastFrame=2370401 5695(23704 ms),file=ligo_00102.png
D/BootAnimation( 502): [BootAnimation movie 857]glBindTexture,i=1,r=203,j=0,fra me.tid=100271,name=ligo_00102.png
D/BootAnimation( 502): [BootAnimation movie 874]clearReg.isEmpty,i=1,r=203,j=0, frame.tid=100271
D/BootAnimation( 502): [BootAnimation movie 892]0,delay=40
I/installd( 143): receive signal in 1
D/dalvikvm( 664): open_cached_dex_file : /system/framework/com.google.android.m edia.effects.jar /data/dalvik-cache/system@framework@com.google.android.media.ef fects.jar@classes.dex
I/dalvikvm( 664): DexOpt: mismatch dep signature for '/data/dalvik-cache/system @framework@framework.jar@classes.dex'
D/dalvikvm( 664): == DexOpt: numDeps = 15
D/dalvikvm( 664): 0 : /data/dalvik-cache/system@framework@core.jar@classes.dex /data/dalvik-cache/system@framework@core.jar@classes.dex
D/dalvikvm( 664): 1 : /data/dalvik-cache/system@framework@core-junit.jar@classe s.dex /data/dalvik-cache/system@framework@core-junit.jar@classes.dex
D/dalvikvm( 664): 2 : /data/dalvik-cache/system@framework@bouncycastle.jar@clas ses.dex /data/dalvik-cache/system@framework@bouncycastle.jar@classes.dex
D/dalvikvm( 664): 3 : /data/dalvik-cache/system@framework@ext.jar@classes.dex / data/dalvik-cache/system@framework@ext.jar@classes.dex
D/dalvikvm( 664): 4 : /data/dalvik-cache/system@framework@framework.jar@classes .dex /data/dalvik-cache/system@framework@framework.jar@classes.dex

D/dalvikvm( 664): 5 : NULL NULL
D/BootAnimation( 502): [BootAnimation checkExit 714]exitnow=0
D/BootAnimation( 502): [BootAnimation movie 854]i=1,r=204,j=0,lastFrame=2374591 9772(23745 ms),file=ligo_00102.png
D/BootAnimation( 502): [BootAnimation movie 857]glBindTexture,i=1,r=204,j=0,fra me.tid=100271,name=ligo_00102.png
D/BootAnimation( 502): [BootAnimation movie 874]clearReg.isEmpty,i=1,r=204,j=0, frame.tid=100271
D/BootAnimation( 502): [BootAnimation movie 892]1,delay=40
D/dalvikvm( 690): boot class :
D/dalvikvm( 690): (0) core.jar
D/dalvikvm( 690): (1) core-junit.jar
D/dalvikvm( 690): (2) bouncycastle.jar
D/dalvikvm( 690): (3) ext.jar
D/dalvikvm( 690): (4) framework.jar
D/dalvikvm( 690): (5) telephony-common.jar
D/dalvikvm( 690): (6) mms-common.jar
D/dalvikvm( 690): (7) android.policy.jar
D/dalvikvm( 690): (8) services.jar
D/dalvikvm( 690): (9) apache-xml.jar
D/dalvikvm( 690): (10) mediatek-common.jar
D/dalvikvm( 690): (11) mediatek-framework.jar
D/dalvikvm( 690): (12) mediatek-op.jar
D/dalvikvm( 690): (13) secondary-framework.jar
D/dalvikvm( 690): (14) CustomProperties.jar
D/dalvikvm( 690): (15) am.jar
D/dalvikvm( 690): threadid=1: interp stack at 0x416fb000
D/dalvikvm( 690): open_cached_dex_file : /system/framework/core.jar /data/dalvi k-cache/system@framework@core.jar@classes.dex
D/dalvikvm( 690): open_cached_dex_file : /system/framework/core-junit.jar /data /dalvik-cache/system@framework@core-junit.jar@classes.dex
D/dalvikvm( 690): open_cached_dex_file : /system/framework/bouncycastle.jar /da ta/dalvik-cache/system@framework@bouncycastle.jar@classes.dex
D/dalvikvm( 690): open_cached_dex_file : /system/framework/ext.jar /data/dalvik -cache/system@framework@ext.jar@classes.dex
D/dalvikvm( 690): open_cached_dex_file : /system/framework/framework.jar /data/ dalvik-cache/system@framework@framework.jar@classes.dex
D/dalvikvm( 690): open_cached_dex_file : /system/framework/telephony-common.jar /data/dalvik-cache/system@framework@telephony-common.jar@classes.dex
D/dalvikvm( 690): open_cached_dex_file : /system/framework/mms-common.jar /data /dalvik-cache/system@framework@mms-common.jar@classes.dex
D/dalvikvm( 690): open_cached_dex_file : /system/framework/android.policy.jar / data/dalvik-cache/system@framework@android.policy.jar@classes.dex
D/dalvikvm( 690): open_cached_dex_file : /system/framework/services.jar /data/d alvik-cache/system@framework@services.jar@classes.dex
D/dalvikvm( 690): open_cached_dex_file : /system/framework/apache-xml.jar /data /dalvik-cache/system@framework@apache-xml.jar@classes.dex
D/dalvikvm( 690): open_cached_dex_file : /system/framework/mediatek-common.jar /data/dalvik-cache/system@framework@mediatek-common.jar@classes.dex
D/dalvikvm( 690): open_cached_dex_file : /system/framework/mediatek-framework.j ar /data/dalvik-cache/system@framework@mediatek-framework.jar@classes.dex
D/dalvikvm( 690): open_cached_dex_file : /system/framework/mediatek-op.jar /dat a/dalvik-cache/system@framework@mediatek-op.jar@classes.dex
D/dalvikvm( 690): open_cached_dex_file : /system/framework/secondary-framework. jar /data/dalvik-cache/system@framework@secondary-framework.jar@classes.dex
D/dalvikvm( 690): open_cached_dex_file : /system/framework/CustomProperties.jar /data/dalvik-cache/system@framework@CustomProperties.jar@classes.dex
D/dalvikvm( 690): DexOpt: load 4ms, verify+opt 19ms, 185404 bytes
D/BootAnimation( 502): [BootAnimation checkExit 714]exitnow=0
D/BootAnimation( 502): [BootAnimation movie 854]i=1,r=205,j=0,lastFrame=2378777

8772(23787 ms),file=ligo_00102.png
D/BootAnimation( 502): [BootAnimation movie 857]glBindTexture,i=1,r=205,j=0,fra me.tid=100271,name=ligo_00102.png
D/BootAnimation( 502): [BootAnimation movie 874]clearReg.isEmpty,i=1,r=205,j=0, frame.tid=100271
D/BootAnimation( 502): [BootAnimation movie 892]1,delay=40
I/installd( 143): receive signal in 1
D/dalvikvm( 664): open_cached_dex_file : /system/framework/com.android.future.u sb.accessory.jar /data/dalvik-cache/system@framework@com.android.future.usb.acce ssory.jar@classes.dex
I/dalvikvm( 664): DexOpt: mismatch dep signature for '/data/dalvik-cache/system @framework@framework.jar@classes.dex'
D/dalvikvm( 664): == DexOpt: numDeps = 15
D/dalvikvm( 664): 0 : /data/dalvik-cache/system@framework@core.jar@classes.dex /data/dalvik-cache/system@framework@core.jar@classes.dex
D/dalvikvm( 664): 1 : /data/dalvik-cache/system@framework@core-junit.jar@classe s.dex /data/dalvik-cache/system@framework@core-junit.jar@classes.dex
D/dalvikvm( 664): 2 : /data/dalvik-cache/system@framework@bouncycastle.jar@clas ses.dex /data/dalvik-cache/system@framework@bouncycastle.jar@classes.dex
D/dalvikvm( 664): 3 : /data/dalvik-cache/system@framework@ext.jar@classes.dex / data/dalvik-cache/system@framework@ext.jar@classes.dex
D/dalvikvm( 664): 4 : /data/dalvik-cache/system@framework@framework.jar@classes .dex /data/dalvik-cache/system@framework@framework.jar@classes.dex
D/dalvikvm( 664): 5 : NULL NULL
D/BootAnimation( 502): [BootAnimation checkExit 714]exitnow=0
D/BootAnimation( 502): [BootAnimation movie 854]i=1,r=206,j=0,lastFrame=2382975 5080(23829 ms),file=ligo_00102.png
D/BootAnimation( 502): [BootAnimation movie 857]glBindTexture,i=1,r=206,j=0,fra me.tid=100271,name=ligo_00102.png
D/BootAnimation( 502): [BootAnimation movie 874]clearReg.isEmpty,i=1,r=206,j=0, frame.tid=100271
D/BootAnimation( 502): [BootAnimation movie 892]1,delay=40
D/dalvikvm( 691): boot class :
D/dalvikvm( 691): (0) core.jar
D/dalvikvm( 691): (1) core-junit.jar
D/dalvikvm( 691): (2) bouncycastle.jar
D/dalvikvm( 691): (3) ext.jar
D/dalvikvm( 691): (4) framework.jar
D/dalvikvm( 691): (5) telephony-common.jar
D/dalvikvm( 691): (6) mms-common.jar
D/dalvikvm( 691): (7) android.policy.jar
D/dalvikvm( 691): (8) services.jar
D/dalvikvm( 691): (9) apache-xml.jar
D/dalvikvm( 691): (10) mediatek-common.jar
D/dalvikvm( 691): (11) mediatek-framework.jar
D/dalvikvm( 691): (12) mediatek-op.jar
D/dalvikvm( 691): (13) secondary-framework.jar
D/dalvikvm( 691): (14) CustomProperties.jar
D/dalvikvm( 691): (15) am.jar
D/dalvikvm( 691): threadid=1: interp stack at 0x416b5000
D/dalvikvm( 691): open_cached_dex_file : /system/framework/core.jar /data/dalvi k-cache/system@framework@core.jar@classes.dex
D/dalvikvm( 691): open_cached_dex_file : /system/framework/core-junit.jar /data /dalvik-cache/system@framework@core-junit.jar@classes.dex
D/dalvikvm( 691): open_cached_dex_file : /system/framework/bouncycastle.jar /da ta/dalvik-cache/system@framework@bouncycastle.jar@classes.dex
D/dalvikvm( 691): open_cached_dex_file : /system/framework/ext.jar /data/dalvik -cache/system@framework@ext.jar@classes.dex
D/dalvikvm( 691): open_cached_dex_file : /system/framework/framework.jar /data/ dalvik-cache/system@framework@framework.jar@classes.dex

D/dalvikvm( 691): open_cached_dex_file : /system/framework/telephony-common.jar /data/dalvik-cache/system@framework@telephony-common.jar@classes.dex
D/dalvikvm( 691): open_cached_dex_file : /system/framework/mms-common.jar /data /dalvik-cache/system@framework@mms-common.jar@classes.dex
D/dalvikvm( 691): open_cached_dex_file : /system/framework/android.policy.jar / data/dalvik-cache/system@framework@android.policy.jar@classes.dex
D/dalvikvm( 691): open_cached_dex_file : /system/framework/services.jar /data/d alvik-cache/system@framework@services.jar@classes.dex
D/dalvikvm( 691): open_cached_dex_file : /system/framework/apache-xml.jar /data /dalvik-cache/system@framework@apache-xml.jar@classes.dex
D/dalvikvm( 691): open_cached_dex_file : /system/framework/mediatek-common.jar /data/dalvik-cache/system@framework@mediatek-common.jar@classes.dex
D/dalvikvm( 691): open_cached_dex_file : /system/framework/mediatek-framework.j ar /data/dalvik-cache/system@framework@mediatek-framework.jar@classes.dex
D/dalvikvm( 691): open_cached_dex_file : /system/framework/mediatek-op.jar /dat a/dalvik-cache/system@framework@mediatek-op.jar@classes.dex
D/dalvikvm( 691): open_cached_dex_file : /system/framework/secondary-framework. jar /data/dalvik-cache/system@framework@secondary-framework.jar@classes.dex
D/dalvikvm( 691): open_cached_dex_file : /system/framework/CustomProperties.jar /data/dalvik-cache/system@framework@CustomProperties.jar@classes.dex
D/dalvikvm( 691): DexOpt: load 3ms, verify+opt 3ms, 116692 bytes
D/BootAnimation( 502): [BootAnimation checkExit 714]exitnow=0
D/BootAnimation( 502): [BootAnimation movie 854]i=1,r=207,j=0,lastFrame=2387160 3234(23871 ms),file=ligo_00102.png
D/BootAnimation( 502): [BootAnimation movie 857]glBindTexture,i=1,r=207,j=0,fra me.tid=100271,name=ligo_00102.png
D/BootAnimation( 502): [BootAnimation movie 874]clearReg.isEmpty,i=1,r=207,j=0, frame.tid=100271
D/BootAnimation( 502): [BootAnimation movie 892]1,delay=40
I/installd( 143): receive signal in 1
D/dalvikvm( 664): open_cached_dex_file : /system/framework/android.test.runner. jar /data/dalvik-cache/system@framework@android.test.runner.jar@classes.dex
I/dalvikvm( 664): DexOpt: mismatch dep signature for '/data/dalvik-cache/system @framework@framework.jar@classes.dex'
D/dalvikvm( 664): == DexOpt: numDeps = 15
D/dalvikvm( 664): 0 : /data/dalvik-cache/system@framework@core.jar@classes.dex /data/dalvik-cache/system@framework@core.jar@classes.dex
D/dalvikvm( 664): 1 : /data/dalvik-cache/system@framework@core-junit.jar@classe s.dex /data/dalvik-cache/system@framework@core-junit.jar@classes.dex
D/dalvikvm( 664): 2 : /data/dalvik-cache/system@framework@bouncycastle.jar@clas ses.dex /data/dalvik-cache/system@framework@bouncycastle.jar@classes.dex
D/dalvikvm( 664): 3 : /data/dalvik-cache/system@framework@ext.jar@classes.dex / data/dalvik-cache/system@framework@ext.jar@classes.dex
D/dalvikvm( 664): 4 : /data/dalvik-cache/system@framework@framework.jar@classes .dex /data/dalvik-cache/system@framework@framework.jar@classes.dex
D/dalvikvm( 664): 5 : NULL NULL
D/dalvikvm( 692): boot class :
D/dalvikvm( 692): (0) core.jar
D/dalvikvm( 692): (1) core-junit.jar
D/dalvikvm( 692): (2) bouncycastle.jar
D/dalvikvm( 692): (3) ext.jar
D/dalvikvm( 692): (4) framework.jar
D/dalvikvm( 692): (5) telephony-common.jar
D/dalvikvm( 692): (6) mms-common.jar
D/dalvikvm( 692): (7) android.policy.jar
D/dalvikvm( 692): (8) services.jar
D/dalvikvm( 692): (9) apache-xml.jar
D/dalvikvm( 692): (10) mediatek-common.jar
D/dalvikvm( 692): (11) mediatek-framework.jar
D/dalvikvm( 692): (12) mediatek-op.jar

D/dalvikvm( 692): (13) secondary-framework.jar
D/dalvikvm( 692): (14) CustomProperties.jar
D/dalvikvm( 692): (15) am.jar
D/dalvikvm( 692): threadid=1: interp stack at 0x40b8a000
D/dalvikvm( 692): open_cached_dex_file : /system/framework/core.jar /data/dalvi k-cache/system@framework@core.jar@classes.dex
D/dalvikvm( 692): open_cached_dex_file : /system/framework/core-junit.jar /data /dalvik-cache/system@framework@core-junit.jar@classes.dex
D/dalvikvm( 692): open_cached_dex_file : /system/framework/bouncycastle.jar /da ta/dalvik-cache/system@framework@bouncycastle.jar@classes.dex
D/dalvikvm( 692): open_cached_dex_file : /system/framework/ext.jar /data/dalvik -cache/system@framework@ext.jar@classes.dex
D/dalvikvm( 692): open_cached_dex_file : /system/framework/framework.jar /data/ dalvik-cache/system@framework@framework.jar@classes.dex
D/dalvikvm( 692): open_cached_dex_file : /system/framework/telephony-common.jar /data/dalvik-cache/system@framework@telephony-common.jar@classes.dex
D/dalvikvm( 692): open_cached_dex_file : /system/framework/mms-common.jar /data /dalvik-cache/system@framework@mms-common.jar@classes.dex
D/dalvikvm( 692): open_cached_dex_file : /system/framework/android.policy.jar / data/dalvik-cache/system@framework@android.policy.jar@classes.dex
D/dalvikvm( 692): open_cached_dex_file : /system/framework/services.jar /data/d alvik-cache/system@framework@services.jar@classes.dex
D/dalvikvm( 692): open_cached_dex_file : /system/framework/apache-xml.jar /data /dalvik-cache/system@framework@apache-xml.jar@classes.dex
D/dalvikvm( 692): open_cached_dex_file : /system/framework/mediatek-common.jar /data/dalvik-cache/system@framework@mediatek-common.jar@classes.dex
D/dalvikvm( 692): open_cached_dex_file : /system/framework/mediatek-framework.j ar /data/dalvik-cache/system@framework@mediatek-framework.jar@classes.dex
D/dalvikvm( 692): open_cached_dex_file : /system/framework/mediatek-op.jar /dat a/dalvik-cache/system@framework@mediatek-op.jar@classes.dex
D/dalvikvm( 692): open_cached_dex_file : /system/framework/secondary-framework. jar /data/dalvik-cache/system@framework@secondary-framework.jar@classes.dex
D/dalvikvm( 692): open_cached_dex_file : /system/framework/CustomProperties.jar /data/dalvik-cache/system@framework@CustomProperties.jar@classes.dex
D/BootAnimation( 502): [BootAnimation checkExit 714]exitnow=0
D/BootAnimation( 502): [BootAnimation movie 854]i=1,r=208,j=0,lastFrame=2391352 9388(23913 ms),file=ligo_00102.png
D/BootAnimation( 502): [BootAnimation movie 857]glBindTexture,i=1,r=208,j=0,fra me.tid=100271,name=ligo_00102.png
D/BootAnimation( 502): [BootAnimation movie 874]clearReg.isEmpty,i=1,r=208,j=0, frame.tid=100271
D/BootAnimation( 502): [BootAnimation movie 892]1,delay=40
W/dalvikvm( 692): method Landroid/test/InstrumentationTestRunner$StringResultPr inter;.print incorrectly overrides package-private method with same name in Ljun it/textui/ResultPrinter;
D/BootAnimation( 502): [BootAnimation checkExit 714]exitnow=0
D/BootAnimation( 502): [BootAnimation movie 854]i=1,r=209,j=0,lastFrame=2395546 4388(23955 ms),file=ligo_00102.png
D/BootAnimation( 502): [BootAnimation movie 857]glBindTexture,i=1,r=209,j=0,fra me.tid=100271,name=ligo_00102.png
D/BootAnimation( 502): [BootAnimation movie 874]clearReg.isEmpty,i=1,r=209,j=0, frame.tid=100271
D/BootAnimation( 502): [BootAnimation movie 892]1,delay=40
I/BufferQueue( 134): [BootAnimation](this:0x4295e370,api:1) [release] fps:23.55 , dur:1019.22, max:58.88, min:39.05
D/dalvikvm( 692): DexOpt: load 12ms, verify+opt 49ms, 520652 bytes
D/BootAnimation( 502): [BootAnimation checkExit 714]exitnow=0
D/BootAnimation( 502): [BootAnimation movie 854]i=1,r=210,j=0,lastFrame=2399731 7465(23997 ms),file=ligo_00102.png
D/BootAnimation( 502): [BootAnimation movie 857]glBindTexture,i=1,r=210,j=0,fra

me.tid=100271,name=ligo_00102.png
D/BootAnimation( 502): [BootAnimation movie 874]clearReg.isEmpty,i=1,r=210,j=0, frame.tid=100271
D/BootAnimation( 502): [BootAnimation movie 892]0,delay=40
I/installd( 143): receive signal in 1
D/dalvikvm( 664): open_cached_dex_file : /system/framework/com.sonyericsson.and roid.SwIqiBmp.jar /data/dalvik-cache/system@framework@com.sonyericsson.android.S wIqiBmp.jar@classes.dex
I/dalvikvm( 664): DexOpt: mismatch dep signature for '/data/dalvik-cache/system @framework@framework.jar@classes.dex'
D/dalvikvm( 664): == DexOpt: numDeps = 15
D/dalvikvm( 664): 0 : /data/dalvik-cache/system@framework@core.jar@classes.dex /data/dalvik-cache/system@framework@core.jar@classes.dex
D/dalvikvm( 664): 1 : /data/dalvik-cache/system@framework@core-junit.jar@classe s.dex /data/dalvik-cache/system@framework@core-junit.jar@classes.dex
D/dalvikvm( 664): 2 : /data/dalvik-cache/system@framework@bouncycastle.jar@clas ses.dex /data/dalvik-cache/system@framework@bouncycastle.jar@classes.dex
D/dalvikvm( 664): 3 : /data/dalvik-cache/system@framework@ext.jar@classes.dex / data/dalvik-cache/system@framework@ext.jar@classes.dex
D/dalvikvm( 664): 4 : /data/dalvik-cache/system@framework@framework.jar@classes .dex /data/dalvik-cache/system@framework@framework.jar@classes.dex
D/dalvikvm( 664): 5 : NULL NULL
D/BootAnimation( 502): [BootAnimation checkExit 714]exitnow=0
D/BootAnimation( 502): [BootAnimation movie 854]i=1,r=211,j=0,lastFrame=2403923 0234(24039 ms),file=ligo_00102.png
D/BootAnimation( 502): [BootAnimation movie 857]glBindTexture,i=1,r=211,j=0,fra me.tid=100271,name=ligo_00102.png
D/BootAnimation( 502): [BootAnimation movie 874]clearReg.isEmpty,i=1,r=211,j=0, frame.tid=100271
D/BootAnimation( 502): [BootAnimation movie 892]0,delay=40
D/dalvikvm( 693): boot class :
D/dalvikvm( 693): (0) core.jar
D/dalvikvm( 693): (1) core-junit.jar
D/dalvikvm( 693): (2) bouncycastle.jar
D/dalvikvm( 693): (3) ext.jar
D/dalvikvm( 693): (4) framework.jar
D/dalvikvm( 693): (5) telephony-common.jar
D/dalvikvm( 693): (6) mms-common.jar
D/dalvikvm( 693): (7) android.policy.jar
D/dalvikvm( 693): (8) services.jar
D/dalvikvm( 693): (9) apache-xml.jar
D/dalvikvm( 693): (10) mediatek-common.jar
D/dalvikvm( 693): (11) mediatek-framework.jar
D/dalvikvm( 693): (12) mediatek-op.jar
D/dalvikvm( 693): (13) secondary-framework.jar
D/dalvikvm( 693): (14) CustomProperties.jar
D/dalvikvm( 693): (15) am.jar
D/dalvikvm( 693): threadid=1: interp stack at 0x41bdc000
D/dalvikvm( 693): open_cached_dex_file : /system/framework/core.jar /data/dalvi k-cache/system@framework@core.jar@classes.dex
D/dalvikvm( 693): open_cached_dex_file : /system/framework/core-junit.jar /data /dalvik-cache/system@framework@core-junit.jar@classes.dex
D/dalvikvm( 693): open_cached_dex_file : /system/framework/bouncycastle.jar /da ta/dalvik-cache/system@framework@bouncycastle.jar@classes.dex
D/dalvikvm( 693): open_cached_dex_file : /system/framework/ext.jar /data/dalvik -cache/system@framework@ext.jar@classes.dex
D/dalvikvm( 693): open_cached_dex_file : /system/framework/framework.jar /data/ dalvik-cache/system@framework@framework.jar@classes.dex
D/dalvikvm( 693): open_cached_dex_file : /system/framework/telephony-common.jar /data/dalvik-cache/system@framework@telephony-common.jar@classes.dex

D/dalvikvm( 693): open_cached_dex_file : /system/framework/mms-common.jar /data /dalvik-cache/system@framework@mms-common.jar@classes.dex
D/dalvikvm( 693): open_cached_dex_file : /system/framework/android.policy.jar / data/dalvik-cache/system@framework@android.policy.jar@classes.dex
D/dalvikvm( 693): open_cached_dex_file : /system/framework/services.jar /data/d alvik-cache/system@framework@services.jar@classes.dex
D/dalvikvm( 693): open_cached_dex_file : /system/framework/apache-xml.jar /data /dalvik-cache/system@framework@apache-xml.jar@classes.dex
D/dalvikvm( 693): open_cached_dex_file : /system/framework/mediatek-common.jar /data/dalvik-cache/system@framework@mediatek-common.jar@classes.dex
D/dalvikvm( 693): open_cached_dex_file : /system/framework/mediatek-framework.j ar /data/dalvik-cache/system@framework@mediatek-framework.jar@classes.dex
D/dalvikvm( 693): open_cached_dex_file : /system/framework/mediatek-op.jar /dat a/dalvik-cache/system@framework@mediatek-op.jar@classes.dex
D/dalvikvm( 693): open_cached_dex_file : /system/framework/secondary-framework. jar /data/dalvik-cache/system@framework@secondary-framework.jar@classes.dex
D/dalvikvm( 693): open_cached_dex_file : /system/framework/CustomProperties.jar /data/dalvik-cache/system@framework@CustomProperties.jar@classes.dex
D/dalvikvm( 693): DexOpt: load 2ms, verify+opt 2ms, 98964 bytes
D/BootAnimation( 502): [BootAnimation checkExit 714]exitnow=0
D/BootAnimation( 502): [BootAnimation movie 854]i=1,r=212,j=0,lastFrame=2408106 9465(24081 ms),file=ligo_00102.png
D/BootAnimation( 502): [BootAnimation movie 857]glBindTexture,i=1,r=212,j=0,fra me.tid=100271,name=ligo_00102.png
D/BootAnimation( 502): [BootAnimation movie 874]clearReg.isEmpty,i=1,r=212,j=0, frame.tid=100271
D/BootAnimation( 502): [BootAnimation movie 892]1,delay=40
I/installd( 143): receive signal in 1
D/dalvikvm( 664): open_cached_dex_file : /system/framework/com.google.widevine. software.drm.jar /data/dalvik-cache/system@framework@com.google.widevine.softwar e.drm.jar@classes.dex
I/dalvikvm( 664): DexOpt: mismatch dep signature for '/data/dalvik-cache/system @framework@framework.jar@classes.dex'
D/dalvikvm( 664): == DexOpt: numDeps = 15
D/dalvikvm( 664): 0 : /data/dalvik-cache/system@framework@core.jar@classes.dex /data/dalvik-cache/system@framework@core.jar@classes.dex
D/dalvikvm( 664): 1 : /data/dalvik-cache/system@framework@core-junit.jar@classe s.dex /data/dalvik-cache/system@framework@core-junit.jar@classes.dex
D/dalvikvm( 664): 2 : /data/dalvik-cache/system@framework@bouncycastle.jar@clas ses.dex /data/dalvik-cache/system@framework@bouncycastle.jar@classes.dex
D/dalvikvm( 664): 3 : /data/dalvik-cache/system@framework@ext.jar@classes.dex / data/dalvik-cache/system@framework@ext.jar@classes.dex
D/dalvikvm( 664): 4 : /data/dalvik-cache/system@framework@framework.jar@classes .dex /data/dalvik-cache/system@framework@framework.jar@classes.dex
D/dalvikvm( 664): 5 : NULL NULL
D/dalvikvm( 694): boot class :
D/dalvikvm( 694): (0) core.jar
D/dalvikvm( 694): (1) core-junit.jar
D/dalvikvm( 694): (2) bouncycastle.jar
D/dalvikvm( 694): (3) ext.jar
D/dalvikvm( 694): (4) framework.jar
D/dalvikvm( 694): (5) telephony-common.jar
D/dalvikvm( 694): (6) mms-common.jar
D/dalvikvm( 694): (7) android.policy.jar
D/dalvikvm( 694): (8) services.jar
D/dalvikvm( 694): (9) apache-xml.jar
D/dalvikvm( 694): (10) mediatek-common.jar
D/dalvikvm( 694): (11) mediatek-framework.jar
D/dalvikvm( 694): (12) mediatek-op.jar
D/dalvikvm( 694): (13) secondary-framework.jar

D/dalvikvm( 694): (14) CustomProperties.jar
D/dalvikvm( 694): (15) am.jar
D/dalvikvm( 694): threadid=1: interp stack at 0x40c2e000
D/dalvikvm( 694): open_cached_dex_file : /system/framework/core.jar /data/dalvi k-cache/system@framework@core.jar@classes.dex
D/dalvikvm( 694): open_cached_dex_file : /system/framework/core-junit.jar /data /dalvik-cache/system@framework@core-junit.jar@classes.dex
