D/BootAnimation( 502): [BootAnimation movie 874]clearReg.isEmpty,i=1,r=350,j=0, frame.tid=100271
I/PackageManager( 664): Perform pre-dex opt for package: com.android.soundrecor der
D/dalvikvm( 664): open_cached_dex_file : /system/app/SoundRecorder.apk /data/da lvik-cache/system@app@SoundRecorder.apk@classes.dex
D/BootAnimation( 502): [BootAnimation movie 892]1,delay=40
I/dalvikvm( 664): DexOpt: source file mod time mismatch (42ea55c0 vs 38902d19)
D/PackageManager( 664): scan package: /system/app/SoundRecorder.apk , end at: 2 9865ms. elapsed time = 8ms.
D/PackageManager( 664): scan package: /system/app/Stk1.apk , start at: 29865ms.
I/PackageManager( 664): Perform pre-dex opt for package: com.android.stk
D/dalvikvm( 664): open_cached_dex_file : /system/app/Stk1.apk /data/dalvik-cach e/system@app@Stk1.apk@classes.dex
I/dalvikvm( 664): DexOpt: source file mod time mismatch (42ea55c1 vs 38902d19)
D/PackageManager( 664): scan package: /system/app/Stk1.apk , end at: 29875ms. e lapsed time = 10ms.
D/PackageManager( 664): scan package: /system/app/StkSelection.apk , start at: 29875ms.
I/PackageManager( 664): Perform pre-dex opt for package: com.mediatek.StkSelect ion
D/dalvikvm( 664): open_cached_dex_file : /system/app/StkSelection.apk /data/dal vik-cache/system@app@StkSelection.apk@classes.dex

I/dalvikvm( 664): DexOpt: source file mod time mismatch (42ea55c2 vs 38902d19)
D/PackageManager( 664): scan package: /system/app/StkSelection.apk , end at: 29 881ms. elapsed time = 6ms.
D/PackageManager( 664): scan package: /system/app/SuperMarket.apk , start at: 2 9881ms.
I/PackageManager( 664): /system/app/SuperMarket.apk changed; collecting certs
D/BootAnimation( 502): [BootAnimation checkExit 714]exitnow=0
D/BootAnimation( 502): [BootAnimation movie 854]i=1,r=351,j=0,lastFrame=2990506 2697(29905 ms),file=ligo_00102.png
D/BootAnimation( 502): [BootAnimation movie 857]glBindTexture,i=1,r=351,j=0,fra me.tid=100271,name=ligo_00102.png
D/BootAnimation( 502): [BootAnimation movie 874]clearReg.isEmpty,i=1,r=351,j=0, frame.tid=100271
D/BootAnimation( 502): [BootAnimation movie 892]1,delay=40
D/NativeCrypto( 664): NativeCrypto_EVP_VerifyInit ctx=0x5cf5d540
D/NativeCrypto( 664): NativeCrypto_EVP_VerifyInit algorithmChars=RSA-SHA1
I/PackageManager( 664): Perform pre-dex opt for package: com.xiaomi.market
D/dalvikvm( 664): open_cached_dex_file : /system/app/SuperMarket.apk /data/dalv ik-cache/system@app@SuperMarket.apk@classes.dex
D/PackageManager( 664): scan package: /system/app/SuperMarket.apk , end at: 299 39ms. elapsed time = 58ms.
D/PackageManager( 664): scan package: /system/app/SystemUI.apk , start at: 2993 9ms.
D/BootAnimation( 502): [BootAnimation checkExit 714]exitnow=0
D/BootAnimation( 502): [BootAnimation movie 854]i=1,r=352,j=0,lastFrame=2994691 6928(29946 ms),file=ligo_00102.png
D/BootAnimation( 502): [BootAnimation movie 857]glBindTexture,i=1,r=352,j=0,fra me.tid=100271,name=ligo_00102.png
D/BootAnimation( 502): [BootAnimation movie 874]clearReg.isEmpty,i=1,r=352,j=0, frame.tid=100271
D/BootAnimation( 502): [BootAnimation movie 892]1,delay=40
I/PackageManager( 664): /system/app/SystemUI.apk changed; collecting certs
D/BootAnimation( 502): [BootAnimation checkExit 714]exitnow=0
D/BootAnimation( 502): [BootAnimation movie 854]i=1,r=353,j=0,lastFrame=2998890 6004(29988 ms),file=ligo_00102.png
D/BootAnimation( 502): [BootAnimation movie 857]glBindTexture,i=1,r=353,j=0,fra me.tid=100271,name=ligo_00102.png
D/BootAnimation( 502): [BootAnimation movie 874]clearReg.isEmpty,i=1,r=353,j=0, frame.tid=100271
D/BootAnimation( 502): [BootAnimation movie 892]1,delay=40
D/BootAnimation( 502): [BootAnimation checkExit 714]exitnow=0
D/BootAnimation( 502): [BootAnimation movie 854]i=1,r=354,j=0,lastFrame=3003078 8928(30030 ms),file=ligo_00102.png
D/BootAnimation( 502): [BootAnimation movie 857]glBindTexture,i=1,r=354,j=0,fra me.tid=100271,name=ligo_00102.png
D/BootAnimation( 502): [BootAnimation movie 874]clearReg.isEmpty,i=1,r=354,j=0, frame.tid=100271
D/BootAnimation( 502): [BootAnimation movie 892]1,delay=40
D/BootAnimation( 502): [BootAnimation checkExit 714]exitnow=0
D/BootAnimation( 502): [BootAnimation movie 854]i=1,r=355,j=0,lastFrame=3007270 8620(30072 ms),file=ligo_00102.png
D/BootAnimation( 502): [BootAnimation movie 857]glBindTexture,i=1,r=355,j=0,fra me.tid=100271,name=ligo_00102.png
D/BootAnimation( 502): [BootAnimation movie 874]clearReg.isEmpty,i=1,r=355,j=0, frame.tid=100271
D/BootAnimation( 502): [BootAnimation movie 892]1,delay=40
D/dalvikvm( 664): GC_CONCURRENT freed 1559K (20349), 33% free 7945K/11780K, pau sed 3ms+6ms, total 41ms
D/dalvikvm( 664): WAIT_FOR_CONCURRENT_GC blocked 38ms
D/dalvikvm( 664): GC_FOR_ALLOC freed 867K (12567), 39% free 7267K/11780K, pause

d 33ms, total 33ms
D/BootAnimation( 502): [BootAnimation checkExit 714]exitnow=0
D/BootAnimation( 502): [BootAnimation movie 854]i=1,r=356,j=0,lastFrame=3011472 4620(30114 ms),file=ligo_00102.png
D/BootAnimation( 502): [BootAnimation movie 857]glBindTexture,i=1,r=356,j=0,fra me.tid=100271,name=ligo_00102.png
D/BootAnimation( 502): [BootAnimation movie 874]clearReg.isEmpty,i=1,r=356,j=0, frame.tid=100271
D/BootAnimation( 502): [BootAnimation movie 892]1,delay=40
D/BootAnimation( 502): [BootAnimation checkExit 714]exitnow=0
D/BootAnimation( 502): [BootAnimation movie 854]i=1,r=357,j=0,lastFrame=3015659 5389(30156 ms),file=ligo_00102.png
D/BootAnimation( 502): [BootAnimation movie 857]glBindTexture,i=1,r=357,j=0,fra me.tid=100271,name=ligo_00102.png
D/BootAnimation( 502): [BootAnimation movie 874]clearReg.isEmpty,i=1,r=357,j=0, frame.tid=100271
D/BootAnimation( 502): [BootAnimation movie 892]1,delay=40
I/BufferQueue( 134): [BootAnimation](this:0x4295e370,api:1) [release] fps:24.07 , dur:1038.75, max:58.93, min:39.07
D/BootAnimation( 502): [BootAnimation checkExit 714]exitnow=0
D/BootAnimation( 502): [BootAnimation movie 854]i=1,r=358,j=0,lastFrame=3019845 7389(30198 ms),file=ligo_00102.png
D/BootAnimation( 502): [BootAnimation movie 857]glBindTexture,i=1,r=358,j=0,fra me.tid=100271,name=ligo_00102.png
D/BootAnimation( 502): [BootAnimation movie 874]clearReg.isEmpty,i=1,r=358,j=0, frame.tid=100271
D/BootAnimation( 502): [BootAnimation movie 892]1,delay=40
D/dalvikvm( 664): GC_FOR_ALLOC freed 414K (4317), 35% free 7729K/11780K, paused 32ms, total 32ms
D/NativeCrypto( 664): NativeCrypto_EVP_VerifyInit ctx=0x5cf80e48
D/NativeCrypto( 664): NativeCrypto_EVP_VerifyInit algorithmChars=RSA-SHA1
D/BootAnimation( 502): [BootAnimation checkExit 714]exitnow=0
D/BootAnimation( 502): [BootAnimation movie 854]i=1,r=359,j=0,lastFrame=3024038 4390(30240 ms),file=ligo_00102.png
D/BootAnimation( 502): [BootAnimation movie 857]glBindTexture,i=1,r=359,j=0,fra me.tid=100271,name=ligo_00102.png
D/BootAnimation( 502): [BootAnimation movie 874]clearReg.isEmpty,i=1,r=359,j=0, frame.tid=100271
D/BootAnimation( 502): [BootAnimation movie 892]1,delay=40
D/BootAnimation( 502): [BootAnimation checkExit 714]exitnow=0
D/BootAnimation( 502): [BootAnimation movie 854]i=1,r=360,j=0,lastFrame=3028224 7312(30282 ms),file=ligo_00102.png
D/BootAnimation( 502): [BootAnimation movie 857]glBindTexture,i=1,r=360,j=0,fra me.tid=100271,name=ligo_00102.png
D/BootAnimation( 502): [BootAnimation movie 874]clearReg.isEmpty,i=1,r=360,j=0, frame.tid=100271
D/BootAnimation( 502): [BootAnimation movie 892]1,delay=40
D/BootAnimation( 502): [BootAnimation checkExit 714]exitnow=0
D/BootAnimation( 502): [BootAnimation movie 854]i=1,r=361,j=0,lastFrame=3032410 0697(30324 ms),file=ligo_00102.png
D/BootAnimation( 502): [BootAnimation movie 857]glBindTexture,i=1,r=361,j=0,fra me.tid=100271,name=ligo_00102.png
D/BootAnimation( 502): [BootAnimation movie 874]clearReg.isEmpty,i=1,r=361,j=0, frame.tid=100271
I/SurfaceTextureClient( 502): [STC::queueBuffer] (this:0x41958680) fps:23.90, d ur:1004.39, max:42.36, min:41.10
I/BufferQueue( 134): [BootAnimation](this:0x4295e370,api:1) [queue] fps:23.90, dur:1004.26, max:42.47, min:40.87
D/BootAnimation( 502): [BootAnimation movie 892]1,delay=40
W/PackageManager( 664): Application package com.android.systemui already instal

led. Skipping duplicate.
D/PackageManager( 664): scan package: /system/app/SystemUI.apk , end at: 30331m s. elapsed time = 392ms.
D/PackageManager( 664): scan package: /system/app/SystemUpdate.apk , start at: 30331ms.
W/PackageParser( 664): No actions in intent filter at /system/app/SystemUpdate. apk Binary XML file line #62
I/PackageManager( 664): Perform pre-dex opt for package: com.mediatek.systemupd ate
D/dalvikvm( 664): open_cached_dex_file : /system/app/SystemUpdate.apk /data/dal vik-cache/system@app@SystemUpdate.apk@classes.dex
I/dalvikvm( 664): DexOpt: source file mod time mismatch (42ea55c6 vs 38902d19)
D/PackageManager( 664): scan package: /system/app/SystemUpdate.apk , end at: 30 341ms. elapsed time = 10ms.
D/PackageManager( 664): scan package: /system/app/SystemUpdateAssistant.apk , s tart at: 30341ms.
I/PackageManager( 664): Perform pre-dex opt for package: com.mediatek.systemupd ate.sysoper
D/dalvikvm( 664): open_cached_dex_file : /system/app/SystemUpdateAssistant.apk /data/dalvik-cache/system@app@SystemUpdateAssistant.apk@classes.dex
I/dalvikvm( 664): DexOpt: source file mod time mismatch (42ea55c7 vs 38902d19)
D/PackageManager( 664): scan package: /system/app/SystemUpdateAssistant.apk , e nd at: 30345ms. elapsed time = 4ms.
D/PackageManager( 664): scan package: /system/app/TelephonyProvider.apk , start at: 30345ms.
I/PackageManager( 664): Perform pre-dex opt for package: com.android.providers. telephony
D/dalvikvm( 664): open_cached_dex_file : /system/app/TelephonyProvider.apk /dat a/dalvik-cache/system@app@TelephonyProvider.apk@classes.dex
I/dalvikvm( 664): DexOpt: source file mod time mismatch (42ea55c8 vs 38902d19)
D/PackageManager( 664): scan package: /system/app/TelephonyProvider.apk , end a t: 30352ms. elapsed time = 7ms.
D/PackageManager( 664): scan package: /system/app/ThemeManager.apk , start at: 30352ms.
D/BootAnimation( 502): [BootAnimation checkExit 714]exitnow=0
D/BootAnimation( 502): [BootAnimation movie 854]i=1,r=362,j=0,lastFrame=3036595 3235(30365 ms),file=ligo_00102.png
D/BootAnimation( 502): [BootAnimation movie 857]glBindTexture,i=1,r=362,j=0,fra me.tid=100271,name=ligo_00102.png
D/BootAnimation( 502): [BootAnimation movie 874]clearReg.isEmpty,i=1,r=362,j=0, frame.tid=100271
D/BootAnimation( 502): [BootAnimation movie 892]1,delay=40
I/PackageManager( 664): /system/app/ThemeManager.apk changed; collecting certs
D/BootAnimation( 502): [BootAnimation checkExit 714]exitnow=0
D/BootAnimation( 502): [BootAnimation movie 854]i=1,r=363,j=0,lastFrame=3040782 8158(30407 ms),file=ligo_00102.png
D/BootAnimation( 502): [BootAnimation movie 857]glBindTexture,i=1,r=363,j=0,fra me.tid=100271,name=ligo_00102.png
D/BootAnimation( 502): [BootAnimation movie 874]clearReg.isEmpty,i=1,r=363,j=0, frame.tid=100271
D/BootAnimation( 502): [BootAnimation movie 892]1,delay=40
I/SurfaceFlinger( 134): [SurfaceFlinger] fps:24.067463,dur:1038.75,max:54.36,mi n:39.07
D/NativeCrypto( 664): NativeCrypto_EVP_VerifyInit ctx=0x5cf82440
D/NativeCrypto( 664): NativeCrypto_EVP_VerifyInit algorithmChars=RSA-SHA1
D/BootAnimation( 502): [BootAnimation checkExit 714]exitnow=0
D/BootAnimation( 502): [BootAnimation movie 854]i=1,r=364,j=0,lastFrame=3044971 6235(30449 ms),file=ligo_00102.png
D/BootAnimation( 502): [BootAnimation movie 857]glBindTexture,i=1,r=364,j=0,fra me.tid=100271,name=ligo_00102.png

D/BootAnimation( 502): [BootAnimation movie 874]clearReg.isEmpty,i=1,r=364,j=0, frame.tid=100271
D/BootAnimation( 502): [BootAnimation movie 892]1,delay=40
E/PackageManager( 664): Package com.android.thememanager has no signatures that match those in shared user android.uid.theme; ignoring!
W/PackageManager( 664): Signature mismatch for shared user : SharedUserSetting{ 42643c10 android.uid.theme/9801}
D/PackageManager( 664): scan package: /system/app/ThemeManager.apk , end at: 30 467ms. elapsed time = 115ms.
D/PackageManager( 664): scan package: /system/app/Torch.apk , start at: 30467ms .
I/PackageManager( 664): Perform pre-dex opt for package: net.cactii.flash2
D/dalvikvm( 664): open_cached_dex_file : /system/app/Torch.apk /data/dalvik-cac he/system@app@Torch.apk@classes.dex
I/dalvikvm( 664): DexOpt: source file mod time mismatch (425300b9 vs 38902d19)
D/PackageManager( 664): scan package: /system/app/Torch.apk , end at: 30474ms. elapsed time = 7ms.
D/PackageManager( 664): scan package: /system/app/Transfer.apk , start at: 3047 4ms.
I/PackageManager( 664): /system/app/Transfer.apk changed; collecting certs
D/BootAnimation( 502): [BootAnimation checkExit 714]exitnow=0
D/BootAnimation( 502): [BootAnimation movie 854]i=1,r=365,j=0,lastFrame=3049159 5236(30491 ms),file=ligo_00102.png
D/BootAnimation( 502): [BootAnimation movie 857]glBindTexture,i=1,r=365,j=0,fra me.tid=100271,name=ligo_00102.png
D/BootAnimation( 502): [BootAnimation movie 874]clearReg.isEmpty,i=1,r=365,j=0, frame.tid=100271
D/BootAnimation( 502): [BootAnimation movie 892]1,delay=40
D/NativeCrypto( 664): NativeCrypto_EVP_VerifyInit ctx=0x5cf718d8
D/NativeCrypto( 664): NativeCrypto_EVP_VerifyInit algorithmChars=RSA-SHA1
D/BootAnimation( 502): [BootAnimation checkExit 714]exitnow=0
D/BootAnimation( 502): [BootAnimation movie 854]i=1,r=366,j=0,lastFrame=3053349 4851(30533 ms),file=ligo_00102.png
D/BootAnimation( 502): [BootAnimation movie 857]glBindTexture,i=1,r=366,j=0,fra me.tid=100271,name=ligo_00102.png
D/BootAnimation( 502): [BootAnimation movie 874]clearReg.isEmpty,i=1,r=366,j=0, frame.tid=100271
D/BootAnimation( 502): [BootAnimation movie 892]1,delay=40
D/dalvikvm( 664): GC_CONCURRENT freed 1211K (13987), 28% free 8566K/11780K, pau sed 2ms+12ms, total 46ms
D/dalvikvm( 664): WAIT_FOR_CONCURRENT_GC blocked 30ms
I/PackageManager( 664): Perform pre-dex opt for package: com.miui.transfer
D/dalvikvm( 664): open_cached_dex_file : /system/app/Transfer.apk /data/dalvikcache/system@app@Transfer.apk@classes.dex
D/PackageManager( 664): scan package: /system/app/Transfer.apk , end at: 30549m s. elapsed time = 75ms.
D/PackageManager( 664): scan package: /system/app/Updater.apk , start at: 30549 ms.
I/PackageManager( 664): /system/app/Updater.apk changed; collecting certs
D/BootAnimation( 502): [BootAnimation checkExit 714]exitnow=0
D/BootAnimation( 502): [BootAnimation movie 854]i=1,r=367,j=0,lastFrame=3057536 1928(30575 ms),file=ligo_00102.png
D/BootAnimation( 502): [BootAnimation movie 857]glBindTexture,i=1,r=367,j=0,fra me.tid=100271,name=ligo_00102.png
D/BootAnimation( 502): [BootAnimation movie 874]clearReg.isEmpty,i=1,r=367,j=0, frame.tid=100271
D/BootAnimation( 502): [BootAnimation movie 892]1,delay=40
D/NativeCrypto( 664): NativeCrypto_EVP_VerifyInit ctx=0x5cf6d6c8
D/NativeCrypto( 664): NativeCrypto_EVP_VerifyInit algorithmChars=RSA-SHA1
E/PackageManager( 664): Package com.android.updater has no signatures that matc

h those in shared user android.uid.updater; ignoring!
W/PackageManager( 664): Signature mismatch for shared user : SharedUserSetting{ 42643d58 android.uid.updater/9802}
D/PackageManager( 664): scan package: /system/app/Updater.apk , end at: 30610ms . elapsed time = 61ms.
D/PackageManager( 664): scan package: /system/app/UserDictionaryProvider.apk , start at: 30610ms.
I/PackageManager( 664): Perform pre-dex opt for package: com.android.providers. userdictionary
D/dalvikvm( 664): open_cached_dex_file : /system/app/UserDictionaryProvider.apk /data/dalvik-cache/system@app@UserDictionaryProvider.apk@classes.dex
I/dalvikvm( 664): DexOpt: source file mod time mismatch (42ea55cc vs 38f8273d)
D/PackageManager( 664): scan package: /system/app/UserDictionaryProvider.apk , end at: 30615ms. elapsed time = 5ms.
D/PackageManager( 664): scan package: /system/app/VideoEditor.apk , start at: 3 0615ms.
D/BootAnimation( 502): [BootAnimation checkExit 714]exitnow=0
D/BootAnimation( 502): [BootAnimation movie 854]i=1,r=368,j=0,lastFrame=3061721 5312(30617 ms),file=ligo_00102.png
D/BootAnimation( 502): [BootAnimation movie 857]glBindTexture,i=1,r=368,j=0,fra me.tid=100271,name=ligo_00102.png
D/BootAnimation( 502): [BootAnimation movie 874]clearReg.isEmpty,i=1,r=368,j=0, frame.tid=100271
D/BootAnimation( 502): [BootAnimation movie 892]0,delay=40
I/PackageManager( 664): Perform pre-dex opt for package: com.android.videoedito r
D/dalvikvm( 664): open_cached_dex_file : /system/app/VideoEditor.apk /data/dalv ik-cache/system@app@VideoEditor.apk@classes.dex
D/BootAnimation( 502): [BootAnimation checkExit 714]exitnow=0
D/BootAnimation( 502): [BootAnimation movie 854]i=1,r=369,j=0,lastFrame=3065906 1158(30659 ms),file=ligo_00102.png
D/BootAnimation( 502): [BootAnimation movie 857]glBindTexture,i=1,r=369,j=0,fra me.tid=100271,name=ligo_00102.png
D/BootAnimation( 502): [BootAnimation movie 874]clearReg.isEmpty,i=1,r=369,j=0, frame.tid=100271
D/BootAnimation( 502): [BootAnimation movie 892]1,delay=40
I/dalvikvm( 664): DexOpt: mismatch dep signature for '/data/dalvik-cache/system @framework@framework.jar@classes.dex'
D/dalvikvm( 664): == DexOpt: numDeps = 15
D/dalvikvm( 664): 0 : /data/dalvik-cache/system@framework@core.jar@classes.dex /data/dalvik-cache/system@framework@core.jar@classes.dex
D/dalvikvm( 664): 1 : /data/dalvik-cache/system@framework@core-junit.jar@classe s.dex /data/dalvik-cache/system@framework@core-junit.jar@classes.dex
D/dalvikvm( 664): 2 : /data/dalvik-cache/system@framework@bouncycastle.jar@clas ses.dex /data/dalvik-cache/system@framework@bouncycastle.jar@classes.dex
D/dalvikvm( 664): 3 : /data/dalvik-cache/system@framework@ext.jar@classes.dex / data/dalvik-cache/system@framework@ext.jar@classes.dex
D/dalvikvm( 664): 4 : /data/dalvik-cache/system@framework@framework.jar@classes .dex /data/dalvik-cache/system@framework@framework.jar@classes.dex
D/dalvikvm( 664): 5 : NULL NULL
D/PackageManager( 664): scan package: /system/app/VideoEditor.apk , end at: 306 65ms. elapsed time = 50ms.
D/PackageManager( 664): scan package: /system/app/VideoFavorites.apk , start at : 30666ms.
I/PackageManager( 664): Perform pre-dex opt for package: com.mediatek.videofavo rites
D/dalvikvm( 664): open_cached_dex_file : /system/app/VideoFavorites.apk /data/d alvik-cache/system@app@VideoFavorites.apk@classes.dex
I/dalvikvm( 664): DexOpt: source file mod time mismatch (42ea55ce vs 38902d19)
D/PackageManager( 664): scan package: /system/app/VideoFavorites.apk , end at:

30674ms. elapsed time = 8ms.
D/PackageManager( 664): scan package: /system/app/ViPER4Android_FX_A4.x.apk , s tart at: 30674ms.
I/PackageManager( 664): Perform pre-dex opt for package: com.vipercn.viper4andr oid
D/dalvikvm( 664): open_cached_dex_file : /system/app/ViPER4Android_FX_A4.x.apk /data/dalvik-cache/system@app@ViPER4Android_FX_A4.x.apk@classes.dex
D/BootAnimation( 502): [BootAnimation checkExit 714]exitnow=0
D/BootAnimation( 502): [BootAnimation movie 854]i=1,r=370,j=0,lastFrame=3070091 0313(30700 ms),file=ligo_00102.png
D/BootAnimation( 502): [BootAnimation movie 857]glBindTexture,i=1,r=370,j=0,fra me.tid=100271,name=ligo_00102.png
D/BootAnimation( 502): [BootAnimation movie 874]clearReg.isEmpty,i=1,r=370,j=0, frame.tid=100271
D/BootAnimation( 502): [BootAnimation movie 892]0,delay=40
I/dalvikvm( 664): DexOpt: mismatch dep signature for '/data/dalvik-cache/system @framework@framework.jar@classes.dex'
D/dalvikvm( 664): == DexOpt: numDeps = 15
D/dalvikvm( 664): 0 : /data/dalvik-cache/system@framework@core.jar@classes.dex /data/dalvik-cache/system@framework@core.jar@classes.dex
D/dalvikvm( 664): 1 : /data/dalvik-cache/system@framework@core-junit.jar@classe s.dex /data/dalvik-cache/system@framework@core-junit.jar@classes.dex
D/dalvikvm( 664): 2 : /data/dalvik-cache/system@framework@bouncycastle.jar@clas ses.dex /data/dalvik-cache/system@framework@bouncycastle.jar@classes.dex
D/dalvikvm( 664): 3 : /data/dalvik-cache/system@framework@ext.jar@classes.dex / data/dalvik-cache/system@framework@ext.jar@classes.dex
D/dalvikvm( 664): 4 : /data/dalvik-cache/system@framework@framework.jar@classes .dex /data/dalvik-cache/system@framework@framework.jar@classes.dex
D/dalvikvm( 664): 5 : NULL NULL
D/PackageManager( 664): scan package: /system/app/ViPER4Android_FX_A4.x.apk , e nd at: 30704ms. elapsed time = 30ms.
D/PackageManager( 664): scan package: /system/app/VisualizationWallpapers.apk , start at: 30705ms.
I/PackageManager( 664): Perform pre-dex opt for package: com.android.musicvis
D/dalvikvm( 664): open_cached_dex_file : /system/app/VisualizationWallpapers.ap k /data/dalvik-cache/system@app@VisualizationWallpapers.apk@classes.dex
I/dalvikvm( 664): DexOpt: source file mod time mismatch (42ea55d0 vs 38f8273d)
D/PackageManager( 664): scan package: /system/app/VisualizationWallpapers.apk , end at: 30712ms. elapsed time = 7ms.
D/PackageManager( 664): scan package: /system/app/VoiceCommand.apk , start at: 30712ms.
I/PackageManager( 664): Perform pre-dex opt for package: com.mediatek.voicecomm and
D/dalvikvm( 664): open_cached_dex_file : /system/app/VoiceCommand.apk /data/dal vik-cache/system@app@VoiceCommand.apk@classes.dex
I/dalvikvm( 664): DexOpt: source file mod time mismatch (38903d19 vs 38902d19)
D/PackageManager( 664): scan package: /system/app/VoiceCommand.apk , end at: 30 717ms. elapsed time = 5ms.
D/PackageManager( 664): scan package: /system/app/VoiceUnlock.apk , start at: 3 0717ms.
I/PackageManager( 664): Perform pre-dex opt for package: com.mediatek.voiceunlo ck
D/dalvikvm( 664): open_cached_dex_file : /system/app/VoiceUnlock.apk /data/dalv ik-cache/system@app@VoiceUnlock.apk@classes.dex
I/dalvikvm( 664): DexOpt: source file mod time mismatch (42ea55d1 vs 38902d19)
D/PackageManager( 664): scan package: /system/app/VoiceUnlock.apk , end at: 307 24ms. elapsed time = 7ms.
D/PackageManager( 664): scan package: /system/app/VpnDialogs.apk , start at: 30 725ms.
I/PackageManager( 664): Perform pre-dex opt for package: com.android.vpndialogs

D/dalvikvm( 664): open_cached_dex_file : /system/app/VpnDialogs.apk /data/dalvi k-cache/system@app@VpnDialogs.apk@classes.dex
I/dalvikvm( 664): DexOpt: source file mod time mismatch (42ea55d2 vs 38902d19)
D/PackageManager( 664): scan package: /system/app/VpnDialogs.apk , end at: 3072 8ms. elapsed time = 3ms.
D/PackageManager( 664): scan package: /system/app/WallpaperChooser.apk , start at: 30728ms.
I/PackageManager( 664): Perform pre-dex opt for package: com.android.wallpaperc hooser
D/dalvikvm( 664): open_cached_dex_file : /system/app/WallpaperChooser.apk /data /dalvik-cache/system@app@WallpaperChooser.apk@classes.dex
I/dalvikvm( 664): DexOpt: source file mod time mismatch (42ea55d3 vs 38f8273d)
D/PackageManager( 664): scan package: /system/app/WallpaperChooser.apk , end at : 30734ms. elapsed time = 6ms.
D/PackageManager( 664): scan package: /system/app/Weather.apk , start at: 30734 ms.
D/BootAnimation( 502): [BootAnimation checkExit 714]exitnow=0
D/BootAnimation( 502): [BootAnimation movie 854]i=1,r=371,j=0,lastFrame=3074275 2159(30742 ms),file=ligo_00102.png
D/BootAnimation( 502): [BootAnimation movie 857]glBindTexture,i=1,r=371,j=0,fra me.tid=100271,name=ligo_00102.png
D/BootAnimation( 502): [BootAnimation movie 874]clearReg.isEmpty,i=1,r=371,j=0, frame.tid=100271
D/BootAnimation( 502): [BootAnimation movie 892]1,delay=40
I/PackageManager( 664): /system/app/Weather.apk changed; collecting certs
D/BootAnimation( 502): [BootAnimation checkExit 714]exitnow=0
D/BootAnimation( 502): [BootAnimation movie 854]i=1,r=372,j=0,lastFrame=3078459 7774(30784 ms),file=ligo_00102.png
D/BootAnimation( 502): [BootAnimation movie 857]glBindTexture,i=1,r=372,j=0,fra me.tid=100271,name=ligo_00102.png
D/BootAnimation( 502): [BootAnimation movie 874]clearReg.isEmpty,i=1,r=372,j=0, frame.tid=100271
D/BootAnimation( 502): [BootAnimation movie 892]1,delay=40
D/NativeCrypto( 664): NativeCrypto_EVP_VerifyInit ctx=0x5cf24468
D/NativeCrypto( 664): NativeCrypto_EVP_VerifyInit algorithmChars=RSA-SHA1
D/BootAnimation( 502): [BootAnimation checkExit 714]exitnow=0
D/BootAnimation( 502): [BootAnimation movie 854]i=1,r=373,j=0,lastFrame=3082647 7774(30826 ms),file=ligo_00102.png
D/BootAnimation( 502): [BootAnimation movie 857]glBindTexture,i=1,r=373,j=0,fra me.tid=100271,name=ligo_00102.png
D/BootAnimation( 502): [BootAnimation movie 874]clearReg.isEmpty,i=1,r=373,j=0, frame.tid=100271
D/BootAnimation( 502): [BootAnimation movie 892]1,delay=40
I/PackageManager( 664): Perform pre-dex opt for package: com.miui.weather2
D/dalvikvm( 664): open_cached_dex_file : /system/app/Weather.apk /data/dalvik-c ache/system@app@Weather.apk@classes.dex
D/PackageManager( 664): scan package: /system/app/Weather.apk , end at: 30844ms . elapsed time = 110ms.
D/PackageManager( 664): scan package: /system/app/WeatherProvider.apk , start a t: 30844ms.
D/BootAnimation( 502): [BootAnimation checkExit 714]exitnow=0
D/BootAnimation( 502): [BootAnimation movie 854]i=1,r=374,j=0,lastFrame=3086832 6928(30868 ms),file=ligo_00102.png
D/BootAnimation( 502): [BootAnimation movie 857]glBindTexture,i=1,r=374,j=0,fra me.tid=100271,name=ligo_00102.png
D/BootAnimation( 502): [BootAnimation movie 874]clearReg.isEmpty,i=1,r=374,j=0, frame.tid=100271
D/BootAnimation( 502): [BootAnimation movie 892]1,delay=40
I/PackageManager( 664): /system/app/WeatherProvider.apk changed; collecting cer ts

D/NativeCrypto( 664): NativeCrypto_EVP_VerifyInit ctx=0x5cf72888
D/NativeCrypto( 664): NativeCrypto_EVP_VerifyInit algorithmChars=RSA-SHA1
I/PackageManager( 664): Perform pre-dex opt for package: com.miui.providers.wea ther
D/dalvikvm( 664): open_cached_dex_file : /system/app/WeatherProvider.apk /data/ dalvik-cache/system@app@WeatherProvider.apk@classes.dex
D/PackageManager( 664): scan package: /system/app/WeatherProvider.apk , end at: 30890ms. elapsed time = 46ms.
D/PackageManager( 664): scan package: /system/app/XiaomiServiceFramework.apk , start at: 30890ms.
D/BootAnimation( 502): [BootAnimation checkExit 714]exitnow=0
D/BootAnimation( 502): [BootAnimation movie 854]i=1,r=375,j=0,lastFrame=3091014 8928(30910 ms),file=ligo_00102.png
D/BootAnimation( 502): [BootAnimation movie 857]glBindTexture,i=1,r=375,j=0,fra me.tid=100271,name=ligo_00102.png
D/BootAnimation( 502): [BootAnimation movie 874]clearReg.isEmpty,i=1,r=375,j=0, frame.tid=100271
D/BootAnimation( 502): [BootAnimation movie 892]0,delay=40
I/PackageManager( 664): /system/app/XiaomiServiceFramework.apk changed; collect ing certs
D/BootAnimation( 502): [BootAnimation checkExit 714]exitnow=0
D/BootAnimation( 502): [BootAnimation movie 854]i=1,r=376,j=0,lastFrame=3095199 0082(30951 ms),file=ligo_00102.png
D/BootAnimation( 502): [BootAnimation movie 857]glBindTexture,i=1,r=376,j=0,fra me.tid=100271,name=ligo_00102.png
D/BootAnimation( 502): [BootAnimation movie 874]clearReg.isEmpty,i=1,r=376,j=0, frame.tid=100271
D/BootAnimation( 502): [BootAnimation movie 892]1,delay=40
D/BootAnimation( 502): [BootAnimation checkExit 714]exitnow=0
D/BootAnimation( 502): [BootAnimation movie 854]i=1,r=377,j=0,lastFrame=3099389 0235(30993 ms),file=ligo_00102.png
D/BootAnimation( 502): [BootAnimation movie 857]glBindTexture,i=1,r=377,j=0,fra me.tid=100271,name=ligo_00102.png
D/BootAnimation( 502): [BootAnimation movie 874]clearReg.isEmpty,i=1,r=377,j=0, frame.tid=100271
D/BootAnimation( 502): [BootAnimation movie 892]1,delay=40
D/dalvikvm( 664): GC_CONCURRENT freed 2764K (43163), 34% free 7849K/11780K, pau sed 1ms+8ms, total 46ms
D/dalvikvm( 664): WAIT_FOR_CONCURRENT_GC blocked 44ms
D/BootAnimation( 502): [BootAnimation checkExit 714]exitnow=0
D/BootAnimation( 502): [BootAnimation movie 854]i=1,r=378,j=0,lastFrame=3103579 7158(31035 ms),file=ligo_00102.png
D/BootAnimation( 502): [BootAnimation movie 857]glBindTexture,i=1,r=378,j=0,fra me.tid=100271,name=ligo_00102.png
D/BootAnimation( 502): [BootAnimation movie 874]clearReg.isEmpty,i=1,r=378,j=0, frame.tid=100271
D/BootAnimation( 502): [BootAnimation movie 892]1,delay=40
D/NativeCrypto( 664): NativeCrypto_EVP_VerifyInit ctx=0x5cf5d540
D/NativeCrypto( 664): NativeCrypto_EVP_VerifyInit algorithmChars=RSA-SHA1
I/PackageManager( 664): Perform pre-dex opt for package: com.xiaomi.xmsf
D/dalvikvm( 664): open_cached_dex_file : /system/app/XiaomiServiceFramework.apk /data/dalvik-cache/system@app@XiaomiServiceFramework.apk@classes.dex
D/PackageManager( 664): scan package: /system/app/XiaomiServiceFramework.apk , end at: 31075ms. elapsed time = 185ms.
D/PackageManager( 664): scan package: /system/app/YellowPage.apk , start at: 31 075ms.
D/BootAnimation( 502): [BootAnimation checkExit 714]exitnow=0
D/BootAnimation( 502): [BootAnimation movie 854]i=1,r=379,j=0,lastFrame=3107765 9466(31077 ms),file=ligo_00102.png
D/BootAnimation( 502): [BootAnimation movie 857]glBindTexture,i=1,r=379,j=0,fra

me.tid=100271,name=ligo_00102.png
D/BootAnimation( 502): [BootAnimation movie 874]clearReg.isEmpty,i=1,r=379,j=0, frame.tid=100271
D/BootAnimation( 502): [BootAnimation movie 892]0,delay=40
I/PackageManager( 664): /system/app/YellowPage.apk changed; collecting certs
D/BootAnimation( 502): [BootAnimation checkExit 714]exitnow=0
D/BootAnimation( 502): [BootAnimation movie 854]i=1,r=380,j=0,lastFrame=3111952 8697(31119 ms),file=ligo_00102.png
D/BootAnimation( 502): [BootAnimation movie 857]glBindTexture,i=1,r=380,j=0,fra me.tid=100271,name=ligo_00102.png
D/BootAnimation( 502): [BootAnimation movie 874]clearReg.isEmpty,i=1,r=380,j=0, frame.tid=100271
D/BootAnimation( 502): [BootAnimation movie 892]1,delay=40
D/NativeCrypto( 664): NativeCrypto_EVP_VerifyInit ctx=0x5cf77b18
D/NativeCrypto( 664): NativeCrypto_EVP_VerifyInit algorithmChars=RSA-SHA1
I/PackageManager( 664): Perform pre-dex opt for package: com.miui.yellowpage
D/dalvikvm( 664): open_cached_dex_file : /system/app/YellowPage.apk /data/dalvi k-cache/system@app@YellowPage.apk@classes.dex
D/PackageManager( 664): scan package: /system/app/YellowPage.apk , end at: 3113 6ms. elapsed time = 61ms.
D/PackageManager( 664): scan package: /system/app/YGPS.apk , start at: 31136ms.
I/PackageManager( 664): Perform pre-dex opt for package: com.mediatek.ygps
D/dalvikvm( 664): open_cached_dex_file : /system/app/YGPS.apk /data/dalvik-cach e/system@app@YGPS.apk@classes.dex
I/dalvikvm( 664): DexOpt: source file mod time mismatch (42ea55d4 vs 38902d19)
D/PackageManager( 664): scan package: /system/app/YGPS.apk , end at: 31146ms. e lapsed time = 10ms.
D/PackageManager( 664): No files in app dir /vendor/app
D/PackageManager( 664): No files in app dir /vendor/operator/app
W/PackageManager( 664): Vendor package: com.google.android.keep has been remove d from system
W/PackageManager( 664): Vendor package: com.estrongs.android.pop has been remov ed from system
W/PackageManager( 664): Vendor package: com.android.chrome has been removed fro m system
W/PackageManager( 664): Vendor package: org.softeg.slartus.forpda has been remo ved from system
W/PackageManager( 664): Vendor package: org.adaway has been removed from system
W/PackageManager( 664): Vendor package: com.mxtech.videoplayer.ad has been remo ved from system
W/PackageManager( 664): Vendor package: com.mobileuncle.toolbox has been remove d from system
W/PackageManager( 664): Vendor package: com.google.android.gm has been removed from system
D/BootAnimation( 502): [BootAnimation checkExit 714]exitnow=0
D/BootAnimation( 502): [BootAnimation movie 854]i=1,r=381,j=0,lastFrame=3116138 2005(31161 ms),file=ligo_00102.png
D/BootAnimation( 502): [BootAnimation movie 857]glBindTexture,i=1,r=381,j=0,fra me.tid=100271,name=ligo_00102.png
D/BootAnimation( 502): [BootAnimation movie 874]clearReg.isEmpty,i=1,r=381,j=0, frame.tid=100271
D/BootAnimation( 502): [BootAnimation movie 892]1,delay=40
D/BootAnimation( 502): [BootAnimation checkExit 714]exitnow=0
D/BootAnimation( 502): [BootAnimation movie 854]i=1,r=382,j=0,lastFrame=3120323 8774(31203 ms),file=ligo_00102.png
D/BootAnimation( 502): [BootAnimation movie 857]glBindTexture,i=1,r=382,j=0,fra me.tid=100271,name=ligo_00102.png
D/BootAnimation( 502): [BootAnimation movie 874]clearReg.isEmpty,i=1,r=382,j=0, frame.tid=100271
D/BootAnimation( 502): [BootAnimation movie 892]0,delay=40

I/BufferQueue( 134): [BootAnimation](this:0x4295e370,api:1) [release] fps:23.62 , dur:1058.39, max:58.78, min:39.08
D/BootAnimation( 502): [BootAnimation checkExit 714]exitnow=0
D/BootAnimation( 502): [BootAnimation movie 854]i=1,r=383,j=0,lastFrame=3124509 8312(31245 ms),file=ligo_00102.png
D/BootAnimation( 502): [BootAnimation movie 857]glBindTexture,i=1,r=383,j=0,fra me.tid=100271,name=ligo_00102.png
D/BootAnimation( 502): [BootAnimation movie 874]clearReg.isEmpty,i=1,r=383,j=0, frame.tid=100271
D/BootAnimation( 502): [BootAnimation movie 892]0,delay=40
D/BootAnimation( 502): [BootAnimation checkExit 714]exitnow=0
D/BootAnimation( 502): [BootAnimation movie 854]i=1,r=384,j=0,lastFrame=3128695 0774(31286 ms),file=ligo_00102.png
D/BootAnimation( 502): [BootAnimation movie 857]glBindTexture,i=1,r=384,j=0,fra me.tid=100271,name=ligo_00102.png
D/BootAnimation( 502): [BootAnimation movie 874]clearReg.isEmpty,i=1,r=384,j=0, frame.tid=100271
D/BootAnimation( 502): [BootAnimation movie 892]0,delay=40
D/BootAnimation( 502): [BootAnimation checkExit 714]exitnow=0
D/BootAnimation( 502): [BootAnimation movie 854]i=1,r=385,j=0,lastFrame=3132880 5774(31328 ms),file=ligo_00102.png
D/BootAnimation( 502): [BootAnimation movie 857]glBindTexture,i=1,r=385,j=0,fra me.tid=100271,name=ligo_00102.png
D/BootAnimation( 502): [BootAnimation movie 874]clearReg.isEmpty,i=1,r=385,j=0, frame.tid=100271
I/SurfaceTextureClient( 502): [STC::queueBuffer] (this:0x41958680) fps:23.89, d ur:1004.60, max:42.29, min:41.37
I/BufferQueue( 134): [BootAnimation](this:0x4295e370,api:1) [queue] fps:23.89, dur:1004.51, max:42.27, min:41.26
D/BootAnimation( 502): [BootAnimation movie 892]1,delay=40
D/BootAnimation( 502): [BootAnimation checkExit 714]exitnow=0
D/BootAnimation( 502): [BootAnimation movie 854]i=1,r=386,j=0,lastFrame=3137067 3543(31370 ms),file=ligo_00102.png
D/BootAnimation( 502): [BootAnimation movie 857]glBindTexture,i=1,r=386,j=0,fra me.tid=100271,name=ligo_00102.png
D/BootAnimation( 502): [BootAnimation movie 874]clearReg.isEmpty,i=1,r=386,j=0, frame.tid=100271
D/BootAnimation( 502): [BootAnimation movie 892]0,delay=40
D/PackageManager( 664): scan package: /data/app/AlipayMsp.apk , start at: 31390 ms.
I/PackageManager( 664): Perform pre-dex opt for package: com.alipay.android.app
D/dalvikvm( 664): open_cached_dex_file : /data/app/AlipayMsp.apk /data/dalvik-c ache/data@app@AlipayMsp.apk@classes.dex
D/PackageManager( 664): scan package: /data/app/AlipayMsp.apk , end at: 31411ms . elapsed time = 21ms.
D/PackageManager( 664): scan package: /data/app/AtciService.apk , start at: 314 11ms.
D/BootAnimation( 502): [BootAnimation checkExit 714]exitnow=0
D/BootAnimation( 502): [BootAnimation movie 854]i=1,r=387,j=0,lastFrame=3141252 3466(31412 ms),file=ligo_00102.png
D/BootAnimation( 502): [BootAnimation movie 857]glBindTexture,i=1,r=387,j=0,fra me.tid=100271,name=ligo_00102.png
D/BootAnimation( 502): [BootAnimation movie 874]clearReg.isEmpty,i=1,r=387,j=0, frame.tid=100271
D/BootAnimation( 502): [BootAnimation movie 892]0,delay=40
I/PackageManager( 664): Perform pre-dex opt for package: com.mediatek.atci.serv ice
D/dalvikvm( 664): open_cached_dex_file : /data/app/AtciService.apk /data/dalvik -cache/data@app@AtciService.apk@classes.dex
D/PackageManager( 664): scan package: /data/app/AtciService.apk , end at: 31417

ms. elapsed time = 6ms.
D/PackageManager( 664): scan package: /data/app/baidushurufa_52.apk , start at: 31417ms.
D/BootAnimation( 502): [BootAnimation checkExit 714]exitnow=0
D/BootAnimation( 502): [BootAnimation movie 854]i=1,r=388,j=0,lastFrame=3145438 2235(31454 ms),file=ligo_00102.png
D/BootAnimation( 502): [BootAnimation movie 857]glBindTexture,i=1,r=388,j=0,fra me.tid=100271,name=ligo_00102.png
D/BootAnimation( 502): [BootAnimation movie 874]clearReg.isEmpty,i=1,r=388,j=0, frame.tid=100271
D/BootAnimation( 502): [BootAnimation movie 892]1,delay=40
I/SurfaceFlinger( 134): [SurfaceFlinger] fps:23.998869,dur:1041.72,max:55.13,mi n:39.05
D/BootAnimation( 502): [BootAnimation checkExit 714]exitnow=0
D/BootAnimation( 502): [BootAnimation movie 854]i=1,r=389,j=0,lastFrame=3149625 9312(31496 ms),file=ligo_00102.png
D/BootAnimation( 502): [BootAnimation movie 857]glBindTexture,i=1,r=389,j=0,fra me.tid=100271,name=ligo_00102.png
D/BootAnimation( 502): [BootAnimation movie 874]clearReg.isEmpty,i=1,r=389,j=0, frame.tid=100271
D/BootAnimation( 502): [BootAnimation movie 892]1,delay=40
I/PackageManager( 664): Perform pre-dex opt for package: com.baidu.input
D/dalvikvm( 664): open_cached_dex_file : /data/app/baidushurufa_52.apk /data/da lvik-cache/data@app@baidushurufa_52.apk@classes.dex
D/PackageManager( 664): scan package: /data/app/baidushurufa_52.apk , end at: 3 1514ms. elapsed time = 97ms.
D/PackageManager( 664): scan package: /data/app/com.anddoes.launcher-1.apk , st art at: 31514ms.
D/BootAnimation( 502): [BootAnimation checkExit 714]exitnow=0
D/BootAnimation( 502): [BootAnimation movie 854]i=1,r=390,j=0,lastFrame=3153811 1774(31538 ms),file=ligo_00102.png
D/BootAnimation( 502): [BootAnimation movie 857]glBindTexture,i=1,r=390,j=0,fra me.tid=100271,name=ligo_00102.png
D/BootAnimation( 502): [BootAnimation movie 874]clearReg.isEmpty,i=1,r=390,j=0, frame.tid=100271
D/BootAnimation( 502): [BootAnimation movie 892]0,delay=40
I/PackageManager( 664): Perform pre-dex opt for package: com.anddoes.launcher
D/dalvikvm( 664): open_cached_dex_file : /data/app/com.anddoes.launcher-1.apk / data/dalvik-cache/data@app@com.anddoes.launcher-1.apk@classes.dex
D/PackageManager( 664): scan package: /data/app/com.anddoes.launcher-1.apk , en d at: 31578ms. elapsed time = 64ms.
D/PackageManager( 664): scan package: /data/app/com.android.chrome-1.apk , star t at: 31578ms.
D/BootAnimation( 502): [BootAnimation checkExit 714]exitnow=0
D/BootAnimation( 502): [BootAnimation movie 854]i=1,r=391,j=0,lastFrame=3157996 9851(31579 ms),file=ligo_00102.png
D/BootAnimation( 502): [BootAnimation movie 857]glBindTexture,i=1,r=391,j=0,fra me.tid=100271,name=ligo_00102.png
D/BootAnimation( 502): [BootAnimation movie 874]clearReg.isEmpty,i=1,r=391,j=0, frame.tid=100271
D/BootAnimation( 502): [BootAnimation movie 892]1,delay=40
D/BootAnimation( 502): [BootAnimation checkExit 714]exitnow=0
D/BootAnimation( 502): [BootAnimation movie 854]i=1,r=392,j=0,lastFrame=3162182 2005(31621 ms),file=ligo_00102.png
D/BootAnimation( 502): [BootAnimation movie 857]glBindTexture,i=1,r=392,j=0,fra me.tid=100271,name=ligo_00102.png
D/BootAnimation( 502): [BootAnimation movie 874]clearReg.isEmpty,i=1,r=392,j=0, frame.tid=100271
D/BootAnimation( 502): [BootAnimation movie 892]0,delay=40
I/PackageManager( 664): /data/app/com.android.chrome-1.apk changed; collecting

certs
D/BootAnimation( 502): [BootAnimation checkExit 714]exitnow=0
D/BootAnimation( 502): [BootAnimation movie 854]i=1,r=393,j=0,lastFrame=3166371 3697(31663 ms),file=ligo_00102.png
D/BootAnimation( 502): [BootAnimation movie 857]glBindTexture,i=1,r=393,j=0,fra me.tid=100271,name=ligo_00102.png
D/BootAnimation( 502): [BootAnimation movie 874]clearReg.isEmpty,i=1,r=393,j=0, frame.tid=100271
D/BootAnimation( 502): [BootAnimation movie 892]1,delay=40
D/BootAnimation( 502): [BootAnimation checkExit 714]exitnow=0
D/BootAnimation( 502): [BootAnimation movie 854]i=1,r=394,j=0,lastFrame=3170560 9851(31705 ms),file=ligo_00102.png
D/BootAnimation( 502): [BootAnimation movie 857]glBindTexture,i=1,r=394,j=0,fra me.tid=100271,name=ligo_00102.png
D/BootAnimation( 502): [BootAnimation movie 874]clearReg.isEmpty,i=1,r=394,j=0, frame.tid=100271
D/BootAnimation( 502): [BootAnimation movie 892]1,delay=40
D/dalvikvm( 664): GC_CONCURRENT freed 1788K (28905), 32% free 8065K/11780K, pau sed 3ms+7ms, total 48ms
D/dalvikvm( 664): WAIT_FOR_CONCURRENT_GC blocked 44ms
I/dalvikvm-heap( 664): Grow heap (frag case) to 8.313MB for 99934-byte allocati on
D/BootAnimation( 502): [BootAnimation checkExit 714]exitnow=0
D/BootAnimation( 502): [BootAnimation movie 854]i=1,r=395,j=0,lastFrame=3174755 0005(31747 ms),file=ligo_00102.png
D/BootAnimation( 502): [BootAnimation movie 857]glBindTexture,i=1,r=395,j=0,fra me.tid=100271,name=ligo_00102.png
D/BootAnimation( 502): [BootAnimation movie 874]clearReg.isEmpty,i=1,r=395,j=0, frame.tid=100271
D/BootAnimation( 502): [BootAnimation movie 892]1,delay=40
D/dalvikvm( 664): GC_FOR_ALLOC freed 763K (11635), 38% free 7400K/11880K, pause d 41ms, total 41ms
D/BootAnimation( 502): [BootAnimation checkExit 714]exitnow=0
D/BootAnimation( 502): [BootAnimation movie 854]i=1,r=396,j=0,lastFrame=3178948 5774(31789 ms),file=ligo_00102.png
D/BootAnimation( 502): [BootAnimation movie 857]glBindTexture,i=1,r=396,j=0,fra me.tid=100271,name=ligo_00102.png
D/BootAnimation( 502): [BootAnimation movie 874]clearReg.isEmpty,i=1,r=396,j=0, frame.tid=100271
D/BootAnimation( 502): [BootAnimation movie 892]1,delay=39
D/dalvikvm( 664): GC_FOR_ALLOC freed 297K (39), 37% free 7562K/11880K, paused 3 5ms, total 35ms
D/BootAnimation( 502): [BootAnimation checkExit 714]exitnow=0
D/BootAnimation( 502): [BootAnimation movie 854]i=1,r=397,j=0,lastFrame=3183136 5159(31831 ms),file=ligo_00102.png
D/BootAnimation( 502): [BootAnimation movie 857]glBindTexture,i=1,r=397,j=0,fra me.tid=100271,name=ligo_00102.png
D/BootAnimation( 502): [BootAnimation movie 874]clearReg.isEmpty,i=1,r=397,j=0, frame.tid=100271
D/BootAnimation( 502): [BootAnimation movie 892]1,delay=39
D/dalvikvm( 664): GC_FOR_ALLOC freed 73K (196), 36% free 7615K/11880K, paused 3 1ms, total 31ms
I/dalvikvm-heap( 664): Grow heap (frag case) to 7.873MB for 99881-byte allocati on
D/BootAnimation( 502): [BootAnimation checkExit 714]exitnow=0
D/BootAnimation( 502): [BootAnimation movie 854]i=1,r=398,j=0,lastFrame=3187333 2005(31873 ms),file=ligo_00102.png
D/BootAnimation( 502): [BootAnimation movie 857]glBindTexture,i=1,r=398,j=0,fra me.tid=100271,name=ligo_00102.png
D/BootAnimation( 502): [BootAnimation movie 874]clearReg.isEmpty,i=1,r=398,j=0,

frame.tid=100271
D/BootAnimation( 502): [BootAnimation movie 892]1,delay=40
D/dalvikvm( 664): GC_FOR_ALLOC freed 127K (3), 37% free 7586K/11980K, paused 31 ms, total 31ms
D/BootAnimation( 502): [BootAnimation checkExit 714]exitnow=0
D/BootAnimation( 502): [BootAnimation movie 854]i=1,r=399,j=0,lastFrame=3191520 2851(31915 ms),file=ligo_00102.png
D/BootAnimation( 502): [BootAnimation movie 857]glBindTexture,i=1,r=399,j=0,fra me.tid=100271,name=ligo_00102.png
D/BootAnimation( 502): [BootAnimation movie 874]clearReg.isEmpty,i=1,r=399,j=0, frame.tid=100271
D/BootAnimation( 502): [BootAnimation movie 892]1,delay=40
D/BootAnimation( 502): [BootAnimation checkExit 714]exitnow=0
D/BootAnimation( 502): [BootAnimation movie 854]i=1,r=400,j=0,lastFrame=3195707 2774(31957 ms),file=ligo_00102.png
D/BootAnimation( 502): [BootAnimation movie 857]glBindTexture,i=1,r=400,j=0,fra me.tid=100271,name=ligo_00102.png
D/BootAnimation( 502): [BootAnimation movie 874]clearReg.isEmpty,i=1,r=400,j=0, frame.tid=100271
D/BootAnimation( 502): [BootAnimation movie 892]1,delay=40
D/BootAnimation( 502): [BootAnimation checkExit 714]exitnow=0
D/BootAnimation( 502): [BootAnimation movie 854]i=1,r=401,j=0,lastFrame=3199894 1851(31998 ms),file=ligo_00102.png
D/BootAnimation( 502): [BootAnimation movie 857]glBindTexture,i=1,r=401,j=0,fra me.tid=100271,name=ligo_00102.png
D/BootAnimation( 502): [BootAnimation movie 874]clearReg.isEmpty,i=1,r=401,j=0, frame.tid=100271
D/BootAnimation( 502): [BootAnimation movie 892]1,delay=40
D/NativeCrypto( 664): NativeCrypto_EVP_VerifyInit ctx=0x5cf5d540
D/NativeCrypto( 664): NativeCrypto_EVP_VerifyInit algorithmChars=RSA-SHA1
D/BootAnimation( 502): [BootAnimation checkExit 714]exitnow=0
D/BootAnimation( 502): [BootAnimation movie 854]i=1,r=402,j=0,lastFrame=3204083 5236(32040 ms),file=ligo_00102.png
D/BootAnimation( 502): [BootAnimation movie 857]glBindTexture,i=1,r=402,j=0,fra me.tid=100271,name=ligo_00102.png
D/BootAnimation( 502): [BootAnimation movie 874]clearReg.isEmpty,i=1,r=402,j=0, frame.tid=100271
D/BootAnimation( 502): [BootAnimation movie 892]1,delay=40
D/BootAnimation( 502): [BootAnimation checkExit 714]exitnow=0
D/BootAnimation( 502): [BootAnimation movie 854]i=1,r=403,j=0,lastFrame=3208273 1236(32082 ms),file=ligo_00102.png
D/BootAnimation( 502): [BootAnimation movie 857]glBindTexture,i=1,r=403,j=0,fra me.tid=100271,name=ligo_00102.png
D/BootAnimation( 502): [BootAnimation movie 874]clearReg.isEmpty,i=1,r=403,j=0, frame.tid=100271
D/BootAnimation( 502): [BootAnimation movie 892]1,delay=40
D/BootAnimation( 502): [BootAnimation checkExit 714]exitnow=0
D/BootAnimation( 502): [BootAnimation movie 854]i=1,r=404,j=0,lastFrame=3212462 5620(32124 ms),file=ligo_00102.png
D/BootAnimation( 502): [BootAnimation movie 857]glBindTexture,i=1,r=404,j=0,fra me.tid=100271,name=ligo_00102.png
D/BootAnimation( 502): [BootAnimation movie 874]clearReg.isEmpty,i=1,r=404,j=0, frame.tid=100271
D/BootAnimation( 502): [BootAnimation movie 892]1,delay=40
D/BootAnimation( 502): [BootAnimation checkExit 714]exitnow=0
D/BootAnimation( 502): [BootAnimation movie 854]i=1,r=405,j=0,lastFrame=3216648 8620(32166 ms),file=ligo_00102.png
D/BootAnimation( 502): [BootAnimation movie 857]glBindTexture,i=1,r=405,j=0,fra me.tid=100271,name=ligo_00102.png
D/BootAnimation( 502): [BootAnimation movie 874]clearReg.isEmpty,i=1,r=405,j=0,

frame.tid=100271
D/BootAnimation( 502): [BootAnimation movie 892]1,delay=40
D/BootAnimation( 502): [BootAnimation checkExit 714]exitnow=0
D/BootAnimation( 502): [BootAnimation movie 854]i=1,r=406,j=0,lastFrame=3220835 9081(32208 ms),file=ligo_00102.png
D/BootAnimation( 502): [BootAnimation movie 857]glBindTexture,i=1,r=406,j=0,fra me.tid=100271,name=ligo_00102.png
D/BootAnimation( 502): [BootAnimation movie 874]clearReg.isEmpty,i=1,r=406,j=0, frame.tid=100271
D/BootAnimation( 502): [BootAnimation movie 892]1,delay=40
D/BootAnimation( 502): [BootAnimation checkExit 714]exitnow=0
D/BootAnimation( 502): [BootAnimation movie 854]i=1,r=407,j=0,lastFrame=3225025 8928(32250 ms),file=ligo_00102.png
D/BootAnimation( 502): [BootAnimation movie 857]glBindTexture,i=1,r=407,j=0,fra me.tid=100271,name=ligo_00102.png
D/BootAnimation( 502): [BootAnimation movie 874]clearReg.isEmpty,i=1,r=407,j=0, frame.tid=100271
D/BootAnimation( 502): [BootAnimation movie 892]1,delay=40
I/BufferQueue( 134): [BootAnimation](this:0x4295e370,api:1) [release] fps:24.07 , dur:1038.80, max:58.97, min:39.08
D/BootAnimation( 502): [BootAnimation checkExit 714]exitnow=0
D/BootAnimation( 502): [BootAnimation movie 854]i=1,r=408,j=0,lastFrame=3229216 4697(32292 ms),file=ligo_00102.png
D/BootAnimation( 502): [BootAnimation movie 857]glBindTexture,i=1,r=408,j=0,fra me.tid=100271,name=ligo_00102.png
D/BootAnimation( 502): [BootAnimation movie 874]clearReg.isEmpty,i=1,r=408,j=0, frame.tid=100271
D/BootAnimation( 502): [BootAnimation movie 892]1,delay=40
D/BootAnimation( 502): [BootAnimation checkExit 714]exitnow=0
D/BootAnimation( 502): [BootAnimation movie 854]i=1,r=409,j=0,lastFrame=3233403 1774(32334 ms),file=ligo_00102.png
D/BootAnimation( 502): [BootAnimation movie 857]glBindTexture,i=1,r=409,j=0,fra me.tid=100271,name=ligo_00102.png
D/BootAnimation( 502): [BootAnimation movie 874]clearReg.isEmpty,i=1,r=409,j=0, frame.tid=100271
I/SurfaceTextureClient( 502): [STC::queueBuffer] (this:0x41958680) fps:23.87, d ur:1005.40, max:42.58, min:41.08
I/BufferQueue( 134): [BootAnimation](this:0x4295e370,api:1) [queue] fps:23.87, dur:1005.51, max:42.58, min:41.03
D/BootAnimation( 502): [BootAnimation movie 892]1,delay=40
D/BootAnimation( 502): [BootAnimation checkExit 714]exitnow=0
D/BootAnimation( 502): [BootAnimation movie 854]i=1,r=410,j=0,lastFrame=3237598 7466(32375 ms),file=ligo_00102.png
D/BootAnimation( 502): [BootAnimation movie 857]glBindTexture,i=1,r=410,j=0,fra me.tid=100271,name=ligo_00102.png
D/BootAnimation( 502): [BootAnimation movie 874]clearReg.isEmpty,i=1,r=410,j=0, frame.tid=100271
D/BootAnimation( 502): [BootAnimation movie 892]1,delay=40
D/dalvikvm( 664): GC_CONCURRENT freed 992K (14152), 29% free 8543K/11980K, paus ed 2ms+2ms, total 48ms
D/BootAnimation( 502): [BootAnimation checkExit 714]exitnow=0
D/BootAnimation( 502): [BootAnimation movie 854]i=1,r=411,j=0,lastFrame=3241785 9543(32417 ms),file=ligo_00102.png
D/BootAnimation( 502): [BootAnimation movie 857]glBindTexture,i=1,r=411,j=0,fra me.tid=100271,name=ligo_00102.png
D/BootAnimation( 502): [BootAnimation movie 874]clearReg.isEmpty,i=1,r=411,j=0, frame.tid=100271
D/BootAnimation( 502): [BootAnimation movie 892]1,delay=40
D/BootAnimation( 502): [BootAnimation checkExit 714]exitnow=0
D/BootAnimation( 502): [BootAnimation movie 854]i=1,r=412,j=0,lastFrame=3245972

9158(32459 ms),file=ligo_00102.png
D/BootAnimation( 502): [BootAnimation movie 857]glBindTexture,i=1,r=412,j=0,fra me.tid=100271,name=ligo_00102.png
D/BootAnimation( 502): [BootAnimation movie 874]clearReg.isEmpty,i=1,r=412,j=0, frame.tid=100271
D/BootAnimation( 502): [BootAnimation movie 892]1,delay=40
I/SurfaceFlinger( 134): [SurfaceFlinger] fps:23.616289,dur:1016.25,max:54.77,mi n:39.08
D/BootAnimation( 502): [BootAnimation checkExit 714]exitnow=0
D/BootAnimation( 502): [BootAnimation movie 854]i=1,r=413,j=0,lastFrame=3250162 3697(32501 ms),file=ligo_00102.png
D/BootAnimation( 502): [BootAnimation movie 857]glBindTexture,i=1,r=413,j=0,fra me.tid=100271,name=ligo_00102.png
D/BootAnimation( 502): [BootAnimation movie 874]clearReg.isEmpty,i=1,r=413,j=0, frame.tid=100271
D/BootAnimation( 502): [BootAnimation movie 892]1,delay=40
D/BootAnimation( 502): [BootAnimation checkExit 714]exitnow=0
D/BootAnimation( 502): [BootAnimation movie 854]i=1,r=414,j=0,lastFrame=3254348 9159(32543 ms),file=ligo_00102.png
D/BootAnimation( 502): [BootAnimation movie 857]glBindTexture,i=1,r=414,j=0,fra me.tid=100271,name=ligo_00102.png
D/BootAnimation( 502): [BootAnimation movie 874]clearReg.isEmpty,i=1,r=414,j=0, frame.tid=100271
D/BootAnimation( 502): [BootAnimation movie 892]1,delay=40
