W/Resources( 1080): Preloaded drawable resource #0x60201c6 (miui:drawable/v5_lis t_view_single_item_bg_normal_light) that varies with configuration!!
D/skia ( 1080): Flag is not 10
W/Resources( 1080): Preloaded drawable resource #0x602022a (miui:drawable/v5_sli ding_btn_slider_pressed) that varies with configuration!!
D/dalvikvm( 1080): GC_EXPLICIT freed 80K (673), 20% free 4400K/5480K, paused 2ms +2ms, total 20ms
D/skia ( 1080): Flag is not 10
W/Resources( 1080): Preloaded drawable resource #0x6020229 (miui:drawable/v5_sli ding_btn_slider) that varies with configuration!!
D/skia ( 1080): Flag is not 10
W/Resources( 1080): Preloaded drawable resource #0x6020227 (miui:drawable/v5_sli ding_btn_on) that varies with configuration!!
D/BootAnimation( 502): [BootAnimation checkExit 714]exitnow=0
D/BootAnimation( 502): [BootAnimation movie 854]i=1,r=1080,j=0,lastFrame=634107 27237(63410 ms),file=ligo_00102.png
D/BootAnimation( 502): [BootAnimation movie 857]glBindTexture,i=1,r=1080,j=0,fr ame.tid=100271,name=ligo_00102.png
D/BootAnimation( 502): [BootAnimation movie 874]clearReg.isEmpty,i=1,r=1080,j=0 ,frame.tid=100271
D/BootAnimation( 502): [BootAnimation movie 892]1,delay=40
D/dalvikvm( 1080): GC_EXPLICIT freed 180K (148), 20% free 4398K/5480K, paused 2m s+2ms, total 21ms
D/skia ( 1080): Flag is not 10
W/Resources( 1080): Preloaded drawable resource #0x6020225 (miui:drawable/v5_sli ding_btn_off) that varies with configuration!!
D/dalvikvm( 1080): GC_EXPLICIT freed 138K (40), 20% free 4398K/5480K, paused 2ms +2ms, total 19ms
D/skia ( 1080): Flag is not 10
W/Resources( 1080): Preloaded drawable resource #0x6020224 (miui:drawable/v5_sli

ding_btn_mask) that varies with configuration!!
D/BootAnimation( 502): [BootAnimation checkExit 714]exitnow=0
D/BootAnimation( 502): [BootAnimation movie 854]i=1,r=1081,j=0,lastFrame=634526 21468(63452 ms),file=ligo_00102.png
D/BootAnimation( 502): [BootAnimation movie 857]glBindTexture,i=1,r=1081,j=0,fr ame.tid=100271,name=ligo_00102.png
D/BootAnimation( 502): [BootAnimation movie 874]clearReg.isEmpty,i=1,r=1081,j=0 ,frame.tid=100271
D/BootAnimation( 502): [BootAnimation movie 892]1,delay=40
D/dalvikvm( 1080): GC_EXPLICIT freed 71K (34), 20% free 4398K/5480K, paused 1ms+ 2ms, total 20ms
D/skia ( 1080): Flag is not 10
W/Resources( 1080): Preloaded drawable resource #0x6020223 (miui:drawable/v5_sli ding_btn_frame) that varies with configuration!!
D/dalvikvm( 1080): GC_EXPLICIT freed 71K (34), 20% free 4398K/5480K, paused 1ms+ 2ms, total 19ms
D/skia ( 1080): Flag is not 10
W/Resources( 1080): Preloaded drawable resource #0x60201f9 (miui:drawable/v5_pre ference_middle_item_bg_normal) that varies with configuration!!
D/BootAnimation( 502): [BootAnimation checkExit 714]exitnow=0
D/BootAnimation( 502): [BootAnimation movie 854]i=1,r=1082,j=0,lastFrame=634944 84852(63494 ms),file=ligo_00102.png
D/BootAnimation( 502): [BootAnimation movie 857]glBindTexture,i=1,r=1082,j=0,fr ame.tid=100271,name=ligo_00102.png
D/BootAnimation( 502): [BootAnimation movie 874]clearReg.isEmpty,i=1,r=1082,j=0 ,frame.tid=100271
D/BootAnimation( 502): [BootAnimation movie 892]1,delay=40
D/dalvikvm( 1080): GC_EXPLICIT freed 84K (36), 20% free 4399K/5480K, paused 2ms+ 2ms, total 20ms
D/skia ( 1080): Flag is not 10
W/Resources( 1080): Preloaded drawable resource #0x60201f7 (miui:drawable/v5_pre ference_last_item_bg_normal) that varies with configuration!!
D/dalvikvm( 1080): GC_EXPLICIT freed 84K (35), 20% free 4399K/5480K, paused 2ms+ 2ms, total 19ms
D/skia ( 1080): Flag is not 10
W/Resources( 1080): Preloaded drawable resource #0x60201f0 (miui:drawable/v5_pre ference_first_item_bg_normal) that varies with configuration!!
D/BootAnimation( 502): [BootAnimation checkExit 714]exitnow=0
D/BootAnimation( 502): [BootAnimation movie 854]i=1,r=1083,j=0,lastFrame=635363 42083(63536 ms),file=ligo_00102.png
D/BootAnimation( 502): [BootAnimation movie 857]glBindTexture,i=1,r=1083,j=0,fr ame.tid=100271,name=ligo_00102.png
D/BootAnimation( 502): [BootAnimation movie 874]clearReg.isEmpty,i=1,r=1083,j=0 ,frame.tid=100271
D/BootAnimation( 502): [BootAnimation movie 892]1,delay=40
D/dalvikvm( 1080): GC_EXPLICIT freed 84K (36), 20% free 4400K/5480K, paused 1ms+ 2ms, total 20ms
D/skia ( 1080): Flag is not 10
W/Resources( 1080): Preloaded drawable resource #0x60200f7 (miui:drawable/v5_bot tom_bar_more_icon_pressed_dark) that varies with configuration!!
D/dalvikvm( 1080): GC_EXPLICIT freed 49K (32), 20% free 4400K/5480K, paused 2ms+ 2ms, total 19ms
D/skia ( 1080): Flag is not 10
W/Resources( 1080): Preloaded drawable resource #0x602024f (miui:drawable/v5_win dow_bg_dark) that varies with configuration!!
D/skia ( 1080): Flag is not 10
W/Resources( 1080): Preloaded drawable resource #0x602024a (miui:drawable/v5_tit le_bar_back_placeholder_normal) that varies with configuration!!
D/BootAnimation( 502): [BootAnimation checkExit 714]exitnow=0
D/BootAnimation( 502): [BootAnimation movie 854]i=1,r=1084,j=0,lastFrame=635782

04852(63578 ms),file=ligo_00102.png
D/BootAnimation( 502): [BootAnimation movie 857]glBindTexture,i=1,r=1084,j=0,fr ame.tid=100271,name=ligo_00102.png
D/BootAnimation( 502): [BootAnimation movie 874]clearReg.isEmpty,i=1,r=1084,j=0 ,frame.tid=100271
D/BootAnimation( 502): [BootAnimation movie 892]0,delay=40
D/skia ( 1080): Flag is not 10
W/Resources( 1080): Preloaded drawable resource #0x60201fb (miui:drawable/v5_pre ference_single_item_bg_normal) that varies with configuration!!
D/dalvikvm( 1080): GC_EXPLICIT freed 87K (83), 20% free 4402K/5480K, paused 2ms+ 2ms, total 19ms
D/skia ( 1080): Flag is not 10
W/Resources( 1080): Preloaded drawable resource #0x60201fa (miui:drawable/v5_pre ference_middle_item_bg_pressed) that varies with configuration!!
D/BootAnimation( 502): [BootAnimation checkExit 714]exitnow=0
D/BootAnimation( 502): [BootAnimation movie 854]i=1,r=1085,j=0,lastFrame=636201 59314(63620 ms),file=ligo_00102.png
D/BootAnimation( 502): [BootAnimation movie 857]glBindTexture,i=1,r=1085,j=0,fr ame.tid=100271,name=ligo_00102.png
D/BootAnimation( 502): [BootAnimation movie 874]clearReg.isEmpty,i=1,r=1085,j=0 ,frame.tid=100271
D/BootAnimation( 502): [BootAnimation movie 892]1,delay=40
D/dalvikvm( 1080): GC_EXPLICIT freed 84K (45), 20% free 4401K/5480K, paused 2ms+ 2ms, total 19ms
D/skia ( 1080): Flag is not 10
W/Resources( 1080): Preloaded drawable resource #0x60201f8 (miui:drawable/v5_pre ference_last_item_bg_pressed) that varies with configuration!!
D/dalvikvm( 1080): GC_EXPLICIT freed 84K (34), 20% free 4402K/5480K, paused 2ms+ 2ms, total 19ms
D/skia ( 1080): Flag is not 10
W/Resources( 1080): Preloaded drawable resource #0x60201f1 (miui:drawable/v5_pre ference_first_item_bg_pressed) that varies with configuration!!
D/BootAnimation( 502): [BootAnimation checkExit 714]exitnow=0
D/BootAnimation( 502): [BootAnimation movie 854]i=1,r=1086,j=0,lastFrame=636620 33083(63662 ms),file=ligo_00102.png
D/BootAnimation( 502): [BootAnimation movie 857]glBindTexture,i=1,r=1086,j=0,fr ame.tid=100271,name=ligo_00102.png
D/BootAnimation( 502): [BootAnimation movie 874]clearReg.isEmpty,i=1,r=1086,j=0 ,frame.tid=100271
D/BootAnimation( 502): [BootAnimation movie 892]1,delay=40
D/dalvikvm( 1080): GC_EXPLICIT freed 84K (34), 20% free 4402K/5480K, paused 1ms+ 2ms, total 20ms
D/skia ( 1080): Flag is not 10
W/Resources( 1080): Preloaded drawable resource #0x6020179 (miui:drawable/v5_edi t_text_search_bg_light) that varies with configuration!!
I/Zygote ( 1080): ...preloaded 70 miui resources in 860ms.
I/Zygote ( 1080): ...preloaded 0 resources in 0ms.
D/dalvikvm( 1080): GC_EXPLICIT freed 46K (58), 20% free 4402K/5480K, paused 2ms+ 2ms, total 19ms
D/BootAnimation( 502): [BootAnimation checkExit 714]exitnow=0
D/BootAnimation( 502): [BootAnimation movie 854]i=1,r=1087,j=0,lastFrame=637039 11621(63703 ms),file=ligo_00102.png
D/BootAnimation( 502): [BootAnimation movie 857]glBindTexture,i=1,r=1087,j=0,fr ame.tid=100271,name=ligo_00102.png
D/BootAnimation( 502): [BootAnimation movie 874]clearReg.isEmpty,i=1,r=1087,j=0 ,frame.tid=100271
D/BootAnimation( 502): [BootAnimation movie 892]1,delay=40
D/dalvikvm( 1080): GC_EXPLICIT freed 1K (33), 20% free 4401K/5480K, paused 3ms+2 ms, total 21ms
D/dalvikvm( 1080): GC_EXPLICIT freed <1K (14), 20% free 4401K/5480K, paused 2ms+

1ms, total 19ms
D/dalvikvm( 1080): threadid=2: exiting
D/dalvikvm( 1080): threadid=2: bye!
D/dalvikvm( 1080): threadid=3: exiting
D/dalvikvm( 1080): threadid=3: bye!
D/dalvikvm( 1080): threadid=4: exiting
D/dalvikvm( 1080): threadid=4: bye!
D/BootAnimation( 502): [BootAnimation checkExit 714]exitnow=0
D/BootAnimation( 502): [BootAnimation movie 854]i=1,r=1088,j=0,lastFrame=637457 62698(63745 ms),file=ligo_00102.png
D/BootAnimation( 502): [BootAnimation movie 857]glBindTexture,i=1,r=1088,j=0,fr ame.tid=100271,name=ligo_00102.png
D/BootAnimation( 502): [BootAnimation movie 874]clearReg.isEmpty,i=1,r=1088,j=0 ,frame.tid=100271
D/BootAnimation( 502): [BootAnimation movie 892]0,delay=40
D/dalvikvm( 1080): pre gc
D/dalvikvm( 1080): Zygote::ForkAndSpecialize +
D/dalvikvm( 1080): Zygote::ForkAndSpecialize : 1322
I/dalvikvm( 1080): System server process 1322 has been created
D/dalvikvm( 1322): Zygote::ForkAndSpecialize : 0
D/dalvikvm( 1080): create interp thread : stack size=32KB
D/dalvikvm( 1080): create new thread
D/dalvikvm( 1080): new thread created
D/dalvikvm( 1080): update thread list
D/dalvikvm( 1080): threadid=2: interp stack at 0x5a789000
D/dalvikvm( 1080): threadid=2: created from interp
D/dalvikvm( 1322): zygote get new systemTid : 1322
D/dalvikvm( 1080): start new thread
D/dalvikvm( 1080): create interp thread : stack size=32KB
D/dalvikvm( 1080): create new thread
D/dalvikvm( 1080): threadid=2: notify debugger
D/dalvikvm( 1322): threadid=2: interp stack at 0x5a889000
D/dalvikvm( 1080): threadid=2 (ReferenceQueueDaemon): calling run()
D/dalvikvm( 1080): new thread created
D/dalvikvm( 1080): update thread list
D/dalvikvm( 1080): threadid=3: interp stack at 0x5a891000
D/dalvikvm( 1080): threadid=3: created from interp
D/dalvikvm( 1080): start new thread
D/dalvikvm( 1080): create interp thread : stack size=32KB
D/dalvikvm( 1322): threadid=3: interp stack at 0x5a991000
D/dalvikvm( 1322): Elevating priority from 0 to -8
D/jdwp ( 1322): prepping for JDWP over ADB
D/dalvikvm( 1080): create new thread
D/jdwp ( 1322): ADB transport startup
D/dalvikvm( 1080): new thread created
D/dalvikvm( 1080): update thread list
D/dalvikvm( 1080): threadid=4: interp stack at 0x5a999000
D/dalvikvm( 1080): threadid=4: created from interp
D/dalvikvm( 1080): start new thread
D/dalvikvm( 1080): threadid=3: notify debugger
D/dalvikvm( 1080): threadid=3 (FinalizerDaemon): calling run()
D/dalvikvm( 1322): threadid=4: interp stack at 0x5aa99000
D/jdwp ( 1322): JDWP: thread running
D/jdwp ( 1322): acceptConnection
D/dalvikvm( 1080): threadid=4: notify debugger
D/dalvikvm( 1080): threadid=4 (FinalizerWatchdogDaemon): calling run()
D/jdwp ( 1322): trying to receive file descriptor from ADB
D/dalvikvm( 1322): threadid=5: interp stack at 0x5cf55000
D/dalvikvm( 1322): zygote get thread init done
I/Zygote ( 1080): Accepting command socket connections

D/dalvikvm( 1322): create interp thread : stack size=32KB
D/dalvikvm( 1322): create new thread
D/dalvikvm( 1322): new thread created
D/dalvikvm( 1322): update thread list
D/dalvikvm( 1322): threadid=6: interp stack at 0x5cf5d000
D/dalvikvm( 1322): threadid=6: created from interp
D/dalvikvm( 1322): start new thread
D/dalvikvm( 1322): threadid=6: notify debugger
D/dalvikvm( 1322): threadid=6 (ReferenceQueueDaemon): calling run()
D/dalvikvm( 1322): create interp thread : stack size=32KB
D/dalvikvm( 1322): create new thread
D/dalvikvm( 1322): new thread created
D/dalvikvm( 1322): update thread list
D/dalvikvm( 1322): threadid=7: interp stack at 0x5cf65000
D/dalvikvm( 1322): threadid=7: created from interp
D/dalvikvm( 1322): start new thread
D/dalvikvm( 1322): threadid=7: notify debugger
D/dalvikvm( 1322): threadid=7 (FinalizerDaemon): calling run()
D/dalvikvm( 1322): create interp thread : stack size=32KB
D/dalvikvm( 1322): create new thread
D/dalvikvm( 1322): new thread created
D/dalvikvm( 1322): update thread list
D/dalvikvm( 1322): threadid=8: interp stack at 0x5cf6d000
D/dalvikvm( 1322): threadid=8: created from interp
D/dalvikvm( 1322): start new thread
D/dalvikvm( 1322): threadid=8: notify debugger
D/dalvikvm( 1322): threadid=8 (FinalizerWatchdogDaemon): calling run()
D/dalvikvm( 1322): threadid=9: interp stack at 0x5cf75000
D/dalvikvm( 1322): threadid=10: interp stack at 0x5cf7d000
D/BootAnimation( 502): [BootAnimation checkExit 714]exitnow=0
D/BootAnimation( 502): [BootAnimation movie 854]i=1,r=1089,j=0,lastFrame=637876 68775(63787 ms),file=ligo_00102.png
D/BootAnimation( 502): [BootAnimation movie 857]glBindTexture,i=1,r=1089,j=0,fr ame.tid=100271,name=ligo_00102.png
D/BootAnimation( 502): [BootAnimation movie 874]clearReg.isEmpty,i=1,r=1089,j=0 ,frame.tid=100271
D/BootAnimation( 502): [BootAnimation movie 892]1,delay=40
E/BatteryService( 1322): wirelessOnlinePath not found
I/sysproc ( 1322): Entered system_init()
I/sysproc ( 1322): ServiceManager: 0x5bcc9260
D/SensorService( 1322): nuSensorService starting...
D/Sensors ( 1322): open_sensors: name: poll!
D/BootAnimation( 502): [BootAnimation checkExit 714]exitnow=0
D/BootAnimation( 502): [BootAnimation movie 854]i=1,r=1090,j=0,lastFrame=638295 19160(63829 ms),file=ligo_00102.png
D/BootAnimation( 502): [BootAnimation movie 857]glBindTexture,i=1,r=1090,j=0,fr ame.tid=100271,name=ligo_00102.png
D/BootAnimation( 502): [BootAnimation movie 874]clearReg.isEmpty,i=1,r=1090,j=0 ,frame.tid=100271
D/BootAnimation( 502): [BootAnimation movie 892]0,delay=40
D/BootAnimation( 502): [BootAnimation checkExit 714]exitnow=0
D/BootAnimation( 502): [BootAnimation movie 854]i=1,r=1091,j=0,lastFrame=638714 17775(63871 ms),file=ligo_00102.png
D/BootAnimation( 502): [BootAnimation movie 857]glBindTexture,i=1,r=1091,j=0,fr ame.tid=100271,name=ligo_00102.png
D/BootAnimation( 502): [BootAnimation movie 874]clearReg.isEmpty,i=1,r=1091,j=0 ,frame.tid=100271
D/BootAnimation( 502): [BootAnimation movie 892]1,delay=40
D/BootAnimation( 502): [BootAnimation checkExit 714]exitnow=0
D/BootAnimation( 502): [BootAnimation movie 854]i=1,r=1092,j=0,lastFrame=639133

15468(63913 ms),file=ligo_00102.png
D/BootAnimation( 502): [BootAnimation movie 857]glBindTexture,i=1,r=1092,j=0,fr ame.tid=100271,name=ligo_00102.png
D/BootAnimation( 502): [BootAnimation movie 874]clearReg.isEmpty,i=1,r=1092,j=0 ,frame.tid=100271
D/BootAnimation( 502): [BootAnimation movie 892]1,delay=40
D/BootAnimation( 502): [BootAnimation checkExit 714]exitnow=0
D/BootAnimation( 502): [BootAnimation movie 854]i=1,r=1093,j=0,lastFrame=639552 06314(63955 ms),file=ligo_00102.png
D/BootAnimation( 502): [BootAnimation movie 857]glBindTexture,i=1,r=1093,j=0,fr ame.tid=100271,name=ligo_00102.png
D/BootAnimation( 502): [BootAnimation movie 874]clearReg.isEmpty,i=1,r=1093,j=0 ,frame.tid=100271
D/BootAnimation( 502): [BootAnimation movie 892]1,delay=40
D/BootAnimation( 502): [BootAnimation checkExit 714]exitnow=0
D/BootAnimation( 502): [BootAnimation movie 854]i=1,r=1094,j=0,lastFrame=639971 24852(63997 ms),file=ligo_00102.png
D/BootAnimation( 502): [BootAnimation movie 857]glBindTexture,i=1,r=1094,j=0,fr ame.tid=100271,name=ligo_00102.png
D/BootAnimation( 502): [BootAnimation movie 874]clearReg.isEmpty,i=1,r=1094,j=0 ,frame.tid=100271
D/BootAnimation( 502): [BootAnimation movie 892]1,delay=40
D/BootAnimation( 502): [BootAnimation checkExit 714]exitnow=0
D/BootAnimation( 502): [BootAnimation movie 854]i=1,r=1095,j=0,lastFrame=640390 31467(64039 ms),file=ligo_00102.png
D/BootAnimation( 502): [BootAnimation movie 857]glBindTexture,i=1,r=1095,j=0,fr ame.tid=100271,name=ligo_00102.png
D/BootAnimation( 502): [BootAnimation movie 874]clearReg.isEmpty,i=1,r=1095,j=0 ,frame.tid=100271
D/BootAnimation( 502): [BootAnimation movie 892]1,delay=40
D/BootAnimation( 502): [BootAnimation checkExit 714]exitnow=0
D/BootAnimation( 502): [BootAnimation movie 854]i=1,r=1096,j=0,lastFrame=640809 37314(64080 ms),file=ligo_00102.png
D/BootAnimation( 502): [BootAnimation movie 857]glBindTexture,i=1,r=1096,j=0,fr ame.tid=100271,name=ligo_00102.png
D/BootAnimation( 502): [BootAnimation movie 874]clearReg.isEmpty,i=1,r=1096,j=0 ,frame.tid=100271
I/SurfaceTextureClient( 502): [STC::queueBuffer] (this:0x41958680) fps:23.87, d ur:1005.35, max:42.04, min:41.76
I/BufferQueue( 134): [BootAnimation](this:0x4295e370,api:1) [queue] fps:23.88, dur:1004.82, max:42.11, min:41.21
D/BootAnimation( 502): [BootAnimation movie 892]1,delay=40
D/BootAnimation( 502): [BootAnimation checkExit 714]exitnow=0
D/BootAnimation( 502): [BootAnimation movie 854]i=1,r=1097,j=0,lastFrame=641228 43544(64122 ms),file=ligo_00102.png
D/BootAnimation( 502): [BootAnimation movie 857]glBindTexture,i=1,r=1097,j=0,fr ame.tid=100271,name=ligo_00102.png
D/BootAnimation( 502): [BootAnimation movie 874]clearReg.isEmpty,i=1,r=1097,j=0 ,frame.tid=100271
D/BootAnimation( 502): [BootAnimation movie 892]1,delay=40
D/BootAnimation( 502): [BootAnimation checkExit 714]exitnow=0
D/BootAnimation( 502): [BootAnimation movie 854]i=1,r=1098,j=0,lastFrame=641647 47929(64164 ms),file=ligo_00102.png
D/BootAnimation( 502): [BootAnimation movie 857]glBindTexture,i=1,r=1098,j=0,fr ame.tid=100271,name=ligo_00102.png
D/BootAnimation( 502): [BootAnimation movie 874]clearReg.isEmpty,i=1,r=1098,j=0 ,frame.tid=100271
D/BootAnimation( 502): [BootAnimation movie 892]1,delay=40
D/BootAnimation( 502): [BootAnimation checkExit 714]exitnow=0
D/BootAnimation( 502): [BootAnimation movie 854]i=1,r=1099,j=0,lastFrame=642066

40929(64206 ms),file=ligo_00102.png
D/BootAnimation( 502): [BootAnimation movie 857]glBindTexture,i=1,r=1099,j=0,fr ame.tid=100271,name=ligo_00102.png
D/BootAnimation( 502): [BootAnimation movie 874]clearReg.isEmpty,i=1,r=1099,j=0 ,frame.tid=100271
D/BootAnimation( 502): [BootAnimation movie 892]1,delay=40
I/SurfaceFlinger( 134): [SurfaceFlinger] fps:23.909956,dur:1003.77,max:54.85,mi n:39.10
D/BootAnimation( 502): [BootAnimation checkExit 714]exitnow=0
D/BootAnimation( 502): [BootAnimation movie 854]i=1,r=1100,j=0,lastFrame=642485 37929(64248 ms),file=ligo_00102.png
D/BootAnimation( 502): [BootAnimation movie 857]glBindTexture,i=1,r=1100,j=0,fr ame.tid=100271,name=ligo_00102.png
D/BootAnimation( 502): [BootAnimation movie 874]clearReg.isEmpty,i=1,r=1100,j=0 ,frame.tid=100271
D/BootAnimation( 502): [BootAnimation movie 892]1,delay=40
I/BufferQueue( 134): [BootAnimation](this:0x4295e370,api:1) [release] fps:23.62 , dur:1058.37, max:58.87, min:39.13
D/BootAnimation( 502): [BootAnimation checkExit 714]exitnow=0
D/BootAnimation( 502): [BootAnimation movie 854]i=1,r=1101,j=0,lastFrame=642904 33083(64290 ms),file=ligo_00102.png
D/BootAnimation( 502): [BootAnimation movie 857]glBindTexture,i=1,r=1101,j=0,fr ame.tid=100271,name=ligo_00102.png
D/BootAnimation( 502): [BootAnimation movie 874]clearReg.isEmpty,i=1,r=1101,j=0 ,frame.tid=100271
D/BootAnimation( 502): [BootAnimation movie 892]1,delay=40
D/BootAnimation( 502): [BootAnimation checkExit 714]exitnow=0
D/BootAnimation( 502): [BootAnimation movie 854]i=1,r=1102,j=0,lastFrame=643323 06621(64332 ms),file=ligo_00102.png
D/BootAnimation( 502): [BootAnimation movie 857]glBindTexture,i=1,r=1102,j=0,fr ame.tid=100271,name=ligo_00102.png
D/BootAnimation( 502): [BootAnimation movie 874]clearReg.isEmpty,i=1,r=1102,j=0 ,frame.tid=100271
D/BootAnimation( 502): [BootAnimation movie 892]1,delay=40
D/Sensors ( 1322): open_sensors: device handle 44
D/Sensors ( 1322): hwm__activate: handle 0, enable or disable 0!
D/Sensors ( 1322): hwm__activate: handle 7, enable or disable 0!
D/Sensors ( 1322): hwm__activate: handle 4, enable or disable 0!
D/Sensors ( 1322): hwm__activate: handle 3, enable or disable 0!
D/Sensors ( 1322): hwm__activate: handle 2, enable or disable 0!
D/Sensors ( 1322): hwm__activate: handle 1, enable or disable 0!
I/SensorService( 1322): BMA050 3-axis Accelerometer
I/SensorService( 1322): cm36283 Proximity Sensor
I/SensorService( 1322): cm36283 Light Sensor
I/SensorService( 1322): MPU3050c gyroscope Sensor
I/SensorService( 1322): BMM050 Orientation sensor
I/SensorService( 1322): BMM050 3-axis Magnetic Field sensor
D/dalvikvm( 1322): threadid=11: interp stack at 0x5d952000
D/BootAnimation( 502): [BootAnimation checkExit 714]exitnow=0
D/SensorService( 1322): nuSensorService thread starting...
D/BootAnimation( 502): [BootAnimation movie 854]i=1,r=1103,j=0,lastFrame=643745 10391(64374 ms),file=ligo_00102.png
D/BootAnimation( 502): [BootAnimation movie 857]glBindTexture,i=1,r=1103,j=0,fr ame.tid=100271,name=ligo_00102.png
D/BootAnimation( 502): [BootAnimation movie 874]clearReg.isEmpty,i=1,r=1103,j=0 ,frame.tid=100271
I/sysproc ( 1322): System server: starting Android runtime.
I/sysproc ( 1322): System server: starting Android services.
I/SystemServer( 1322): Entered the Android system server!
D/BootAnimation( 502): [BootAnimation movie 892]2,delay=39

D/dalvikvm( 1322): create interp thread : stack size=32KB
D/dalvikvm( 1322): create new thread
D/dalvikvm( 1322): new thread created
D/dalvikvm( 1322): update thread list
D/dalvikvm( 1322): threadid=12: interp stack at 0x5d95a000
D/dalvikvm( 1322): threadid=12: created from interp
D/dalvikvm( 1322): start new thread
D/dalvikvm( 1322): threadid=12: notify debugger
D/dalvikvm( 1322): threadid=12 (java.lang.ProcessManager): calling run()
D/dalvikvm( 1322): threadid=13: interp stack at 0x5db62000
D/BootAnimation( 502): [BootAnimation checkExit 714]exitnow=0
D/BootAnimation( 502): [BootAnimation movie 854]i=1,r=1104,j=0,lastFrame=644164 77929(64416 ms),file=ligo_00102.png
D/BootAnimation( 502): [BootAnimation movie 857]glBindTexture,i=1,r=1104,j=0,fr ame.tid=100271,name=ligo_00102.png
D/BootAnimation( 502): [BootAnimation movie 874]clearReg.isEmpty,i=1,r=1104,j=0 ,frame.tid=100271
D/BootAnimation( 502): [BootAnimation movie 892]1,delay=39
D/BootAnimation( 502): [BootAnimation checkExit 714]exitnow=0
D/BootAnimation( 502): [BootAnimation movie 854]i=1,r=1105,j=0,lastFrame=644583 58390(64458 ms),file=ligo_00102.png
D/BootAnimation( 502): [BootAnimation movie 857]glBindTexture,i=1,r=1105,j=0,fr ame.tid=100271,name=ligo_00102.png
D/BootAnimation( 502): [BootAnimation movie 874]clearReg.isEmpty,i=1,r=1105,j=0 ,frame.tid=100271
D/BootAnimation( 502): [BootAnimation movie 892]1,delay=40
D/BootAnimation( 502): [BootAnimation checkExit 714]exitnow=0
D/BootAnimation( 502): [BootAnimation movie 854]i=1,r=1106,j=0,lastFrame=645002 19160(64500 ms),file=ligo_00102.png
D/BootAnimation( 502): [BootAnimation movie 857]glBindTexture,i=1,r=1106,j=0,fr ame.tid=100271,name=ligo_00102.png
D/BootAnimation( 502): [BootAnimation movie 874]clearReg.isEmpty,i=1,r=1106,j=0 ,frame.tid=100271
D/BootAnimation( 502): [BootAnimation movie 892]1,delay=40
D/dalvikvm( 1322): create interp thread : stack size=32KB
D/dalvikvm( 1322): create new thread
D/dalvikvm( 1322): new thread created
D/dalvikvm( 1322): threadid=14: interp stack at 0x5db7d000
D/dalvikvm( 1322): update thread list
D/dalvikvm( 1322): threadid=14: created from interp
D/dalvikvm( 1322): start new thread
I/sysproc ( 1322): System server: entering thread pool.
D/dalvikvm( 1322): threadid=14: notify debugger
D/dalvikvm( 1322): threadid=14 (android.server.ServerThread): calling run()
D/dalvikvm( 1322): create interp thread : stack size=32KB
D/dalvikvm( 1322): create new thread
D/dalvikvm( 1322): new thread created
D/dalvikvm( 1322): update thread list
D/dalvikvm( 1322): threadid=15: interp stack at 0x5dc85000
D/dalvikvm( 1322): threadid=15: created from interp
D/dalvikvm( 1322): start new thread
D/dalvikvm( 1322): threadid=15: notify debugger
D/dalvikvm( 1322): threadid=15 (UI): calling run()
D/dalvikvm( 1322): create interp thread : stack size=32KB
D/BootAnimation( 502): [BootAnimation checkExit 714]exitnow=0
D/BootAnimation( 502): [BootAnimation movie 854]i=1,r=1107,j=0,lastFrame=645420 84929(64542 ms),file=ligo_00102.png
D/dalvikvm( 1322): create new thread
D/BootAnimation( 502): [BootAnimation movie 857]glBindTexture,i=1,r=1107,j=0,fr ame.tid=100271,name=ligo_00102.png

D/dalvikvm( 1322): new thread created
D/dalvikvm( 1322): update thread list
D/dalvikvm( 1322): threadid=16: interp stack at 0x5dd8d000
D/dalvikvm( 1322): threadid=16: created from interp
D/dalvikvm( 1322): start new thread
D/dalvikvm( 1322): threadid=16: notify debugger
D/dalvikvm( 1322): threadid=16 (WindowManager): calling run()
D/BootAnimation( 502): [BootAnimation movie 874]clearReg.isEmpty,i=1,r=1107,j=0 ,frame.tid=100271
D/BootAnimation( 502): [BootAnimation movie 892]1,delay=39
I/SystemServer( 1322): Waiting for installd to be ready.
I/Installer( 1322): connecting...
I/installd( 143): new connection
I/SystemServer( 1322): Entropy Mixer
I/SystemServer( 1322): Power Manager
D/MediatekClassFactory( 1322): createInstance(): Begin = 64568
D/MediatekClassFactory( 1322): create Instance with : interface com.mediatek.co mmon.hdmi.IHDMINative
D/MediatekClassFactory( 1322): create Instance from mediatek-framework library : com.mediatek.hdmi.HDMINative
W/hdmi ( 1322): load libhdminative_jni.so
D/MediatekClassFactory( 1322): createInstance(): End = 64569
D/MediatekClassFactory( 1322): createInstance(): Begin = 64569
D/MediatekClassFactory( 1322): create Instance with : interface com.mediatek.co mmon.tvout.ITVOUTNative
D/MediatekClassFactory( 1322): create Instance from mediatek-framework library : com.mediatek.tvout.TVOUTNative
D/TV/JAV ( 1322): com.mediatek.TvOut
D/TV/JAV ( 1322): load libtvoutjni.so
D/MediatekClassFactory( 1322): createInstance(): End = 64571
I/SystemServer( 1322): Activity Manager
D/BootAnimation( 502): [BootAnimation checkExit 714]exitnow=0
D/BootAnimation( 502): [BootAnimation movie 854]i=1,r=1108,j=0,lastFrame=645839 49468(64583 ms),file=ligo_00102.png
D/BootAnimation( 502): [BootAnimation movie 857]glBindTexture,i=1,r=1108,j=0,fr ame.tid=100271,name=ligo_00102.png
D/BootAnimation( 502): [BootAnimation movie 874]clearReg.isEmpty,i=1,r=1108,j=0 ,frame.tid=100271
D/BootAnimation( 502): [BootAnimation movie 892]1,delay=40
D/BootAnimation( 502): [BootAnimation checkExit 714]exitnow=0
D/BootAnimation( 502): [BootAnimation movie 854]i=1,r=1109,j=0,lastFrame=646258 34929(64625 ms),file=ligo_00102.png
D/BootAnimation( 502): [BootAnimation movie 857]glBindTexture,i=1,r=1109,j=0,fr ame.tid=100271,name=ligo_00102.png
D/BootAnimation( 502): [BootAnimation movie 874]clearReg.isEmpty,i=1,r=1109,j=0 ,frame.tid=100271
D/BootAnimation( 502): [BootAnimation movie 892]1,delay=40
I/dalvikvm( 1322): Could not find method com.vladium.emma.rt.RT.resetCoverageDat a, referenced from method com.android.server.am.ActivityManagerService.dump
W/dalvikvm( 1322): VFY: unable to resolve static method 12353: Lcom/vladium/emma /rt/RT;.resetCoverageData ()V
D/dalvikvm( 1322): VFY: replacing opcode 0x71 at 0x01d2
I/dalvikvm( 1322): Could not find method com.vladium.emma.rt.RT.dumpCoverageData , referenced from method com.android.server.am.ActivityManagerService.dump
W/dalvikvm( 1322): VFY: unable to resolve static method 12352: Lcom/vladium/emma /rt/RT;.dumpCoverageData (Ljava/io/File;Z)V
D/dalvikvm( 1322): VFY: replacing opcode 0x71 at 0x01e9
D/BootAnimation( 502): [BootAnimation checkExit 714]exitnow=0
D/BootAnimation( 502): [BootAnimation movie 854]i=1,r=1110,j=0,lastFrame=646677 55929(64667 ms),file=ligo_00102.png

D/BootAnimation( 502): [BootAnimation movie 857]glBindTexture,i=1,r=1110,j=0,fr ame.tid=100271,name=ligo_00102.png
D/BootAnimation( 502): [BootAnimation movie 874]clearReg.isEmpty,i=1,r=1110,j=0 ,frame.tid=100271
D/BootAnimation( 502): [BootAnimation movie 892]1,delay=40
D/dalvikvm( 1322): create interp thread : stack size=32KB
D/dalvikvm( 1322): create new thread
D/dalvikvm( 1322): threadid=17: interp stack at 0x5decd000
D/dalvikvm( 1322): new thread created
D/dalvikvm( 1322): update thread list
D/dalvikvm( 1322): threadid=17: created from interp
D/dalvikvm( 1322): start new thread
D/dalvikvm( 1322): threadid=17: notify debugger
D/dalvikvm( 1322): threadid=17 (ActivityManager): calling run()
D/BootAnimation( 502): [BootAnimation checkExit 714]exitnow=0
D/BootAnimation( 502): [BootAnimation movie 854]i=1,r=1111,j=0,lastFrame=647096 75314(64709 ms),file=ligo_00102.png
D/BootAnimation( 502): [BootAnimation movie 857]glBindTexture,i=1,r=1111,j=0,fr ame.tid=100271,name=ligo_00102.png
D/BootAnimation( 502): [BootAnimation movie 874]clearReg.isEmpty,i=1,r=1111,j=0 ,frame.tid=100271
D/BootAnimation( 502): [BootAnimation movie 892]1,delay=40
I/ActivityManager( 1322): Memory class: 128
D/BootAnimation( 502): [BootAnimation checkExit 714]exitnow=0
D/BootAnimation( 502): [BootAnimation movie 854]i=1,r=1112,j=0,lastFrame=647515 38698(64751 ms),file=ligo_00102.png
D/BootAnimation( 502): [BootAnimation movie 857]glBindTexture,i=1,r=1112,j=0,fr ame.tid=100271,name=ligo_00102.png
D/BootAnimation( 502): [BootAnimation movie 874]clearReg.isEmpty,i=1,r=1112,j=0 ,frame.tid=100271
D/BootAnimation( 502): [BootAnimation movie 892]1,delay=40
D/MediatekClassFactory( 1322): createInstance(): Begin = 64754
D/MediatekClassFactory( 1322): create Instance with : interface com.mediatek.co mmon.aee.IExceptionLog
D/MediatekClassFactory( 1322): create Instance from mediatek-framework library : com.mediatek.exceptionlog.ExceptionLog
I/AES ( 1322): load Exception Log jni
D/MediatekClassFactory( 1322): createInstance(): End = 64756
W/BatteryStatsImpl( 1322): Couldn't get kernel wake lock stats
D/dalvikvm( 1322): create interp thread : stack size=32KB
D/dalvikvm( 1322): create new thread
D/dalvikvm( 1322): new thread created
D/dalvikvm( 1322): update thread list
D/dalvikvm( 1322): threadid=18: interp stack at 0x5dfd8000
D/dalvikvm( 1322): threadid=18: created from interp
D/dalvikvm( 1322): start new thread
D/dalvikvm( 1322): threadid=18: notify debugger
D/dalvikvm( 1322): threadid=18 (BatteryStats-Write): calling run()
D/BootAnimation( 502): [BootAnimation checkExit 714]exitnow=0
D/BootAnimation( 502): [BootAnimation movie 854]i=1,r=1113,j=0,lastFrame=647933 91468(64793 ms),file=ligo_00102.png
D/BootAnimation( 502): [BootAnimation movie 857]glBindTexture,i=1,r=1113,j=0,fr ame.tid=100271,name=ligo_00102.png
D/BootAnimation( 502): [BootAnimation movie 874]clearReg.isEmpty,i=1,r=1113,j=0 ,frame.tid=100271
D/BootAnimation( 502): [BootAnimation movie 892]1,delay=40
D/dalvikvm( 1322): threadid=18: exiting
D/dalvikvm( 1322): threadid=18: bye!
D/BootAnimation( 502): [BootAnimation checkExit 714]exitnow=0
D/BootAnimation( 502): [BootAnimation movie 854]i=1,r=1114,j=0,lastFrame=648352

99775(64835 ms),file=ligo_00102.png
D/BootAnimation( 502): [BootAnimation movie 857]glBindTexture,i=1,r=1114,j=0,fr ame.tid=100271,name=ligo_00102.png
D/BootAnimation( 502): [BootAnimation movie 874]clearReg.isEmpty,i=1,r=1114,j=0 ,frame.tid=100271
D/BootAnimation( 502): [BootAnimation movie 892]1,delay=40
D/dalvikvm( 1322): create interp thread : stack size=32KB
D/dalvikvm( 1322): create new thread
D/dalvikvm( 1322): new thread created
D/dalvikvm( 1322): update thread list
D/dalvikvm( 1322): threadid=18: interp stack at 0x5dfd8000
D/dalvikvm( 1322): threadid=18: created from interp
D/dalvikvm( 1322): start new thread
D/dalvikvm( 1322): threadid=18: notify debugger
D/dalvikvm( 1322): threadid=18 (ProcessStats): calling run()
D/BootAnimation( 502): [BootAnimation checkExit 714]exitnow=0
D/BootAnimation( 502): [BootAnimation movie 854]i=1,r=1115,j=0,lastFrame=648772 00391(64877 ms),file=ligo_00102.png
D/BootAnimation( 502): [BootAnimation movie 857]glBindTexture,i=1,r=1115,j=0,fr ame.tid=100271,name=ligo_00102.png
D/BootAnimation( 502): [BootAnimation movie 874]clearReg.isEmpty,i=1,r=1115,j=0 ,frame.tid=100271
D/BootAnimation( 502): [BootAnimation movie 892]1,delay=40
E/dalvikvm( 1322): Could not find class 'android.app.ANRManagerProxy', reference d from method android.app.ANRManagerNative.asInterface
W/dalvikvm( 1322): VFY: unable to resolve new-instance 41 (Landroid/app/ANRManag erProxy;) in Landroid/app/ANRManagerNative;
D/dalvikvm( 1322): VFY: replacing opcode 0x22 at 0x000e
D/dalvikvm( 1322): DexOpt: unable to opt direct call 0x0084 at 0x10 in Landroid/ app/ANRManagerNative;.asInterface
D/dalvikvm( 1322): create interp thread : stack size=32KB
D/dalvikvm( 1322): create new thread
D/dalvikvm( 1322): new thread created
D/dalvikvm( 1322): threadid=19: interp stack at 0x5e0f4000
D/dalvikvm( 1322): threadid=19: created from interp
D/dalvikvm( 1322): update thread list
D/dalvikvm( 1322): start new thread
D/dalvikvm( 1322): threadid=19: notify debugger
D/dalvikvm( 1322): threadid=19 (AnrMonitorThread): calling run()
D/BootAnimation( 502): [BootAnimation checkExit 714]exitnow=0
D/BootAnimation( 502): [BootAnimation movie 854]i=1,r=1116,j=0,lastFrame=649190 72775(64919 ms),file=ligo_00102.png
D/BootAnimation( 502): [BootAnimation movie 857]glBindTexture,i=1,r=1116,j=0,fr ame.tid=100271,name=ligo_00102.png
D/BootAnimation( 502): [BootAnimation movie 874]clearReg.isEmpty,i=1,r=1116,j=0 ,frame.tid=100271
D/BootAnimation( 502): [BootAnimation movie 892]1,delay=40
I/ANRManager( 1322): prepareStackTraceFile: /data/anr/mtk_traces.txt
I/ANRManager( 1322): prepareStackTraceFile: /data/anr/traces.txt
I/ANRManager( 1322): prepareStackTraceFile: data/anr/native1.txt
I/ANRManager( 1322): prepareStackTraceFile: data/anr/native2.txt
I/ANRManager( 1322): prepareStackTraceFile: data/anr/native3.txt
I/SystemServer( 1322): Display Manager
I/SystemServer( 1322): Telephony Registry Phone1
I/SurfaceFlinger( 134): EventThread Client Pid (1322) created
D/BootAnimation( 502): [BootAnimation checkExit 714]exitnow=0
D/BootAnimation( 502): [BootAnimation movie 854]i=1,r=1117,j=0,lastFrame=649609 42929(64960 ms),file=ligo_00102.png
D/BootAnimation( 502): [BootAnimation movie 857]glBindTexture,i=1,r=1117,j=0,fr ame.tid=100271,name=ligo_00102.png

D/BootAnimation( 502): [BootAnimation movie 874]clearReg.isEmpty,i=1,r=1117,j=0 ,frame.tid=100271
D/BootAnimation( 502): [BootAnimation movie 892]1,delay=40
I/DisplayManagerService( 1322): Display device added: DisplayDeviceInfo{" 80, 480.0 x 480.0 dpi, touch INTERNAL, FLAG_DEFAULT_DISPLAY, FLAG_ROTATES_WITH_C ONTENT, FLAG_SECURE, FLAG_SUPPORTS_PROTECTED_BUFFERS, rotation 0, type BUILT_IN, address null}
I/SystemServer( 1322): Telephony Registry Phone2
I/SystemServer( 1322): Scheduling Policy
I/SystemServer( 1322): Package Manager
D/BootAnimation( 502): [BootAnimation checkExit 714]exitnow=0
D/BootAnimation( 502): [BootAnimation movie 854]i=1,r=1118,j=0,lastFrame=650028 75852(65002 ms),file=ligo_00102.png
D/BootAnimation( 502): [BootAnimation movie 857]glBindTexture,i=1,r=1118,j=0,fr ame.tid=100271,name=ligo_00102.png
D/BootAnimation( 502): [BootAnimation movie 874]clearReg.isEmpty,i=1,r=1118,j=0 ,frame.tid=100271
D/BootAnimation( 502): [BootAnimation movie 892]1,delay=40
D/BootAnimation( 502): [BootAnimation checkExit 714]exitnow=0
D/BootAnimation( 502): [BootAnimation movie 854]i=1,r=1119,j=0,lastFrame=650447 57929(65044 ms),file=ligo_00102.png
D/BootAnimation( 502): [BootAnimation movie 857]glBindTexture,i=1,r=1119,j=0,fr ame.tid=100271,name=ligo_00102.png
D/BootAnimation( 502): [BootAnimation movie 874]clearReg.isEmpty,i=1,r=1119,j=0 ,frame.tid=100271
D/BootAnimation( 502): [BootAnimation movie 892]1,delay=40
D/dalvikvm( 1322): create interp thread : stack size=32KB
D/dalvikvm( 1322): create new thread
D/dalvikvm( 1322): new thread created
D/dalvikvm( 1322): update thread list
D/dalvikvm( 1322): threadid=20: interp stack at 0x5e227000
D/dalvikvm( 1322): threadid=20: created from interp
D/dalvikvm( 1322): start new thread
D/dalvikvm( 1322): threadid=20: notify debugger
D/dalvikvm( 1322): threadid=20 (PackageManager): calling run()
D/BootAnimation( 502): [BootAnimation checkExit 714]exitnow=0
D/BootAnimation( 502): [BootAnimation movie 854]i=1,r=1120,j=0,lastFrame=650866 64621(65086 ms),file=ligo_00102.png
D/BootAnimation( 502): [BootAnimation movie 857]glBindTexture,i=1,r=1120,j=0,fr ame.tid=100271,name=ligo_00102.png
D/BootAnimation( 502): [BootAnimation movie 874]clearReg.isEmpty,i=1,r=1120,j=0 ,frame.tid=100271
I/SurfaceTextureClient( 502): [STC::queueBuffer] (this:0x41958680) fps:23.86, d ur:1006.08, max:42.77, min:41.31
I/BufferQueue( 134): [BootAnimation](this:0x4295e370,api:1) [queue] fps:23.85, dur:1006.13, max:42.69, min:41.24
D/BootAnimation( 502): [BootAnimation movie 892]1,delay=39
D/dalvikvm( 1322): GC_CONCURRENT freed 1245K (8844), 24% free 5190K/6792K, pause d 1ms+2ms, total 18ms
D/BootAnimation( 502): [BootAnimation checkExit 714]exitnow=0
D/dalvikvm( 1322): WAIT_FOR_CONCURRENT_GC blocked 11ms
D/BootAnimation( 502): [BootAnimation movie 854]i=1,r=1121,j=0,lastFrame=651285 40006(65128 ms),file=ligo_00102.png
D/BootAnimation( 502): [BootAnimation movie 857]glBindTexture,i=1,r=1121,j=0,fr ame.tid=100271,name=ligo_00102.png
D/BootAnimation( 502): [BootAnimation movie 874]clearReg.isEmpty,i=1,r=1121,j=0 ,frame.tid=100271
D/BootAnimation( 502): [BootAnimation movie 892]1,delay=40
W/PackageManager( 1322): Got execption parsing permissions.
W/PackageManager( 1322): org.xmlpull.v1.XmlPullParserException: Unexpected start

tag: found MediaCodecs, expected permissions
W/PackageManager( 1322): at com.android.internal.util.XmlUtils.beginDocum ent(XmlUtils.java:878)
W/PackageManager( 1322): at com.android.server.pm.PackageManagerService.r eadPermissionsFromXml(PackageManagerService.java:1567)
W/PackageManager( 1322): at com.android.server.pm.PackageManagerService.r eadPermissions(PackageManagerService.java:1545)
W/PackageManager( 1322): at com.android.server.pm.PackageManagerService.< init>(PackageManagerService.java:1072)
W/PackageManager( 1322): at com.android.server.pm.PackageManagerService.m ain(PackageManagerService.java:956)
W/PackageManager( 1322): at com.android.server.ServerThread.run(SystemSer ver.java:334)
D/BootAnimation( 502): [BootAnimation checkExit 714]exitnow=0
D/BootAnimation( 502): [BootAnimation movie 854]i=1,r=1122,j=0,lastFrame=651703 86545(65170 ms),file=ligo_00102.png
D/BootAnimation( 502): [BootAnimation movie 857]glBindTexture,i=1,r=1122,j=0,fr ame.tid=100271,name=ligo_00102.png
D/BootAnimation( 502): [BootAnimation movie 874]clearReg.isEmpty,i=1,r=1122,j=0 ,frame.tid=100271
D/BootAnimation( 502): [BootAnimation movie 892]0,delay=40
D/BootAnimation( 502): [BootAnimation checkExit 714]exitnow=0
D/BootAnimation( 502): [BootAnimation movie 854]i=1,r=1123,j=0,lastFrame=652122 31391(65212 ms),file=ligo_00102.png
D/BootAnimation( 502): [BootAnimation movie 857]glBindTexture,i=1,r=1123,j=0,fr ame.tid=100271,name=ligo_00102.png
D/BootAnimation( 502): [BootAnimation movie 874]clearReg.isEmpty,i=1,r=1123,j=0 ,frame.tid=100271
D/BootAnimation( 502): [BootAnimation movie 892]0,delay=40
I/SurfaceFlinger( 134): [SurfaceFlinger] fps:23.649639,dur:1014.81,max:55.50,mi n:39.04
D/BootAnimation( 502): [BootAnimation checkExit 714]exitnow=0
D/BootAnimation( 502): [BootAnimation movie 854]i=1,r=1124,j=0,lastFrame=652541 11237(65254 ms),file=ligo_00102.png
D/BootAnimation( 502): [BootAnimation movie 857]glBindTexture,i=1,r=1124,j=0,fr ame.tid=100271,name=ligo_00102.png
D/BootAnimation( 502): [BootAnimation movie 874]clearReg.isEmpty,i=1,r=1124,j=0 ,frame.tid=100271
D/BootAnimation( 502): [BootAnimation movie 892]1,delay=40
D/BootAnimation( 502): [BootAnimation checkExit 714]exitnow=0
D/BootAnimation( 502): [BootAnimation movie 854]i=1,r=1125,j=0,lastFrame=652959 56621(65295 ms),file=ligo_00102.png
D/BootAnimation( 502): [BootAnimation movie 857]glBindTexture,i=1,r=1125,j=0,fr ame.tid=100271,name=ligo_00102.png
D/BootAnimation( 502): [BootAnimation movie 874]clearReg.isEmpty,i=1,r=1125,j=0 ,frame.tid=100271
D/BootAnimation( 502): [BootAnimation movie 892]0,delay=40
I/BufferQueue( 134): [BootAnimation](this:0x4295e370,api:1) [release] fps:24.07 , dur:1038.69, max:58.79, min:39.10
D/BootAnimation( 502): [BootAnimation checkExit 714]exitnow=0
D/BootAnimation( 502): [BootAnimation movie 854]i=1,r=1126,j=0,lastFrame=653378 03314(65337 ms),file=ligo_00102.png
D/BootAnimation( 502): [BootAnimation movie 857]glBindTexture,i=1,r=1126,j=0,fr ame.tid=100271,name=ligo_00102.png
D/BootAnimation( 502): [BootAnimation movie 874]clearReg.isEmpty,i=1,r=1126,j=0 ,frame.tid=100271
D/BootAnimation( 502): [BootAnimation movie 892]0,delay=40
D/BootAnimation( 502): [BootAnimation checkExit 714]exitnow=0
D/BootAnimation( 502): [BootAnimation movie 854]i=1,r=1127,j=0,lastFrame=653796 54237(65379 ms),file=ligo_00102.png

D/BootAnimation( 502): [BootAnimation movie 857]glBindTexture,i=1,r=1127,j=0,fr ame.tid=100271,name=ligo_00102.png
D/BootAnimation( 502): [BootAnimation movie 874]clearReg.isEmpty,i=1,r=1127,j=0 ,frame.tid=100271
D/BootAnimation( 502): [BootAnimation movie 892]0,delay=40
D/BootAnimation( 502): [BootAnimation checkExit 714]exitnow=0
D/BootAnimation( 502): [BootAnimation movie 854]i=1,r=1128,j=0,lastFrame=654215 26083(65421 ms),file=ligo_00102.png
D/BootAnimation( 502): [BootAnimation movie 857]glBindTexture,i=1,r=1128,j=0,fr ame.tid=100271,name=ligo_00102.png
D/BootAnimation( 502): [BootAnimation movie 874]clearReg.isEmpty,i=1,r=1128,j=0 ,frame.tid=100271
D/BootAnimation( 502): [BootAnimation movie 892]1,delay=40
I/PackageManager( 1322): Stopping package com.mediatek.atci.service
I/PackageManager( 1322): java.lang.RuntimeException: here
I/PackageManager( 1322): at com.android.server.pm.Settings.getPackageLPw( Settings.java:431)
I/PackageManager( 1322): at com.android.server.pm.Settings.readLPw(Settin gs.java:1716)
I/PackageManager( 1322): at com.android.server.pm.PackageManagerService.< init>(PackageManagerService.java:1074)
I/PackageManager( 1322): at com.android.server.pm.PackageManagerService.m ain(PackageManagerService.java:956)
I/PackageManager( 1322): at com.android.server.ServerThread.run(SystemSer ver.java:334)
I/PackageManager( 1322): Stopping package com.google.android.gms
I/PackageManager( 1322): java.lang.RuntimeException: here
I/PackageManager( 1322): at com.android.server.pm.Settings.getPackageLPw( Settings.java:431)
I/PackageManager( 1322): at com.android.server.pm.Settings.readLPw(Settin gs.java:1716)
I/PackageManager( 1322): at com.android.server.pm.PackageManagerService.< init>(PackageManagerService.java:1074)
I/PackageManager( 1322): at com.android.server.pm.PackageManagerService.m ain(PackageManagerService.java:956)
I/PackageManager( 1322): at com.android.server.ServerThread.run(SystemSer ver.java:334)
I/PackageManager( 1322): Stopping package com.mxtech.videoplayer.ad
I/PackageManager( 1322): java.lang.RuntimeException: here
I/PackageManager( 1322): at com.android.server.pm.Settings.getPackageLPw( Settings.java:431)
I/PackageManager( 1322): at com.android.server.pm.Settings.readLPw(Settin gs.java:1716)
I/PackageManager( 1322): at com.android.server.pm.PackageManagerService.< init>(PackageManagerService.java:1074)
I/PackageManager( 1322): at com.android.server.pm.PackageManagerService.m ain(PackageManagerService.java:956)
I/PackageManager( 1322): at com.android.server.ServerThread.run(SystemSer ver.java:334)
I/PackageSettings( 1322): Reading package restrictions for user=0
D/dalvikvm( 1322): open_cached_dex_file : /system/framework/javax.obex.jar /data /dalvik-cache/system@framework@javax.obex.jar@classes.dex
D/dalvikvm( 1322): open_cached_dex_file : /system/framework/com.google.android.m edia.effects.jar /data/dalvik-cache/system@framework@com.google.android.media.ef fects.jar@classes.dex
D/dalvikvm( 1322): open_cached_dex_file : /system/framework/com.android.future.u sb.accessory.jar /data/dalvik-cache/system@framework@com.android.future.usb.acce ssory.jar@classes.dex
D/dalvikvm( 1322): open_cached_dex_file : /system/framework/android.test.runner. jar /data/dalvik-cache/system@framework@android.test.runner.jar@classes.dex

D/dalvikvm( 1322): open_cached_dex_file : /system/framework/com.sonyericsson.and roid.SwIqiBmp.jar /data/dalvik-cache/system@framework@com.sonyericsson.android.S wIqiBmp.jar@classes.dex
D/dalvikvm( 1322): open_cached_dex_file : /system/framework/com.google.widevine. software.drm.jar /data/dalvik-cache/system@framework@com.google.widevine.softwar e.drm.jar@classes.dex
D/dalvikvm( 1322): open_cached_dex_file : /system/framework/com.google.android.m aps.jar /data/dalvik-cache/system@framework@com.google.android.maps.jar@classes. dex
D/dalvikvm( 1322): open_cached_dex_file : /system/framework/com.android.location .provider.jar /data/dalvik-cache/system@framework@com.android.location.provider. jar@classes.dex
D/dalvikvm( 1322): open_cached_dex_file : /system/framework/Stats.apk /data/dalv ik-cache/system@framework@Stats.apk@classes.dex
D/dalvikvm( 1322): open_cached_dex_file : /system/framework/am.jar /data/dalvikcache/system@framework@am.jar@classes.dex
D/dalvikvm( 1322): open_cached_dex_file : /system/framework/android.test.runner. jar /data/dalvik-cache/system@framework@android.test.runner.jar@classes.dex
D/dalvikvm( 1322): open_cached_dex_file : /system/framework/bmgr.jar /data/dalvi k-cache/system@framework@bmgr.jar@classes.dex
D/dalvikvm( 1322): open_cached_dex_file : /system/framework/bu.jar /data/dalvikcache/system@framework@bu.jar@classes.dex
D/dalvikvm( 1322): open_cached_dex_file : /system/framework/com.android.future.u sb.accessory.jar /data/dalvik-cache/system@framework@com.android.future.usb.acce ssory.jar@classes.dex
D/dalvikvm( 1322): open_cached_dex_file : /system/framework/com.android.location .provider.jar /data/dalvik-cache/system@framework@com.android.location.provider. jar@classes.dex
D/dalvikvm( 1322): open_cached_dex_file : /system/framework/com.google.android.m aps.jar /data/dalvik-cache/system@framework@com.google.android.maps.jar@classes. dex
D/dalvikvm( 1322): open_cached_dex_file : /system/framework/com.google.android.m edia.effects.jar /data/dalvik-cache/system@framework@com.google.android.media.ef fects.jar@classes.dex
D/dalvikvm( 1322): open_cached_dex_file : /system/framework/com.google.widevine. software.drm.jar /data/dalvik-cache/system@framework@com.google.widevine.softwar e.drm.jar@classes.dex
D/dalvikvm( 1322): open_cached_dex_file : /system/framework/com.sonyericsson.and roid.SwIqiBmp.jar /data/dalvik-cache/system@framework@com.sonyericsson.android.S wIqiBmp.jar@classes.dex
D/dalvikvm( 1322): open_cached_dex_file : /system/framework/content.jar /data/da lvik-cache/system@framework@content.jar@classes.dex
D/dalvikvm( 1322): open_cached_dex_file : /system/framework/ime.jar /data/dalvik -cache/system@framework@ime.jar@classes.dex
D/dalvikvm( 1322): open_cached_dex_file : /system/framework/input.jar /data/dalv ik-cache/system@framework@input.jar@classes.dex
D/dalvikvm( 1322): open_cached_dex_file : /system/framework/javax.obex.jar /data /dalvik-cache/system@framework@javax.obex.jar@classes.dex
D/dalvikvm( 1322): open_cached_dex_file : /system/framework/monkey.jar /data/dal vik-cache/system@framework@monkey.jar@classes.dex
D/dalvikvm( 1322): open_cached_dex_file : /system/framework/pm.jar /data/dalvikcache/system@framework@pm.jar@classes.dex
D/dalvikvm( 1322): open_cached_dex_file : /system/framework/requestsync.jar /dat a/dalvik-cache/system@framework@requestsync.jar@classes.dex
D/dalvikvm( 1322): open_cached_dex_file : /system/framework/send_bug.jar /data/d alvik-cache/system@framework@send_bug.jar@classes.dex
D/dalvikvm( 1322): open_cached_dex_file : /system/framework/settings.jar /data/d alvik-cache/system@framework@settings.jar@classes.dex
D/dalvikvm( 1322): open_cached_dex_file : /system/framework/svc.jar /data/dalvik -cache/system@framework@svc.jar@classes.dex

D/BootAnimation( 502): [BootAnimation checkExit 714]exitnow=0
D/BootAnimation( 502): [BootAnimation movie 854]i=1,r=1129,j=0,lastFrame=654633 69160(65463 ms),file=ligo_00102.png
D/BootAnimation( 502): [BootAnimation movie 857]glBindTexture,i=1,r=1129,j=0,fr ame.tid=100271,name=ligo_00102.png
D/BootAnimation( 502): [BootAnimation movie 874]clearReg.isEmpty,i=1,r=1129,j=0 ,frame.tid=100271
I/dalvikvm( 1322): Zip is good, but no classes.dex inside, and no .odex file in the same directory
D/BootAnimation( 502): [BootAnimation movie 892]1,delay=40
W/PackageManager( 1322): Exception reading jar: /system/framework/theme-res-mint .apk
W/PackageManager( 1322): java.io.IOException: /system/framework/theme-res-mint.a pk
W/PackageManager( 1322): at dalvik.system.DexFile.isDexOptNeeded(Native M ethod)
W/PackageManager( 1322): at com.android.server.pm.PackageManagerService.< init>(PackageManagerService.java:1174)
W/PackageManager( 1322): at com.android.server.pm.PackageManagerService.m ain(PackageManagerService.java:956)
W/PackageManager( 1322): at com.android.server.ServerThread.run(SystemSer ver.java:334)
I/dalvikvm( 1322): Zip is good, but no classes.dex inside, and no .odex file in the same directory
W/PackageManager( 1322): Exception reading jar: /system/framework/theme-res-moch a.apk
W/PackageManager( 1322): java.io.IOException: /system/framework/theme-res-mocha. apk
W/PackageManager( 1322): at dalvik.system.DexFile.isDexOptNeeded(Native M ethod)
W/PackageManager( 1322): at com.android.server.pm.PackageManagerService.< init>(PackageManagerService.java:1174)
W/PackageManager( 1322): at com.android.server.pm.PackageManagerService.m ain(PackageManagerService.java:956)
W/PackageManager( 1322): at com.android.server.ServerThread.run(SystemSer ver.java:334)
I/dalvikvm( 1322): Zip is good, but no classes.dex inside, and no .odex file in the same directory
W/PackageManager( 1322): Exception reading jar: /system/framework/theme-res-rasp berry.apk
W/PackageManager( 1322): java.io.IOException: /system/framework/theme-res-raspbe rry.apk
W/PackageManager( 1322): at dalvik.system.DexFile.isDexOptNeeded(Native M ethod)
W/PackageManager( 1322): at com.android.server.pm.PackageManagerService.< init>(PackageManagerService.java:1174)
W/PackageManager( 1322): at com.android.server.pm.PackageManagerService.m ain(PackageManagerService.java:956)
